[INFO] cloning repository https://github.com/Gearhartlove/leest
[INFO] running `Command { std: "git" "-c" "credential.helper=" "-c" "credential.helper=/workspace/cargo-home/bin/git-credential-null" "clone" "--bare" "https://github.com/Gearhartlove/leest" "/workspace/cache/git-repos/https%3A%2F%2Fgithub.com%2FGearhartlove%2Fleest", kill_on_drop: false }`
[INFO] [stderr] Cloning into bare repository '/workspace/cache/git-repos/https%3A%2F%2Fgithub.com%2FGearhartlove%2Fleest'...
[INFO] running `Command { std: "git" "rev-parse" "HEAD", kill_on_drop: false }`
[INFO] [stdout] 1cd900fde7b5f32f52a0bab8140b9bb4f23f29ef
[INFO] testing Gearhartlove/leest against 1.75.0 for beta-1.76-1
[INFO] running `Command { std: "git" "clone" "/workspace/cache/git-repos/https%3A%2F%2Fgithub.com%2FGearhartlove%2Fleest" "/workspace/builds/worker-7-tc1/source", kill_on_drop: false }`
[INFO] [stderr] Cloning into '/workspace/builds/worker-7-tc1/source'...
[INFO] [stderr] done.
[INFO] validating manifest of git repo https://github.com/Gearhartlove/leest on toolchain 1.75.0
[INFO] running `Command { std: CARGO_HOME="/workspace/cargo-home" RUSTUP_HOME="/workspace/rustup-home" "/workspace/cargo-home/bin/cargo" "+1.75.0" "metadata" "--manifest-path" "Cargo.toml" "--no-deps", kill_on_drop: false }`
[INFO] started tweaking git repo https://github.com/Gearhartlove/leest
[INFO] finished tweaking git repo https://github.com/Gearhartlove/leest
[INFO] tweaked toml for git repo https://github.com/Gearhartlove/leest written to /workspace/builds/worker-7-tc1/source/Cargo.toml
[INFO] crate git repo https://github.com/Gearhartlove/leest already has a lockfile, it will not be regenerated
[INFO] running `Command { std: CARGO_HOME="/workspace/cargo-home" RUSTUP_HOME="/workspace/rustup-home" "/workspace/cargo-home/bin/cargo" "+1.75.0" "fetch" "--manifest-path" "Cargo.toml", kill_on_drop: false }`
[INFO] running `Command { std: "docker" "create" "-v" "/var/lib/crater-agent-workspace/builds/worker-7-tc1/target:/opt/rustwide/target:rw,Z" "-v" "/var/lib/crater-agent-workspace/builds/worker-7-tc1/source:/opt/rustwide/workdir:ro,Z" "-v" "/var/lib/crater-agent-workspace/cargo-home:/opt/rustwide/cargo-home:ro,Z" "-v" "/var/lib/crater-agent-workspace/rustup-home:/opt/rustwide/rustup-home:ro,Z" "-e" "SOURCE_DIR=/opt/rustwide/workdir" "-e" "CARGO_TARGET_DIR=/opt/rustwide/target" "-e" "CARGO_HOME=/opt/rustwide/cargo-home" "-e" "RUSTUP_HOME=/opt/rustwide/rustup-home" "-w" "/opt/rustwide/workdir" "-m" "1610612736" "--user" "0:0" "--network" "none" "ghcr.io/rust-lang/crates-build-env/linux@sha256:2788e3201cd34a07e3172128adcd8b3090168a8e3bcc40d7c032b9dda1df7d1c" "/opt/rustwide/cargo-home/bin/cargo" "+1.75.0" "metadata" "--no-deps" "--format-version=1", kill_on_drop: false }`
[INFO] [stdout] 4c83e7536281e468efc9499aaa04ac219b1c8ce8bf98a75e89164b168d487e00
[INFO] running `Command { std: "docker" "start" "-a" "4c83e7536281e468efc9499aaa04ac219b1c8ce8bf98a75e89164b168d487e00", kill_on_drop: false }`
[INFO] running `Command { std: "docker" "inspect" "4c83e7536281e468efc9499aaa04ac219b1c8ce8bf98a75e89164b168d487e00", kill_on_drop: false }`
[INFO] running `Command { std: "docker" "rm" "-f" "4c83e7536281e468efc9499aaa04ac219b1c8ce8bf98a75e89164b168d487e00", kill_on_drop: false }`
[INFO] [stdout] 4c83e7536281e468efc9499aaa04ac219b1c8ce8bf98a75e89164b168d487e00
[INFO] running `Command { std: "docker" "create" "-v" "/var/lib/crater-agent-workspace/builds/worker-7-tc1/target:/opt/rustwide/target:rw,Z" "-v" "/var/lib/crater-agent-workspace/builds/worker-7-tc1/source:/opt/rustwide/workdir:ro,Z" "-v" "/var/lib/crater-agent-workspace/cargo-home:/opt/rustwide/cargo-home:ro,Z" "-v" "/var/lib/crater-agent-workspace/rustup-home:/opt/rustwide/rustup-home:ro,Z" "-e" "SOURCE_DIR=/opt/rustwide/workdir" "-e" "CARGO_TARGET_DIR=/opt/rustwide/target" "-e" "CARGO_INCREMENTAL=0" "-e" "RUST_BACKTRACE=full" "-e" "RUSTFLAGS=--cap-lints=warn" "-e" "RUSTDOCFLAGS=--cap-lints=warn" "-e" "CARGO_HOME=/opt/rustwide/cargo-home" "-e" "RUSTUP_HOME=/opt/rustwide/rustup-home" "-w" "/opt/rustwide/workdir" "-m" "1610612736" "--user" "0:0" "--network" "none" "ghcr.io/rust-lang/crates-build-env/linux@sha256:2788e3201cd34a07e3172128adcd8b3090168a8e3bcc40d7c032b9dda1df7d1c" "/opt/rustwide/cargo-home/bin/cargo" "+1.75.0" "build" "--frozen" "--message-format=json", kill_on_drop: false }`
[INFO] [stdout] 79115d4f40af0f748b439ea51bc1a77fa74b6af451154081c2f97a453102e3fd
[INFO] running `Command { std: "docker" "start" "-a" "79115d4f40af0f748b439ea51bc1a77fa74b6af451154081c2f97a453102e3fd", kill_on_drop: false }`
[INFO] [stderr]    Compiling leest v0.1.0 (/opt/rustwide/workdir)
[INFO] [stdout] warning: unused import: `std::mem::replace`
[INFO] [stdout]  --> src/worked_problems/shift_2d_grid.rs:3:5
[INFO] [stdout]   |
[INFO] [stdout] 3 | use std::mem::replace;
[INFO] [stdout]   |     ^^^^^^^^^^^^^^^^^
[INFO] [stdout]   |
[INFO] [stdout]   = note: `#[warn(unused_imports)]` on by default
[INFO] [stdout] 
[INFO] [stdout] 
[INFO] [stdout] warning: unused import: `worked_problems::baseball_game`
[INFO] [stdout]  --> src/main.rs:4:5
[INFO] [stdout]   |
[INFO] [stdout] 4 | use worked_problems::baseball_game;
[INFO] [stdout]   |     ^^^^^^^^^^^^^^^^^^^^^^^^^^^^^^
[INFO] [stdout] 
[INFO] [stdout] 
[INFO] [stdout] warning: value assigned to `new_score` is never read
[INFO] [stdout]   --> src/worked_problems/baseball_game.rs:42:26
[INFO] [stdout]    |
[INFO] [stdout] 42 |                  let mut new_score: i32 = 0;
[INFO] [stdout]    |                          ^^^^^^^^^
[INFO] [stdout]    |
[INFO] [stdout]    = help: maybe it is overwritten before being read?
[INFO] [stdout]    = note: `#[warn(unused_assignments)]` on by default
[INFO] [stdout] 
[INFO] [stdout] 
[INFO] [stdout] warning: variable does not need to be mutable
[INFO] [stdout]   --> src/worked_problems/baseball_game.rs:51:22
[INFO] [stdout]    |
[INFO] [stdout] 51 |                  let mut new_score = *record.last()? * 2;
[INFO] [stdout]    |                      ----^^^^^^^^^
[INFO] [stdout]    |                      |
[INFO] [stdout]    |                      help: remove this `mut`
[INFO] [stdout]    |
[INFO] [stdout]    = note: `#[warn(unused_mut)]` on by default
[INFO] [stdout] 
[INFO] [stdout] 
[INFO] [stdout] warning: unused variable: `i`
[INFO] [stdout]   --> src/worked_problems/top_k_frequent_elements.rs:19:9
[INFO] [stdout]    |
[INFO] [stdout] 19 |     for i in 0..k {
[INFO] [stdout]    |         ^ help: if this is intentional, prefix it with an underscore: `_i`
[INFO] [stdout]    |
[INFO] [stdout]    = note: `#[warn(unused_variables)]` on by default
[INFO] [stdout] 
[INFO] [stdout] 
[INFO] [stdout] warning: unused variable: `result_matrix`
[INFO] [stdout]   --> src/worked_problems/shift_2d_grid.rs:34:17
[INFO] [stdout]    |
[INFO] [stdout] 34 |         let mut result_matrix = grid.clone();
[INFO] [stdout]    |                 ^^^^^^^^^^^^^ help: if this is intentional, prefix it with an underscore: `_result_matrix`
[INFO] [stdout] 
[INFO] [stdout] 
[INFO] [stdout] warning: variable does not need to be mutable
[INFO] [stdout]   --> src/worked_problems/shift_2d_grid.rs:34:13
[INFO] [stdout]    |
[INFO] [stdout] 34 |         let mut result_matrix = grid.clone();
[INFO] [stdout]    |             ----^^^^^^^^^^^^^
[INFO] [stdout]    |             |
[INFO] [stdout]    |             help: remove this `mut`
[INFO] [stdout] 
[INFO] [stdout] 
[INFO] [stdout] warning: variable does not need to be mutable
[INFO] [stdout]   --> src/worked_problems/shift_2d_grid.rs:39:17
[INFO] [stdout]    |
[INFO] [stdout] 39 |             let mut row = return_grid.get_mut(new_row_pos).unwrap();
[INFO] [stdout]    |                 ----^^^
[INFO] [stdout]    |                 |
[INFO] [stdout]    |                 help: remove this `mut`
[INFO] [stdout] 
[INFO] [stdout] 
[INFO] [stdout] warning: function `cal_points` is never used
[INFO] [stdout]  --> src/worked_problems/baseball_game.rs:3:8
[INFO] [stdout]   |
[INFO] [stdout] 3 | pub fn cal_points(ops: Vec<&str>) -> i32 {
[INFO] [stdout]   |        ^^^^^^^^^^
[INFO] [stdout]   |
[INFO] [stdout]   = note: `#[warn(dead_code)]` on by default
[INFO] [stdout] 
[INFO] [stdout] 
[INFO] [stdout] warning: enum `Ops` is never used
[INFO] [stdout]   --> src/worked_problems/baseball_game.rs:30:6
[INFO] [stdout]    |
[INFO] [stdout] 30 | enum Ops {
[INFO] [stdout]    |      ^^^
[INFO] [stdout] 
[INFO] [stdout] 
[INFO] [stdout] warning: associated function `handle_ops` is never used
[INFO] [stdout]   --> src/worked_problems/baseball_game.rs:38:12
[INFO] [stdout]    |
[INFO] [stdout] 37 | impl Ops {
[INFO] [stdout]    | -------- associated function in this implementation
[INFO] [stdout] 38 |     pub fn handle_ops(op: Ops, record: &mut Vec<i32>) -> Option<bool> {
[INFO] [stdout]    |            ^^^^^^^^^^
[INFO] [stdout] 
[INFO] [stdout] 
[INFO] [stdout] warning: function `top_k_frequent` is never used
[INFO] [stdout]  --> src/worked_problems/top_k_frequent_elements.rs:4:8
[INFO] [stdout]   |
[INFO] [stdout] 4 | pub fn top_k_frequent(nums: Vec<i32>, k: i32) -> Vec<i32> {
[INFO] [stdout]   |        ^^^^^^^^^^^^^^
[INFO] [stdout] 
[INFO] [stdout] 
[INFO] [stdout] warning: function `shift_grid` is never used
[INFO] [stdout]  --> src/worked_problems/shift_2d_grid.rs:5:8
[INFO] [stdout]   |
[INFO] [stdout] 5 | pub fn shift_grid(grid: Vec<Vec<i32>>, shift: i32) -> Vec<Vec<i32>> {
[INFO] [stdout]   |        ^^^^^^^^^^
[INFO] [stdout] 
[INFO] [stdout] 
[INFO] [stdout] warning: variable `ROWS` should have a snake case name
[INFO] [stdout]  --> src/worked_problems/shift_2d_grid.rs:9:9
[INFO] [stdout]   |
[INFO] [stdout] 9 |     let ROWS = return_grid.len();
[INFO] [stdout]   |         ^^^^ help: convert the identifier to snake case: `rows`
[INFO] [stdout]   |
[INFO] [stdout]   = note: `#[warn(non_snake_case)]` on by default
[INFO] [stdout] 
[INFO] [stdout] 
[INFO] [stdout] warning: variable `COLS` should have a snake case name
[INFO] [stdout]   --> src/worked_problems/shift_2d_grid.rs:10:9
[INFO] [stdout]    |
[INFO] [stdout] 10 |     let COLS = return_grid[0].len();
[INFO] [stdout]    |         ^^^^ help: convert the identifier to snake case: `cols`
[INFO] [stdout] 
[INFO] [stdout] 
[INFO] [stdout] warning: variable `SIZE` should have a snake case name
[INFO] [stdout]   --> src/worked_problems/shift_2d_grid.rs:11:9
[INFO] [stdout]    |
[INFO] [stdout] 11 |     let SIZE = ROWS * COLS;
[INFO] [stdout]    |         ^^^^ help: convert the identifier to snake case: `size`
[INFO] [stdout] 
[INFO] [stdout] 
[INFO] [stdout] warning: unused return value of `std::mem::replace` that must be used
[INFO] [stdout]   --> src/worked_problems/shift_2d_grid.rs:40:13
[INFO] [stdout]    |
[INFO] [stdout] 40 |             std::mem::replace(&mut row[adjusted_new_index], **k);
[INFO] [stdout]    |             ^^^^^^^^^^^^^^^^^^^^^^^^^^^^^^^^^^^^^^^^^^^^^^^^^^^^
[INFO] [stdout]    |
[INFO] [stdout]    = note: if you don't need the old value, you can just assign the new value directly
[INFO] [stdout]    = note: `#[warn(unused_must_use)]` on by default
[INFO] [stdout] help: use `let _ = ...` to ignore the resulting value
[INFO] [stdout]    |
[INFO] [stdout] 40 |             let _ = std::mem::replace(&mut row[adjusted_new_index], **k);
[INFO] [stdout]    |             +++++++
[INFO] [stdout] 
[INFO] [stdout] 
[INFO] [stdout] warning: 17 warnings emitted
[INFO] [stdout] 
[INFO] [stdout] 
[INFO] [stderr]     Finished dev [unoptimized + debuginfo] target(s) in 0.38s
[INFO] running `Command { std: "docker" "inspect" "79115d4f40af0f748b439ea51bc1a77fa74b6af451154081c2f97a453102e3fd", kill_on_drop: false }`
[INFO] running `Command { std: "docker" "rm" "-f" "79115d4f40af0f748b439ea51bc1a77fa74b6af451154081c2f97a453102e3fd", kill_on_drop: false }`
[INFO] [stdout] 79115d4f40af0f748b439ea51bc1a77fa74b6af451154081c2f97a453102e3fd
[INFO] running `Command { std: "docker" "create" "-v" "/var/lib/crater-agent-workspace/builds/worker-7-tc1/target:/opt/rustwide/target:rw,Z" "-v" "/var/lib/crater-agent-workspace/builds/worker-7-tc1/source:/opt/rustwide/workdir:ro,Z" "-v" "/var/lib/crater-agent-workspace/cargo-home:/opt/rustwide/cargo-home:ro,Z" "-v" "/var/lib/crater-agent-workspace/rustup-home:/opt/rustwide/rustup-home:ro,Z" "-e" "SOURCE_DIR=/opt/rustwide/workdir" "-e" "CARGO_TARGET_DIR=/opt/rustwide/target" "-e" "CARGO_INCREMENTAL=0" "-e" "RUST_BACKTRACE=full" "-e" "RUSTFLAGS=--cap-lints=warn" "-e" "RUSTDOCFLAGS=--cap-lints=warn" "-e" "CARGO_HOME=/opt/rustwide/cargo-home" "-e" "RUSTUP_HOME=/opt/rustwide/rustup-home" "-w" "/opt/rustwide/workdir" "-m" "1610612736" "--user" "0:0" "--network" "none" "ghcr.io/rust-lang/crates-build-env/linux@sha256:2788e3201cd34a07e3172128adcd8b3090168a8e3bcc40d7c032b9dda1df7d1c" "/opt/rustwide/cargo-home/bin/cargo" "+1.75.0" "test" "--frozen" "--no-run" "--message-format=json", kill_on_drop: false }`
[INFO] [stdout] a6a38c10d5b2826ff532257615e63a92607713d0ca9359068a33ce37b9446a41
[INFO] running `Command { std: "docker" "start" "-a" "a6a38c10d5b2826ff532257615e63a92607713d0ca9359068a33ce37b9446a41", kill_on_drop: false }`
[INFO] [stderr]    Compiling leest v0.1.0 (/opt/rustwide/workdir)
[INFO] [stdout] warning: unused import: `std::mem::replace`
[INFO] [stdout]  --> src/worked_problems/shift_2d_grid.rs:3:5
[INFO] [stdout]   |
[INFO] [stdout] 3 | use std::mem::replace;
[INFO] [stdout]   |     ^^^^^^^^^^^^^^^^^
[INFO] [stdout]   |
[INFO] [stdout]   = note: `#[warn(unused_imports)]` on by default
[INFO] [stdout] 
[INFO] [stdout] 
[INFO] [stdout] warning: unused import: `worked_problems::baseball_game`
[INFO] [stdout]  --> src/main.rs:4:5
[INFO] [stdout]   |
[INFO] [stdout] 4 | use worked_problems::baseball_game;
[INFO] [stdout]   |     ^^^^^^^^^^^^^^^^^^^^^^^^^^^^^^
[INFO] [stdout] 
[INFO] [stdout] 
[INFO] [stdout] warning: value assigned to `new_score` is never read
[INFO] [stdout]   --> src/worked_problems/baseball_game.rs:42:26
[INFO] [stdout]    |
[INFO] [stdout] 42 |                  let mut new_score: i32 = 0;
[INFO] [stdout]    |                          ^^^^^^^^^
[INFO] [stdout]    |
[INFO] [stdout]    = help: maybe it is overwritten before being read?
[INFO] [stdout]    = note: `#[warn(unused_assignments)]` on by default
[INFO] [stdout] 
[INFO] [stdout] 
[INFO] [stdout] warning: variable does not need to be mutable
[INFO] [stdout]   --> src/worked_problems/baseball_game.rs:51:22
[INFO] [stdout]    |
[INFO] [stdout] 51 |                  let mut new_score = *record.last()? * 2;
[INFO] [stdout]    |                      ----^^^^^^^^^
[INFO] [stdout]    |                      |
[INFO] [stdout]    |                      help: remove this `mut`
[INFO] [stdout]    |
[INFO] [stdout]    = note: `#[warn(unused_mut)]` on by default
[INFO] [stdout] 
[INFO] [stdout] 
[INFO] [stdout] warning: unused variable: `i`
[INFO] [stdout]   --> src/worked_problems/top_k_frequent_elements.rs:19:9
[INFO] [stdout]    |
[INFO] [stdout] 19 |     for i in 0..k {
[INFO] [stdout]    |         ^ help: if this is intentional, prefix it with an underscore: `_i`
[INFO] [stdout]    |
[INFO] [stdout]    = note: `#[warn(unused_variables)]` on by default
[INFO] [stdout] 
[INFO] [stdout] 
[INFO] [stdout] warning: unused variable: `result_matrix`
[INFO] [stdout]   --> src/worked_problems/shift_2d_grid.rs:34:17
[INFO] [stdout]    |
[INFO] [stdout] 34 |         let mut result_matrix = grid.clone();
[INFO] [stdout]    |                 ^^^^^^^^^^^^^ help: if this is intentional, prefix it with an underscore: `_result_matrix`
[INFO] [stdout] 
[INFO] [stdout] 
[INFO] [stdout] warning: variable does not need to be mutable
[INFO] [stdout]   --> src/worked_problems/shift_2d_grid.rs:34:13
[INFO] [stdout]    |
[INFO] [stdout] 34 |         let mut result_matrix = grid.clone();
[INFO] [stdout]    |             ----^^^^^^^^^^^^^
[INFO] [stdout]    |             |
[INFO] [stdout]    |             help: remove this `mut`
[INFO] [stdout] 
[INFO] [stdout] 
[INFO] [stdout] warning: variable does not need to be mutable
[INFO] [stdout]   --> src/worked_problems/shift_2d_grid.rs:39:17
[INFO] [stdout]    |
[INFO] [stdout] 39 |             let mut row = return_grid.get_mut(new_row_pos).unwrap();
[INFO] [stdout]    |                 ----^^^
[INFO] [stdout]    |                 |
[INFO] [stdout]    |                 help: remove this `mut`
[INFO] [stdout] 
[INFO] [stdout] 
[INFO] [stdout] warning: variant `INTEGER` is never constructed
[INFO] [stdout]   --> src/worked_problems/baseball_game.rs:31:5
[INFO] [stdout]    |
[INFO] [stdout] 30 | enum Ops {
[INFO] [stdout]    |      --- variant in this enum
[INFO] [stdout] 31 |     INTEGER,
[INFO] [stdout]    |     ^^^^^^^
[INFO] [stdout]    |
[INFO] [stdout]    = note: `#[warn(dead_code)]` on by default
[INFO] [stdout] 
[INFO] [stdout] 
[INFO] [stdout] warning: variable `ROWS` should have a snake case name
[INFO] [stdout]  --> src/worked_problems/shift_2d_grid.rs:9:9
[INFO] [stdout]   |
[INFO] [stdout] 9 |     let ROWS = return_grid.len();
[INFO] [stdout]   |         ^^^^ help: convert the identifier to snake case: `rows`
[INFO] [stdout]   |
[INFO] [stdout]   = note: `#[warn(non_snake_case)]` on by default
[INFO] [stdout] 
[INFO] [stdout] 
[INFO] [stdout] warning: variable `COLS` should have a snake case name
[INFO] [stdout]   --> src/worked_problems/shift_2d_grid.rs:10:9
[INFO] [stdout]    |
[INFO] [stdout] 10 |     let COLS = return_grid[0].len();
[INFO] [stdout]    |         ^^^^ help: convert the identifier to snake case: `cols`
[INFO] [stdout] 
[INFO] [stdout] 
[INFO] [stdout] warning: variable `SIZE` should have a snake case name
[INFO] [stdout]   --> src/worked_problems/shift_2d_grid.rs:11:9
[INFO] [stdout]    |
[INFO] [stdout] 11 |     let SIZE = ROWS * COLS;
[INFO] [stdout]    |         ^^^^ help: convert the identifier to snake case: `size`
[INFO] [stdout] 
[INFO] [stdout] 
[INFO] [stdout] warning: unused return value of `std::mem::replace` that must be used
[INFO] [stdout]   --> src/worked_problems/shift_2d_grid.rs:40:13
[INFO] [stdout]    |
[INFO] [stdout] 40 |             std::mem::replace(&mut row[adjusted_new_index], **k);
[INFO] [stdout]    |             ^^^^^^^^^^^^^^^^^^^^^^^^^^^^^^^^^^^^^^^^^^^^^^^^^^^^
[INFO] [stdout]    |
[INFO] [stdout]    = note: if you don't need the old value, you can just assign the new value directly
[INFO] [stdout]    = note: `#[warn(unused_must_use)]` on by default
[INFO] [stdout] help: use `let _ = ...` to ignore the resulting value
[INFO] [stdout]    |
[INFO] [stdout] 40 |             let _ = std::mem::replace(&mut row[adjusted_new_index], **k);
[INFO] [stdout]    |             +++++++
[INFO] [stdout] 
[INFO] [stdout] 
[INFO] [stdout] warning: 13 warnings emitted
[INFO] [stdout] 
[INFO] [stdout] 
[INFO] [stderr]     Finished test [unoptimized + debuginfo] target(s) in 0.88s
[INFO] running `Command { std: "docker" "inspect" "a6a38c10d5b2826ff532257615e63a92607713d0ca9359068a33ce37b9446a41", kill_on_drop: false }`
[INFO] running `Command { std: "docker" "rm" "-f" "a6a38c10d5b2826ff532257615e63a92607713d0ca9359068a33ce37b9446a41", kill_on_drop: false }`
[INFO] [stdout] a6a38c10d5b2826ff532257615e63a92607713d0ca9359068a33ce37b9446a41
[INFO] running `Command { std: "docker" "create" "-v" "/var/lib/crater-agent-workspace/builds/worker-7-tc1/target:/opt/rustwide/target:rw,Z" "-v" "/var/lib/crater-agent-workspace/builds/worker-7-tc1/source:/opt/rustwide/workdir:ro,Z" "-v" "/var/lib/crater-agent-workspace/cargo-home:/opt/rustwide/cargo-home:ro,Z" "-v" "/var/lib/crater-agent-workspace/rustup-home:/opt/rustwide/rustup-home:ro,Z" "-e" "SOURCE_DIR=/opt/rustwide/workdir" "-e" "CARGO_TARGET_DIR=/opt/rustwide/target" "-e" "CARGO_INCREMENTAL=0" "-e" "RUST_BACKTRACE=full" "-e" "RUSTFLAGS=--cap-lints=warn" "-e" "RUSTDOCFLAGS=--cap-lints=warn" "-e" "CARGO_HOME=/opt/rustwide/cargo-home" "-e" "RUSTUP_HOME=/opt/rustwide/rustup-home" "-w" "/opt/rustwide/workdir" "-m" "1610612736" "--user" "0:0" "--network" "none" "ghcr.io/rust-lang/crates-build-env/linux@sha256:2788e3201cd34a07e3172128adcd8b3090168a8e3bcc40d7c032b9dda1df7d1c" "/opt/rustwide/cargo-home/bin/cargo" "+1.75.0" "test" "--frozen", kill_on_drop: false }`
[INFO] [stdout] 786ea61b79556b780e20db413cf3488c1e99eda23e3cff75cec118ec5eb87813
[INFO] running `Command { std: "docker" "start" "-a" "786ea61b79556b780e20db413cf3488c1e99eda23e3cff75cec118ec5eb87813", kill_on_drop: false }`
[INFO] [stderr] warning: unused import: `std::mem::replace`
[INFO] [stdout] 
[INFO] [stderr]  --> src/worked_problems/shift_2d_grid.rs:3:5
[INFO] [stdout] running 5 tests
[INFO] [stderr]   |
[INFO] [stderr] 3 | use std::mem::replace;
[INFO] [stderr]   |     ^^^^^^^^^^^^^^^^^
[INFO] [stderr]   |
[INFO] [stderr]   = note: `#[warn(unused_imports)]` on by default
[INFO] [stderr] 
[INFO] [stderr] warning: unused import: `worked_problems::baseball_game`
[INFO] [stderr]  --> src/main.rs:4:5
[INFO] [stderr]   |
[INFO] [stderr] 4 | use worked_problems::baseball_game;
[INFO] [stderr]   |     ^^^^^^^^^^^^^^^^^^^^^^^^^^^^^^
[INFO] [stderr] 
[INFO] [stderr] warning: value assigned to `new_score` is never read
[INFO] [stderr]   --> src/worked_problems/baseball_game.rs:42:26
[INFO] [stderr]    |
[INFO] [stderr] 42 |                  let mut new_score: i32 = 0;
[INFO] [stderr]    |                          ^^^^^^^^^
[INFO] [stderr]    |
[INFO] [stderr]    = help: maybe it is overwritten before being read?
[INFO] [stderr]    = note: `#[warn(unused_assignments)]` on by default
[INFO] [stderr] 
[INFO] [stderr] warning: variable does not need to be mutable
[INFO] [stderr]   --> src/worked_problems/baseball_game.rs:51:22
[INFO] [stderr]    |
[INFO] [stderr] 51 |                  let mut new_score = *record.last()? * 2;
[INFO] [stderr]    |                      ----^^^^^^^^^
[INFO] [stderr]    |                      |
[INFO] [stderr]    |                      help: remove this `mut`
[INFO] [stderr]    |
[INFO] [stderr]    = note: `#[warn(unused_mut)]` on by default
[INFO] [stderr] 
[INFO] [stderr] warning: unused variable: `i`
[INFO] [stderr]   --> src/worked_problems/top_k_frequent_elements.rs:19:9
[INFO] [stderr]    |
[INFO] [stderr] 19 |     for i in 0..k {
[INFO] [stderr]    |         ^ help: if this is intentional, prefix it with an underscore: `_i`
[INFO] [stderr]    |
[INFO] [stderr]    = note: `#[warn(unused_variables)]` on by default
[INFO] [stderr] 
[INFO] [stdout] test worked_problems::shift_2d_grid::tests::shift_k_works ... ok
[INFO] [stderr] warning: unused variable: `result_matrix`
[INFO] [stderr]   --> src/worked_problems/shift_2d_grid.rs:34:17
[INFO] [stderr]    |
[INFO] [stderr] 34 |         let mut result_matrix = grid.clone();
[INFO] [stderr]    |                 ^^^^^^^^^^^^^ help: if this is intentional, prefix it with an underscore: `_result_matrix`
[INFO] [stderr] 
[INFO] [stderr] warning: variable does not need to be mutable
[INFO] [stderr]   --> src/worked_problems/shift_2d_grid.rs:34:13
[INFO] [stderr]    |
[INFO] [stderr] 34 |         let mut result_matrix = grid.clone();
[INFO] [stderr]    |             ----^^^^^^^^^^^^^
[INFO] [stderr]    |             |
[INFO] [stderr]    |             help: remove this `mut`
[INFO] [stderr] 
[INFO] [stderr] warning: variable does not need to be mutable
[INFO] [stderr]   --> src/worked_problems/shift_2d_grid.rs:39:17
[INFO] [stderr]    |
[INFO] [stderr] 39 |             let mut row = return_grid.get_mut(new_row_pos).unwrap();
[INFO] [stderr]    |                 ----^^^
[INFO] [stderr]    |                 |
[INFO] [stderr]    |                 help: remove this `mut`
[INFO] [stderr] 
[INFO] [stderr] warning: variant `INTEGER` is never constructed
[INFO] [stderr]   --> src/worked_problems/baseball_game.rs:31:5
[INFO] [stderr]    |
[INFO] [stderr] 30 | enum Ops {
[INFO] [stderr]    |      --- variant in this enum
[INFO] [stderr] 31 |     INTEGER,
[INFO] [stderr]    |     ^^^^^^^
[INFO] [stderr]    |
[INFO] [stderr]    = note: `#[warn(dead_code)]` on by default
[INFO] [stdout] test worked_problems::baseball_game::tests::baseball_works ... ok
[INFO] [stderr] 
[INFO] [stderr] warning: variable `ROWS` should have a snake case name
[INFO] [stderr]  --> src/worked_problems/shift_2d_grid.rs:9:9
[INFO] [stderr]   |
[INFO] [stderr] 9 |     let ROWS = return_grid.len();
[INFO] [stderr]   |         ^^^^ help: convert the identifier to snake case: `rows`
[INFO] [stderr]   |
[INFO] [stderr]   = note: `#[warn(non_snake_case)]` on by default
[INFO] [stderr] 
[INFO] [stderr] warning: variable `COLS` should have a snake case name
[INFO] [stderr]   --> src/worked_problems/shift_2d_grid.rs:10:9
[INFO] [stderr]    |
[INFO] [stderr] 10 |     let COLS = return_grid[0].len();
[INFO] [stderr]    |         ^^^^ help: convert the identifier to snake case: `cols`
[INFO] [stderr] 
[INFO] [stderr] warning: variable `SIZE` should have a snake case name
[INFO] [stderr]   --> src/worked_problems/shift_2d_grid.rs:11:9
[INFO] [stdout] test worked_problems::shift_2d_grid::tests::shift_mxn_works ... ok
[INFO] [stderr]    |
[INFO] [stderr] 11 |     let SIZE = ROWS * COLS;
[INFO] [stderr]    |         ^^^^ help: convert the identifier to snake case: `size`
[INFO] [stderr] 
[INFO] [stderr] warning: unused return value of `std::mem::replace` that must be used
[INFO] [stderr]   --> src/worked_problems/shift_2d_grid.rs:40:13
[INFO] [stderr]    |
[INFO] [stderr] 40 |             std::mem::replace(&mut row[adjusted_new_index], **k);
[INFO] [stderr]    |             ^^^^^^^^^^^^^^^^^^^^^^^^^^^^^^^^^^^^^^^^^^^^^^^^^^^^
[INFO] [stderr]    |
[INFO] [stderr]    = note: if you don't need the old value, you can just assign the new value directly
[INFO] [stderr]    = note: `#[warn(unused_must_use)]` on by default
[INFO] [stderr] help: use `let _ = ...` to ignore the resulting value
[INFO] [stderr]    |
[INFO] [stderr] 40 |             let _ = std::mem::replace(&mut row[adjusted_new_index], **k);
[INFO] [stderr]    |             +++++++
[INFO] [stderr] 
[INFO] [stderr] warning: `leest` (bin "leest" test) generated 13 warnings (run `cargo fix --bin "leest" --tests` to apply 7 suggestions)
[INFO] [stderr]     Finished test [unoptimized + debuginfo] target(s) in 0.01s
[INFO] [stderr]      Running unittests src/main.rs (/opt/rustwide/target/debug/deps/leest-74abc07a3c07fd25)
[INFO] [stdout] test worked_problems::shift_2d_grid::tests::shift_nxn_works ... ok
[INFO] [stderr] error: test failed, to rerun pass `--bin leest`
[INFO] [stdout] test worked_problems::top_k_frequent_elements::tests::working ... FAILED
[INFO] [stdout] 
[INFO] [stdout] failures:
[INFO] [stdout] 
[INFO] [stdout] ---- worked_problems::top_k_frequent_elements::tests::working stdout ----
[INFO] [stdout] [2, 1]
[INFO] [stdout] thread 'worked_problems::top_k_frequent_elements::tests::working' panicked at src/worked_problems/top_k_frequent_elements.rs:43:9:
[INFO] [stdout] assertion `left == right` failed
[INFO] [stdout]   left: [1, 2]
[INFO] [stdout]  right: [2, 1]
[INFO] [stdout] stack backtrace:
[INFO] [stdout]    0:     0x55e90593ae1c - std::backtrace_rs::backtrace::libunwind::trace::ha637c64ce894333a
[INFO] [stdout]                                at /rustc/82e1608dfa6e0b5569232559e3d385fea5a93112/library/std/src/../../backtrace/src/backtrace/libunwind.rs:104:5
[INFO] [stdout]    1:     0x55e90593ae1c - std::backtrace_rs::backtrace::trace_unsynchronized::h47f62dea28e0c88d
[INFO] [stdout]                                at /rustc/82e1608dfa6e0b5569232559e3d385fea5a93112/library/std/src/../../backtrace/src/backtrace/mod.rs:66:5
[INFO] [stdout]    2:     0x55e90593ae1c - std::sys_common::backtrace::_print_fmt::h9eef0abe20ede486
[INFO] [stdout]                                at /rustc/82e1608dfa6e0b5569232559e3d385fea5a93112/library/std/src/sys_common/backtrace.rs:67:5
[INFO] [stdout]    3:     0x55e90593ae1c - <std::sys_common::backtrace::_print::DisplayBacktrace as core::fmt::Display>::fmt::hed7f999df88cc644
[INFO] [stdout]                                at /rustc/82e1608dfa6e0b5569232559e3d385fea5a93112/library/std/src/sys_common/backtrace.rs:44:22
[INFO] [stdout]    4:     0x55e905964fe0 - core::fmt::rt::Argument::fmt::h1539a9308b8d058d
[INFO] [stdout]                                at /rustc/82e1608dfa6e0b5569232559e3d385fea5a93112/library/core/src/fmt/rt.rs:142:9
[INFO] [stdout]    5:     0x55e905964fe0 - core::fmt::write::h3a39390d8560d9c9
[INFO] [stdout]                                at /rustc/82e1608dfa6e0b5569232559e3d385fea5a93112/library/core/src/fmt/mod.rs:1120:17
[INFO] [stdout]    6:     0x55e9059387cf - std::io::Write::write_fmt::h040b369f3a0f9cbc
[INFO] [stdout]                                at /rustc/82e1608dfa6e0b5569232559e3d385fea5a93112/library/std/src/io/mod.rs:1762:15
[INFO] [stdout]    7:     0x55e90593ac04 - std::sys_common::backtrace::_print::h894006fb5c6f3d45
[INFO] [stdout]                                at /rustc/82e1608dfa6e0b5569232559e3d385fea5a93112/library/std/src/sys_common/backtrace.rs:47:5
[INFO] [stdout]    8:     0x55e90593ac04 - std::sys_common::backtrace::print::h23a2d212c6fff936
[INFO] [stdout]                                at /rustc/82e1608dfa6e0b5569232559e3d385fea5a93112/library/std/src/sys_common/backtrace.rs:34:9
[INFO] [stdout]    9:     0x55e90593c8c7 - std::panicking::default_hook::{{closure}}::h8a1d2ee00185001a
[INFO] [stdout]   10:     0x55e90593c5b3 - std::panicking::default_hook::h6038f2eba384e475
[INFO] [stdout]                                at /rustc/82e1608dfa6e0b5569232559e3d385fea5a93112/library/std/src/panicking.rs:289:9
[INFO] [stdout]   11:     0x55e90590cfc7 - <alloc::boxed::Box<F,A> as core::ops::function::Fn<Args>>::call::h0ad024c9bdc6d768
[INFO] [stdout]                                at /rustc/82e1608dfa6e0b5569232559e3d385fea5a93112/library/alloc/src/boxed.rs:2021:9
[INFO] [stdout]   12:     0x55e90590cfc7 - test::test_main::{{closure}}::h7500b54257359db6
[INFO] [stdout]                                at /rustc/82e1608dfa6e0b5569232559e3d385fea5a93112/library/test/src/lib.rs:138:21
[INFO] [stdout]   13:     0x55e90593ced8 - <alloc::boxed::Box<F,A> as core::ops::function::Fn<Args>>::call::h1f8f335eaa9cfaee
[INFO] [stdout]                                at /rustc/82e1608dfa6e0b5569232559e3d385fea5a93112/library/alloc/src/boxed.rs:2021:9
[INFO] [stdout]   14:     0x55e90593ced8 - std::panicking::rust_panic_with_hook::h2b5517d590cab22e
[INFO] [stdout]                                at /rustc/82e1608dfa6e0b5569232559e3d385fea5a93112/library/std/src/panicking.rs:783:13
[INFO] [stdout]   15:     0x55e90593cc2e - std::panicking::begin_panic_handler::{{closure}}::h233112c06e0ef43e
[INFO] [stdout]                                at /rustc/82e1608dfa6e0b5569232559e3d385fea5a93112/library/std/src/panicking.rs:657:13
[INFO] [stdout]   16:     0x55e90593b2e6 - std::sys_common::backtrace::__rust_end_short_backtrace::h6e893f24d7ebbff8
[INFO] [stdout]                                at /rustc/82e1608dfa6e0b5569232559e3d385fea5a93112/library/std/src/sys_common/backtrace.rs:170:18
[INFO] [stdout]   17:     0x55e90593c992 - rust_begin_unwind
[INFO] [stdout]                                at /rustc/82e1608dfa6e0b5569232559e3d385fea5a93112/library/std/src/panicking.rs:645:5
[INFO] [stdout]   18:     0x55e9058c1cf5 - core::panicking::panic_fmt::hbf0e066aabfa482c
[INFO] [stdout]                                at /rustc/82e1608dfa6e0b5569232559e3d385fea5a93112/library/core/src/panicking.rs:72:14
[INFO] [stdout]   19:     0x55e9058c210b - core::panicking::assert_failed_inner::h0bba8b7c26ee4492
[INFO] [stdout]   20:     0x55e9058ceebe - core::panicking::assert_failed::h9f9533cdda1d106d
[INFO] [stdout]                                at /rustc/82e1608dfa6e0b5569232559e3d385fea5a93112/library/core/src/panicking.rs:279:5
[INFO] [stdout]   21:     0x55e9058d05af - leest::worked_problems::top_k_frequent_elements::tests::working::hb80984beec46f3b6
[INFO] [stdout]                                at /opt/rustwide/workdir/src/worked_problems/top_k_frequent_elements.rs:43:9
[INFO] [stdout]   22:     0x55e9058d03b7 - leest::worked_problems::top_k_frequent_elements::tests::working::{{closure}}::h7bcfd787bbf87bd0
[INFO] [stdout]                                at /opt/rustwide/workdir/src/worked_problems/top_k_frequent_elements.rs:42:17
[INFO] [stdout]   23:     0x55e9058cdb76 - core::ops::function::FnOnce::call_once::h7eed559918f1c94a
[INFO] [stdout]                                at /rustc/82e1608dfa6e0b5569232559e3d385fea5a93112/library/core/src/ops/function.rs:250:5
[INFO] [stdout]   24:     0x55e90591261f - core::ops::function::FnOnce::call_once::h2b5d431d5046312d
[INFO] [stdout]                                at /rustc/82e1608dfa6e0b5569232559e3d385fea5a93112/library/core/src/ops/function.rs:250:5
[INFO] [stdout]   25:     0x55e90591261f - test::__rust_begin_short_backtrace::h7714669af176e207
[INFO] [stdout]                                at /rustc/82e1608dfa6e0b5569232559e3d385fea5a93112/library/test/src/lib.rs:628:18
[INFO] [stdout]   26:     0x55e905911635 - test::run_test_in_process::{{closure}}::h85218797dcbcec12
[INFO] [stdout]                                at /rustc/82e1608dfa6e0b5569232559e3d385fea5a93112/library/test/src/lib.rs:651:60
[INFO] [stdout]   27:     0x55e905911635 - <core::panic::unwind_safe::AssertUnwindSafe<F> as core::ops::function::FnOnce<()>>::call_once::h76c106ea31c14d7b
[INFO] [stdout]                                at /rustc/82e1608dfa6e0b5569232559e3d385fea5a93112/library/core/src/panic/unwind_safe.rs:272:9
[INFO] [stdout]   28:     0x55e905911635 - std::panicking::try::do_call::h3bd5d0f6620ee946
[INFO] [stdout]                                at /rustc/82e1608dfa6e0b5569232559e3d385fea5a93112/library/std/src/panicking.rs:552:40
[INFO] [stdout]   29:     0x55e905911635 - std::panicking::try::h232e535e4744fe31
[INFO] [stdout]                                at /rustc/82e1608dfa6e0b5569232559e3d385fea5a93112/library/std/src/panicking.rs:516:19
[INFO] [stdout]   30:     0x55e905911635 - std::panic::catch_unwind::h3ce3bd6ca8dbac68
[INFO] [stdout]                                at /rustc/82e1608dfa6e0b5569232559e3d385fea5a93112/library/std/src/panic.rs:142:14
[INFO] [stdout]   31:     0x55e905911635 - test::run_test_in_process::hc97b257c9621286a
[INFO] [stdout]                                at /rustc/82e1608dfa6e0b5569232559e3d385fea5a93112/library/test/src/lib.rs:651:27
[INFO] [stdout]   32:     0x55e905911635 - test::run_test::{{closure}}::h2aa798823a438d38
[INFO] [stdout]                                at /rustc/82e1608dfa6e0b5569232559e3d385fea5a93112/library/test/src/lib.rs:574:43
[INFO] [stdout]   33:     0x55e9058d98f6 - test::run_test::{{closure}}::h87d231c78fb59832
[INFO] [stdout]                                at /rustc/82e1608dfa6e0b5569232559e3d385fea5a93112/library/test/src/lib.rs:602:41
[INFO] [stdout]   34:     0x55e9058d98f6 - std::sys_common::backtrace::__rust_begin_short_backtrace::he6df152596625789
[INFO] [stdout]                                at /rustc/82e1608dfa6e0b5569232559e3d385fea5a93112/library/std/src/sys_common/backtrace.rs:154:18
[INFO] [stdout]   35:     0x55e9058de9a7 - std::thread::Builder::spawn_unchecked_::{{closure}}::{{closure}}::ha94be15d1e0acf36
[INFO] [stdout]                                at /rustc/82e1608dfa6e0b5569232559e3d385fea5a93112/library/std/src/thread/mod.rs:529:17
[INFO] [stdout]   36:     0x55e9058de9a7 - <core::panic::unwind_safe::AssertUnwindSafe<F> as core::ops::function::FnOnce<()>>::call_once::h9dc6bd6372f16606
[INFO] [stdout]                                at /rustc/82e1608dfa6e0b5569232559e3d385fea5a93112/library/core/src/panic/unwind_safe.rs:272:9
[INFO] [stdout]   37:     0x55e9058de9a7 - std::panicking::try::do_call::h9057517f80303cd4
[INFO] [stdout]                                at /rustc/82e1608dfa6e0b5569232559e3d385fea5a93112/library/std/src/panicking.rs:552:40
[INFO] [stdout]   38:     0x55e9058de9a7 - std::panicking::try::he3a30b11ee45340c
[INFO] [stdout]                                at /rustc/82e1608dfa6e0b5569232559e3d385fea5a93112/library/std/src/panicking.rs:516:19
[INFO] [stdout]   39:     0x55e9058de9a7 - std::panic::catch_unwind::h410458cfd3528b8b
[INFO] [stdout]                                at /rustc/82e1608dfa6e0b5569232559e3d385fea5a93112/library/std/src/panic.rs:142:14
[INFO] [stdout]   40:     0x55e9058de9a7 - std::thread::Builder::spawn_unchecked_::{{closure}}::h72ac3bdb567b737b
[INFO] [stdout]                                at /rustc/82e1608dfa6e0b5569232559e3d385fea5a93112/library/std/src/thread/mod.rs:528:30
[INFO] [stdout]   41:     0x55e9058de9a7 - core::ops::function::FnOnce::call_once{{vtable.shim}}::h38f34da3654a8344
[INFO] [stdout]                                at /rustc/82e1608dfa6e0b5569232559e3d385fea5a93112/library/core/src/ops/function.rs:250:5
[INFO] [stdout]   42:     0x55e905941965 - <alloc::boxed::Box<F,A> as core::ops::function::FnOnce<Args>>::call_once::hc7eafaff61e32df9
[INFO] [stdout]                                at /rustc/82e1608dfa6e0b5569232559e3d385fea5a93112/library/alloc/src/boxed.rs:2007:9
[INFO] [stdout]   43:     0x55e905941965 - <alloc::boxed::Box<F,A> as core::ops::function::FnOnce<Args>>::call_once::h6ba4a5de48dd2304
[INFO] [stdout]                                at /rustc/82e1608dfa6e0b5569232559e3d385fea5a93112/library/alloc/src/boxed.rs:2007:9
[INFO] [stdout]   44:     0x55e905941965 - std::sys::unix::thread::Thread::new::thread_start::he469335aef763e45
[INFO] [stdout]                                at /rustc/82e1608dfa6e0b5569232559e3d385fea5a93112/library/std/src/sys/unix/thread.rs:108:17
[INFO] [stdout]   45:     0x7fdf92d7eac3 - <unknown>
[INFO] [stdout]   46:     0x7fdf92e0fbf4 - __clone
[INFO] [stdout]   47:                0x0 - <unknown>
[INFO] [stdout] 
[INFO] [stdout] 
[INFO] [stdout] failures:
[INFO] [stdout]     worked_problems::top_k_frequent_elements::tests::working
[INFO] [stdout] 
[INFO] [stdout] test result: FAILED. 4 passed; 1 failed; 0 ignored; 0 measured; 0 filtered out; finished in 0.02s
[INFO] [stdout] 
[INFO] running `Command { std: "docker" "inspect" "786ea61b79556b780e20db413cf3488c1e99eda23e3cff75cec118ec5eb87813", kill_on_drop: false }`
[INFO] running `Command { std: "docker" "rm" "-f" "786ea61b79556b780e20db413cf3488c1e99eda23e3cff75cec118ec5eb87813", kill_on_drop: false }`
[INFO] [stdout] 786ea61b79556b780e20db413cf3488c1e99eda23e3cff75cec118ec5eb87813
[INFO] testing Gearhartlove/leest against beta-2023-12-22 for beta-1.76-1
[INFO] running `Command { std: "git" "clone" "/workspace/cache/git-repos/https%3A%2F%2Fgithub.com%2FGearhartlove%2Fleest" "/workspace/builds/worker-7-tc2/source", kill_on_drop: false }`
[INFO] [stderr] Cloning into '/workspace/builds/worker-7-tc2/source'...
[INFO] [stderr] done.
[INFO] validating manifest of git repo https://github.com/Gearhartlove/leest on toolchain beta-2023-12-22
[INFO] running `Command { std: CARGO_HOME="/workspace/cargo-home" RUSTUP_HOME="/workspace/rustup-home" "/workspace/cargo-home/bin/cargo" "+beta-2023-12-22" "metadata" "--manifest-path" "Cargo.toml" "--no-deps", kill_on_drop: false }`
[INFO] started tweaking git repo https://github.com/Gearhartlove/leest
[INFO] finished tweaking git repo https://github.com/Gearhartlove/leest
[INFO] tweaked toml for git repo https://github.com/Gearhartlove/leest written to /workspace/builds/worker-7-tc2/source/Cargo.toml
[INFO] crate git repo https://github.com/Gearhartlove/leest already has a lockfile, it will not be regenerated
[INFO] running `Command { std: CARGO_HOME="/workspace/cargo-home" RUSTUP_HOME="/workspace/rustup-home" "/workspace/cargo-home/bin/cargo" "+beta-2023-12-22" "fetch" "--manifest-path" "Cargo.toml", kill_on_drop: false }`
[INFO] running `Command { std: "docker" "create" "-v" "/var/lib/crater-agent-workspace/builds/worker-7-tc2/target:/opt/rustwide/target:rw,Z" "-v" "/var/lib/crater-agent-workspace/builds/worker-7-tc2/source:/opt/rustwide/workdir:ro,Z" "-v" "/var/lib/crater-agent-workspace/cargo-home:/opt/rustwide/cargo-home:ro,Z" "-v" "/var/lib/crater-agent-workspace/rustup-home:/opt/rustwide/rustup-home:ro,Z" "-e" "SOURCE_DIR=/opt/rustwide/workdir" "-e" "CARGO_TARGET_DIR=/opt/rustwide/target" "-e" "CARGO_HOME=/opt/rustwide/cargo-home" "-e" "RUSTUP_HOME=/opt/rustwide/rustup-home" "-w" "/opt/rustwide/workdir" "-m" "1610612736" "--user" "0:0" "--network" "none" "ghcr.io/rust-lang/crates-build-env/linux@sha256:2788e3201cd34a07e3172128adcd8b3090168a8e3bcc40d7c032b9dda1df7d1c" "/opt/rustwide/cargo-home/bin/cargo" "+beta-2023-12-22" "metadata" "--no-deps" "--format-version=1", kill_on_drop: false }`
[INFO] [stdout] d5084c7eff561c86a4b498706cad92f3a44fa420dd48ba603abcc160b42ba264
[INFO] running `Command { std: "docker" "start" "-a" "d5084c7eff561c86a4b498706cad92f3a44fa420dd48ba603abcc160b42ba264", kill_on_drop: false }`
[INFO] running `Command { std: "docker" "inspect" "d5084c7eff561c86a4b498706cad92f3a44fa420dd48ba603abcc160b42ba264", kill_on_drop: false }`
[INFO] running `Command { std: "docker" "rm" "-f" "d5084c7eff561c86a4b498706cad92f3a44fa420dd48ba603abcc160b42ba264", kill_on_drop: false }`
[INFO] [stdout] d5084c7eff561c86a4b498706cad92f3a44fa420dd48ba603abcc160b42ba264
[INFO] running `Command { std: "docker" "create" "-v" "/var/lib/crater-agent-workspace/builds/worker-7-tc2/target:/opt/rustwide/target:rw,Z" "-v" "/var/lib/crater-agent-workspace/builds/worker-7-tc2/source:/opt/rustwide/workdir:ro,Z" "-v" "/var/lib/crater-agent-workspace/cargo-home:/opt/rustwide/cargo-home:ro,Z" "-v" "/var/lib/crater-agent-workspace/rustup-home:/opt/rustwide/rustup-home:ro,Z" "-e" "SOURCE_DIR=/opt/rustwide/workdir" "-e" "CARGO_TARGET_DIR=/opt/rustwide/target" "-e" "CARGO_INCREMENTAL=0" "-e" "RUST_BACKTRACE=full" "-e" "RUSTFLAGS=--cap-lints=warn" "-e" "RUSTDOCFLAGS=--cap-lints=warn" "-e" "CARGO_HOME=/opt/rustwide/cargo-home" "-e" "RUSTUP_HOME=/opt/rustwide/rustup-home" "-w" "/opt/rustwide/workdir" "-m" "1610612736" "--user" "0:0" "--network" "none" "ghcr.io/rust-lang/crates-build-env/linux@sha256:2788e3201cd34a07e3172128adcd8b3090168a8e3bcc40d7c032b9dda1df7d1c" "/opt/rustwide/cargo-home/bin/cargo" "+beta-2023-12-22" "build" "--frozen" "--message-format=json", kill_on_drop: false }`
[INFO] [stdout] 5e88d0f76845da75bbbea669440f9bfb9106a97353e854d1bd6a119959e51ae4
[INFO] running `Command { std: "docker" "start" "-a" "5e88d0f76845da75bbbea669440f9bfb9106a97353e854d1bd6a119959e51ae4", kill_on_drop: false }`
[INFO] [stderr]    Compiling leest v0.1.0 (/opt/rustwide/workdir)
[INFO] [stdout] warning: unused import: `std::mem::replace`
[INFO] [stdout]  --> src/worked_problems/shift_2d_grid.rs:3:5
[INFO] [stdout]   |
[INFO] [stdout] 3 | use std::mem::replace;
[INFO] [stdout]   |     ^^^^^^^^^^^^^^^^^
[INFO] [stdout]   |
[INFO] [stdout]   = note: `#[warn(unused_imports)]` on by default
[INFO] [stdout] 
[INFO] [stdout] 
[INFO] [stdout] warning: unused import: `worked_problems::baseball_game`
[INFO] [stdout]  --> src/main.rs:4:5
[INFO] [stdout]   |
[INFO] [stdout] 4 | use worked_problems::baseball_game;
[INFO] [stdout]   |     ^^^^^^^^^^^^^^^^^^^^^^^^^^^^^^
[INFO] [stdout] 
[INFO] [stdout] 
[INFO] [stdout] warning: value assigned to `new_score` is never read
[INFO] [stdout]   --> src/worked_problems/baseball_game.rs:42:26
[INFO] [stdout]    |
[INFO] [stdout] 42 |                  let mut new_score: i32 = 0;
[INFO] [stdout]    |                          ^^^^^^^^^
[INFO] [stdout]    |
[INFO] [stdout]    = help: maybe it is overwritten before being read?
[INFO] [stdout]    = note: `#[warn(unused_assignments)]` on by default
[INFO] [stdout] 
[INFO] [stdout] 
[INFO] [stdout] warning: variable does not need to be mutable
[INFO] [stdout]   --> src/worked_problems/baseball_game.rs:51:22
[INFO] [stdout]    |
[INFO] [stdout] 51 |                  let mut new_score = *record.last()? * 2;
[INFO] [stdout]    |                      ----^^^^^^^^^
[INFO] [stdout]    |                      |
[INFO] [stdout]    |                      help: remove this `mut`
[INFO] [stdout]    |
[INFO] [stdout]    = note: `#[warn(unused_mut)]` on by default
[INFO] [stdout] 
[INFO] [stdout] 
[INFO] [stdout] warning: unused variable: `i`
[INFO] [stdout]   --> src/worked_problems/top_k_frequent_elements.rs:19:9
[INFO] [stdout]    |
[INFO] [stdout] 19 |     for i in 0..k {
[INFO] [stdout]    |         ^ help: if this is intentional, prefix it with an underscore: `_i`
[INFO] [stdout]    |
[INFO] [stdout]    = note: `#[warn(unused_variables)]` on by default
[INFO] [stdout] 
[INFO] [stdout] 
[INFO] [stdout] warning: unused variable: `result_matrix`
[INFO] [stdout]   --> src/worked_problems/shift_2d_grid.rs:34:17
[INFO] [stdout]    |
[INFO] [stdout] 34 |         let mut result_matrix = grid.clone();
[INFO] [stdout]    |                 ^^^^^^^^^^^^^ help: if this is intentional, prefix it with an underscore: `_result_matrix`
[INFO] [stdout] 
[INFO] [stdout] 
[INFO] [stdout] warning: variable does not need to be mutable
[INFO] [stdout]   --> src/worked_problems/shift_2d_grid.rs:34:13
[INFO] [stdout]    |
[INFO] [stdout] 34 |         let mut result_matrix = grid.clone();
[INFO] [stdout]    |             ----^^^^^^^^^^^^^
[INFO] [stdout]    |             |
[INFO] [stdout]    |             help: remove this `mut`
[INFO] [stdout] 
[INFO] [stdout] 
[INFO] [stdout] warning: variable does not need to be mutable
[INFO] [stdout]   --> src/worked_problems/shift_2d_grid.rs:39:17
[INFO] [stdout]    |
[INFO] [stdout] 39 |             let mut row = return_grid.get_mut(new_row_pos).unwrap();
[INFO] [stdout]    |                 ----^^^
[INFO] [stdout]    |                 |
[INFO] [stdout]    |                 help: remove this `mut`
[INFO] [stdout] 
[INFO] [stdout] 
[INFO] [stdout] warning: function `cal_points` is never used
[INFO] [stdout]  --> src/worked_problems/baseball_game.rs:3:8
[INFO] [stdout]   |
[INFO] [stdout] 3 | pub fn cal_points(ops: Vec<&str>) -> i32 {
[INFO] [stdout]   |        ^^^^^^^^^^
[INFO] [stdout]   |
[INFO] [stdout]   = note: `#[warn(dead_code)]` on by default
[INFO] [stdout] 
[INFO] [stdout] 
[INFO] [stdout] warning: enum `Ops` is never used
[INFO] [stdout]   --> src/worked_problems/baseball_game.rs:30:6
[INFO] [stdout]    |
[INFO] [stdout] 30 | enum Ops {
[INFO] [stdout]    |      ^^^
[INFO] [stdout] 
[INFO] [stdout] 
[INFO] [stdout] warning: associated function `handle_ops` is never used
[INFO] [stdout]   --> src/worked_problems/baseball_game.rs:38:12
[INFO] [stdout]    |
[INFO] [stdout] 37 | impl Ops {
[INFO] [stdout]    | -------- associated function in this implementation
[INFO] [stdout] 38 |     pub fn handle_ops(op: Ops, record: &mut Vec<i32>) -> Option<bool> {
[INFO] [stdout]    |            ^^^^^^^^^^
[INFO] [stdout] 
[INFO] [stdout] 
[INFO] [stdout] warning: function `top_k_frequent` is never used
[INFO] [stdout]  --> src/worked_problems/top_k_frequent_elements.rs:4:8
[INFO] [stdout]   |
[INFO] [stdout] 4 | pub fn top_k_frequent(nums: Vec<i32>, k: i32) -> Vec<i32> {
[INFO] [stdout]   |        ^^^^^^^^^^^^^^
[INFO] [stdout] 
[INFO] [stdout] 
[INFO] [stdout] warning: function `shift_grid` is never used
[INFO] [stdout]  --> src/worked_problems/shift_2d_grid.rs:5:8
[INFO] [stdout]   |
[INFO] [stdout] 5 | pub fn shift_grid(grid: Vec<Vec<i32>>, shift: i32) -> Vec<Vec<i32>> {
[INFO] [stdout]   |        ^^^^^^^^^^
[INFO] [stdout] 
[INFO] [stdout] 
[INFO] [stdout] warning: variable `ROWS` should have a snake case name
[INFO] [stdout]  --> src/worked_problems/shift_2d_grid.rs:9:9
[INFO] [stdout]   |
[INFO] [stdout] 9 |     let ROWS = return_grid.len();
[INFO] [stdout]   |         ^^^^ help: convert the identifier to snake case: `rows`
[INFO] [stdout]   |
[INFO] [stdout]   = note: `#[warn(non_snake_case)]` on by default
[INFO] [stdout] 
[INFO] [stdout] 
[INFO] [stdout] warning: variable `COLS` should have a snake case name
[INFO] [stdout]   --> src/worked_problems/shift_2d_grid.rs:10:9
[INFO] [stdout]    |
[INFO] [stdout] 10 |     let COLS = return_grid[0].len();
[INFO] [stdout]    |         ^^^^ help: convert the identifier to snake case: `cols`
[INFO] [stdout] 
[INFO] [stdout] 
[INFO] [stdout] warning: variable `SIZE` should have a snake case name
[INFO] [stdout]   --> src/worked_problems/shift_2d_grid.rs:11:9
[INFO] [stdout]    |
[INFO] [stdout] 11 |     let SIZE = ROWS * COLS;
[INFO] [stdout]    |         ^^^^ help: convert the identifier to snake case: `size`
[INFO] [stdout] 
[INFO] [stdout] 
[INFO] [stdout] warning: unused return value of `std::mem::replace` that must be used
[INFO] [stdout]   --> src/worked_problems/shift_2d_grid.rs:40:13
[INFO] [stdout]    |
[INFO] [stdout] 40 |             std::mem::replace(&mut row[adjusted_new_index], **k);
[INFO] [stdout]    |             ^^^^^^^^^^^^^^^^^^^^^^^^^^^^^^^^^^^^^^^^^^^^^^^^^^^^
[INFO] [stdout]    |
[INFO] [stdout]    = note: if you don't need the old value, you can just assign the new value directly
[INFO] [stdout]    = note: `#[warn(unused_must_use)]` on by default
[INFO] [stdout] help: use `let _ = ...` to ignore the resulting value
[INFO] [stdout]    |
[INFO] [stdout] 40 |             let _ = std::mem::replace(&mut row[adjusted_new_index], **k);
[INFO] [stdout]    |             +++++++
[INFO] [stdout] 
[INFO] [stdout] 
[INFO] [stdout] warning: 17 warnings emitted
[INFO] [stdout] 
[INFO] [stdout] 
[INFO] [stderr]     Finished dev [unoptimized + debuginfo] target(s) in 0.36s
[INFO] running `Command { std: "docker" "inspect" "5e88d0f76845da75bbbea669440f9bfb9106a97353e854d1bd6a119959e51ae4", kill_on_drop: false }`
[INFO] running `Command { std: "docker" "rm" "-f" "5e88d0f76845da75bbbea669440f9bfb9106a97353e854d1bd6a119959e51ae4", kill_on_drop: false }`
[INFO] [stdout] 5e88d0f76845da75bbbea669440f9bfb9106a97353e854d1bd6a119959e51ae4
[INFO] running `Command { std: "docker" "create" "-v" "/var/lib/crater-agent-workspace/builds/worker-7-tc2/target:/opt/rustwide/target:rw,Z" "-v" "/var/lib/crater-agent-workspace/builds/worker-7-tc2/source:/opt/rustwide/workdir:ro,Z" "-v" "/var/lib/crater-agent-workspace/cargo-home:/opt/rustwide/cargo-home:ro,Z" "-v" "/var/lib/crater-agent-workspace/rustup-home:/opt/rustwide/rustup-home:ro,Z" "-e" "SOURCE_DIR=/opt/rustwide/workdir" "-e" "CARGO_TARGET_DIR=/opt/rustwide/target" "-e" "CARGO_INCREMENTAL=0" "-e" "RUST_BACKTRACE=full" "-e" "RUSTFLAGS=--cap-lints=warn" "-e" "RUSTDOCFLAGS=--cap-lints=warn" "-e" "CARGO_HOME=/opt/rustwide/cargo-home" "-e" "RUSTUP_HOME=/opt/rustwide/rustup-home" "-w" "/opt/rustwide/workdir" "-m" "1610612736" "--user" "0:0" "--network" "none" "ghcr.io/rust-lang/crates-build-env/linux@sha256:2788e3201cd34a07e3172128adcd8b3090168a8e3bcc40d7c032b9dda1df7d1c" "/opt/rustwide/cargo-home/bin/cargo" "+beta-2023-12-22" "test" "--frozen" "--no-run" "--message-format=json", kill_on_drop: false }`
[INFO] [stdout] e292f338dcec1f177e3fdef3bdc11dfc27d53967b95cef2bd86106784b5bb00a
[INFO] running `Command { std: "docker" "start" "-a" "e292f338dcec1f177e3fdef3bdc11dfc27d53967b95cef2bd86106784b5bb00a", kill_on_drop: false }`
[INFO] [stderr]    Compiling leest v0.1.0 (/opt/rustwide/workdir)
[INFO] [stdout] warning: unused import: `std::mem::replace`
[INFO] [stdout]  --> src/worked_problems/shift_2d_grid.rs:3:5
[INFO] [stdout]   |
[INFO] [stdout] 3 | use std::mem::replace;
[INFO] [stdout]   |     ^^^^^^^^^^^^^^^^^
[INFO] [stdout]   |
[INFO] [stdout]   = note: `#[warn(unused_imports)]` on by default
[INFO] [stdout] 
[INFO] [stdout] 
[INFO] [stdout] warning: unused import: `worked_problems::baseball_game`
[INFO] [stdout]  --> src/main.rs:4:5
[INFO] [stdout]   |
[INFO] [stdout] 4 | use worked_problems::baseball_game;
[INFO] [stdout]   |     ^^^^^^^^^^^^^^^^^^^^^^^^^^^^^^
[INFO] [stdout] 
[INFO] [stdout] 
[INFO] [stdout] warning: value assigned to `new_score` is never read
[INFO] [stdout]   --> src/worked_problems/baseball_game.rs:42:26
[INFO] [stdout]    |
[INFO] [stdout] 42 |                  let mut new_score: i32 = 0;
[INFO] [stdout]    |                          ^^^^^^^^^
[INFO] [stdout]    |
[INFO] [stdout]    = help: maybe it is overwritten before being read?
[INFO] [stdout]    = note: `#[warn(unused_assignments)]` on by default
[INFO] [stdout] 
[INFO] [stdout] 
[INFO] [stdout] warning: variable does not need to be mutable
[INFO] [stdout]   --> src/worked_problems/baseball_game.rs:51:22
[INFO] [stdout]    |
[INFO] [stdout] 51 |                  let mut new_score = *record.last()? * 2;
[INFO] [stdout]    |                      ----^^^^^^^^^
[INFO] [stdout]    |                      |
[INFO] [stdout]    |                      help: remove this `mut`
[INFO] [stdout]    |
[INFO] [stdout]    = note: `#[warn(unused_mut)]` on by default
[INFO] [stdout] 
[INFO] [stdout] 
[INFO] [stdout] warning: unused variable: `i`
[INFO] [stdout]   --> src/worked_problems/top_k_frequent_elements.rs:19:9
[INFO] [stdout]    |
[INFO] [stdout] 19 |     for i in 0..k {
[INFO] [stdout]    |         ^ help: if this is intentional, prefix it with an underscore: `_i`
[INFO] [stdout]    |
[INFO] [stdout]    = note: `#[warn(unused_variables)]` on by default
[INFO] [stdout] 
[INFO] [stdout] 
[INFO] [stdout] warning: unused variable: `result_matrix`
[INFO] [stdout]   --> src/worked_problems/shift_2d_grid.rs:34:17
[INFO] [stdout]    |
[INFO] [stdout] 34 |         let mut result_matrix = grid.clone();
[INFO] [stdout]    |                 ^^^^^^^^^^^^^ help: if this is intentional, prefix it with an underscore: `_result_matrix`
[INFO] [stdout] 
[INFO] [stdout] 
[INFO] [stdout] warning: variable does not need to be mutable
[INFO] [stdout]   --> src/worked_problems/shift_2d_grid.rs:34:13
[INFO] [stdout]    |
[INFO] [stdout] 34 |         let mut result_matrix = grid.clone();
[INFO] [stdout]    |             ----^^^^^^^^^^^^^
[INFO] [stdout]    |             |
[INFO] [stdout]    |             help: remove this `mut`
[INFO] [stdout] 
[INFO] [stdout] 
[INFO] [stdout] warning: variable does not need to be mutable
[INFO] [stdout]   --> src/worked_problems/shift_2d_grid.rs:39:17
[INFO] [stdout]    |
[INFO] [stdout] 39 |             let mut row = return_grid.get_mut(new_row_pos).unwrap();
[INFO] [stdout]    |                 ----^^^
[INFO] [stdout]    |                 |
[INFO] [stdout]    |                 help: remove this `mut`
[INFO] [stdout] 
[INFO] [stdout] 
[INFO] [stdout] warning: variant `INTEGER` is never constructed
[INFO] [stdout]   --> src/worked_problems/baseball_game.rs:31:5
[INFO] [stdout]    |
[INFO] [stdout] 30 | enum Ops {
[INFO] [stdout]    |      --- variant in this enum
[INFO] [stdout] 31 |     INTEGER,
[INFO] [stdout]    |     ^^^^^^^
[INFO] [stdout]    |
[INFO] [stdout]    = note: `#[warn(dead_code)]` on by default
[INFO] [stdout] 
[INFO] [stdout] 
[INFO] [stdout] warning: variable `ROWS` should have a snake case name
[INFO] [stdout]  --> src/worked_problems/shift_2d_grid.rs:9:9
[INFO] [stdout]   |
[INFO] [stdout] 9 |     let ROWS = return_grid.len();
[INFO] [stdout]   |         ^^^^ help: convert the identifier to snake case: `rows`
[INFO] [stdout]   |
[INFO] [stdout]   = note: `#[warn(non_snake_case)]` on by default
[INFO] [stdout] 
[INFO] [stdout] 
[INFO] [stdout] warning: variable `COLS` should have a snake case name
[INFO] [stdout]   --> src/worked_problems/shift_2d_grid.rs:10:9
[INFO] [stdout]    |
[INFO] [stdout] 10 |     let COLS = return_grid[0].len();
[INFO] [stdout]    |         ^^^^ help: convert the identifier to snake case: `cols`
[INFO] [stdout] 
[INFO] [stdout] 
[INFO] [stdout] warning: variable `SIZE` should have a snake case name
[INFO] [stdout]   --> src/worked_problems/shift_2d_grid.rs:11:9
[INFO] [stdout]    |
[INFO] [stdout] 11 |     let SIZE = ROWS * COLS;
[INFO] [stdout]    |         ^^^^ help: convert the identifier to snake case: `size`
[INFO] [stdout] 
[INFO] [stdout] 
[INFO] [stdout] warning: unused return value of `std::mem::replace` that must be used
[INFO] [stdout]   --> src/worked_problems/shift_2d_grid.rs:40:13
[INFO] [stdout]    |
[INFO] [stdout] 40 |             std::mem::replace(&mut row[adjusted_new_index], **k);
[INFO] [stdout]    |             ^^^^^^^^^^^^^^^^^^^^^^^^^^^^^^^^^^^^^^^^^^^^^^^^^^^^
[INFO] [stdout]    |
[INFO] [stdout]    = note: if you don't need the old value, you can just assign the new value directly
[INFO] [stdout]    = note: `#[warn(unused_must_use)]` on by default
[INFO] [stdout] help: use `let _ = ...` to ignore the resulting value
[INFO] [stdout]    |
[INFO] [stdout] 40 |             let _ = std::mem::replace(&mut row[adjusted_new_index], **k);
[INFO] [stdout]    |             +++++++
[INFO] [stdout] 
[INFO] [stdout] 
[INFO] [stdout] warning: 13 warnings emitted
[INFO] [stdout] 
[INFO] [stdout] 
[INFO] [stderr]     Finished test [unoptimized + debuginfo] target(s) in 0.88s
[INFO] running `Command { std: "docker" "inspect" "e292f338dcec1f177e3fdef3bdc11dfc27d53967b95cef2bd86106784b5bb00a", kill_on_drop: false }`
[INFO] running `Command { std: "docker" "rm" "-f" "e292f338dcec1f177e3fdef3bdc11dfc27d53967b95cef2bd86106784b5bb00a", kill_on_drop: false }`
[INFO] [stdout] e292f338dcec1f177e3fdef3bdc11dfc27d53967b95cef2bd86106784b5bb00a
[INFO] running `Command { std: "docker" "create" "-v" "/var/lib/crater-agent-workspace/builds/worker-7-tc2/target:/opt/rustwide/target:rw,Z" "-v" "/var/lib/crater-agent-workspace/builds/worker-7-tc2/source:/opt/rustwide/workdir:ro,Z" "-v" "/var/lib/crater-agent-workspace/cargo-home:/opt/rustwide/cargo-home:ro,Z" "-v" "/var/lib/crater-agent-workspace/rustup-home:/opt/rustwide/rustup-home:ro,Z" "-e" "SOURCE_DIR=/opt/rustwide/workdir" "-e" "CARGO_TARGET_DIR=/opt/rustwide/target" "-e" "CARGO_INCREMENTAL=0" "-e" "RUST_BACKTRACE=full" "-e" "RUSTFLAGS=--cap-lints=warn" "-e" "RUSTDOCFLAGS=--cap-lints=warn" "-e" "CARGO_HOME=/opt/rustwide/cargo-home" "-e" "RUSTUP_HOME=/opt/rustwide/rustup-home" "-w" "/opt/rustwide/workdir" "-m" "1610612736" "--user" "0:0" "--network" "none" "ghcr.io/rust-lang/crates-build-env/linux@sha256:2788e3201cd34a07e3172128adcd8b3090168a8e3bcc40d7c032b9dda1df7d1c" "/opt/rustwide/cargo-home/bin/cargo" "+beta-2023-12-22" "test" "--frozen", kill_on_drop: false }`
[INFO] [stdout] 550105119af8d0174b4cc289ba20012b5e8e2918d4960162a597a79bdbfa651f
[INFO] running `Command { std: "docker" "start" "-a" "550105119af8d0174b4cc289ba20012b5e8e2918d4960162a597a79bdbfa651f", kill_on_drop: false }`
[INFO] [stderr] warning: unused import: `std::mem::replace`
[INFO] [stderr]  --> src/worked_problems/shift_2d_grid.rs:3:5
[INFO] [stderr]   |
[INFO] [stderr] 3 | use std::mem::replace;
[INFO] [stderr]   |     ^^^^^^^^^^^^^^^^^
[INFO] [stderr]   |
[INFO] [stderr]   = note: `#[warn(unused_imports)]` on by default
[INFO] [stderr] 
[INFO] [stderr] warning: unused import: `worked_problems::baseball_game`
[INFO] [stderr]  --> src/main.rs:4:5
[INFO] [stderr]   |
[INFO] [stderr] 4 | use worked_problems::baseball_game;
[INFO] [stderr]   |     ^^^^^^^^^^^^^^^^^^^^^^^^^^^^^^
[INFO] [stderr] 
[INFO] [stderr] warning: value assigned to `new_score` is never read
[INFO] [stderr]   --> src/worked_problems/baseball_game.rs:42:26
[INFO] [stderr]    |
[INFO] [stderr] 42 |                  let mut new_score: i32 = 0;
[INFO] [stderr]    |                          ^^^^^^^^^
[INFO] [stderr]    |
[INFO] [stderr]    = help: maybe it is overwritten before being read?
[INFO] [stderr]    = note: `#[warn(unused_assignments)]` on by default
[INFO] [stderr] 
[INFO] [stderr] warning: variable does not need to be mutable
[INFO] [stderr]   --> src/worked_problems/baseball_game.rs:51:22
[INFO] [stderr]    |
[INFO] [stderr] 51 |                  let mut new_score = *record.last()? * 2;
[INFO] [stderr]    |                      ----^^^^^^^^^
[INFO] [stderr]    |                      |
[INFO] [stderr]    |                      help: remove this `mut`
[INFO] [stderr]    |
[INFO] [stderr]    = note: `#[warn(unused_mut)]` on by default
[INFO] [stderr] 
[INFO] [stderr] warning: unused variable: `i`
[INFO] [stderr]   --> src/worked_problems/top_k_frequent_elements.rs:19:9
[INFO] [stderr]    |
[INFO] [stderr] 19 |     for i in 0..k {
[INFO] [stderr]    |         ^ help: if this is intentional, prefix it with an underscore: `_i`
[INFO] [stderr]    |
[INFO] [stderr]    = note: `#[warn(unused_variables)]` on by default
[INFO] [stderr] 
[INFO] [stderr] warning: unused variable: `result_matrix`
[INFO] [stderr]   --> src/worked_problems/shift_2d_grid.rs:34:17
[INFO] [stderr]    |
[INFO] [stderr] 34 |         let mut result_matrix = grid.clone();
[INFO] [stderr]    |                 ^^^^^^^^^^^^^ help: if this is intentional, prefix it with an underscore: `_result_matrix`
[INFO] [stderr] 
[INFO] [stderr] warning: variable does not need to be mutable
[INFO] [stderr]   --> src/worked_problems/shift_2d_grid.rs:34:13
[INFO] [stderr]    |
[INFO] [stderr] 34 |         let mut result_matrix = grid.clone();
[INFO] [stderr]    |             ----^^^^^^^^^^^^^
[INFO] [stderr]    |             |
[INFO] [stderr]    |             help: remove this `mut`
[INFO] [stderr] 
[INFO] [stderr] warning: variable does not need to be mutable
[INFO] [stderr]   --> src/worked_problems/shift_2d_grid.rs:39:17
[INFO] [stderr]    |
[INFO] [stderr] 39 |             let mut row = return_grid.get_mut(new_row_pos).unwrap();
[INFO] [stderr]    |                 ----^^^
[INFO] [stderr]    |                 |
[INFO] [stderr]    |                 help: remove this `mut`
[INFO] [stderr] 
[INFO] [stderr] warning: variant `INTEGER` is never constructed
[INFO] [stderr]   --> src/worked_problems/baseball_game.rs:31:5
[INFO] [stderr]    |
[INFO] [stderr] 30 | enum Ops {
[INFO] [stderr]    |      --- variant in this enum
[INFO] [stderr] 31 |     INTEGER,
[INFO] [stderr]    |     ^^^^^^^
[INFO] [stderr]    |
[INFO] [stderr]    = note: `#[warn(dead_code)]` on by default
[INFO] [stderr] 
[INFO] [stderr] warning: variable `ROWS` should have a snake case name
[INFO] [stderr]  --> src/worked_problems/shift_2d_grid.rs:9:9
[INFO] [stderr]   |
[INFO] [stderr] 9 |     let ROWS = return_grid.len();
[INFO] [stderr]   |         ^^^^ help: convert the identifier to snake case: `rows`
[INFO] [stderr]   |
[INFO] [stderr]   = note: `#[warn(non_snake_case)]` on by default
[INFO] [stderr] 
[INFO] [stderr] warning: variable `COLS` should have a snake case name
[INFO] [stderr]   --> src/worked_problems/shift_2d_grid.rs:10:9
[INFO] [stderr]    |
[INFO] [stderr] 10 |     let COLS = return_grid[0].len();
[INFO] [stderr]    |         ^^^^ help: convert the identifier to snake case: `cols`
[INFO] [stderr] 
[INFO] [stderr] warning: variable `SIZE` should have a snake case name
[INFO] [stderr]   --> src/worked_problems/shift_2d_grid.rs:11:9
[INFO] [stderr]    |
[INFO] [stderr] 11 |     let SIZE = ROWS * COLS;
[INFO] [stderr]    |         ^^^^ help: convert the identifier to snake case: `size`
[INFO] [stderr] 
[INFO] [stderr] warning: unused return value of `std::mem::replace` that must be used
[INFO] [stderr]   --> src/worked_problems/shift_2d_grid.rs:40:13
[INFO] [stderr]    |
[INFO] [stderr] 40 |             std::mem::replace(&mut row[adjusted_new_index], **k);
[INFO] [stderr]    |             ^^^^^^^^^^^^^^^^^^^^^^^^^^^^^^^^^^^^^^^^^^^^^^^^^^^^
[INFO] [stderr]    |
[INFO] [stderr]    = note: if you don't need the old value, you can just assign the new value directly
[INFO] [stderr]    = note: `#[warn(unused_must_use)]` on by default
[INFO] [stderr] help: use `let _ = ...` to ignore the resulting value
[INFO] [stderr]    |
[INFO] [stderr] 40 |             let _ = std::mem::replace(&mut row[adjusted_new_index], **k);
[INFO] [stderr]    |             +++++++
[INFO] [stderr] 
[INFO] [stderr] warning: `leest` (bin "leest" test) generated 13 warnings (run `cargo fix --bin "leest" --tests` to apply 7 suggestions)
[INFO] [stderr]     Finished test [unoptimized + debuginfo] target(s) in 0.03s
[INFO] [stderr]      Running unittests src/main.rs (/opt/rustwide/target/debug/deps/leest-30ddf1dae036a76f)
[INFO] [stdout] 
[INFO] [stdout] running 5 tests
[INFO] [stdout] test worked_problems::shift_2d_grid::tests::shift_mxn_works ... ok
[INFO] [stdout] test worked_problems::shift_2d_grid::tests::shift_nxn_works ... ok
[INFO] [stdout] test worked_problems::baseball_game::tests::baseball_works ... ok
[INFO] [stdout] test worked_problems::shift_2d_grid::tests::shift_k_works ... ok
[INFO] [stdout] test worked_problems::top_k_frequent_elements::tests::working ... FAILED
[INFO] [stdout] 
[INFO] [stdout] failures:
[INFO] [stdout] 
[INFO] [stdout] ---- worked_problems::top_k_frequent_elements::tests::working stdout ----
[INFO] [stdout] [2, 1]
[INFO] [stdout] thread 'worked_problems::top_k_frequent_elements::tests::working' panicked at src/worked_problems/top_k_frequent_elements.rs:43:9:
[INFO] [stdout] assertion `left == right` failed
[INFO] [stdout]   left: [1, 2]
[INFO] [stdout]  right: [2, 1]
[INFO] [stdout] stack backtrace:
[INFO] [stdout]    0:     0x564c7e027576 - std::backtrace_rs::backtrace::libunwind::trace::h261606ad26a499c1
[INFO] [stdout]                                at /rustc/0e09125c6c3c2fd70d7de961bcf0e51575235fad/library/std/src/../../backtrace/src/backtrace/libunwind.rs:104:5
[INFO] [stdout]    1:     0x564c7e027576 - std::backtrace_rs::backtrace::trace_unsynchronized::hd183f0625477fb28
[INFO] [stdout]                                at /rustc/0e09125c6c3c2fd70d7de961bcf0e51575235fad/library/std/src/../../backtrace/src/backtrace/mod.rs:66:5
[INFO] [stdout]    2:     0x564c7e027576 - std::sys_common::backtrace::_print_fmt::hd7f8fef21b4eda67
[INFO] [stdout]                                at /rustc/0e09125c6c3c2fd70d7de961bcf0e51575235fad/library/std/src/sys_common/backtrace.rs:68:5
[INFO] [stdout]    3:     0x564c7e027576 - <std::sys_common::backtrace::_print::DisplayBacktrace as core::fmt::Display>::fmt::h623d9b51f2f453f1
[INFO] [stdout]                                at /rustc/0e09125c6c3c2fd70d7de961bcf0e51575235fad/library/std/src/sys_common/backtrace.rs:44:22
[INFO] [stdout]    4:     0x564c7e050a30 - core::fmt::rt::Argument::fmt::h9f417ac76a86f368
[INFO] [stdout]                                at /rustc/0e09125c6c3c2fd70d7de961bcf0e51575235fad/library/core/src/fmt/rt.rs:142:9
[INFO] [stdout]    5:     0x564c7e050a30 - core::fmt::write::hc9b6faf4ac2aeff7
[INFO] [stdout]                                at /rustc/0e09125c6c3c2fd70d7de961bcf0e51575235fad/library/core/src/fmt/mod.rs:1120:17
[INFO] [stdout]    6:     0x564c7e024fdf - std::io::Write::write_fmt::he04625a3a989fec3
[INFO] [stdout]                                at /rustc/0e09125c6c3c2fd70d7de961bcf0e51575235fad/library/std/src/io/mod.rs:1810:15
[INFO] [stdout]    7:     0x564c7e027354 - std::sys_common::backtrace::_print::hd5d66399c7df88a2
[INFO] [stdout]                                at /rustc/0e09125c6c3c2fd70d7de961bcf0e51575235fad/library/std/src/sys_common/backtrace.rs:47:5
[INFO] [stdout]    8:     0x564c7e027354 - std::sys_common::backtrace::print::he81ed2da642d37e5
[INFO] [stdout]                                at /rustc/0e09125c6c3c2fd70d7de961bcf0e51575235fad/library/std/src/sys_common/backtrace.rs:34:9
[INFO] [stdout]    9:     0x564c7e0290c7 - std::panicking::default_hook::{{closure}}::h85773f4fa117163d
[INFO] [stdout]   10:     0x564c7e028dad - std::panicking::default_hook::h6a1694a91d09b278
[INFO] [stdout]                                at /rustc/0e09125c6c3c2fd70d7de961bcf0e51575235fad/library/std/src/panicking.rs:289:9
[INFO] [stdout]   11:     0x564c7dff8f87 - <alloc::boxed::Box<F,A> as core::ops::function::Fn<Args>>::call::h616ac37fa3cd6c8f
[INFO] [stdout]                                at /rustc/0e09125c6c3c2fd70d7de961bcf0e51575235fad/library/alloc/src/boxed.rs:2029:9
[INFO] [stdout]   12:     0x564c7dff8f87 - test::test_main::{{closure}}::h00d84697cefdcbb6
[INFO] [stdout]                                at /rustc/0e09125c6c3c2fd70d7de961bcf0e51575235fad/library/test/src/lib.rs:138:21
[INFO] [stdout]   13:     0x564c7e0296e6 - <alloc::boxed::Box<F,A> as core::ops::function::Fn<Args>>::call::hcb3fe3b9bb537ba8
[INFO] [stdout]                                at /rustc/0e09125c6c3c2fd70d7de961bcf0e51575235fad/library/alloc/src/boxed.rs:2029:9
[INFO] [stdout]   14:     0x564c7e0296e6 - std::panicking::rust_panic_with_hook::h0a7ad96e90f7145b
[INFO] [stdout]                                at /rustc/0e09125c6c3c2fd70d7de961bcf0e51575235fad/library/std/src/panicking.rs:783:13
[INFO] [stdout]   15:     0x564c7e029432 - std::panicking::begin_panic_handler::{{closure}}::h7919090525c6485e
[INFO] [stdout]                                at /rustc/0e09125c6c3c2fd70d7de961bcf0e51575235fad/library/std/src/panicking.rs:657:13
[INFO] [stdout]   16:     0x564c7e027a76 - std::sys_common::backtrace::__rust_end_short_backtrace::hf3289479464f7dfe
[INFO] [stdout]                                at /rustc/0e09125c6c3c2fd70d7de961bcf0e51575235fad/library/std/src/sys_common/backtrace.rs:171:18
[INFO] [stdout]   17:     0x564c7e029190 - rust_begin_unwind
[INFO] [stdout]                                at /rustc/0e09125c6c3c2fd70d7de961bcf0e51575235fad/library/std/src/panicking.rs:645:5
[INFO] [stdout]   18:     0x564c7dfaccd5 - core::panicking::panic_fmt::hcc9f77c5c132af55
[INFO] [stdout]                                at /rustc/0e09125c6c3c2fd70d7de961bcf0e51575235fad/library/core/src/panicking.rs:72:14
[INFO] [stdout]   19:     0x564c7dfad10b - core::panicking::assert_failed_inner::h9f13e27dd63c3a08
[INFO] [stdout]                                at /rustc/0e09125c6c3c2fd70d7de961bcf0e51575235fad/library/core/src/panicking.rs:342:17
[INFO] [stdout]   20:     0x564c7dfbdb4e - core::panicking::assert_failed::hf93eea9e3da2e9f8
[INFO] [stdout]                                at /rustc/0e09125c6c3c2fd70d7de961bcf0e51575235fad/library/core/src/panicking.rs:297:5
[INFO] [stdout]   21:     0x564c7dfc43fb - leest::worked_problems::top_k_frequent_elements::tests::working::haed0d4553d953a7e
[INFO] [stdout]                                at /opt/rustwide/workdir/src/worked_problems/top_k_frequent_elements.rs:43:9
[INFO] [stdout]   22:     0x564c7dfc4207 - leest::worked_problems::top_k_frequent_elements::tests::working::{{closure}}::hade302483b5d956c
[INFO] [stdout]                                at /opt/rustwide/workdir/src/worked_problems/top_k_frequent_elements.rs:42:17
[INFO] [stdout]   23:     0x564c7dfb4ab6 - core::ops::function::FnOnce::call_once::h92830b1341a24f52
[INFO] [stdout]                                at /rustc/0e09125c6c3c2fd70d7de961bcf0e51575235fad/library/core/src/ops/function.rs:250:5
[INFO] [stdout]   24:     0x564c7dffe85f - core::ops::function::FnOnce::call_once::hd64d26f405258157
[INFO] [stdout]                                at /rustc/0e09125c6c3c2fd70d7de961bcf0e51575235fad/library/core/src/ops/function.rs:250:5
[INFO] [stdout]   25:     0x564c7dffe85f - test::__rust_begin_short_backtrace::he21b0b7a6d731bf9
[INFO] [stdout]                                at /rustc/0e09125c6c3c2fd70d7de961bcf0e51575235fad/library/test/src/lib.rs:627:18
[INFO] [stdout]   26:     0x564c7dffd5e1 - test::run_test_in_process::{{closure}}::hf5c73986d7bdfde2
[INFO] [stdout]                                at /rustc/0e09125c6c3c2fd70d7de961bcf0e51575235fad/library/test/src/lib.rs:650:60
[INFO] [stdout]   27:     0x564c7dffd5e1 - <core::panic::unwind_safe::AssertUnwindSafe<F> as core::ops::function::FnOnce<()>>::call_once::h330011ad032aadc0
[INFO] [stdout]                                at /rustc/0e09125c6c3c2fd70d7de961bcf0e51575235fad/library/core/src/panic/unwind_safe.rs:272:9
[INFO] [stdout]   28:     0x564c7dffd5e1 - std::panicking::try::do_call::he61b0a958b795a41
[INFO] [stdout]                                at /rustc/0e09125c6c3c2fd70d7de961bcf0e51575235fad/library/std/src/panicking.rs:552:40
[INFO] [stdout]   29:     0x564c7dffd5e1 - std::panicking::try::h7309da130f906eb7
[INFO] [stdout]                                at /rustc/0e09125c6c3c2fd70d7de961bcf0e51575235fad/library/std/src/panicking.rs:516:19
[INFO] [stdout]   30:     0x564c7dffd5e1 - std::panic::catch_unwind::hc5c3a06fdaf0a92a
[INFO] [stdout]                                at /rustc/0e09125c6c3c2fd70d7de961bcf0e51575235fad/library/std/src/panic.rs:142:14
[INFO] [stdout]   31:     0x564c7dffd5e1 - test::run_test_in_process::h7e7b7c71c3324e0f
[INFO] [stdout]                                at /rustc/0e09125c6c3c2fd70d7de961bcf0e51575235fad/library/test/src/lib.rs:650:27
[INFO] [stdout]   32:     0x564c7dffd5e1 - test::run_test::{{closure}}::h1f509f28f5cf20b1
[INFO] [stdout]                                at /rustc/0e09125c6c3c2fd70d7de961bcf0e51575235fad/library/test/src/lib.rs:573:43
[INFO] [stdout]   33:     0x564c7dfc4916 - test::run_test::{{closure}}::h1754218abf443f6d
[INFO] [stdout]                                at /rustc/0e09125c6c3c2fd70d7de961bcf0e51575235fad/library/test/src/lib.rs:601:41
[INFO] [stdout]   34:     0x564c7dfc4916 - std::sys_common::backtrace::__rust_begin_short_backtrace::h2ee174b9d5954948
[INFO] [stdout]                                at /rustc/0e09125c6c3c2fd70d7de961bcf0e51575235fad/library/std/src/sys_common/backtrace.rs:155:18
[INFO] [stdout]   35:     0x564c7dfc9977 - std::thread::Builder::spawn_unchecked_::{{closure}}::{{closure}}::hf60bee9c1a17ef09
[INFO] [stdout]                                at /rustc/0e09125c6c3c2fd70d7de961bcf0e51575235fad/library/std/src/thread/mod.rs:529:17
[INFO] [stdout]   36:     0x564c7dfc9977 - <core::panic::unwind_safe::AssertUnwindSafe<F> as core::ops::function::FnOnce<()>>::call_once::h33d0dddec5216160
[INFO] [stdout]                                at /rustc/0e09125c6c3c2fd70d7de961bcf0e51575235fad/library/core/src/panic/unwind_safe.rs:272:9
[INFO] [stdout]   37:     0x564c7dfc9977 - std::panicking::try::do_call::h144b3048b546f835
[INFO] [stdout]                                at /rustc/0e09125c6c3c2fd70d7de961bcf0e51575235fad/library/std/src/panicking.rs:552:40
[INFO] [stdout]   38:     0x564c7dfc9977 - std::panicking::try::h978244d04646189f
[INFO] [stdout]                                at /rustc/0e09125c6c3c2fd70d7de961bcf0e51575235fad/library/std/src/panicking.rs:516:19
[INFO] [stdout]   39:     0x564c7dfc9977 - std::panic::catch_unwind::hdf436369d188fe86
[INFO] [stdout]                                at /rustc/0e09125c6c3c2fd70d7de961bcf0e51575235fad/library/std/src/panic.rs:142:14
[INFO] [stdout]   40:     0x564c7dfc9977 - std::thread::Builder::spawn_unchecked_::{{closure}}::h87329cbdd33c79ec
[INFO] [stdout]                                at /rustc/0e09125c6c3c2fd70d7de961bcf0e51575235fad/library/std/src/thread/mod.rs:528:30
[INFO] [stdout]   41:     0x564c7dfc9977 - core::ops::function::FnOnce::call_once{{vtable.shim}}::h401abbe67897d450
[INFO] [stdout]                                at /rustc/0e09125c6c3c2fd70d7de961bcf0e51575235fad/library/core/src/ops/function.rs:250:5
[INFO] [stdout]   42:     0x564c7e02e195 - <alloc::boxed::Box<F,A> as core::ops::function::FnOnce<Args>>::call_once::h5d7c8f150ab9c84c
[INFO] [stdout]                                at /rustc/0e09125c6c3c2fd70d7de961bcf0e51575235fad/library/alloc/src/boxed.rs:2015:9
[INFO] [stdout]   43:     0x564c7e02e195 - <alloc::boxed::Box<F,A> as core::ops::function::FnOnce<Args>>::call_once::h570d5b005c242c15
[INFO] [stdout]                                at /rustc/0e09125c6c3c2fd70d7de961bcf0e51575235fad/library/alloc/src/boxed.rs:2015:9
[INFO] [stdout]   44:     0x564c7e02e195 - std::sys::unix::thread::Thread::new::thread_start::h36b0a20c0b2361ad
[INFO] [stdout]                                at /rustc/0e09125c6c3c2fd70d7de961bcf0e51575235fad/library/std/src/sys/unix/thread.rs:108:17
[INFO] [stdout]   45:     0x7f363adacac3 - <unknown>
[INFO] [stdout]   46:     0x7f363ae3dbf4 - __clone
[INFO] [stdout]   47:                0x0 - <unknown>
[INFO] [stdout] 
[INFO] [stdout] 
[INFO] [stdout] failures:
[INFO] [stdout]     worked_problems::top_k_frequent_elements::tests::working
[INFO] [stdout] 
[INFO] [stdout] test result: FAILED. 4 passed; 1 failed; 0 ignored; 0 measured; 0 filtered out; finished in 0.04s
[INFO] [stdout] 
[INFO] [stderr] error: test failed, to rerun pass `--bin leest`
[INFO] running `Command { std: "docker" "inspect" "550105119af8d0174b4cc289ba20012b5e8e2918d4960162a597a79bdbfa651f", kill_on_drop: false }`
[INFO] running `Command { std: "docker" "rm" "-f" "550105119af8d0174b4cc289ba20012b5e8e2918d4960162a597a79bdbfa651f", kill_on_drop: false }`
[INFO] [stdout] 550105119af8d0174b4cc289ba20012b5e8e2918d4960162a597a79bdbfa651f
