[INFO] cloning repository https://github.com/GabrielCamba/ink-compiler-be
[INFO] running `Command { std: "git" "-c" "credential.helper=" "-c" "credential.helper=/workspace/cargo-home/bin/git-credential-null" "clone" "--bare" "https://github.com/GabrielCamba/ink-compiler-be" "/workspace/cache/git-repos/https%3A%2F%2Fgithub.com%2FGabrielCamba%2Fink-compiler-be", kill_on_drop: false }`
[INFO] [stderr] Cloning into bare repository '/workspace/cache/git-repos/https%3A%2F%2Fgithub.com%2FGabrielCamba%2Fink-compiler-be'...
[INFO] running `Command { std: "git" "rev-parse" "HEAD", kill_on_drop: false }`
[INFO] [stdout] 0bf6c5f554c2e17b78232f7ac2f92c5f1f98e519
[INFO] testing GabrielCamba/ink-compiler-be against 1.75.0 for beta-1.76-1
[INFO] running `Command { std: "git" "clone" "/workspace/cache/git-repos/https%3A%2F%2Fgithub.com%2FGabrielCamba%2Fink-compiler-be" "/workspace/builds/worker-3-tc1/source", kill_on_drop: false }`
[INFO] [stderr] Cloning into '/workspace/builds/worker-3-tc1/source'...
[INFO] [stderr] done.
[INFO] validating manifest of git repo https://github.com/GabrielCamba/ink-compiler-be on toolchain 1.75.0
[INFO] running `Command { std: CARGO_HOME="/workspace/cargo-home" RUSTUP_HOME="/workspace/rustup-home" "/workspace/cargo-home/bin/cargo" "+1.75.0" "metadata" "--manifest-path" "Cargo.toml" "--no-deps", kill_on_drop: false }`
[INFO] started tweaking git repo https://github.com/GabrielCamba/ink-compiler-be
[INFO] finished tweaking git repo https://github.com/GabrielCamba/ink-compiler-be
[INFO] tweaked toml for git repo https://github.com/GabrielCamba/ink-compiler-be written to /workspace/builds/worker-3-tc1/source/Cargo.toml
[INFO] crate git repo https://github.com/GabrielCamba/ink-compiler-be already has a lockfile, it will not be regenerated
[INFO] running `Command { std: CARGO_HOME="/workspace/cargo-home" RUSTUP_HOME="/workspace/rustup-home" "/workspace/cargo-home/bin/cargo" "+1.75.0" "fetch" "--manifest-path" "Cargo.toml", kill_on_drop: false }`
[INFO] [stderr]  Downloading crates ...
[INFO] [stderr]   Downloaded thread-id v4.1.0
[INFO] [stderr]   Downloaded deranged v0.3.6
[INFO] [stderr]   Downloaded ref-cast v1.0.19
[INFO] [stderr]   Downloaded ref-cast-impl v1.0.19
[INFO] [stderr]   Downloaded async-std-resolver v0.21.2
[INFO] [stderr]   Downloaded yansi v1.0.0-rc
[INFO] [stderr]   Downloaded winnow v0.5.2
[INFO] [stderr]   Downloaded bson v2.6.1
[INFO] [stderr]   Downloaded time v0.3.24
[INFO] [stderr]   Downloaded mongodb v2.6.0
[INFO] running `Command { std: "docker" "create" "-v" "/var/lib/crater-agent-workspace/builds/worker-3-tc1/target:/opt/rustwide/target:rw,Z" "-v" "/var/lib/crater-agent-workspace/builds/worker-3-tc1/source:/opt/rustwide/workdir:ro,Z" "-v" "/var/lib/crater-agent-workspace/cargo-home:/opt/rustwide/cargo-home:ro,Z" "-v" "/var/lib/crater-agent-workspace/rustup-home:/opt/rustwide/rustup-home:ro,Z" "-e" "SOURCE_DIR=/opt/rustwide/workdir" "-e" "CARGO_TARGET_DIR=/opt/rustwide/target" "-e" "CARGO_HOME=/opt/rustwide/cargo-home" "-e" "RUSTUP_HOME=/opt/rustwide/rustup-home" "-w" "/opt/rustwide/workdir" "-m" "1610612736" "--user" "0:0" "--network" "none" "ghcr.io/rust-lang/crates-build-env/linux@sha256:2788e3201cd34a07e3172128adcd8b3090168a8e3bcc40d7c032b9dda1df7d1c" "/opt/rustwide/cargo-home/bin/cargo" "+1.75.0" "metadata" "--no-deps" "--format-version=1", kill_on_drop: false }`
[INFO] [stdout] 05057e5919fb71221e223376600d7039513e17a29b6f69d6e98580b5c5a5c653
[INFO] running `Command { std: "docker" "start" "-a" "05057e5919fb71221e223376600d7039513e17a29b6f69d6e98580b5c5a5c653", kill_on_drop: false }`
[INFO] running `Command { std: "docker" "inspect" "05057e5919fb71221e223376600d7039513e17a29b6f69d6e98580b5c5a5c653", kill_on_drop: false }`
[INFO] running `Command { std: "docker" "rm" "-f" "05057e5919fb71221e223376600d7039513e17a29b6f69d6e98580b5c5a5c653", kill_on_drop: false }`
[INFO] [stdout] 05057e5919fb71221e223376600d7039513e17a29b6f69d6e98580b5c5a5c653
[INFO] running `Command { std: "docker" "create" "-v" "/var/lib/crater-agent-workspace/builds/worker-3-tc1/target:/opt/rustwide/target:rw,Z" "-v" "/var/lib/crater-agent-workspace/builds/worker-3-tc1/source:/opt/rustwide/workdir:ro,Z" "-v" "/var/lib/crater-agent-workspace/cargo-home:/opt/rustwide/cargo-home:ro,Z" "-v" "/var/lib/crater-agent-workspace/rustup-home:/opt/rustwide/rustup-home:ro,Z" "-e" "SOURCE_DIR=/opt/rustwide/workdir" "-e" "CARGO_TARGET_DIR=/opt/rustwide/target" "-e" "CARGO_INCREMENTAL=0" "-e" "RUST_BACKTRACE=full" "-e" "RUSTFLAGS=--cap-lints=warn" "-e" "RUSTDOCFLAGS=--cap-lints=warn" "-e" "CARGO_HOME=/opt/rustwide/cargo-home" "-e" "RUSTUP_HOME=/opt/rustwide/rustup-home" "-w" "/opt/rustwide/workdir" "-m" "1610612736" "--user" "0:0" "--network" "none" "ghcr.io/rust-lang/crates-build-env/linux@sha256:2788e3201cd34a07e3172128adcd8b3090168a8e3bcc40d7c032b9dda1df7d1c" "/opt/rustwide/cargo-home/bin/cargo" "+1.75.0" "build" "--frozen" "--message-format=json", kill_on_drop: false }`
[INFO] [stdout] 69898cb10efa3e8991905a9afd97c003d2622d46e97f78dd80dcfdbf33537362
[INFO] running `Command { std: "docker" "start" "-a" "69898cb10efa3e8991905a9afd97c003d2622d46e97f78dd80dcfdbf33537362", kill_on_drop: false }`
[INFO] [stderr]    Compiling libc v0.2.147
[INFO] [stderr]    Compiling proc-macro2 v1.0.66
[INFO] [stderr]    Compiling unicode-ident v1.0.11
[INFO] [stderr]    Compiling serde v1.0.180
[INFO] [stderr]    Compiling serde_derive v1.0.180
[INFO] [stderr]    Compiling pin-project-lite v0.2.10
[INFO] [stderr]    Compiling futures-core v0.3.28
[INFO] [stderr]    Compiling once_cell v1.18.0
[INFO] [stderr]    Compiling futures-io v0.3.28
[INFO] [stderr]    Compiling slab v0.4.8
[INFO] [stderr]    Compiling futures-channel v0.3.28
[INFO] [stderr]    Compiling itoa v1.0.9
[INFO] [stderr]    Compiling bytes v1.4.0
[INFO] [stderr]    Compiling value-bag v1.4.1
[INFO] [stderr]    Compiling pin-utils v0.1.0
[INFO] [stderr]    Compiling tokio v1.29.1
[INFO] [stderr]    Compiling futures-sink v0.3.28
[INFO] [stderr]    Compiling futures-task v0.3.28
[INFO] [stderr]    Compiling futures-util v0.3.28
[INFO] [stderr]    Compiling proc-macro2-diagnostics v0.10.1
[INFO] [stderr]    Compiling hashbrown v0.12.3
[INFO] [stderr]    Compiling percent-encoding v2.3.0
[INFO] [stderr]    Compiling typenum v1.16.0
[INFO] [stderr]    Compiling tracing-core v0.1.31
[INFO] [stderr]    Compiling crossbeam-utils v0.8.16
[INFO] [stderr]    Compiling smallvec v1.11.0
[INFO] [stderr]    Compiling time-core v0.1.1
[INFO] [stderr]    Compiling yansi v1.0.0-rc
[INFO] [stderr]    Compiling generic-array v0.14.7
[INFO] [stderr]    Compiling indexmap v1.9.3
[INFO] [stderr]    Compiling tinyvec_macros v0.1.1
[INFO] [stderr]    Compiling time-macros v0.2.11
[INFO] [stderr]    Compiling event-listener v2.5.3
[INFO] [stderr]    Compiling deranged v0.3.6
[INFO] [stderr]    Compiling cc v1.0.79
[INFO] [stderr]    Compiling tinyvec v1.6.0
[INFO] [stderr]    Compiling http v0.2.9
[INFO] [stderr]    Compiling httparse v1.8.0
[INFO] [stderr]    Compiling tracing v0.1.37
[INFO] [stderr]    Compiling parking v2.1.0
[INFO] [stderr]    Compiling fastrand v1.9.0
[INFO] [stderr]    Compiling concurrent-queue v2.2.0
[INFO] [stderr]    Compiling io-lifetimes v1.0.11
[INFO] [stderr]    Compiling equivalent v1.0.1
[INFO] [stderr]    Compiling hashbrown v0.14.0
[INFO] [stderr]    Compiling quote v1.0.32
[INFO] [stderr]    Compiling futures-lite v1.13.0
[INFO] [stderr]    Compiling socket2 v0.4.9
[INFO] [stderr]    Compiling mio v0.8.8
[INFO] [stderr]    Compiling signal-hook-registry v1.4.1
[INFO] [stderr]    Compiling num_cpus v1.16.0
[INFO] [stderr]    Compiling getrandom v0.2.10
[INFO] [stderr]    Compiling syn v2.0.28
[INFO] [stderr]    Compiling syn v1.0.109
[INFO] [stderr]    Compiling rand_core v0.6.4
[INFO] [stderr]    Compiling indexmap v2.0.0
[INFO] [stderr]    Compiling unicode-normalization v0.1.22
[INFO] [stderr]    Compiling async-lock v2.7.0
[INFO] [stderr]    Compiling polling v2.8.0
[INFO] [stderr]    Compiling lock_api v0.4.10
[INFO] [stderr]    Compiling ring v0.16.20
[INFO] [stderr]    Compiling rustix v0.37.23
[INFO] [stderr]    Compiling parking_lot_core v0.9.8
[INFO] [stderr]    Compiling unicode-bidi v0.3.13
[INFO] [stderr]    Compiling rand_chacha v0.3.1
[INFO] [stderr]    Compiling cookie v0.17.0
[INFO] [stderr]    Compiling async-io v1.13.0
[INFO] [stderr]    Compiling num-traits v0.2.16
[INFO] [stderr]    Compiling spin v0.5.2
[INFO] [stderr]    Compiling async-trait v0.1.72
[INFO] [stderr]    Compiling crypto-common v0.1.6
[INFO] [stderr]    Compiling block-buffer v0.10.4
[INFO] [stderr]    Compiling linked-hash-map v0.5.6
[INFO] [stderr]    Compiling linux-raw-sys v0.3.8
[INFO] [stderr]    Compiling subtle v2.5.0
[INFO] [stderr]    Compiling try-lock v0.2.4
[INFO] [stderr]    Compiling untrusted v0.7.1
[INFO] [stderr]    Compiling thiserror v1.0.44
[INFO] [stderr]    Compiling scopeguard v1.2.0
[INFO] [stderr]    Compiling want v0.3.1
[INFO] [stderr]    Compiling digest v0.10.7
[INFO] [stderr]    Compiling rand v0.8.5
[INFO] [stderr]    Compiling http-body v0.4.5
[INFO] [stderr]    Compiling ident_case v1.0.1
[INFO] [stderr]    Compiling ryu v1.0.15
[INFO] [stderr]    Compiling semver-parser v0.7.0
[INFO] [stderr]    Compiling ref-cast v1.0.19
[INFO] [stderr]    Compiling httpdate v1.0.2
[INFO] [stderr]    Compiling signal-hook v0.3.17
[INFO] [stderr]    Compiling async-task v4.4.0
[INFO] [stderr]    Compiling tower-service v0.3.2
[INFO] [stderr]    Compiling serde_json v1.0.104
[INFO] [stderr]    Compiling inlinable_string v0.1.15
[INFO] [stderr]    Compiling semver v0.9.0
[INFO] [stderr]    Compiling parking_lot v0.12.1
[INFO] [stderr]    Compiling time v0.3.24
[INFO] [stderr]    Compiling idna v0.4.0
[INFO] [stderr]    Compiling async-channel v1.9.0
[INFO] [stderr]    Compiling form_urlencoded v1.2.0
[INFO] [stderr]    Compiling uncased v0.9.9
[INFO] [stderr]    Compiling async-process v1.7.0
[INFO] [stderr]    Compiling rustix v0.38.4
[INFO] [stderr]    Compiling bitflags v2.3.3
[INFO] [stderr]    Compiling matches v0.1.10
[INFO] [stderr]    Compiling log v0.4.19
[INFO] [stderr]    Compiling radium v0.7.0
[INFO] [stderr]    Compiling match_cfg v0.1.0
[INFO] [stderr]    Compiling atomic-waker v1.1.1
[INFO] [stderr]    Compiling hostname v0.3.1
[INFO] [stderr]    Compiling url v2.4.0
[INFO] [stderr]    Compiling idna v0.2.3
[INFO] [stderr]    Compiling serde_spanned v0.6.3
[INFO] [stderr]    Compiling toml_datetime v0.6.3
[INFO] [stderr]    Compiling blocking v1.3.1
[INFO] [stderr]    Compiling rustc_version v0.2.3
[INFO] [stderr]    Compiling async-executor v1.5.1
[INFO] [stderr]    Compiling stable-pattern v0.1.0
[INFO] [stderr]    Compiling linux-raw-sys v0.4.5
[INFO] [stderr]    Compiling either v1.9.0
[INFO] [stderr]    Compiling quick-error v1.2.3
[INFO] [stderr]    Compiling rustls v0.20.8
[INFO] [stderr]    Compiling winnow v0.5.2
[INFO] [stderr]    Compiling data-encoding v2.4.0
[INFO] [stderr]    Compiling state v0.5.3
[INFO] [stderr]    Compiling tap v1.0.1
[INFO] [stderr]    Compiling ipnet v2.8.0
[INFO] [stderr]    Compiling wyz v0.5.1
[INFO] [stderr]    Compiling darling_core v0.13.4
[INFO] [stderr]    Compiling futures v0.3.28
[INFO] [stderr]    Compiling resolv-conf v0.7.0
[INFO] [stderr]    Compiling rustc_version_runtime v0.2.1
[INFO] [stderr]    Compiling devise_core v0.4.1
[INFO] [stderr]    Compiling async-global-executor v2.3.1
[INFO] [stderr]    Compiling kv-log-macro v1.0.7
[INFO] [stderr]    Compiling lru-cache v0.1.2
[INFO] [stderr]    Compiling time v0.1.45
[INFO] [stderr]    Compiling multer v2.1.0
[INFO] [stderr]    Compiling figment v0.10.10
[INFO] [stderr]    Compiling cpufeatures v0.2.9
[INFO] [stderr]    Compiling toml_edit v0.19.14
[INFO] [stderr]    Compiling destructure_traitobject v0.2.0
[INFO] [stderr]    Compiling anyhow v1.0.72
[INFO] [stderr]    Compiling iana-time-zone v0.1.57
[INFO] [stderr]    Compiling funty v2.0.0
[INFO] [stderr]    Compiling unsafe-any-ors v1.0.0
[INFO] [stderr]    Compiling webpki v0.22.0
[INFO] [stderr]    Compiling sct v0.7.0
[INFO] [stderr]    Compiling chrono v0.4.26
[INFO] [stderr]    Compiling ahash v0.7.6
[INFO] [stderr]    Compiling hyper v0.14.27
[INFO] [stderr]    Compiling ordered-float v2.10.0
[INFO] [stderr]    Compiling serde_bytes v0.11.12
[INFO] [stderr]    Compiling uuid v1.4.1
[INFO] [stderr]    Compiling yaml-rust v0.4.5
[INFO] [stderr]    Compiling bitvec v1.0.1
[INFO] [stderr]    Compiling encoding_rs v0.8.32
[INFO] [stderr]    Compiling rocket v0.5.0-rc.3
[INFO] [stderr]    Compiling base64 v0.21.2
[INFO] [stderr]    Compiling fastrand v2.0.0
[INFO] [stderr]    Compiling unicode-xid v0.2.4
[INFO] [stderr]    Compiling spin v0.9.8
[INFO] [stderr]    Compiling convert_case v0.4.0
[INFO] [stderr]    Compiling base64 v0.13.1
[INFO] [stderr]    Compiling mime v0.3.17
[INFO] [stderr]    Compiling glob v0.3.1
[INFO] [stderr]    Compiling tempfile v3.7.0
[INFO] [stderr]    Compiling rustls-pemfile v1.0.3
[INFO] [stderr]    Compiling darling_macro v0.13.4
[INFO] [stderr]    Compiling tokio-macros v2.1.0
[INFO] [stderr]    Compiling futures-macro v0.3.28
[INFO] [stderr]    Compiling pear_codegen v0.2.7
[INFO] [stderr]    Compiling thiserror-impl v1.0.44
[INFO] [stderr]    Compiling ref-cast-impl v1.0.19
[INFO] [stderr]    Compiling enum-as-inner v0.4.0
[INFO] [stderr]    Compiling devise_codegen v0.4.1
[INFO] [stderr]    Compiling async-attributes v1.1.2
[INFO] [stderr]    Compiling toml v0.7.6
[INFO] [stderr]    Compiling async-stream-impl v0.3.5
[INFO] [stderr]    Compiling darling v0.13.4
[INFO] [stderr]    Compiling derivative v2.2.0
[INFO] [stderr]    Compiling derive_more v0.99.17
[INFO] [stderr]    Compiling serde_with_macros v1.5.2
[INFO] [stderr]    Compiling async-std v1.12.0
[INFO] [stderr]    Compiling typed-builder v0.10.0
[INFO] [stderr]    Compiling pear v0.2.7
[INFO] [stderr]    Compiling devise v0.4.1
[INFO] [stderr]    Compiling bson v2.6.1
[INFO] [stderr]    Compiling serde_yaml v0.8.26
[INFO] [stderr]    Compiling serde-value v0.7.0
[INFO] [stderr]    Compiling async-stream v0.3.5
[INFO] [stderr]    Compiling webpki-roots v0.22.6
[INFO] [stderr]    Compiling rocket_http v0.5.0-rc.3
[INFO] [stderr]    Compiling typemap-ors v1.0.0
[INFO] [stderr]    Compiling is-terminal v0.4.9
[INFO] [stderr]    Compiling serde_with v1.14.0
[INFO] [stderr]    Compiling sha2 v0.10.7
[INFO] [stderr]    Compiling sha-1 v0.10.1
[INFO] [stderr]    Compiling ubyte v0.10.3
[INFO] [stderr]    Compiling md-5 v0.10.5
[INFO] [stderr]    Compiling hmac v0.12.1
[INFO] [stderr]    Compiling pbkdf2 v0.11.0
[INFO] [stderr]    Compiling stringprep v0.1.3
[INFO] [stderr]    Compiling thread-id v4.1.0
[INFO] [stderr]    Compiling binascii v0.1.4
[INFO] [stderr]    Compiling log-mdc v0.1.0
[INFO] [stderr]    Compiling atomic v0.5.3
[INFO] [stderr]    Compiling humantime v2.1.0
[INFO] [stderr]    Compiling yansi v0.5.1
[INFO] [stderr]    Compiling take_mut v0.2.2
[INFO] [stderr]    Compiling arc-swap v1.6.0
[INFO] [stderr]    Compiling dotenv v0.15.0
[INFO] [stderr]    Compiling log4rs v1.2.0
[INFO] [stderr]    Compiling futures-executor v0.3.28
[INFO] [stderr]    Compiling rocket_codegen v0.5.0-rc.3
[INFO] [stderr]    Compiling tokio-util v0.7.8
[INFO] [stderr]    Compiling trust-dns-proto v0.21.2
[INFO] [stderr]    Compiling tokio-stream v0.1.14
[INFO] [stderr]    Compiling tokio-rustls v0.23.4
[INFO] [stderr]    Compiling h2 v0.3.20
[INFO] [stderr]    Compiling trust-dns-resolver v0.21.2
[INFO] [stderr]    Compiling async-std-resolver v0.21.2
[INFO] [stderr]    Compiling mongodb v2.6.0
[INFO] [stderr]    Compiling compiler-be v0.1.0 (/opt/rustwide/workdir)
[INFO] [stdout] warning: unused import: `fetch_or_compile_contract`
[INFO] [stdout]   --> src/api/contract_api.rs:25:8
[INFO] [stdout]    |
[INFO] [stdout] 25 | pub fn fetch_or_compile_contract(
[INFO] [stdout]    |        ^^^^^^^^^^^^^^^^^^^^^^^^^
[INFO] [stdout]    |
[INFO] [stdout]    = note: `#[warn(unused_imports)]` on by default
[INFO] [stdout] 
[INFO] [stdout] 
[INFO] [stdout] warning: unused import: `store_deployment`
[INFO] [stdout]    --> src/api/contract_api.rs:119:8
[INFO] [stdout]     |
[INFO] [stdout] 119 | pub fn store_deployment(
[INFO] [stdout]     |        ^^^^^^^^^^^^^^^^
[INFO] [stdout] 
[INFO] [stdout] 
[INFO] [stdout] warning: unused import: `update_deployment`
[INFO] [stdout]    --> src/api/contract_api.rs:161:8
[INFO] [stdout]     |
[INFO] [stdout] 161 | pub fn update_deployment(
[INFO] [stdout]     |        ^^^^^^^^^^^^^^^^^
[INFO] [stdout] 
[INFO] [stdout] 
[INFO] [stdout] warning: unused import: `get_contract_deployments`
[INFO] [stdout]    --> src/api/contract_api.rs:202:8
[INFO] [stdout]     |
[INFO] [stdout] 202 | pub fn get_contract_deployments(
[INFO] [stdout]     |        ^^^^^^^^^^^^^^^^^^^^^^^^
[INFO] [stdout] 
[INFO] [stdout] 
[INFO] [stdout] warning: unused import: `get_contract`
[INFO] [stdout]    --> src/api/contract_api.rs:236:8
[INFO] [stdout]     |
[INFO] [stdout] 236 | pub fn get_contract(
[INFO] [stdout]     |        ^^^^^^^^^^^^
[INFO] [stdout] 
[INFO] [stdout] 
[INFO] [stdout] warning: 5 warnings emitted
[INFO] [stdout] 
[INFO] [stdout] 
[INFO] [stderr]     Finished dev [unoptimized + debuginfo] target(s) in 50.54s
[INFO] running `Command { std: "docker" "inspect" "69898cb10efa3e8991905a9afd97c003d2622d46e97f78dd80dcfdbf33537362", kill_on_drop: false }`
[INFO] running `Command { std: "docker" "rm" "-f" "69898cb10efa3e8991905a9afd97c003d2622d46e97f78dd80dcfdbf33537362", kill_on_drop: false }`
[INFO] [stdout] 69898cb10efa3e8991905a9afd97c003d2622d46e97f78dd80dcfdbf33537362
[INFO] running `Command { std: "docker" "create" "-v" "/var/lib/crater-agent-workspace/builds/worker-3-tc1/target:/opt/rustwide/target:rw,Z" "-v" "/var/lib/crater-agent-workspace/builds/worker-3-tc1/source:/opt/rustwide/workdir:ro,Z" "-v" "/var/lib/crater-agent-workspace/cargo-home:/opt/rustwide/cargo-home:ro,Z" "-v" "/var/lib/crater-agent-workspace/rustup-home:/opt/rustwide/rustup-home:ro,Z" "-e" "SOURCE_DIR=/opt/rustwide/workdir" "-e" "CARGO_TARGET_DIR=/opt/rustwide/target" "-e" "CARGO_INCREMENTAL=0" "-e" "RUST_BACKTRACE=full" "-e" "RUSTFLAGS=--cap-lints=warn" "-e" "RUSTDOCFLAGS=--cap-lints=warn" "-e" "CARGO_HOME=/opt/rustwide/cargo-home" "-e" "RUSTUP_HOME=/opt/rustwide/rustup-home" "-w" "/opt/rustwide/workdir" "-m" "1610612736" "--user" "0:0" "--network" "none" "ghcr.io/rust-lang/crates-build-env/linux@sha256:2788e3201cd34a07e3172128adcd8b3090168a8e3bcc40d7c032b9dda1df7d1c" "/opt/rustwide/cargo-home/bin/cargo" "+1.75.0" "test" "--frozen" "--no-run" "--message-format=json", kill_on_drop: false }`
[INFO] [stdout] 0f428a5962cecfc8b496cc2f646738c3904eb59d14e67254e10479b45e07d36b
[INFO] running `Command { std: "docker" "start" "-a" "0f428a5962cecfc8b496cc2f646738c3904eb59d14e67254e10479b45e07d36b", kill_on_drop: false }`
[INFO] [stderr]    Compiling compiler-be v0.1.0 (/opt/rustwide/workdir)
[INFO] [stdout] warning: unused import: `fetch_or_compile_contract`
[INFO] [stdout]   --> src/api/contract_api.rs:25:8
[INFO] [stdout]    |
[INFO] [stdout] 25 | pub fn fetch_or_compile_contract(
[INFO] [stdout]    |        ^^^^^^^^^^^^^^^^^^^^^^^^^
[INFO] [stdout]    |
[INFO] [stdout]    = note: `#[warn(unused_imports)]` on by default
[INFO] [stdout] 
[INFO] [stdout] 
[INFO] [stdout] warning: unused import: `store_deployment`
[INFO] [stdout]    --> src/api/contract_api.rs:119:8
[INFO] [stdout]     |
[INFO] [stdout] 119 | pub fn store_deployment(
[INFO] [stdout]     |        ^^^^^^^^^^^^^^^^
[INFO] [stdout] 
[INFO] [stdout] 
[INFO] [stdout] warning: unused import: `update_deployment`
[INFO] [stdout]    --> src/api/contract_api.rs:161:8
[INFO] [stdout]     |
[INFO] [stdout] 161 | pub fn update_deployment(
[INFO] [stdout]     |        ^^^^^^^^^^^^^^^^^
[INFO] [stdout] 
[INFO] [stdout] 
[INFO] [stdout] warning: unused import: `get_contract_deployments`
[INFO] [stdout]    --> src/api/contract_api.rs:202:8
[INFO] [stdout]     |
[INFO] [stdout] 202 | pub fn get_contract_deployments(
[INFO] [stdout]     |        ^^^^^^^^^^^^^^^^^^^^^^^^
[INFO] [stdout] 
[INFO] [stdout] 
[INFO] [stdout] warning: unused import: `get_contract`
[INFO] [stdout]    --> src/api/contract_api.rs:236:8
[INFO] [stdout]     |
[INFO] [stdout] 236 | pub fn get_contract(
[INFO] [stdout]     |        ^^^^^^^^^^^^
[INFO] [stdout] 
[INFO] [stdout] 
[INFO] [stdout] warning: 5 warnings emitted
[INFO] [stdout] 
[INFO] [stdout] 
[INFO] [stderr]     Finished test [unoptimized + debuginfo] target(s) in 11.90s
[INFO] running `Command { std: "docker" "inspect" "0f428a5962cecfc8b496cc2f646738c3904eb59d14e67254e10479b45e07d36b", kill_on_drop: false }`
[INFO] running `Command { std: "docker" "rm" "-f" "0f428a5962cecfc8b496cc2f646738c3904eb59d14e67254e10479b45e07d36b", kill_on_drop: false }`
[INFO] [stdout] 0f428a5962cecfc8b496cc2f646738c3904eb59d14e67254e10479b45e07d36b
[INFO] running `Command { std: "docker" "create" "-v" "/var/lib/crater-agent-workspace/builds/worker-3-tc1/target:/opt/rustwide/target:rw,Z" "-v" "/var/lib/crater-agent-workspace/builds/worker-3-tc1/source:/opt/rustwide/workdir:ro,Z" "-v" "/var/lib/crater-agent-workspace/cargo-home:/opt/rustwide/cargo-home:ro,Z" "-v" "/var/lib/crater-agent-workspace/rustup-home:/opt/rustwide/rustup-home:ro,Z" "-e" "SOURCE_DIR=/opt/rustwide/workdir" "-e" "CARGO_TARGET_DIR=/opt/rustwide/target" "-e" "CARGO_INCREMENTAL=0" "-e" "RUST_BACKTRACE=full" "-e" "RUSTFLAGS=--cap-lints=warn" "-e" "RUSTDOCFLAGS=--cap-lints=warn" "-e" "CARGO_HOME=/opt/rustwide/cargo-home" "-e" "RUSTUP_HOME=/opt/rustwide/rustup-home" "-w" "/opt/rustwide/workdir" "-m" "1610612736" "--user" "0:0" "--network" "none" "ghcr.io/rust-lang/crates-build-env/linux@sha256:2788e3201cd34a07e3172128adcd8b3090168a8e3bcc40d7c032b9dda1df7d1c" "/opt/rustwide/cargo-home/bin/cargo" "+1.75.0" "test" "--frozen", kill_on_drop: false }`
[INFO] [stdout] 2b131377aa54655042d24c6ee126b25a8a9690ba72bce3d90fa8811c75e20810
[INFO] running `Command { std: "docker" "start" "-a" "2b131377aa54655042d24c6ee126b25a8a9690ba72bce3d90fa8811c75e20810", kill_on_drop: false }`
[INFO] [stderr] warning: unused import: `fetch_or_compile_contract`
[INFO] [stderr]   --> src/api/contract_api.rs:25:8
[INFO] [stderr]    |
[INFO] [stderr] 25 | pub fn fetch_or_compile_contract(
[INFO] [stderr]    |        ^^^^^^^^^^^^^^^^^^^^^^^^^
[INFO] [stderr]    |
[INFO] [stderr]    = note: `#[warn(unused_imports)]` on by default
[INFO] [stderr] 
[INFO] [stderr] warning: unused import: `store_deployment`
[INFO] [stderr]    --> src/api/contract_api.rs:119:8
[INFO] [stderr]     |
[INFO] [stderr] 119 | pub fn store_deployment(
[INFO] [stderr]     |        ^^^^^^^^^^^^^^^^
[INFO] [stderr] 
[INFO] [stderr] warning: unused import: `update_deployment`
[INFO] [stderr]    --> src/api/contract_api.rs:161:8
[INFO] [stderr]     |
[INFO] [stderr] 161 | pub fn update_deployment(
[INFO] [stderr]     |        ^^^^^^^^^^^^^^^^^
[INFO] [stderr] 
[INFO] [stderr] warning: unused import: `get_contract_deployments`
[INFO] [stderr]    --> src/api/contract_api.rs:202:8
[INFO] [stderr]     |
[INFO] [stderr] 202 | pub fn get_contract_deployments(
[INFO] [stderr]     |        ^^^^^^^^^^^^^^^^^^^^^^^^
[INFO] [stderr] 
[INFO] [stderr] warning: unused import: `get_contract`
[INFO] [stderr]    --> src/api/contract_api.rs:236:8
[INFO] [stderr]     |
[INFO] [stderr] 236 | pub fn get_contract(
[INFO] [stderr]     |        ^^^^^^^^^^^^
[INFO] [stderr] 
[INFO] [stderr] warning: `compiler-be` (bin "compiler-be" test) generated 5 warnings (run `cargo fix --bin "compiler-be" --tests` to apply 5 suggestions)
[INFO] [stderr]     Finished test [unoptimized + debuginfo] target(s) in 0.15s
[INFO] [stderr]      Running unittests src/main.rs (/opt/rustwide/target/debug/deps/compiler_be-2904abf75644b1d9)
[INFO] [stdout] 
[INFO] [stdout] running 34 tests
[INFO] [stderr] log4rs: error deserializing appender default_logger: Read-only file system (os error 30)
[INFO] [stderr] log4rs: error deserializing appender default_logger: Read-only file system (os error 30)
[INFO] [stderr] log4rs: error deserializing appender default_logger: Read-only file system (os error 30)
[INFO] [stderr] log4rs: error deserializing appender default_logger: Read-only file system (os error 30)
[INFO] [stderr] log4rs: Reference to nonexistent appender: `default_logger`
[INFO] [stderr] log4rs: error deserializing appender default_logger: Read-only file system (os error 30)
[INFO] [stderr] log4rs: error deserializing appender default_logger: Read-only file system (os error 30)
[INFO] [stderr] log4rs: Reference to nonexistent appender: `default_logger`
[INFO] [stderr] log4rs: error deserializing appender default_logger: Read-only file system (os error 30)
[INFO] [stderr] log4rs: Reference to nonexistent appender: `default_logger`
[INFO] [stderr] log4rs: Reference to nonexistent appender: `default_logger`
[INFO] [stderr] log4rs: Reference to nonexistent appender: `default_logger`
[INFO] [stderr] log4rs: Reference to nonexistent appender: `default_logger`
[INFO] [stderr] log4rs: error deserializing appender default_logger: Read-only file system (os error 30)
[INFO] [stderr] log4rs: Reference to nonexistent appender: `default_logger`
[INFO] [stderr] log4rs: error deserializing appender default_logger: Read-only file system (os error 30)
[INFO] [stderr] log4rs: Reference to nonexistent appender: `default_logger`
[INFO] [stdout] 2024-01-05 13:36:47 - ERROR: Error initializing logger
[INFO] [stderr] log4rs: error deserializing appender default_logger: Read-only file system (os error 30)
[INFO] [stdout] 2024-01-05 13:36:47 - INFO: Logger Initialized
[INFO] [stderr] log4rs: Reference to nonexistent appender: `default_logger`
[INFO] [stdout] 2024-01-05 13:36:47 - ERROR: Error initializing logger
[INFO] [stderr] log4rs: Reference to nonexistent appender: `default_logger`
[INFO] [stdout] 2024-01-05 13:36:47 - ERROR: Error initializing logger
[INFO] [stdout] 2024-01-05 13:36:47 - ERROR: Error initializing logger
[INFO] [stdout] 2024-01-05 13:36:47 - ERROR: Error initializing logger
[INFO] [stdout] 2024-01-05 13:36:47 - ERROR: Error initializing logger
[INFO] [stdout] 2024-01-05 13:36:47 - ERROR: Error initializing logger
[INFO] [stdout] 2024-01-05 13:36:47 - ERROR: Error initializing logger
[INFO] [stdout] 2024-01-05 13:36:47 - ERROR: Error initializing logger
[INFO] [stderr] log4rs: error deserializing appender default_logger: Read-only file system (os error 30)
[INFO] [stdout] 2024-01-05 13:36:47 - ERROR: Error initializing logger
[INFO] [stderr] log4rs: Reference to nonexistent appender: `default_logger`
[INFO] [stderr] log4rs: error deserializing appender default_logger: Read-only file system (os error 30)
[INFO] [stderr] log4rs: Reference to nonexistent appender: `default_logger`
[INFO] [stderr] log4rs: error deserializing appender default_logger: Read-only file system (os error 30)
[INFO] [stderr] log4rs: Reference to nonexistent appender: `default_logger`
[INFO] [stdout] 2024-01-05 13:36:47 - ERROR: Error initializing logger
[INFO] [stderr] log4rs: error deserializing appender default_logger: Read-only file system (os error 30)
[INFO] [stderr] log4rs: Reference to nonexistent appender: `default_logger`
[INFO] [stdout] 2024-01-05 13:36:47 - ERROR: Error initializing logger
[INFO] [stdout] 2024-01-05 13:36:47 - ERROR: Error initializing logger
[INFO] [stderr] log4rs: error deserializing appender default_logger: Read-only file system (os error 30)
[INFO] [stderr] log4rs: Reference to nonexistent appender: `default_logger`
[INFO] [stdout] 2024-01-05 13:36:47 - ERROR: Error initializing logger
[INFO] [stderr] log4rs: error deserializing appender default_logger: Read-only file system (os error 30)
[INFO] [stderr] log4rs: Reference to nonexistent appender: `default_logger`
[INFO] [stdout] 2024-01-05 13:36:47 - ERROR: Error initializing logger
[INFO] [stdout] 2024-01-05 13:36:47 - INFO: Initializing compiler
[INFO] [stdout] 2024-01-05 13:36:47 - INFO: Initializing compiler
[INFO] [stdout] 2024-01-05 13:36:47 - INFO: Initializing compiler
[INFO] [stdout] 2024-01-05 13:36:47 - ERROR: MONGOURI environment variable not set
[INFO] [stdout] 2024-01-05 13:36:47 - INFO: Initializing compiler
[INFO] [stdout] 2024-01-05 13:36:47 - INFO: Initializing compiler
[INFO] [stdout] 2024-01-05 13:36:47 - INFO: Initializing compiler
[INFO] [stdout] 2024-01-05 13:36:47 - INFO: Initializing compiler
[INFO] [stdout] 2024-01-05 13:36:47 - INFO: Initializing compiler
[INFO] [stdout] 2024-01-05 13:36:47 - INFO: Initializing compiler
[INFO] [stdout] 2024-01-05 13:36:47 - INFO: Initializing compiler
[INFO] [stdout] 2024-01-05 13:36:47 - INFO: Initializing compiler
[INFO] [stdout] 2024-01-05 13:36:47 - INFO: Initializing compiler
[INFO] [stdout] 2024-01-05 13:36:47 - INFO: Initializing compiler
[INFO] [stdout] 2024-01-05 13:36:47 - ERROR: MONGOURI environment variable not set
[INFO] [stdout] 2024-01-05 13:36:47 - ERROR: MONGOURI environment variable not set
[INFO] [stderr] error: test failed, to rerun pass `--bin compiler-be`
[INFO] [stderr] 
[INFO] [stderr] Caused by:
[INFO] [stderr]   process didn't exit successfully: `/opt/rustwide/target/debug/deps/compiler_be-2904abf75644b1d9` (exit status: 1)
[INFO] [stderr] note: test exited abnormally; to see the full output pass --nocapture to the harness.
[INFO] [stdout] 2024-01-05 13:36:47 - ERROR: 
[INFO] running `Command { std: "docker" "inspect" "2b131377aa54655042d24c6ee126b25a8a9690ba72bce3d90fa8811c75e20810", kill_on_drop: false }`
[INFO] running `Command { std: "docker" "rm" "-f" "2b131377aa54655042d24c6ee126b25a8a9690ba72bce3d90fa8811c75e20810", kill_on_drop: false }`
[INFO] [stdout] 2b131377aa54655042d24c6ee126b25a8a9690ba72bce3d90fa8811c75e20810
[INFO] testing GabrielCamba/ink-compiler-be against beta-2023-12-22 for beta-1.76-1
[INFO] running `Command { std: "git" "clone" "/workspace/cache/git-repos/https%3A%2F%2Fgithub.com%2FGabrielCamba%2Fink-compiler-be" "/workspace/builds/worker-3-tc2/source", kill_on_drop: false }`
[INFO] [stderr] Cloning into '/workspace/builds/worker-3-tc2/source'...
[INFO] [stderr] done.
[INFO] validating manifest of git repo https://github.com/GabrielCamba/ink-compiler-be on toolchain beta-2023-12-22
[INFO] running `Command { std: CARGO_HOME="/workspace/cargo-home" RUSTUP_HOME="/workspace/rustup-home" "/workspace/cargo-home/bin/cargo" "+beta-2023-12-22" "metadata" "--manifest-path" "Cargo.toml" "--no-deps", kill_on_drop: false }`
[INFO] started tweaking git repo https://github.com/GabrielCamba/ink-compiler-be
[INFO] finished tweaking git repo https://github.com/GabrielCamba/ink-compiler-be
[INFO] tweaked toml for git repo https://github.com/GabrielCamba/ink-compiler-be written to /workspace/builds/worker-3-tc2/source/Cargo.toml
[INFO] crate git repo https://github.com/GabrielCamba/ink-compiler-be already has a lockfile, it will not be regenerated
[INFO] running `Command { std: CARGO_HOME="/workspace/cargo-home" RUSTUP_HOME="/workspace/rustup-home" "/workspace/cargo-home/bin/cargo" "+beta-2023-12-22" "fetch" "--manifest-path" "Cargo.toml", kill_on_drop: false }`
[INFO] running `Command { std: "docker" "create" "-v" "/var/lib/crater-agent-workspace/builds/worker-3-tc2/target:/opt/rustwide/target:rw,Z" "-v" "/var/lib/crater-agent-workspace/builds/worker-3-tc2/source:/opt/rustwide/workdir:ro,Z" "-v" "/var/lib/crater-agent-workspace/cargo-home:/opt/rustwide/cargo-home:ro,Z" "-v" "/var/lib/crater-agent-workspace/rustup-home:/opt/rustwide/rustup-home:ro,Z" "-e" "SOURCE_DIR=/opt/rustwide/workdir" "-e" "CARGO_TARGET_DIR=/opt/rustwide/target" "-e" "CARGO_HOME=/opt/rustwide/cargo-home" "-e" "RUSTUP_HOME=/opt/rustwide/rustup-home" "-w" "/opt/rustwide/workdir" "-m" "1610612736" "--user" "0:0" "--network" "none" "ghcr.io/rust-lang/crates-build-env/linux@sha256:2788e3201cd34a07e3172128adcd8b3090168a8e3bcc40d7c032b9dda1df7d1c" "/opt/rustwide/cargo-home/bin/cargo" "+beta-2023-12-22" "metadata" "--no-deps" "--format-version=1", kill_on_drop: false }`
[INFO] [stdout] 00fe8d9df1c2fc43c60d2ddff0df20aa7c52507b7320530a63cfa34fbd6f02d9
[INFO] running `Command { std: "docker" "start" "-a" "00fe8d9df1c2fc43c60d2ddff0df20aa7c52507b7320530a63cfa34fbd6f02d9", kill_on_drop: false }`
[INFO] running `Command { std: "docker" "inspect" "00fe8d9df1c2fc43c60d2ddff0df20aa7c52507b7320530a63cfa34fbd6f02d9", kill_on_drop: false }`
[INFO] running `Command { std: "docker" "rm" "-f" "00fe8d9df1c2fc43c60d2ddff0df20aa7c52507b7320530a63cfa34fbd6f02d9", kill_on_drop: false }`
[INFO] [stdout] 00fe8d9df1c2fc43c60d2ddff0df20aa7c52507b7320530a63cfa34fbd6f02d9
[INFO] running `Command { std: "docker" "create" "-v" "/var/lib/crater-agent-workspace/builds/worker-3-tc2/target:/opt/rustwide/target:rw,Z" "-v" "/var/lib/crater-agent-workspace/builds/worker-3-tc2/source:/opt/rustwide/workdir:ro,Z" "-v" "/var/lib/crater-agent-workspace/cargo-home:/opt/rustwide/cargo-home:ro,Z" "-v" "/var/lib/crater-agent-workspace/rustup-home:/opt/rustwide/rustup-home:ro,Z" "-e" "SOURCE_DIR=/opt/rustwide/workdir" "-e" "CARGO_TARGET_DIR=/opt/rustwide/target" "-e" "CARGO_INCREMENTAL=0" "-e" "RUST_BACKTRACE=full" "-e" "RUSTFLAGS=--cap-lints=warn" "-e" "RUSTDOCFLAGS=--cap-lints=warn" "-e" "CARGO_HOME=/opt/rustwide/cargo-home" "-e" "RUSTUP_HOME=/opt/rustwide/rustup-home" "-w" "/opt/rustwide/workdir" "-m" "1610612736" "--user" "0:0" "--network" "none" "ghcr.io/rust-lang/crates-build-env/linux@sha256:2788e3201cd34a07e3172128adcd8b3090168a8e3bcc40d7c032b9dda1df7d1c" "/opt/rustwide/cargo-home/bin/cargo" "+beta-2023-12-22" "build" "--frozen" "--message-format=json", kill_on_drop: false }`
[INFO] [stdout] 60d4f90d3f18874c41dc49d335f279607e8ee808ed5fafd1bcd3e31c6975b65e
[INFO] running `Command { std: "docker" "start" "-a" "60d4f90d3f18874c41dc49d335f279607e8ee808ed5fafd1bcd3e31c6975b65e", kill_on_drop: false }`
[INFO] [stderr]    Compiling libc v0.2.147
[INFO] [stderr]    Compiling proc-macro2 v1.0.66
[INFO] [stderr]    Compiling unicode-ident v1.0.11
[INFO] [stderr]    Compiling serde v1.0.180
[INFO] [stderr]    Compiling serde_derive v1.0.180
[INFO] [stderr]    Compiling pin-project-lite v0.2.10
[INFO] [stderr]    Compiling futures-core v0.3.28
[INFO] [stderr]    Compiling once_cell v1.18.0
[INFO] [stderr]    Compiling futures-io v0.3.28
[INFO] [stderr]    Compiling slab v0.4.8
[INFO] [stderr]    Compiling futures-channel v0.3.28
[INFO] [stderr]    Compiling value-bag v1.4.1
[INFO] [stderr]    Compiling pin-utils v0.1.0
[INFO] [stderr]    Compiling itoa v1.0.9
[INFO] [stderr]    Compiling bytes v1.4.0
[INFO] [stderr]    Compiling tokio v1.29.1
[INFO] [stderr]    Compiling futures-task v0.3.28
[INFO] [stderr]    Compiling futures-sink v0.3.28
[INFO] [stderr]    Compiling futures-util v0.3.28
[INFO] [stderr]    Compiling proc-macro2-diagnostics v0.10.1
[INFO] [stderr]    Compiling percent-encoding v2.3.0
[INFO] [stderr]    Compiling typenum v1.16.0
[INFO] [stderr]    Compiling hashbrown v0.12.3
[INFO] [stderr]    Compiling crossbeam-utils v0.8.16
[INFO] [stderr]    Compiling tracing-core v0.1.31
[INFO] [stderr]    Compiling smallvec v1.11.0
[INFO] [stderr]    Compiling time-core v0.1.1
[INFO] [stderr]    Compiling yansi v1.0.0-rc
[INFO] [stderr]    Compiling generic-array v0.14.7
[INFO] [stderr]    Compiling indexmap v1.9.3
[INFO] [stderr]    Compiling tinyvec_macros v0.1.1
[INFO] [stderr]    Compiling time-macros v0.2.11
[INFO] [stderr]    Compiling event-listener v2.5.3
[INFO] [stderr]    Compiling deranged v0.3.6
[INFO] [stderr]    Compiling cc v1.0.79
[INFO] [stderr]    Compiling http v0.2.9
[INFO] [stderr]    Compiling tinyvec v1.6.0
[INFO] [stderr]    Compiling tracing v0.1.37
[INFO] [stderr]    Compiling hashbrown v0.14.0
[INFO] [stderr]    Compiling concurrent-queue v2.2.0
[INFO] [stderr]    Compiling io-lifetimes v1.0.11
[INFO] [stderr]    Compiling quote v1.0.32
[INFO] [stderr]    Compiling parking v2.1.0
[INFO] [stderr]    Compiling fastrand v1.9.0
[INFO] [stderr]    Compiling syn v2.0.28
[INFO] [stderr]    Compiling socket2 v0.4.9
[INFO] [stderr]    Compiling mio v0.8.8
[INFO] [stderr]    Compiling signal-hook-registry v1.4.1
[INFO] [stderr]    Compiling syn v1.0.109
[INFO] [stderr]    Compiling num_cpus v1.16.0
[INFO] [stderr]    Compiling getrandom v0.2.10
[INFO] [stderr]    Compiling equivalent v1.0.1
[INFO] [stderr]    Compiling httparse v1.8.0
[INFO] [stderr]    Compiling rand_core v0.6.4
[INFO] [stderr]    Compiling indexmap v2.0.0
[INFO] [stderr]    Compiling futures-lite v1.13.0
[INFO] [stderr]    Compiling unicode-normalization v0.1.22
[INFO] [stderr]    Compiling async-lock v2.7.0
[INFO] [stderr]    Compiling polling v2.8.0
[INFO] [stderr]    Compiling lock_api v0.4.10
[INFO] [stderr]    Compiling parking_lot_core v0.9.8
[INFO] [stderr]    Compiling ring v0.16.20
[INFO] [stderr]    Compiling unicode-bidi v0.3.13
[INFO] [stderr]    Compiling rustix v0.37.23
[INFO] [stderr]    Compiling rand_chacha v0.3.1
[INFO] [stderr]    Compiling cookie v0.17.0
[INFO] [stderr]    Compiling num-traits v0.2.16
[INFO] [stderr]    Compiling async-io v1.13.0
[INFO] [stderr]    Compiling async-trait v0.1.72
[INFO] [stderr]    Compiling linked-hash-map v0.5.6
[INFO] [stderr]    Compiling untrusted v0.7.1
[INFO] [stderr]    Compiling crypto-common v0.1.6
[INFO] [stderr]    Compiling block-buffer v0.10.4
[INFO] [stderr]    Compiling scopeguard v1.2.0
[INFO] [stderr]    Compiling try-lock v0.2.4
[INFO] [stderr]    Compiling spin v0.5.2
[INFO] [stderr]    Compiling linux-raw-sys v0.3.8
[INFO] [stderr]    Compiling subtle v2.5.0
[INFO] [stderr]    Compiling thiserror v1.0.44
[INFO] [stderr]    Compiling want v0.3.1
[INFO] [stderr]    Compiling digest v0.10.7
[INFO] [stderr]    Compiling rand v0.8.5
[INFO] [stderr]    Compiling http-body v0.4.5
[INFO] [stderr]    Compiling semver-parser v0.7.0
[INFO] [stderr]    Compiling tower-service v0.3.2
[INFO] [stderr]    Compiling signal-hook v0.3.17
[INFO] [stderr]    Compiling ryu v1.0.15
[INFO] [stderr]    Compiling inlinable_string v0.1.15
[INFO] [stderr]    Compiling serde_json v1.0.104
[INFO] [stderr]    Compiling ident_case v1.0.1
[INFO] [stderr]    Compiling ref-cast v1.0.19
[INFO] [stderr]    Compiling async-task v4.4.0
[INFO] [stderr]    Compiling httpdate v1.0.2
[INFO] [stderr]    Compiling semver v0.9.0
[INFO] [stderr]    Compiling parking_lot v0.12.1
[INFO] [stderr]    Compiling time v0.3.24
[INFO] [stderr]    Compiling idna v0.4.0
[INFO] [stderr]    Compiling async-channel v1.9.0
[INFO] [stderr]    Compiling form_urlencoded v1.2.0
[INFO] [stderr]    Compiling uncased v0.9.9
[INFO] [stderr]    Compiling async-process v1.7.0
[INFO] [stderr]    Compiling bitflags v2.3.3
[INFO] [stderr]    Compiling rustix v0.38.4
[INFO] [stderr]    Compiling atomic-waker v1.1.1
[INFO] [stderr]    Compiling radium v0.7.0
[INFO] [stderr]    Compiling matches v0.1.10
[INFO] [stderr]    Compiling match_cfg v0.1.0
[INFO] [stderr]    Compiling hostname v0.3.1
[INFO] [stderr]    Compiling url v2.4.0
[INFO] [stderr]    Compiling idna v0.2.3
[INFO] [stderr]    Compiling rustc_version v0.2.3
[INFO] [stderr]    Compiling async-executor v1.5.1
[INFO] [stderr]    Compiling log v0.4.19
[INFO] [stderr]    Compiling serde_spanned v0.6.3
[INFO] [stderr]    Compiling toml_datetime v0.6.3
[INFO] [stderr]    Compiling blocking v1.3.1
[INFO] [stderr]    Compiling stable-pattern v0.1.0
[INFO] [stderr]    Compiling linux-raw-sys v0.4.5
[INFO] [stderr]    Compiling ipnet v2.8.0
[INFO] [stderr]    Compiling winnow v0.5.2
[INFO] [stderr]    Compiling state v0.5.3
[INFO] [stderr]    Compiling rustls v0.20.8
[INFO] [stderr]    Compiling quick-error v1.2.3
[INFO] [stderr]    Compiling tap v1.0.1
[INFO] [stderr]    Compiling data-encoding v2.4.0
[INFO] [stderr]    Compiling darling_core v0.13.4
[INFO] [stderr]    Compiling either v1.9.0
[INFO] [stderr]    Compiling futures v0.3.28
[INFO] [stderr]    Compiling wyz v0.5.1
[INFO] [stderr]    Compiling resolv-conf v0.7.0
[INFO] [stderr]    Compiling kv-log-macro v1.0.7
[INFO] [stderr]    Compiling rustc_version_runtime v0.2.1
[INFO] [stderr]    Compiling devise_core v0.4.1
[INFO] [stderr]    Compiling webpki v0.22.0
[INFO] [stderr]    Compiling sct v0.7.0
[INFO] [stderr]    Compiling async-global-executor v2.3.1
[INFO] [stderr]    Compiling lru-cache v0.1.2
[INFO] [stderr]    Compiling time v0.1.45
[INFO] [stderr]    Compiling toml_edit v0.19.14
[INFO] [stderr]    Compiling figment v0.10.10
[INFO] [stderr]    Compiling multer v2.1.0
[INFO] [stderr]    Compiling destructure_traitobject v0.2.0
[INFO] [stderr]    Compiling cpufeatures v0.2.9
[INFO] [stderr]    Compiling iana-time-zone v0.1.57
[INFO] [stderr]    Compiling anyhow v1.0.72
[INFO] [stderr]    Compiling funty v2.0.0
[INFO] [stderr]    Compiling unsafe-any-ors v1.0.0
[INFO] [stderr]    Compiling hyper v0.14.27
[INFO] [stderr]    Compiling chrono v0.4.26
[INFO] [stderr]    Compiling ahash v0.7.6
[INFO] [stderr]    Compiling serde_bytes v0.11.12
[INFO] [stderr]    Compiling uuid v1.4.1
[INFO] [stderr]    Compiling ordered-float v2.10.0
[INFO] [stderr]    Compiling yaml-rust v0.4.5
[INFO] [stderr]    Compiling encoding_rs v0.8.32
[INFO] [stderr]    Compiling rocket v0.5.0-rc.3
[INFO] [stderr]    Compiling bitvec v1.0.1
[INFO] [stderr]    Compiling mime v0.3.17
[INFO] [stderr]    Compiling base64 v0.21.2
[INFO] [stderr]    Compiling spin v0.9.8
[INFO] [stderr]    Compiling convert_case v0.4.0
[INFO] [stderr]    Compiling base64 v0.13.1
[INFO] [stderr]    Compiling unicode-xid v0.2.4
[INFO] [stderr]    Compiling fastrand v2.0.0
[INFO] [stderr]    Compiling enum-as-inner v0.4.0
[INFO] [stderr]    Compiling darling_macro v0.13.4
[INFO] [stderr]    Compiling async-attributes v1.1.2
[INFO] [stderr]    Compiling derivative v2.2.0
[INFO] [stderr]    Compiling tokio-macros v2.1.0
[INFO] [stderr]    Compiling futures-macro v0.3.28
[INFO] [stderr]    Compiling pear_codegen v0.2.7
[INFO] [stderr]    Compiling thiserror-impl v1.0.44
[INFO] [stderr]    Compiling ref-cast-impl v1.0.19
[INFO] [stderr]    Compiling devise_codegen v0.4.1
[INFO] [stderr]    Compiling async-std v1.12.0
[INFO] [stderr]    Compiling toml v0.7.6
[INFO] [stderr]    Compiling darling v0.13.4
[INFO] [stderr]    Compiling serde_with_macros v1.5.2
[INFO] [stderr]    Compiling async-stream-impl v0.3.5
[INFO] [stderr]    Compiling glob v0.3.1
[INFO] [stderr]    Compiling pear v0.2.7
[INFO] [stderr]    Compiling tempfile v3.7.0
[INFO] [stderr]    Compiling bson v2.6.1
[INFO] [stderr]    Compiling devise v0.4.1
[INFO] [stderr]    Compiling derive_more v0.99.17
[INFO] [stderr]    Compiling typed-builder v0.10.0
[INFO] [stderr]    Compiling rustls-pemfile v1.0.3
[INFO] [stderr]    Compiling serde_yaml v0.8.26
[INFO] [stderr]    Compiling async-stream v0.3.5
[INFO] [stderr]    Compiling rocket_http v0.5.0-rc.3
[INFO] [stderr]    Compiling serde-value v0.7.0
[INFO] [stderr]    Compiling is-terminal v0.4.9
[INFO] [stderr]    Compiling serde_with v1.14.0
[INFO] [stderr]    Compiling typemap-ors v1.0.0
[INFO] [stderr]    Compiling sha2 v0.10.7
[INFO] [stderr]    Compiling sha-1 v0.10.1
[INFO] [stderr]    Compiling webpki-roots v0.22.6
[INFO] [stderr]    Compiling ubyte v0.10.3
[INFO] [stderr]    Compiling md-5 v0.10.5
[INFO] [stderr]    Compiling pbkdf2 v0.11.0
[INFO] [stderr]    Compiling hmac v0.12.1
[INFO] [stderr]    Compiling stringprep v0.1.3
[INFO] [stderr]    Compiling thread-id v4.1.0
[INFO] [stderr]    Compiling atomic v0.5.3
[INFO] [stderr]    Compiling humantime v2.1.0
[INFO] [stderr]    Compiling log-mdc v0.1.0
[INFO] [stderr]    Compiling yansi v0.5.1
[INFO] [stderr]    Compiling take_mut v0.2.2
[INFO] [stderr]    Compiling arc-swap v1.6.0
[INFO] [stderr]    Compiling binascii v0.1.4
[INFO] [stderr]    Compiling dotenv v0.15.0
[INFO] [stderr]    Compiling log4rs v1.2.0
[INFO] [stderr]    Compiling futures-executor v0.3.28
[INFO] [stderr]    Compiling rocket_codegen v0.5.0-rc.3
[INFO] [stderr]    Compiling tokio-util v0.7.8
[INFO] [stderr]    Compiling trust-dns-proto v0.21.2
[INFO] [stderr]    Compiling tokio-rustls v0.23.4
[INFO] [stderr]    Compiling tokio-stream v0.1.14
[INFO] [stderr]    Compiling h2 v0.3.20
[INFO] [stderr]    Compiling trust-dns-resolver v0.21.2
[INFO] [stderr]    Compiling async-std-resolver v0.21.2
[INFO] [stderr]    Compiling mongodb v2.6.0
[INFO] [stderr]    Compiling compiler-be v0.1.0 (/opt/rustwide/workdir)
[INFO] [stdout] warning: unused import: `fetch_or_compile_contract`
[INFO] [stdout]   --> src/api/contract_api.rs:25:8
[INFO] [stdout]    |
[INFO] [stdout] 25 | pub fn fetch_or_compile_contract(
[INFO] [stdout]    |        ^^^^^^^^^^^^^^^^^^^^^^^^^
[INFO] [stdout]    |
[INFO] [stdout]    = note: `#[warn(unused_imports)]` on by default
[INFO] [stdout] 
[INFO] [stdout] 
[INFO] [stdout] warning: unused import: `store_deployment`
[INFO] [stdout]    --> src/api/contract_api.rs:119:8
[INFO] [stdout]     |
[INFO] [stdout] 119 | pub fn store_deployment(
[INFO] [stdout]     |        ^^^^^^^^^^^^^^^^
[INFO] [stdout] 
[INFO] [stdout] 
[INFO] [stdout] warning: unused import: `update_deployment`
[INFO] [stdout]    --> src/api/contract_api.rs:161:8
[INFO] [stdout]     |
[INFO] [stdout] 161 | pub fn update_deployment(
[INFO] [stdout]     |        ^^^^^^^^^^^^^^^^^
[INFO] [stdout] 
[INFO] [stdout] 
[INFO] [stdout] warning: unused import: `get_contract_deployments`
[INFO] [stdout]    --> src/api/contract_api.rs:202:8
[INFO] [stdout]     |
[INFO] [stdout] 202 | pub fn get_contract_deployments(
[INFO] [stdout]     |        ^^^^^^^^^^^^^^^^^^^^^^^^
[INFO] [stdout] 
[INFO] [stdout] 
[INFO] [stdout] warning: unused import: `get_contract`
[INFO] [stdout]    --> src/api/contract_api.rs:236:8
[INFO] [stdout]     |
[INFO] [stdout] 236 | pub fn get_contract(
[INFO] [stdout]     |        ^^^^^^^^^^^^
[INFO] [stdout] 
[INFO] [stdout] 
[INFO] [stdout] warning: 5 warnings emitted
[INFO] [stdout] 
[INFO] [stdout] 
[INFO] [stderr]     Finished dev [unoptimized + debuginfo] target(s) in 40.10s
[INFO] running `Command { std: "docker" "inspect" "60d4f90d3f18874c41dc49d335f279607e8ee808ed5fafd1bcd3e31c6975b65e", kill_on_drop: false }`
[INFO] running `Command { std: "docker" "rm" "-f" "60d4f90d3f18874c41dc49d335f279607e8ee808ed5fafd1bcd3e31c6975b65e", kill_on_drop: false }`
[INFO] [stdout] 60d4f90d3f18874c41dc49d335f279607e8ee808ed5fafd1bcd3e31c6975b65e
[INFO] running `Command { std: "docker" "create" "-v" "/var/lib/crater-agent-workspace/builds/worker-3-tc2/target:/opt/rustwide/target:rw,Z" "-v" "/var/lib/crater-agent-workspace/builds/worker-3-tc2/source:/opt/rustwide/workdir:ro,Z" "-v" "/var/lib/crater-agent-workspace/cargo-home:/opt/rustwide/cargo-home:ro,Z" "-v" "/var/lib/crater-agent-workspace/rustup-home:/opt/rustwide/rustup-home:ro,Z" "-e" "SOURCE_DIR=/opt/rustwide/workdir" "-e" "CARGO_TARGET_DIR=/opt/rustwide/target" "-e" "CARGO_INCREMENTAL=0" "-e" "RUST_BACKTRACE=full" "-e" "RUSTFLAGS=--cap-lints=warn" "-e" "RUSTDOCFLAGS=--cap-lints=warn" "-e" "CARGO_HOME=/opt/rustwide/cargo-home" "-e" "RUSTUP_HOME=/opt/rustwide/rustup-home" "-w" "/opt/rustwide/workdir" "-m" "1610612736" "--user" "0:0" "--network" "none" "ghcr.io/rust-lang/crates-build-env/linux@sha256:2788e3201cd34a07e3172128adcd8b3090168a8e3bcc40d7c032b9dda1df7d1c" "/opt/rustwide/cargo-home/bin/cargo" "+beta-2023-12-22" "test" "--frozen" "--no-run" "--message-format=json", kill_on_drop: false }`
[INFO] [stdout] 98d9bf775b28a17846a2925b707f1d5f7dbafb4b5f704c03176309acea0ec5c5
[INFO] running `Command { std: "docker" "start" "-a" "98d9bf775b28a17846a2925b707f1d5f7dbafb4b5f704c03176309acea0ec5c5", kill_on_drop: false }`
[INFO] [stderr]    Compiling compiler-be v0.1.0 (/opt/rustwide/workdir)
[INFO] [stdout] warning: unused import: `fetch_or_compile_contract`
[INFO] [stdout]   --> src/api/contract_api.rs:25:8
[INFO] [stdout]    |
[INFO] [stdout] 25 | pub fn fetch_or_compile_contract(
[INFO] [stdout]    |        ^^^^^^^^^^^^^^^^^^^^^^^^^
[INFO] [stdout]    |
[INFO] [stdout]    = note: `#[warn(unused_imports)]` on by default
[INFO] [stdout] 
[INFO] [stdout] 
[INFO] [stdout] warning: unused import: `store_deployment`
[INFO] [stdout]    --> src/api/contract_api.rs:119:8
[INFO] [stdout]     |
[INFO] [stdout] 119 | pub fn store_deployment(
[INFO] [stdout]     |        ^^^^^^^^^^^^^^^^
[INFO] [stdout] 
[INFO] [stdout] 
[INFO] [stdout] warning: unused import: `update_deployment`
[INFO] [stdout]    --> src/api/contract_api.rs:161:8
[INFO] [stdout]     |
[INFO] [stdout] 161 | pub fn update_deployment(
[INFO] [stdout]     |        ^^^^^^^^^^^^^^^^^
[INFO] [stdout] 
[INFO] [stdout] 
[INFO] [stdout] warning: unused import: `get_contract_deployments`
[INFO] [stdout]    --> src/api/contract_api.rs:202:8
[INFO] [stdout]     |
[INFO] [stdout] 202 | pub fn get_contract_deployments(
[INFO] [stdout]     |        ^^^^^^^^^^^^^^^^^^^^^^^^
[INFO] [stdout] 
[INFO] [stdout] 
[INFO] [stdout] warning: unused import: `get_contract`
[INFO] [stdout]    --> src/api/contract_api.rs:236:8
[INFO] [stdout]     |
[INFO] [stdout] 236 | pub fn get_contract(
[INFO] [stdout]     |        ^^^^^^^^^^^^
[INFO] [stdout] 
[INFO] [stdout] 
[INFO] [stdout] warning: 5 warnings emitted
[INFO] [stdout] 
[INFO] [stdout] 
[INFO] [stderr]     Finished test [unoptimized + debuginfo] target(s) in 11.31s
[INFO] running `Command { std: "docker" "inspect" "98d9bf775b28a17846a2925b707f1d5f7dbafb4b5f704c03176309acea0ec5c5", kill_on_drop: false }`
[INFO] running `Command { std: "docker" "rm" "-f" "98d9bf775b28a17846a2925b707f1d5f7dbafb4b5f704c03176309acea0ec5c5", kill_on_drop: false }`
[INFO] [stdout] 98d9bf775b28a17846a2925b707f1d5f7dbafb4b5f704c03176309acea0ec5c5
[INFO] running `Command { std: "docker" "create" "-v" "/var/lib/crater-agent-workspace/builds/worker-3-tc2/target:/opt/rustwide/target:rw,Z" "-v" "/var/lib/crater-agent-workspace/builds/worker-3-tc2/source:/opt/rustwide/workdir:ro,Z" "-v" "/var/lib/crater-agent-workspace/cargo-home:/opt/rustwide/cargo-home:ro,Z" "-v" "/var/lib/crater-agent-workspace/rustup-home:/opt/rustwide/rustup-home:ro,Z" "-e" "SOURCE_DIR=/opt/rustwide/workdir" "-e" "CARGO_TARGET_DIR=/opt/rustwide/target" "-e" "CARGO_INCREMENTAL=0" "-e" "RUST_BACKTRACE=full" "-e" "RUSTFLAGS=--cap-lints=warn" "-e" "RUSTDOCFLAGS=--cap-lints=warn" "-e" "CARGO_HOME=/opt/rustwide/cargo-home" "-e" "RUSTUP_HOME=/opt/rustwide/rustup-home" "-w" "/opt/rustwide/workdir" "-m" "1610612736" "--user" "0:0" "--network" "none" "ghcr.io/rust-lang/crates-build-env/linux@sha256:2788e3201cd34a07e3172128adcd8b3090168a8e3bcc40d7c032b9dda1df7d1c" "/opt/rustwide/cargo-home/bin/cargo" "+beta-2023-12-22" "test" "--frozen", kill_on_drop: false }`
[INFO] [stdout] 90f58e93fcb302985dd76d5e025003f283aa57bb39e3683959bf4bb680496ddd
[INFO] running `Command { std: "docker" "start" "-a" "90f58e93fcb302985dd76d5e025003f283aa57bb39e3683959bf4bb680496ddd", kill_on_drop: false }`
[INFO] [stderr] warning: unused import: `fetch_or_compile_contract`
[INFO] [stderr]   --> src/api/contract_api.rs:25:8
[INFO] [stderr]    |
[INFO] [stderr] 25 | pub fn fetch_or_compile_contract(
[INFO] [stderr]    |        ^^^^^^^^^^^^^^^^^^^^^^^^^
[INFO] [stderr]    |
[INFO] [stderr]    = note: `#[warn(unused_imports)]` on by default
[INFO] [stderr] 
[INFO] [stderr] warning: unused import: `store_deployment`
[INFO] [stderr]    --> src/api/contract_api.rs:119:8
[INFO] [stderr]     |
[INFO] [stderr] 119 | pub fn store_deployment(
[INFO] [stderr]     |        ^^^^^^^^^^^^^^^^
[INFO] [stderr] 
[INFO] [stderr] warning: unused import: `update_deployment`
[INFO] [stderr]    --> src/api/contract_api.rs:161:8
[INFO] [stderr]     |
[INFO] [stderr] 161 | pub fn update_deployment(
[INFO] [stderr]     |        ^^^^^^^^^^^^^^^^^
[INFO] [stderr] 
[INFO] [stderr] warning: unused import: `get_contract_deployments`
[INFO] [stderr]    --> src/api/contract_api.rs:202:8
[INFO] [stderr]     |
[INFO] [stderr] 202 | pub fn get_contract_deployments(
[INFO] [stderr]     |        ^^^^^^^^^^^^^^^^^^^^^^^^
[INFO] [stderr] 
[INFO] [stderr] warning: unused import: `get_contract`
[INFO] [stderr]    --> src/api/contract_api.rs:236:8
[INFO] [stderr]     |
[INFO] [stderr] 236 | pub fn get_contract(
[INFO] [stderr]     |        ^^^^^^^^^^^^
[INFO] [stderr] 
[INFO] [stderr] warning: `compiler-be` (bin "compiler-be" test) generated 5 warnings (run `cargo fix --bin "compiler-be" --tests` to apply 5 suggestions)
[INFO] [stderr]     Finished test [unoptimized + debuginfo] target(s) in 0.15s
[INFO] [stderr]      Running unittests src/main.rs (/opt/rustwide/target/debug/deps/compiler_be-eb750b419e69a3fd)
[INFO] [stdout] 
[INFO] [stdout] running 34 tests
[INFO] [stderr] log4rs: error deserializing appender default_logger: Read-only file system (os error 30)
[INFO] [stderr] log4rs: error deserializing appender default_logger: Read-only file system (os error 30)
[INFO] [stderr] log4rs: Reference to nonexistent appender: `default_logger`
[INFO] [stderr] log4rs: error deserializing appender default_logger: Read-only file system (os error 30)
[INFO] [stderr] log4rs: error deserializing appender default_logger: Read-only file system (os error 30)
[INFO] [stderr] log4rs: error deserializing appender default_logger: Read-only file system (os error 30)
[INFO] [stderr] log4rs: error deserializing appender default_logger: Read-only file system (os error 30)
[INFO] [stderr] log4rs: error deserializing appender default_logger: Read-only file system (os error 30)
[INFO] [stderr] log4rs: Reference to nonexistent appender: `default_logger`
[INFO] [stderr] log4rs: Reference to nonexistent appender: `default_logger`
[INFO] [stderr] log4rs: error deserializing appender default_logger: Read-only file system (os error 30)
[INFO] [stderr] log4rs: Reference to nonexistent appender: `default_logger`
[INFO] [stderr] log4rs: Reference to nonexistent appender: `default_logger`
[INFO] [stderr] log4rs: Reference to nonexistent appender: `default_logger`
[INFO] [stderr] log4rs: Reference to nonexistent appender: `default_logger`
[INFO] [stderr] log4rs: Reference to nonexistent appender: `default_logger`
[INFO] [stdout] 2024-01-05 13:37:42 - INFO: Logger Initialized
[INFO] [stderr] log4rs: error deserializing appender default_logger: Read-only file system (os error 30)
[INFO] [stdout] 2024-01-05 13:37:42 - ERROR: Error initializing logger
[INFO] [stderr] log4rs: Reference to nonexistent appender: `default_logger`
[INFO] [stdout] 2024-01-05 13:37:42 - ERROR: Error initializing logger
[INFO] [stderr] log4rs: error deserializing appender default_logger: Read-only file system (os error 30)
[INFO] [stderr] log4rs: Reference to nonexistent appender: `default_logger`
[INFO] [stdout] 2024-01-05 13:37:42 - ERROR: Error initializing logger
[INFO] [stdout] 2024-01-05 13:37:42 - ERROR: Error initializing logger
[INFO] [stdout] 2024-01-05 13:37:42 - ERROR: Error initializing logger
[INFO] [stdout] 2024-01-05 13:37:42 - ERROR: Error initializing logger
[INFO] [stdout] 2024-01-05 13:37:42 - ERROR: Error initializing logger
[INFO] [stdout] 2024-01-05 13:37:42 - ERROR: Error initializing logger
[INFO] [stdout] 2024-01-05 13:37:42 - ERROR: Error initializing logger
[INFO] [stdout] 2024-01-05 13:37:42 - INFO: Initializing compiler
[INFO] [stdout] 2024-01-05 13:37:42 - INFO: Initializing compiler
[INFO] [stdout] 2024-01-05 13:37:42 - INFO: Initializing compiler
[INFO] [stdout] 2024-01-05 13:37:42 - INFO: Initializing compiler
[INFO] [stdout] 2024-01-05 13:37:42 - INFO: Initializing compiler
[INFO] [stdout] 2024-01-05 13:37:42 - INFO: Initializing compiler
[INFO] [stdout] 2024-01-05 13:37:42 - INFO: Initializing compiler
[INFO] [stdout] 2024-01-05 13:37:42 - INFO: Initializing compiler
[INFO] [stdout] 2024-01-05 13:37:42 - ERROR: MONGOURI environment variable not set
[INFO] [stdout] 2024-01-05 13:37:42 - INFO: Initializing compiler
[INFO] [stdout] 2024-01-05 13:37:42 - ERROR: MONGOURI environment variable not set
[INFO] [stdout] 2024-01-05 13:37:42 - INFO: Initializing compiler
[INFO] [stdout] 2024-01-05 13:37:42 - ERROR: MONGOURI environment variable not set
[INFO] [stdout] 2024-01-05 13:37:42 - ERROR: MONGOURI environment variable not set
[INFO] [stdout] 2024-01-05 13:37:42 - ERROR: MONGOURI environment variable not set
[INFO] [stdout] 2024-01-05 13:37:42 - ERROR: Error copying template-lib.rs to lib.rs
[INFO] [stdout] 2024-01-05 13:37:42 - ERROR: MONGOURI environment variable not set
[INFO] [stdout] 2024-01-05 13:37:42 - ERROR: MONGOURI environment variable not set
[INFO] [stdout] 2024-01-05 13:37:42 - ERROR: MONGOURI environment variable not set
[INFO] [stderr] log4rs: error deserializing appender default_logger: Read-only file system (os error 30)
[INFO] [stdout] 2024-01-05 13:37:42 - ERROR: MONGOURI environment variable not set
[INFO] [stderr] log4rs: error deserializing appender default_logger: Read-only file system (os error 30)
[INFO] [stderr] log4rs: Reference to nonexistent appender: `default_logger`
[INFO] [stderr] log4rs: Reference to nonexistent appender: `default_logger`
[INFO] [stderr] error: test failed, to rerun pass `--bin compiler-be`
[INFO] [stderr] 
[INFO] [stderr] Caused by:
[INFO] [stderr]   process didn't exit successfully: `/opt/rustwide/target/debug/deps/compiler_be-eb750b419e69a3fd` (exit status: 1)
[INFO] [stderr] note: test exited abnormally; to see the full output pass --nocapture to the harness.
[INFO] running `Command { std: "docker" "inspect" "90f58e93fcb302985dd76d5e025003f283aa57bb39e3683959bf4bb680496ddd", kill_on_drop: false }`
[INFO] running `Command { std: "docker" "rm" "-f" "90f58e93fcb302985dd76d5e025003f283aa57bb39e3683959bf4bb680496ddd", kill_on_drop: false }`
[INFO] [stdout] 90f58e93fcb302985dd76d5e025003f283aa57bb39e3683959bf4bb680496ddd
