[INFO] cloning repository https://github.com/Furyzer0/Flux_rs
[INFO] running `Command { std: "git" "-c" "credential.helper=" "-c" "credential.helper=/workspace/cargo-home/bin/git-credential-null" "clone" "--bare" "https://github.com/Furyzer0/Flux_rs" "/workspace/cache/git-repos/https%3A%2F%2Fgithub.com%2FFuryzer0%2FFlux_rs", kill_on_drop: false }`
[INFO] [stderr] Cloning into bare repository '/workspace/cache/git-repos/https%3A%2F%2Fgithub.com%2FFuryzer0%2FFlux_rs'...
[INFO] running `Command { std: "git" "rev-parse" "HEAD", kill_on_drop: false }`
[INFO] [stdout] 0df8fa586174fa1b62374710e902b85e359ac88f
[INFO] testing Furyzer0/Flux_rs against 1.75.0 for beta-1.76-1
[INFO] running `Command { std: "git" "clone" "/workspace/cache/git-repos/https%3A%2F%2Fgithub.com%2FFuryzer0%2FFlux_rs" "/workspace/builds/worker-3-tc1/source", kill_on_drop: false }`
[INFO] [stderr] Cloning into '/workspace/builds/worker-3-tc1/source'...
[INFO] [stderr] done.
[INFO] validating manifest of git repo https://github.com/Furyzer0/Flux_rs on toolchain 1.75.0
[INFO] running `Command { std: CARGO_HOME="/workspace/cargo-home" RUSTUP_HOME="/workspace/rustup-home" "/workspace/cargo-home/bin/cargo" "+1.75.0" "metadata" "--manifest-path" "Cargo.toml" "--no-deps", kill_on_drop: false }`
[INFO] started tweaking git repo https://github.com/Furyzer0/Flux_rs
[INFO] finished tweaking git repo https://github.com/Furyzer0/Flux_rs
[INFO] tweaked toml for git repo https://github.com/Furyzer0/Flux_rs written to /workspace/builds/worker-3-tc1/source/Cargo.toml
[INFO] crate git repo https://github.com/Furyzer0/Flux_rs already has a lockfile, it will not be regenerated
[INFO] running `Command { std: CARGO_HOME="/workspace/cargo-home" RUSTUP_HOME="/workspace/rustup-home" "/workspace/cargo-home/bin/cargo" "+1.75.0" "fetch" "--manifest-path" "Cargo.toml", kill_on_drop: false }`
[INFO] running `Command { std: "docker" "create" "-v" "/var/lib/crater-agent-workspace/builds/worker-3-tc1/target:/opt/rustwide/target:rw,Z" "-v" "/var/lib/crater-agent-workspace/builds/worker-3-tc1/source:/opt/rustwide/workdir:ro,Z" "-v" "/var/lib/crater-agent-workspace/cargo-home:/opt/rustwide/cargo-home:ro,Z" "-v" "/var/lib/crater-agent-workspace/rustup-home:/opt/rustwide/rustup-home:ro,Z" "-e" "SOURCE_DIR=/opt/rustwide/workdir" "-e" "CARGO_TARGET_DIR=/opt/rustwide/target" "-e" "CARGO_HOME=/opt/rustwide/cargo-home" "-e" "RUSTUP_HOME=/opt/rustwide/rustup-home" "-w" "/opt/rustwide/workdir" "-m" "1610612736" "--user" "0:0" "--network" "none" "ghcr.io/rust-lang/crates-build-env/linux@sha256:2788e3201cd34a07e3172128adcd8b3090168a8e3bcc40d7c032b9dda1df7d1c" "/opt/rustwide/cargo-home/bin/cargo" "+1.75.0" "metadata" "--no-deps" "--format-version=1", kill_on_drop: false }`
[INFO] [stdout] 2934aff9407d666f7736c76ae76a1126b185ec1469517e2b9de5a27402e8be5c
[INFO] running `Command { std: "docker" "start" "-a" "2934aff9407d666f7736c76ae76a1126b185ec1469517e2b9de5a27402e8be5c", kill_on_drop: false }`
[INFO] running `Command { std: "docker" "inspect" "2934aff9407d666f7736c76ae76a1126b185ec1469517e2b9de5a27402e8be5c", kill_on_drop: false }`
[INFO] running `Command { std: "docker" "rm" "-f" "2934aff9407d666f7736c76ae76a1126b185ec1469517e2b9de5a27402e8be5c", kill_on_drop: false }`
[INFO] [stdout] 2934aff9407d666f7736c76ae76a1126b185ec1469517e2b9de5a27402e8be5c
[INFO] running `Command { std: "docker" "create" "-v" "/var/lib/crater-agent-workspace/builds/worker-3-tc1/target:/opt/rustwide/target:rw,Z" "-v" "/var/lib/crater-agent-workspace/builds/worker-3-tc1/source:/opt/rustwide/workdir:ro,Z" "-v" "/var/lib/crater-agent-workspace/cargo-home:/opt/rustwide/cargo-home:ro,Z" "-v" "/var/lib/crater-agent-workspace/rustup-home:/opt/rustwide/rustup-home:ro,Z" "-e" "SOURCE_DIR=/opt/rustwide/workdir" "-e" "CARGO_TARGET_DIR=/opt/rustwide/target" "-e" "CARGO_INCREMENTAL=0" "-e" "RUST_BACKTRACE=full" "-e" "RUSTFLAGS=--cap-lints=warn" "-e" "RUSTDOCFLAGS=--cap-lints=warn" "-e" "CARGO_HOME=/opt/rustwide/cargo-home" "-e" "RUSTUP_HOME=/opt/rustwide/rustup-home" "-w" "/opt/rustwide/workdir" "-m" "1610612736" "--user" "0:0" "--network" "none" "ghcr.io/rust-lang/crates-build-env/linux@sha256:2788e3201cd34a07e3172128adcd8b3090168a8e3bcc40d7c032b9dda1df7d1c" "/opt/rustwide/cargo-home/bin/cargo" "+1.75.0" "build" "--frozen" "--message-format=json", kill_on_drop: false }`
[INFO] [stdout] c74758c544c9f3a13baee168fc5a2c652da1f913f9d80578871d68460cfd0b24
[INFO] running `Command { std: "docker" "start" "-a" "c74758c544c9f3a13baee168fc5a2c652da1f913f9d80578871d68460cfd0b24", kill_on_drop: false }`
[INFO] [stderr]    Compiling libc v0.2.62
[INFO] [stderr]    Compiling cfg-if v0.1.9
[INFO] [stderr]    Compiling maplit v1.0.1
[INFO] [stderr]    Compiling lazy_static v1.3.0
[INFO] [stderr]    Compiling dirs-sys v0.3.4
[INFO] [stderr]    Compiling dirs v2.0.2
[INFO] [stderr]    Compiling flux_rs v0.1.0 (/opt/rustwide/workdir)
[INFO] [stdout] warning: unused import: `Float`
[INFO] [stdout]   --> src/vm.rs:16:14
[INFO] [stdout]    |
[INFO] [stdout] 16 |     ArgsLen, Float, FuncProtoRef, Function, Integer, NativeFunction, Table, UserFunction, Value,
[INFO] [stdout]    |              ^^^^^
[INFO] [stdout]    |
[INFO] [stdout]    = note: `#[warn(unused_imports)]` on by default
[INFO] [stdout] 
[INFO] [stdout] 
[INFO] [stdout] warning: 1 warning emitted
[INFO] [stdout] 
[INFO] [stdout] 
[INFO] [stderr]     Finished dev [unoptimized + debuginfo] target(s) in 1.60s
[INFO] running `Command { std: "docker" "inspect" "c74758c544c9f3a13baee168fc5a2c652da1f913f9d80578871d68460cfd0b24", kill_on_drop: false }`
[INFO] running `Command { std: "docker" "rm" "-f" "c74758c544c9f3a13baee168fc5a2c652da1f913f9d80578871d68460cfd0b24", kill_on_drop: false }`
[INFO] [stdout] c74758c544c9f3a13baee168fc5a2c652da1f913f9d80578871d68460cfd0b24
[INFO] running `Command { std: "docker" "create" "-v" "/var/lib/crater-agent-workspace/builds/worker-3-tc1/target:/opt/rustwide/target:rw,Z" "-v" "/var/lib/crater-agent-workspace/builds/worker-3-tc1/source:/opt/rustwide/workdir:ro,Z" "-v" "/var/lib/crater-agent-workspace/cargo-home:/opt/rustwide/cargo-home:ro,Z" "-v" "/var/lib/crater-agent-workspace/rustup-home:/opt/rustwide/rustup-home:ro,Z" "-e" "SOURCE_DIR=/opt/rustwide/workdir" "-e" "CARGO_TARGET_DIR=/opt/rustwide/target" "-e" "CARGO_INCREMENTAL=0" "-e" "RUST_BACKTRACE=full" "-e" "RUSTFLAGS=--cap-lints=warn" "-e" "RUSTDOCFLAGS=--cap-lints=warn" "-e" "CARGO_HOME=/opt/rustwide/cargo-home" "-e" "RUSTUP_HOME=/opt/rustwide/rustup-home" "-w" "/opt/rustwide/workdir" "-m" "1610612736" "--user" "0:0" "--network" "none" "ghcr.io/rust-lang/crates-build-env/linux@sha256:2788e3201cd34a07e3172128adcd8b3090168a8e3bcc40d7c032b9dda1df7d1c" "/opt/rustwide/cargo-home/bin/cargo" "+1.75.0" "test" "--frozen" "--no-run" "--message-format=json", kill_on_drop: false }`
[INFO] [stdout] 855f18b1a242ea8c593027ce9ea4614fd6eda27a1c769afaedc3fd55d4408aa4
[INFO] running `Command { std: "docker" "start" "-a" "855f18b1a242ea8c593027ce9ea4614fd6eda27a1c769afaedc3fd55d4408aa4", kill_on_drop: false }`
[INFO] [stderr]    Compiling flux_rs v0.1.0 (/opt/rustwide/workdir)
[INFO] [stdout] warning: unused import: `Float`
[INFO] [stdout]   --> src/vm.rs:16:14
[INFO] [stdout]    |
[INFO] [stdout] 16 |     ArgsLen, Float, FuncProtoRef, Function, Integer, NativeFunction, Table, UserFunction, Value,
[INFO] [stdout]    |              ^^^^^
[INFO] [stdout]    |
[INFO] [stdout]    = note: `#[warn(unused_imports)]` on by default
[INFO] [stdout] 
[INFO] [stdout] 
[INFO] [stdout] warning: 1 warning emitted
[INFO] [stdout] 
[INFO] [stdout] 
[INFO] [stderr]     Finished test [unoptimized + debuginfo] target(s) in 1.08s
[INFO] running `Command { std: "docker" "inspect" "855f18b1a242ea8c593027ce9ea4614fd6eda27a1c769afaedc3fd55d4408aa4", kill_on_drop: false }`
[INFO] running `Command { std: "docker" "rm" "-f" "855f18b1a242ea8c593027ce9ea4614fd6eda27a1c769afaedc3fd55d4408aa4", kill_on_drop: false }`
[INFO] [stdout] 855f18b1a242ea8c593027ce9ea4614fd6eda27a1c769afaedc3fd55d4408aa4
[INFO] running `Command { std: "docker" "create" "-v" "/var/lib/crater-agent-workspace/builds/worker-3-tc1/target:/opt/rustwide/target:rw,Z" "-v" "/var/lib/crater-agent-workspace/builds/worker-3-tc1/source:/opt/rustwide/workdir:ro,Z" "-v" "/var/lib/crater-agent-workspace/cargo-home:/opt/rustwide/cargo-home:ro,Z" "-v" "/var/lib/crater-agent-workspace/rustup-home:/opt/rustwide/rustup-home:ro,Z" "-e" "SOURCE_DIR=/opt/rustwide/workdir" "-e" "CARGO_TARGET_DIR=/opt/rustwide/target" "-e" "CARGO_INCREMENTAL=0" "-e" "RUST_BACKTRACE=full" "-e" "RUSTFLAGS=--cap-lints=warn" "-e" "RUSTDOCFLAGS=--cap-lints=warn" "-e" "CARGO_HOME=/opt/rustwide/cargo-home" "-e" "RUSTUP_HOME=/opt/rustwide/rustup-home" "-w" "/opt/rustwide/workdir" "-m" "1610612736" "--user" "0:0" "--network" "none" "ghcr.io/rust-lang/crates-build-env/linux@sha256:2788e3201cd34a07e3172128adcd8b3090168a8e3bcc40d7c032b9dda1df7d1c" "/opt/rustwide/cargo-home/bin/cargo" "+1.75.0" "test" "--frozen", kill_on_drop: false }`
[INFO] [stdout] 870a0a5a288e2dc11d430d839a1d9973c1c9a00469abadf1b8706bceb1345083
[INFO] running `Command { std: "docker" "start" "-a" "870a0a5a288e2dc11d430d839a1d9973c1c9a00469abadf1b8706bceb1345083", kill_on_drop: false }`
[INFO] [stderr] warning: unused import: `Float`
[INFO] [stderr]   --> src/vm.rs:16:14
[INFO] [stderr]    |
[INFO] [stderr] 16 |     ArgsLen, Float, FuncProtoRef, Function, Integer, NativeFunction, Table, UserFunction, Value,
[INFO] [stderr]    |              ^^^^^
[INFO] [stderr]    |
[INFO] [stderr]    = note: `#[warn(unused_imports)]` on by default
[INFO] [stderr] 
[INFO] [stderr] warning: `flux_rs` (bin "flux_rs" test) generated 1 warning (run `cargo fix --bin "flux_rs" --tests` to apply 1 suggestion)
[INFO] [stderr]     Finished test [unoptimized + debuginfo] target(s) in 0.01s
[INFO] [stderr]      Running unittests src/main.rs (/opt/rustwide/target/debug/deps/flux_rs-5ce3ee45c3407c2e)
[INFO] [stdout] 
[INFO] [stdout] running 49 tests
[INFO] [stdout] test compiler::io::tests::absolute_path_works ... ok
[INFO] [stdout] test parser::analyzer::tests::inner_var_declaration_is_forbidden ... ok
[INFO] [stdout] test parser::analyzer::tests::function_desugar_complex_works ... ok
[INFO] [stdout] test parser::tests::binary_works ... ok
[INFO] [stdout] test parser::analyzer::tests::function_desugar_simple_works ... ok
[INFO] [stdout] test parser::tests::assignment_stmt ... ok
[INFO] [stdout] test parser::tests::call_works ... ok
[INFO] [stdout] test parser::tests::grouping_works ... ok
[INFO] [stdout] test parser::tests::fn_stmt_works ... ok
[INFO] [stdout] test parser::tests::if_without_else ... ok
[INFO] [stdout] test parser::tests::table_init_works ... ok
[INFO] [stdout] test scanner::tests::comment_works ... ok
[INFO] [stdout] test parser::tests::tuple_works ... ok
[INFO] [stdout] test scanner::tests::keyword_works ... ok
[INFO] [stdout] test scanner::tests::number_works ... ok
[INFO] [stdout] test scanner::tests::ident_works ... ok
[INFO] [stdout] test scanner::tests::string_works ... ok
[INFO] [stdout] test scanner::tests::underscore_works ... ok
[INFO] [stdout] test vm::lib::tests::arity ... ok
[INFO] [stdout] test vm::tests::block_return ... ok
[INFO] [stdout] test vm::tests::assert ... ok
[INFO] [stdout] test vm::tests::block ... ok
[INFO] [stdout] test vm::tests::global_variable ... ok
[INFO] [stdout] test vm::tests::arithmetic ... ok
[INFO] [stdout] test vm::tests::func_expr_works ... ok
[INFO] [stdout] test vm::tests::divide_by_zero ... ok
[INFO] [stdout] test vm::tests::import ... ok
[INFO] [stdout] test vm::tests::integer_to_float ... ok
[INFO] [stdout] test vm::tests::block_closure ... ok
[INFO] [stdout] test vm::tests::if_expr ... ok
[INFO] [stdout] test vm::tests::fn_stmt_to_fn_expr ... ok
[INFO] [stdout] test vm::tests::new_without_args ... ok
[INFO] [stdout] test vm::tests::if_expr_comp ... ok
[INFO] [stdout] test vm::tests::new_with_args ... ok
[INFO] [stdout] test vm::tests::new ... ok
[INFO] [stdout] test vm::tests::method ... ok
[INFO] [stdout] test vm::value::tests::hash_works ... ok
[INFO] [stdout] test vm::tests::simple_fn_call ... ok
[INFO] [stdout] test vm::tests::wrong_number_of_args ... ok
[INFO] [stdout] test vm::tests::remainder ... ok
[INFO] [stdout] test vm::tests::closure ... ok
[INFO] [stdout] test vm::tests::generator ... ok
[INFO] [stdout] test vm::tests::scoping ... ok
[INFO] [stdout] test vm::tests::deep_nested_upvalues ... ok
[INFO] [stdout] test vm::tests::set_upvalue ... ok
[INFO] [stdout] test vm::tests::import_closure ... ok
[INFO] [stdout] test compiler::io::tests::read_file_works ... FAILED
[INFO] [stdout] test vm::tests::for_loop ... ok
[INFO] [stdout] test vm::tests::recursion ... ok
[INFO] [stdout] 
[INFO] [stdout] failures:
[INFO] [stdout] 
[INFO] [stdout] ---- compiler::io::tests::read_file_works stdout ----
[INFO] [stdout] Path: "/opt/rustwide/workdir/snippets/new.flux"
[INFO] [stdout] thread 'compiler::io::tests::read_file_works' panicked at src/compiler/io.rs:51:9:
[INFO] [stdout] assertion failed: path.exists()
[INFO] [stdout] stack backtrace:
[INFO] [stdout]    0:     0x562c601981bc - std::backtrace_rs::backtrace::libunwind::trace::ha637c64ce894333a
[INFO] [stdout]                                at /rustc/82e1608dfa6e0b5569232559e3d385fea5a93112/library/std/src/../../backtrace/src/backtrace/libunwind.rs:104:5
[INFO] [stdout]    1:     0x562c601981bc - std::backtrace_rs::backtrace::trace_unsynchronized::h47f62dea28e0c88d
[INFO] [stdout]                                at /rustc/82e1608dfa6e0b5569232559e3d385fea5a93112/library/std/src/../../backtrace/src/backtrace/mod.rs:66:5
[INFO] [stdout]    2:     0x562c601981bc - std::sys_common::backtrace::_print_fmt::h9eef0abe20ede486
[INFO] [stdout]                                at /rustc/82e1608dfa6e0b5569232559e3d385fea5a93112/library/std/src/sys_common/backtrace.rs:67:5
[INFO] [stdout]    3:     0x562c601981bc - <std::sys_common::backtrace::_print::DisplayBacktrace as core::fmt::Display>::fmt::hed7f999df88cc644
[INFO] [stdout]                                at /rustc/82e1608dfa6e0b5569232559e3d385fea5a93112/library/std/src/sys_common/backtrace.rs:44:22
[INFO] [stdout]    4:     0x562c601c3680 - core::fmt::rt::Argument::fmt::h1539a9308b8d058d
[INFO] [stdout]                                at /rustc/82e1608dfa6e0b5569232559e3d385fea5a93112/library/core/src/fmt/rt.rs:142:9
[INFO] [stdout]    5:     0x562c601c3680 - core::fmt::write::h3a39390d8560d9c9
[INFO] [stdout]                                at /rustc/82e1608dfa6e0b5569232559e3d385fea5a93112/library/core/src/fmt/mod.rs:1120:17
[INFO] [stdout]    6:     0x562c601957bf - std::io::Write::write_fmt::h040b369f3a0f9cbc
[INFO] [stdout]                                at /rustc/82e1608dfa6e0b5569232559e3d385fea5a93112/library/std/src/io/mod.rs:1762:15
[INFO] [stdout]    7:     0x562c60197fa4 - std::sys_common::backtrace::_print::h894006fb5c6f3d45
[INFO] [stdout]                                at /rustc/82e1608dfa6e0b5569232559e3d385fea5a93112/library/std/src/sys_common/backtrace.rs:47:5
[INFO] [stdout]    8:     0x562c60197fa4 - std::sys_common::backtrace::print::h23a2d212c6fff936
[INFO] [stdout]                                at /rustc/82e1608dfa6e0b5569232559e3d385fea5a93112/library/std/src/sys_common/backtrace.rs:34:9
[INFO] [stdout]    9:     0x562c60199c67 - std::panicking::default_hook::{{closure}}::h8a1d2ee00185001a
[INFO] [stdout]   10:     0x562c60199953 - std::panicking::default_hook::h6038f2eba384e475
[INFO] [stdout]                                at /rustc/82e1608dfa6e0b5569232559e3d385fea5a93112/library/std/src/panicking.rs:289:9
[INFO] [stdout]   11:     0x562c60161e37 - <alloc::boxed::Box<F,A> as core::ops::function::Fn<Args>>::call::h0ad024c9bdc6d768
[INFO] [stdout]                                at /rustc/82e1608dfa6e0b5569232559e3d385fea5a93112/library/alloc/src/boxed.rs:2021:9
[INFO] [stdout]   12:     0x562c60161e37 - test::test_main::{{closure}}::h7500b54257359db6
[INFO] [stdout]                                at /rustc/82e1608dfa6e0b5569232559e3d385fea5a93112/library/test/src/lib.rs:138:21
[INFO] [stdout]   13:     0x562c6019a278 - <alloc::boxed::Box<F,A> as core::ops::function::Fn<Args>>::call::h1f8f335eaa9cfaee
[INFO] [stdout]                                at /rustc/82e1608dfa6e0b5569232559e3d385fea5a93112/library/alloc/src/boxed.rs:2021:9
[INFO] [stdout]   14:     0x562c6019a278 - std::panicking::rust_panic_with_hook::h2b5517d590cab22e
[INFO] [stdout]                                at /rustc/82e1608dfa6e0b5569232559e3d385fea5a93112/library/std/src/panicking.rs:783:13
[INFO] [stdout]   15:     0x562c60199f99 - std::panicking::begin_panic_handler::{{closure}}::h233112c06e0ef43e
[INFO] [stdout]                                at /rustc/82e1608dfa6e0b5569232559e3d385fea5a93112/library/std/src/panicking.rs:649:13
[INFO] [stdout]   16:     0x562c60198686 - std::sys_common::backtrace::__rust_end_short_backtrace::h6e893f24d7ebbff8
[INFO] [stdout]                                at /rustc/82e1608dfa6e0b5569232559e3d385fea5a93112/library/std/src/sys_common/backtrace.rs:170:18
[INFO] [stdout]   17:     0x562c60199d32 - rust_begin_unwind
[INFO] [stdout]                                at /rustc/82e1608dfa6e0b5569232559e3d385fea5a93112/library/std/src/panicking.rs:645:5
[INFO] [stdout]   18:     0x562c600a6fc5 - core::panicking::panic_fmt::hbf0e066aabfa482c
[INFO] [stdout]                                at /rustc/82e1608dfa6e0b5569232559e3d385fea5a93112/library/core/src/panicking.rs:72:14
[INFO] [stdout]   19:     0x562c600a7063 - core::panicking::panic::h195fc2a96298d4c3
[INFO] [stdout]                                at /rustc/82e1608dfa6e0b5569232559e3d385fea5a93112/library/core/src/panicking.rs:127:5
[INFO] [stdout]   20:     0x562c600d7330 - flux_rs::compiler::io::tests::read_file_works::hc1af70968657d193
[INFO] [stdout]                                at /opt/rustwide/workdir/src/compiler/io.rs:51:9
[INFO] [stdout]   21:     0x562c600d6fe7 - flux_rs::compiler::io::tests::read_file_works::{{closure}}::h05f6be0bf46af874
[INFO] [stdout]                                at /opt/rustwide/workdir/src/compiler/io.rs:44:25
[INFO] [stdout]   22:     0x562c600def56 - core::ops::function::FnOnce::call_once::hf14b8339d4a4544f
[INFO] [stdout]                                at /rustc/82e1608dfa6e0b5569232559e3d385fea5a93112/library/core/src/ops/function.rs:250:5
[INFO] [stdout]   23:     0x562c6016748f - core::ops::function::FnOnce::call_once::h2b5d431d5046312d
[INFO] [stdout]                                at /rustc/82e1608dfa6e0b5569232559e3d385fea5a93112/library/core/src/ops/function.rs:250:5
[INFO] [stdout]   24:     0x562c6016748f - test::__rust_begin_short_backtrace::h7714669af176e207
[INFO] [stdout]                                at /rustc/82e1608dfa6e0b5569232559e3d385fea5a93112/library/test/src/lib.rs:628:18
[INFO] [stdout]   25:     0x562c601664a5 - test::run_test_in_process::{{closure}}::h85218797dcbcec12
[INFO] [stdout]                                at /rustc/82e1608dfa6e0b5569232559e3d385fea5a93112/library/test/src/lib.rs:651:60
[INFO] [stdout]   26:     0x562c601664a5 - <core::panic::unwind_safe::AssertUnwindSafe<F> as core::ops::function::FnOnce<()>>::call_once::h76c106ea31c14d7b
[INFO] [stdout]                                at /rustc/82e1608dfa6e0b5569232559e3d385fea5a93112/library/core/src/panic/unwind_safe.rs:272:9
[INFO] [stdout]   27:     0x562c601664a5 - std::panicking::try::do_call::h3bd5d0f6620ee946
[INFO] [stdout]                                at /rustc/82e1608dfa6e0b5569232559e3d385fea5a93112/library/std/src/panicking.rs:552:40
[INFO] [stdout]   28:     0x562c601664a5 - std::panicking::try::h232e535e4744fe31
[INFO] [stdout]                                at /rustc/82e1608dfa6e0b5569232559e3d385fea5a93112/library/std/src/panicking.rs:516:19
[INFO] [stdout]   29:     0x562c601664a5 - std::panic::catch_unwind::h3ce3bd6ca8dbac68
[INFO] [stdout]                                at /rustc/82e1608dfa6e0b5569232559e3d385fea5a93112/library/std/src/panic.rs:142:14
[INFO] [stdout]   30:     0x562c601664a5 - test::run_test_in_process::hc97b257c9621286a
[INFO] [stdout]                                at /rustc/82e1608dfa6e0b5569232559e3d385fea5a93112/library/test/src/lib.rs:651:27
[INFO] [stdout]   31:     0x562c601664a5 - test::run_test::{{closure}}::h2aa798823a438d38
[INFO] [stdout]                                at /rustc/82e1608dfa6e0b5569232559e3d385fea5a93112/library/test/src/lib.rs:574:43
[INFO] [stdout]   32:     0x562c6012e766 - test::run_test::{{closure}}::h87d231c78fb59832
[INFO] [stdout]                                at /rustc/82e1608dfa6e0b5569232559e3d385fea5a93112/library/test/src/lib.rs:602:41
[INFO] [stdout]   33:     0x562c6012e766 - std::sys_common::backtrace::__rust_begin_short_backtrace::he6df152596625789
[INFO] [stdout]                                at /rustc/82e1608dfa6e0b5569232559e3d385fea5a93112/library/std/src/sys_common/backtrace.rs:154:18
[INFO] [stdout]   34:     0x562c60133817 - std::thread::Builder::spawn_unchecked_::{{closure}}::{{closure}}::ha94be15d1e0acf36
[INFO] [stdout]                                at /rustc/82e1608dfa6e0b5569232559e3d385fea5a93112/library/std/src/thread/mod.rs:529:17
[INFO] [stdout]   35:     0x562c60133817 - <core::panic::unwind_safe::AssertUnwindSafe<F> as core::ops::function::FnOnce<()>>::call_once::h9dc6bd6372f16606
[INFO] [stdout]                                at /rustc/82e1608dfa6e0b5569232559e3d385fea5a93112/library/core/src/panic/unwind_safe.rs:272:9
[INFO] [stdout]   36:     0x562c60133817 - std::panicking::try::do_call::h9057517f80303cd4
[INFO] [stdout]                                at /rustc/82e1608dfa6e0b5569232559e3d385fea5a93112/library/std/src/panicking.rs:552:40
[INFO] [stdout]   37:     0x562c60133817 - std::panicking::try::he3a30b11ee45340c
[INFO] [stdout]                                at /rustc/82e1608dfa6e0b5569232559e3d385fea5a93112/library/std/src/panicking.rs:516:19
[INFO] [stdout]   38:     0x562c60133817 - std::panic::catch_unwind::h410458cfd3528b8b
[INFO] [stdout]                                at /rustc/82e1608dfa6e0b5569232559e3d385fea5a93112/library/std/src/panic.rs:142:14
[INFO] [stdout]   39:     0x562c60133817 - std::thread::Builder::spawn_unchecked_::{{closure}}::h72ac3bdb567b737b
[INFO] [stdout]                                at /rustc/82e1608dfa6e0b5569232559e3d385fea5a93112/library/std/src/thread/mod.rs:528:30
[INFO] [stdout]   40:     0x562c60133817 - core::ops::function::FnOnce::call_once{{vtable.shim}}::h38f34da3654a8344
[INFO] [stdout]                                at /rustc/82e1608dfa6e0b5569232559e3d385fea5a93112/library/core/src/ops/function.rs:250:5
[INFO] [stdout]   41:     0x562c6019ed85 - <alloc::boxed::Box<F,A> as core::ops::function::FnOnce<Args>>::call_once::hc7eafaff61e32df9
[INFO] [stdout]                                at /rustc/82e1608dfa6e0b5569232559e3d385fea5a93112/library/alloc/src/boxed.rs:2007:9
[INFO] [stdout]   42:     0x562c6019ed85 - <alloc::boxed::Box<F,A> as core::ops::function::FnOnce<Args>>::call_once::h6ba4a5de48dd2304
[INFO] [stdout]                                at /rustc/82e1608dfa6e0b5569232559e3d385fea5a93112/library/alloc/src/boxed.rs:2007:9
[INFO] [stdout]   43:     0x562c6019ed85 - std::sys::unix::thread::Thread::new::thread_start::he469335aef763e45
[INFO] [stdout]                                at /rustc/82e1608dfa6e0b5569232559e3d385fea5a93112/library/std/src/sys/unix/thread.rs:108:17
[INFO] [stdout]   44:     0x7f39bbdd1ac3 - <unknown>
[INFO] [stdout]   45:     0x7f39bbe62bf4 - __clone
[INFO] [stdout]   46:                0x0 - <unknown>
[INFO] [stdout] 
[INFO] [stdout] 
[INFO] [stdout] failures:
[INFO] [stdout]     compiler::io::tests::read_file_works
[INFO] [stdout] 
[INFO] [stdout] test result: FAILED. 48 passed; 1 failed; 0 ignored; 0 measured; 0 filtered out; finished in 0.04s
[INFO] [stdout] 
[INFO] [stderr] error: test failed, to rerun pass `--bin flux_rs`
[INFO] running `Command { std: "docker" "inspect" "870a0a5a288e2dc11d430d839a1d9973c1c9a00469abadf1b8706bceb1345083", kill_on_drop: false }`
[INFO] running `Command { std: "docker" "rm" "-f" "870a0a5a288e2dc11d430d839a1d9973c1c9a00469abadf1b8706bceb1345083", kill_on_drop: false }`
[INFO] [stdout] 870a0a5a288e2dc11d430d839a1d9973c1c9a00469abadf1b8706bceb1345083
