[INFO] cloning repository https://github.com/Frederick888/external-editor-revived
[INFO] running `Command { std: "git" "-c" "credential.helper=" "-c" "credential.helper=/workspace/cargo-home/bin/git-credential-null" "clone" "--bare" "https://github.com/Frederick888/external-editor-revived" "/workspace/cache/git-repos/https%3A%2F%2Fgithub.com%2FFrederick888%2Fexternal-editor-revived", kill_on_drop: false }`
[INFO] [stderr] Cloning into bare repository '/workspace/cache/git-repos/https%3A%2F%2Fgithub.com%2FFrederick888%2Fexternal-editor-revived'...
[INFO] running `Command { std: "git" "rev-parse" "HEAD", kill_on_drop: false }`
[INFO] [stdout] a0a63ef6897b6882685b3e2d3053147e8993c130
[INFO] testing Frederick888/external-editor-revived against 1.75.0 for beta-1.76-1
[INFO] running `Command { std: "git" "clone" "/workspace/cache/git-repos/https%3A%2F%2Fgithub.com%2FFrederick888%2Fexternal-editor-revived" "/workspace/builds/worker-7-tc1/source", kill_on_drop: false }`
[INFO] [stderr] Cloning into '/workspace/builds/worker-7-tc1/source'...
[INFO] [stderr] done.
[INFO] validating manifest of git repo https://github.com/Frederick888/external-editor-revived on toolchain 1.75.0
[INFO] running `Command { std: CARGO_HOME="/workspace/cargo-home" RUSTUP_HOME="/workspace/rustup-home" "/workspace/cargo-home/bin/cargo" "+1.75.0" "metadata" "--manifest-path" "Cargo.toml" "--no-deps", kill_on_drop: false }`
[INFO] started tweaking git repo https://github.com/Frederick888/external-editor-revived
[INFO] finished tweaking git repo https://github.com/Frederick888/external-editor-revived
[INFO] tweaked toml for git repo https://github.com/Frederick888/external-editor-revived written to /workspace/builds/worker-7-tc1/source/Cargo.toml
[INFO] crate git repo https://github.com/Frederick888/external-editor-revived already has a lockfile, it will not be regenerated
[INFO] running `Command { std: CARGO_HOME="/workspace/cargo-home" RUSTUP_HOME="/workspace/rustup-home" "/workspace/cargo-home/bin/cargo" "+1.75.0" "fetch" "--manifest-path" "Cargo.toml", kill_on_drop: false }`
[INFO] [stderr]     Blocking waiting for file lock on package cache
[INFO] [stderr]     Updating crates.io index
[INFO] [stderr]  Downloading crates ...
[INFO] [stderr]   Downloaded webextension-native-messaging v1.0.1
[INFO] running `Command { std: "docker" "create" "-v" "/var/lib/crater-agent-workspace/builds/worker-7-tc1/target:/opt/rustwide/target:rw,Z" "-v" "/var/lib/crater-agent-workspace/builds/worker-7-tc1/source:/opt/rustwide/workdir:ro,Z" "-v" "/var/lib/crater-agent-workspace/cargo-home:/opt/rustwide/cargo-home:ro,Z" "-v" "/var/lib/crater-agent-workspace/rustup-home:/opt/rustwide/rustup-home:ro,Z" "-e" "SOURCE_DIR=/opt/rustwide/workdir" "-e" "CARGO_TARGET_DIR=/opt/rustwide/target" "-e" "CARGO_HOME=/opt/rustwide/cargo-home" "-e" "RUSTUP_HOME=/opt/rustwide/rustup-home" "-w" "/opt/rustwide/workdir" "-m" "1610612736" "--user" "0:0" "--network" "none" "ghcr.io/rust-lang/crates-build-env/linux@sha256:2788e3201cd34a07e3172128adcd8b3090168a8e3bcc40d7c032b9dda1df7d1c" "/opt/rustwide/cargo-home/bin/cargo" "+1.75.0" "metadata" "--no-deps" "--format-version=1", kill_on_drop: false }`
[INFO] [stdout] 805141420ff8c53e20c291cf9e26d3e9efb6084978cd488588781ac5451973a6
[INFO] running `Command { std: "docker" "start" "-a" "805141420ff8c53e20c291cf9e26d3e9efb6084978cd488588781ac5451973a6", kill_on_drop: false }`
[INFO] running `Command { std: "docker" "inspect" "805141420ff8c53e20c291cf9e26d3e9efb6084978cd488588781ac5451973a6", kill_on_drop: false }`
[INFO] running `Command { std: "docker" "rm" "-f" "805141420ff8c53e20c291cf9e26d3e9efb6084978cd488588781ac5451973a6", kill_on_drop: false }`
[INFO] [stdout] 805141420ff8c53e20c291cf9e26d3e9efb6084978cd488588781ac5451973a6
[INFO] running `Command { std: "docker" "create" "-v" "/var/lib/crater-agent-workspace/builds/worker-7-tc1/target:/opt/rustwide/target:rw,Z" "-v" "/var/lib/crater-agent-workspace/builds/worker-7-tc1/source:/opt/rustwide/workdir:ro,Z" "-v" "/var/lib/crater-agent-workspace/cargo-home:/opt/rustwide/cargo-home:ro,Z" "-v" "/var/lib/crater-agent-workspace/rustup-home:/opt/rustwide/rustup-home:ro,Z" "-e" "SOURCE_DIR=/opt/rustwide/workdir" "-e" "CARGO_TARGET_DIR=/opt/rustwide/target" "-e" "CARGO_INCREMENTAL=0" "-e" "RUST_BACKTRACE=full" "-e" "RUSTFLAGS=--cap-lints=warn" "-e" "RUSTDOCFLAGS=--cap-lints=warn" "-e" "CARGO_HOME=/opt/rustwide/cargo-home" "-e" "RUSTUP_HOME=/opt/rustwide/rustup-home" "-w" "/opt/rustwide/workdir" "-m" "1610612736" "--user" "0:0" "--network" "none" "ghcr.io/rust-lang/crates-build-env/linux@sha256:2788e3201cd34a07e3172128adcd8b3090168a8e3bcc40d7c032b9dda1df7d1c" "/opt/rustwide/cargo-home/bin/cargo" "+1.75.0" "build" "--frozen" "--message-format=json", kill_on_drop: false }`
[INFO] [stdout] 6646d0e04386acea5aeefbc6631c520fd2cfd3f355771ed7260ad3bbf79f0260
[INFO] running `Command { std: "docker" "start" "-a" "6646d0e04386acea5aeefbc6631c520fd2cfd3f355771ed7260ad3bbf79f0260", kill_on_drop: false }`
[INFO] [stderr]    Compiling proc-macro2 v1.0.70
[INFO] [stderr]    Compiling unicode-ident v1.0.12
[INFO] [stderr]    Compiling rustversion v1.0.14
[INFO] [stderr]    Compiling serde v1.0.193
[INFO] [stderr]    Compiling serde_json v1.0.108
[INFO] [stderr]    Compiling thiserror v1.0.50
[INFO] [stderr]    Compiling itoa v1.0.9
[INFO] [stderr]    Compiling ryu v1.0.15
[INFO] [stderr]    Compiling anyhow v1.0.75
[INFO] [stderr]    Compiling heck v0.4.1
[INFO] [stderr]    Compiling byteorder v1.5.0
[INFO] [stderr]    Compiling quote v1.0.33
[INFO] [stderr]    Compiling syn v2.0.39
[INFO] [stderr]    Compiling serde_derive v1.0.193
[INFO] [stderr]    Compiling thiserror-impl v1.0.50
[INFO] [stderr]    Compiling strum_macros v0.25.3
[INFO] [stderr]    Compiling strum v0.25.0
[INFO] [stderr]    Compiling webextension-native-messaging v1.0.1
[INFO] [stderr]    Compiling external-editor-revived v1.0.0 (/opt/rustwide/workdir)
[INFO] [stderr]     Finished dev [unoptimized + debuginfo] target(s) in 11.30s
[INFO] running `Command { std: "docker" "inspect" "6646d0e04386acea5aeefbc6631c520fd2cfd3f355771ed7260ad3bbf79f0260", kill_on_drop: false }`
[INFO] running `Command { std: "docker" "rm" "-f" "6646d0e04386acea5aeefbc6631c520fd2cfd3f355771ed7260ad3bbf79f0260", kill_on_drop: false }`
[INFO] [stdout] 6646d0e04386acea5aeefbc6631c520fd2cfd3f355771ed7260ad3bbf79f0260
[INFO] running `Command { std: "docker" "create" "-v" "/var/lib/crater-agent-workspace/builds/worker-7-tc1/target:/opt/rustwide/target:rw,Z" "-v" "/var/lib/crater-agent-workspace/builds/worker-7-tc1/source:/opt/rustwide/workdir:ro,Z" "-v" "/var/lib/crater-agent-workspace/cargo-home:/opt/rustwide/cargo-home:ro,Z" "-v" "/var/lib/crater-agent-workspace/rustup-home:/opt/rustwide/rustup-home:ro,Z" "-e" "SOURCE_DIR=/opt/rustwide/workdir" "-e" "CARGO_TARGET_DIR=/opt/rustwide/target" "-e" "CARGO_INCREMENTAL=0" "-e" "RUST_BACKTRACE=full" "-e" "RUSTFLAGS=--cap-lints=warn" "-e" "RUSTDOCFLAGS=--cap-lints=warn" "-e" "CARGO_HOME=/opt/rustwide/cargo-home" "-e" "RUSTUP_HOME=/opt/rustwide/rustup-home" "-w" "/opt/rustwide/workdir" "-m" "1610612736" "--user" "0:0" "--network" "none" "ghcr.io/rust-lang/crates-build-env/linux@sha256:2788e3201cd34a07e3172128adcd8b3090168a8e3bcc40d7c032b9dda1df7d1c" "/opt/rustwide/cargo-home/bin/cargo" "+1.75.0" "test" "--frozen" "--no-run" "--message-format=json", kill_on_drop: false }`
[INFO] [stdout] f96bd32d859b4a8239139f43001d0ee62e0539f820d550347cb79ffafe9b17cd
[INFO] running `Command { std: "docker" "start" "-a" "f96bd32d859b4a8239139f43001d0ee62e0539f820d550347cb79ffafe9b17cd", kill_on_drop: false }`
[INFO] [stderr]    Compiling autocfg v1.1.0
[INFO] [stderr]    Compiling memchr v2.6.4
[INFO] [stderr]    Compiling regex-syntax v0.8.2
[INFO] [stderr]    Compiling syn v1.0.109
[INFO] [stderr]    Compiling either v1.9.0
[INFO] [stderr]    Compiling predicates-core v1.0.6
[INFO] [stderr]    Compiling normalize-line-endings v0.3.0
[INFO] [stderr]    Compiling difflib v0.4.0
[INFO] [stderr]    Compiling termtree v0.4.1
[INFO] [stderr]    Compiling cfg-if v1.0.0
[INFO] [stderr]    Compiling lazy_static v1.4.0
[INFO] [stderr]    Compiling fragile v2.0.0
[INFO] [stderr]    Compiling downcast v0.11.0
[INFO] [stderr]    Compiling base64 v0.21.5
[INFO] [stderr]    Compiling predicates-tree v1.0.9
[INFO] [stderr]    Compiling itertools v0.10.5
[INFO] [stderr]    Compiling num-traits v0.2.17
[INFO] [stderr]    Compiling aho-corasick v1.1.2
[INFO] [stderr]    Compiling float-cmp v0.9.0
[INFO] [stderr]    Compiling regex-automata v0.4.3
[INFO] [stderr]    Compiling mockall_derive v0.11.4
[INFO] [stderr]    Compiling regex v1.10.2
[INFO] [stderr]    Compiling predicates v2.1.5
[INFO] [stderr]    Compiling mockall v0.11.4
[INFO] [stderr]    Compiling external-editor-revived v1.0.0 (/opt/rustwide/workdir)
[INFO] [stderr]     Finished test [unoptimized + debuginfo] target(s) in 6.99s
[INFO] running `Command { std: "docker" "inspect" "f96bd32d859b4a8239139f43001d0ee62e0539f820d550347cb79ffafe9b17cd", kill_on_drop: false }`
[INFO] running `Command { std: "docker" "rm" "-f" "f96bd32d859b4a8239139f43001d0ee62e0539f820d550347cb79ffafe9b17cd", kill_on_drop: false }`
[INFO] [stdout] f96bd32d859b4a8239139f43001d0ee62e0539f820d550347cb79ffafe9b17cd
[INFO] running `Command { std: "docker" "create" "-v" "/var/lib/crater-agent-workspace/builds/worker-7-tc1/target:/opt/rustwide/target:rw,Z" "-v" "/var/lib/crater-agent-workspace/builds/worker-7-tc1/source:/opt/rustwide/workdir:ro,Z" "-v" "/var/lib/crater-agent-workspace/cargo-home:/opt/rustwide/cargo-home:ro,Z" "-v" "/var/lib/crater-agent-workspace/rustup-home:/opt/rustwide/rustup-home:ro,Z" "-e" "SOURCE_DIR=/opt/rustwide/workdir" "-e" "CARGO_TARGET_DIR=/opt/rustwide/target" "-e" "CARGO_INCREMENTAL=0" "-e" "RUST_BACKTRACE=full" "-e" "RUSTFLAGS=--cap-lints=warn" "-e" "RUSTDOCFLAGS=--cap-lints=warn" "-e" "CARGO_HOME=/opt/rustwide/cargo-home" "-e" "RUSTUP_HOME=/opt/rustwide/rustup-home" "-w" "/opt/rustwide/workdir" "-m" "1610612736" "--user" "0:0" "--network" "none" "ghcr.io/rust-lang/crates-build-env/linux@sha256:2788e3201cd34a07e3172128adcd8b3090168a8e3bcc40d7c032b9dda1df7d1c" "/opt/rustwide/cargo-home/bin/cargo" "+1.75.0" "test" "--frozen", kill_on_drop: false }`
[INFO] [stdout] 775c36a6e9a0329e52ef5e314a54fa782bfde25bb898cae5784afa1228ca1ff2
[INFO] running `Command { std: "docker" "start" "-a" "775c36a6e9a0329e52ef5e314a54fa782bfde25bb898cae5784afa1228ca1ff2", kill_on_drop: false }`
[INFO] [stderr]     Finished test [unoptimized + debuginfo] target(s) in 0.02s
[INFO] [stderr]      Running unittests src/main.rs (/opt/rustwide/target/debug/deps/external_editor_revived-fb1188822a7dd83c)
[INFO] [stdout] 
[INFO] [stdout] running 46 tests
[INFO] [stdout] test model::messaging::tests::avoid_adding_unescaped_meta_headers_to_custom_headers_test ... ok
[INFO] [stdout] test model::messaging::tests::chunked_response_test ... ok
[INFO] [stdout] test model::messaging::tests::avoid_adding_meta_headers_without_prefix_to_custom_headers_test ... ok
[INFO] [stdout] test model::messaging::tests::custom_headers_test ... ok
[INFO] [stdout] test model::messaging::tests::delete_send_on_exit_header_test ... ok
[INFO] [stdout] test model::messaging::tests::escaped_meta_headers_parsing_test ... ok
[INFO] [stdout] test model::messaging::tests::escaped_meta_headers_with_special_chars_test ... ok
[INFO] [stdout] test model::messaging::tests::header_placeholder_test ... ok
[INFO] [stdout] test model::messaging::tests::help_headers_test ... ok
[INFO] [stdout] test model::messaging::tests::invalid_utf8_test ... ok
[INFO] [stdout] test model::messaging::tests::merge_attach_vcard_test ... ok
[INFO] [stdout] test model::messaging::tests::merge_from_and_to_lower_cases_test ... ok
[INFO] [stdout] test model::messaging::tests::merge_delivery_format_test ... ok
[INFO] [stdout] test model::messaging::tests::merge_delivery_status_notification_test ... ok
[INFO] [stdout] test model::messaging::tests::merge_meta_delivery_format_and_send_on_exit_test ... ok
[INFO] [stdout] test model::messaging::tests::merge_subject_and_body_test ... ok
[INFO] [stdout] test model::messaging::tests::merge_with_header_placeholder_test ... ok
[INFO] [stdout] test model::messaging::tests::write_to_eml_test ... ok
[INFO] [stdout] test model::messaging::tests::merge_priority_test ... ok
[INFO] [stdout] test model::messaging::tests::merge_send_on_exit_test ... ok
[INFO] [stdout] test model::messaging::tests::merge_dsn_test ... ok
[INFO] [stdout] test model::messaging::tests::omit_header_placeholder_when_given_test ... ok
[INFO] [stdout] test model::thunderbird::tests::compose_details_add_recipient_to_multiple_test ... ok
[INFO] [stdout] test model::thunderbird::tests::compose_details_add_recipient_to_single_test ... ok
[INFO] [stdout] test model::messaging::tests::merge_from_and_to_test ... ok
[INFO] [stdout] test model::messaging::tests::merge_return_receipt_test ... ok
[INFO] [stdout] test model::thunderbird::tests::compose_recipient_list_multiple_composite_deserialisation_test ... ok
[INFO] [stdout] test model::thunderbird::tests::compose_details_crlf_body_test ... ok
[INFO] [stdout] test model::thunderbird::tests::compose_recipient_list_multiple_emails_serialisation_test ... ok
[INFO] [stdout] test model::messaging::tests::unknown_headers_test ... ok
[INFO] [stdout] test model::thunderbird::tests::compose_recipient_list_multiple_composite_serialisation_test ... ok
[INFO] [stdout] test model::thunderbird::tests::compose_recipient_list_single_email_serialisation_test ... ok
[INFO] [stdout] test model::thunderbird::tests::compose_recipient_list_single_node_serialisation_test ... ok
[INFO] [stdout] test model::thunderbird::tests::tracked_option_bool_test ... ok
[INFO] [stdout] test model::thunderbird::tests::tracked_option_bool_serde_test ... ok
[INFO] [stdout] test model::thunderbird::tests::compose_details_delivery_format_test ... ok
[INFO] [stdout] test model::thunderbird::tests::compose_recipient_list_multiple_node_serialisation_test ... ok
[INFO] [stdout] test tests::ping_pong_test ... ok
[INFO] [stdout] test util::tests::extension_minor_version_diff_test ... ok
[INFO] [stdout] test util::meta_header::tests::align_headers_even_test ... ok
[INFO] [stdout] test util::tests::extension_patch_version_diff_test ... ok
[INFO] [stdout] test util::tests::malformed_extension_version_test ... ok
[INFO] [stdout] test util::meta_header::tests::align_headers_odd_test ... ok
[INFO] [stdout] test model::messaging::tests::delivery_status_notification_printing_test ... ok
[INFO] [stdout] test model::messaging::tests::escaped_meta_headers_printing_test ... ok
[INFO] [stdout] test tests::echo_compose_test ... FAILED
[INFO] [stdout] 
[INFO] [stdout] failures:
[INFO] [stdout] 
[INFO] [stdout] ---- tests::echo_compose_test stdout ----
[INFO] [stdout] ExtEditorR failed to create temporary file: Read-only file system (os error 30)
[INFO] [stdout] thread 'tests::echo_compose_test' panicked at src/transport.rs:5:18:
[INFO] [stdout] MockTransport::write_message(?): No matching expectation found
[INFO] [stdout] stack backtrace:
[INFO] [stdout]    0:     0x564c7ce92c3c - std::backtrace_rs::backtrace::libunwind::trace::ha637c64ce894333a
[INFO] [stdout]                                at /rustc/82e1608dfa6e0b5569232559e3d385fea5a93112/library/std/src/../../backtrace/src/backtrace/libunwind.rs:104:5
[INFO] [stdout]    1:     0x564c7ce92c3c - std::backtrace_rs::backtrace::trace_unsynchronized::h47f62dea28e0c88d
[INFO] [stdout]                                at /rustc/82e1608dfa6e0b5569232559e3d385fea5a93112/library/std/src/../../backtrace/src/backtrace/mod.rs:66:5
[INFO] [stdout]    2:     0x564c7ce92c3c - std::sys_common::backtrace::_print_fmt::h9eef0abe20ede486
[INFO] [stdout]                                at /rustc/82e1608dfa6e0b5569232559e3d385fea5a93112/library/std/src/sys_common/backtrace.rs:67:5
[INFO] [stdout]    3:     0x564c7ce92c3c - <std::sys_common::backtrace::_print::DisplayBacktrace as core::fmt::Display>::fmt::hed7f999df88cc644
[INFO] [stdout]                                at /rustc/82e1608dfa6e0b5569232559e3d385fea5a93112/library/std/src/sys_common/backtrace.rs:44:22
[INFO] [stdout]    4:     0x564c7cebd650 - core::fmt::rt::Argument::fmt::h1539a9308b8d058d
[INFO] [stdout]                                at /rustc/82e1608dfa6e0b5569232559e3d385fea5a93112/library/core/src/fmt/rt.rs:142:9
[INFO] [stdout]    5:     0x564c7cebd650 - core::fmt::write::h3a39390d8560d9c9
[INFO] [stdout]                                at /rustc/82e1608dfa6e0b5569232559e3d385fea5a93112/library/core/src/fmt/mod.rs:1120:17
[INFO] [stdout]    6:     0x564c7ce905df - std::io::Write::write_fmt::h040b369f3a0f9cbc
[INFO] [stdout]                                at /rustc/82e1608dfa6e0b5569232559e3d385fea5a93112/library/std/src/io/mod.rs:1762:15
[INFO] [stdout]    7:     0x564c7ce92a24 - std::sys_common::backtrace::_print::h894006fb5c6f3d45
[INFO] [stdout]                                at /rustc/82e1608dfa6e0b5569232559e3d385fea5a93112/library/std/src/sys_common/backtrace.rs:47:5
[INFO] [stdout]    8:     0x564c7ce92a24 - std::sys_common::backtrace::print::h23a2d212c6fff936
[INFO] [stdout]                                at /rustc/82e1608dfa6e0b5569232559e3d385fea5a93112/library/std/src/sys_common/backtrace.rs:34:9
[INFO] [stdout]    9:     0x564c7ce946e7 - std::panicking::default_hook::{{closure}}::h8a1d2ee00185001a
[INFO] [stdout]   10:     0x564c7ce943d3 - std::panicking::default_hook::h6038f2eba384e475
[INFO] [stdout]                                at /rustc/82e1608dfa6e0b5569232559e3d385fea5a93112/library/std/src/panicking.rs:289:9
[INFO] [stdout]   11:     0x564c7cb7c4f7 - <alloc::boxed::Box<F,A> as core::ops::function::Fn<Args>>::call::h0ad024c9bdc6d768
[INFO] [stdout]                                at /rustc/82e1608dfa6e0b5569232559e3d385fea5a93112/library/alloc/src/boxed.rs:2021:9
[INFO] [stdout]   12:     0x564c7cb7c4f7 - test::test_main::{{closure}}::h7500b54257359db6
[INFO] [stdout]                                at /rustc/82e1608dfa6e0b5569232559e3d385fea5a93112/library/test/src/lib.rs:138:21
[INFO] [stdout]   13:     0x564c7ce94cf8 - <alloc::boxed::Box<F,A> as core::ops::function::Fn<Args>>::call::h1f8f335eaa9cfaee
[INFO] [stdout]                                at /rustc/82e1608dfa6e0b5569232559e3d385fea5a93112/library/alloc/src/boxed.rs:2021:9
[INFO] [stdout]   14:     0x564c7ce94cf8 - std::panicking::rust_panic_with_hook::h2b5517d590cab22e
[INFO] [stdout]                                at /rustc/82e1608dfa6e0b5569232559e3d385fea5a93112/library/std/src/panicking.rs:783:13
[INFO] [stdout]   15:     0x564c7ce94a4e - std::panicking::begin_panic_handler::{{closure}}::h233112c06e0ef43e
[INFO] [stdout]                                at /rustc/82e1608dfa6e0b5569232559e3d385fea5a93112/library/std/src/panicking.rs:657:13
[INFO] [stdout]   16:     0x564c7ce93106 - std::sys_common::backtrace::__rust_end_short_backtrace::h6e893f24d7ebbff8
[INFO] [stdout]                                at /rustc/82e1608dfa6e0b5569232559e3d385fea5a93112/library/std/src/sys_common/backtrace.rs:170:18
[INFO] [stdout]   17:     0x564c7ce947b2 - rust_begin_unwind
[INFO] [stdout]                                at /rustc/82e1608dfa6e0b5569232559e3d385fea5a93112/library/std/src/panicking.rs:645:5
[INFO] [stdout]   18:     0x564c7caa4345 - core::panicking::panic_fmt::hbf0e066aabfa482c
[INFO] [stdout]                                at /rustc/82e1608dfa6e0b5569232559e3d385fea5a93112/library/core/src/panicking.rs:72:14
[INFO] [stdout]   19:     0x564c7caa4303 - core::panicking::panic_display::h68e6012a1c287ca5
[INFO] [stdout]                                at /rustc/82e1608dfa6e0b5569232559e3d385fea5a93112/library/core/src/panicking.rs:178:5
[INFO] [stdout]   20:     0x564c7caa4303 - core::panicking::panic_str::h1ca8e3b0d2d70f80
[INFO] [stdout]                                at /rustc/82e1608dfa6e0b5569232559e3d385fea5a93112/library/core/src/panicking.rs:152:5
[INFO] [stdout]   21:     0x564c7caa4303 - core::option::expect_failed::h1ae4bac6b7606972
[INFO] [stdout]                                at /rustc/82e1608dfa6e0b5569232559e3d385fea5a93112/library/core/src/option.rs:1985:5
[INFO] [stdout]   22:     0x564c7cb33dd4 - core::option::Option<T>::expect::hfc9b3843469908c3
[INFO] [stdout]                                at /rustc/82e1608dfa6e0b5569232559e3d385fea5a93112/library/core/src/option.rs:894:21
[INFO] [stdout]   23:     0x564c7caf8cc3 - <external_editor_revived::transport::MockTransport as external_editor_revived::transport::Transport>::write_message::hfd224ac1332edbf1
[INFO] [stdout]                                at /opt/rustwide/workdir/src/transport.rs:5:18
[INFO] [stdout]   24:     0x564c7caf02c7 - external_editor_revived::handle_compose::h8abef1ac247cc5dc
[INFO] [stdout]                                at /opt/rustwide/workdir/src/main.rs:36:35
[INFO] [stdout]   25:     0x564c7cb4888d - external_editor_revived::tests::echo_compose_test::h1fdacf1239329c06
[INFO] [stdout]                                at /opt/rustwide/workdir/src/main.rs:259:9
[INFO] [stdout]   26:     0x564c7cb48307 - external_editor_revived::tests::echo_compose_test::{{closure}}::hf170f7b5406915b9
[INFO] [stdout]                                at /opt/rustwide/workdir/src/main.rs:242:27
[INFO] [stdout]   27:     0x564c7cb07ec6 - core::ops::function::FnOnce::call_once::h774a705114516d17
[INFO] [stdout]                                at /rustc/82e1608dfa6e0b5569232559e3d385fea5a93112/library/core/src/ops/function.rs:250:5
[INFO] [stdout]   28:     0x564c7cb81b4f - core::ops::function::FnOnce::call_once::h2b5d431d5046312d
[INFO] [stdout]                                at /rustc/82e1608dfa6e0b5569232559e3d385fea5a93112/library/core/src/ops/function.rs:250:5
[INFO] [stdout]   29:     0x564c7cb81b4f - test::__rust_begin_short_backtrace::h7714669af176e207
[INFO] [stdout]                                at /rustc/82e1608dfa6e0b5569232559e3d385fea5a93112/library/test/src/lib.rs:628:18
[INFO] [stdout]   30:     0x564c7cb80b65 - test::run_test_in_process::{{closure}}::h85218797dcbcec12
[INFO] [stdout]                                at /rustc/82e1608dfa6e0b5569232559e3d385fea5a93112/library/test/src/lib.rs:651:60
[INFO] [stdout]   31:     0x564c7cb80b65 - <core::panic::unwind_safe::AssertUnwindSafe<F> as core::ops::function::FnOnce<()>>::call_once::h76c106ea31c14d7b
[INFO] [stdout]                                at /rustc/82e1608dfa6e0b5569232559e3d385fea5a93112/library/core/src/panic/unwind_safe.rs:272:9
[INFO] [stdout]   32:     0x564c7cb80b65 - std::panicking::try::do_call::h3bd5d0f6620ee946
[INFO] [stdout]                                at /rustc/82e1608dfa6e0b5569232559e3d385fea5a93112/library/std/src/panicking.rs:552:40
[INFO] [stdout]   33:     0x564c7cb80b65 - std::panicking::try::h232e535e4744fe31
[INFO] [stdout]                                at /rustc/82e1608dfa6e0b5569232559e3d385fea5a93112/library/std/src/panicking.rs:516:19
[INFO] [stdout]   34:     0x564c7cb80b65 - std::panic::catch_unwind::h3ce3bd6ca8dbac68
[INFO] [stdout]                                at /rustc/82e1608dfa6e0b5569232559e3d385fea5a93112/library/std/src/panic.rs:142:14
[INFO] [stdout]   35:     0x564c7cb80b65 - test::run_test_in_process::hc97b257c9621286a
[INFO] [stdout]                                at /rustc/82e1608dfa6e0b5569232559e3d385fea5a93112/library/test/src/lib.rs:651:27
[INFO] [stdout]   36:     0x564c7cb80b65 - test::run_test::{{closure}}::h2aa798823a438d38
[INFO] [stdout]                                at /rustc/82e1608dfa6e0b5569232559e3d385fea5a93112/library/test/src/lib.rs:574:43
[INFO] [stdout]   37:     0x564c7cb48e26 - test::run_test::{{closure}}::h87d231c78fb59832
[INFO] [stdout]                                at /rustc/82e1608dfa6e0b5569232559e3d385fea5a93112/library/test/src/lib.rs:602:41
[INFO] [stdout]   38:     0x564c7cb48e26 - std::sys_common::backtrace::__rust_begin_short_backtrace::he6df152596625789
[INFO] [stdout]                                at /rustc/82e1608dfa6e0b5569232559e3d385fea5a93112/library/std/src/sys_common/backtrace.rs:154:18
[INFO] [stdout]   39:     0x564c7cb4ded7 - std::thread::Builder::spawn_unchecked_::{{closure}}::{{closure}}::ha94be15d1e0acf36
[INFO] [stdout]                                at /rustc/82e1608dfa6e0b5569232559e3d385fea5a93112/library/std/src/thread/mod.rs:529:17
[INFO] [stdout]   40:     0x564c7cb4ded7 - <core::panic::unwind_safe::AssertUnwindSafe<F> as core::ops::function::FnOnce<()>>::call_once::h9dc6bd6372f16606
[INFO] [stdout]                                at /rustc/82e1608dfa6e0b5569232559e3d385fea5a93112/library/core/src/panic/unwind_safe.rs:272:9
[INFO] [stdout]   41:     0x564c7cb4ded7 - std::panicking::try::do_call::h9057517f80303cd4
[INFO] [stdout]                                at /rustc/82e1608dfa6e0b5569232559e3d385fea5a93112/library/std/src/panicking.rs:552:40
[INFO] [stdout]   42:     0x564c7cb4ded7 - std::panicking::try::he3a30b11ee45340c
[INFO] [stdout]                                at /rustc/82e1608dfa6e0b5569232559e3d385fea5a93112/library/std/src/panicking.rs:516:19
[INFO] [stdout]   43:     0x564c7cb4ded7 - std::panic::catch_unwind::h410458cfd3528b8b
[INFO] [stdout]                                at /rustc/82e1608dfa6e0b5569232559e3d385fea5a93112/library/std/src/panic.rs:142:14
[INFO] [stdout]   44:     0x564c7cb4ded7 - std::thread::Builder::spawn_unchecked_::{{closure}}::h72ac3bdb567b737b
[INFO] [stdout]                                at /rustc/82e1608dfa6e0b5569232559e3d385fea5a93112/library/std/src/thread/mod.rs:528:30
[INFO] [stdout]   45:     0x564c7cb4ded7 - core::ops::function::FnOnce::call_once{{vtable.shim}}::h38f34da3654a8344
[INFO] [stdout]                                at /rustc/82e1608dfa6e0b5569232559e3d385fea5a93112/library/core/src/ops/function.rs:250:5
[INFO] [stdout]   46:     0x564c7ce99965 - <alloc::boxed::Box<F,A> as core::ops::function::FnOnce<Args>>::call_once::hc7eafaff61e32df9
[INFO] [stdout]                                at /rustc/82e1608dfa6e0b5569232559e3d385fea5a93112/library/alloc/src/boxed.rs:2007:9
[INFO] [stdout]   47:     0x564c7ce99965 - <alloc::boxed::Box<F,A> as core::ops::function::FnOnce<Args>>::call_once::h6ba4a5de48dd2304
[INFO] [stdout]                                at /rustc/82e1608dfa6e0b5569232559e3d385fea5a93112/library/alloc/src/boxed.rs:2007:9
[INFO] [stdout]   48:     0x564c7ce99965 - std::sys::unix::thread::Thread::new::thread_start::he469335aef763e45
[INFO] [stdout]                                at /rustc/82e1608dfa6e0b5569232559e3d385fea5a93112/library/std/src/sys/unix/thread.rs:108:17
[INFO] [stdout]   49:     0x7f0a01868ac3 - <unknown>
[INFO] [stdout]   50:     0x7f0a018f9bf4 - __clone
[INFO] [stdout]   51:                0x0 - <unknown>
[INFO] [stdout] 
[INFO] [stdout] 
[INFO] [stdout] failures:
[INFO] [stdout]     tests::echo_compose_test
[INFO] [stdout] 
[INFO] [stdout] test result: FAILED. 45 passed; 1 failed; 0 ignored; 0 measured; 0 filtered out; finished in 0.02s
[INFO] [stdout] 
[INFO] [stderr] error: test failed, to rerun pass `--bin external-editor-revived`
[INFO] running `Command { std: "docker" "inspect" "775c36a6e9a0329e52ef5e314a54fa782bfde25bb898cae5784afa1228ca1ff2", kill_on_drop: false }`
[INFO] running `Command { std: "docker" "rm" "-f" "775c36a6e9a0329e52ef5e314a54fa782bfde25bb898cae5784afa1228ca1ff2", kill_on_drop: false }`
[INFO] [stdout] 775c36a6e9a0329e52ef5e314a54fa782bfde25bb898cae5784afa1228ca1ff2
