[INFO] cloning repository https://github.com/FredTheDino/thidy-lang
[INFO] running `Command { std: "git" "-c" "credential.helper=" "-c" "credential.helper=/workspace/cargo-home/bin/git-credential-null" "clone" "--bare" "https://github.com/FredTheDino/thidy-lang" "/workspace/cache/git-repos/https%3A%2F%2Fgithub.com%2FFredTheDino%2Fthidy-lang", kill_on_drop: false }`
[INFO] [stderr] Cloning into bare repository '/workspace/cache/git-repos/https%3A%2F%2Fgithub.com%2FFredTheDino%2Fthidy-lang'...
[INFO] running `Command { std: "git" "rev-parse" "HEAD", kill_on_drop: false }`
[INFO] [stdout] 1b7ec677581cf1d9327d1faff1152a922db7cd1a
[INFO] testing FredTheDino/thidy-lang against 1.75.0 for beta-1.76-1
[INFO] running `Command { std: "git" "clone" "/workspace/cache/git-repos/https%3A%2F%2Fgithub.com%2FFredTheDino%2Fthidy-lang" "/workspace/builds/worker-4-tc1/source", kill_on_drop: false }`
[INFO] [stderr] Cloning into '/workspace/builds/worker-4-tc1/source'...
[INFO] [stderr] done.
[INFO] validating manifest of git repo https://github.com/FredTheDino/thidy-lang on toolchain 1.75.0
[INFO] running `Command { std: CARGO_HOME="/workspace/cargo-home" RUSTUP_HOME="/workspace/rustup-home" "/workspace/cargo-home/bin/cargo" "+1.75.0" "metadata" "--manifest-path" "Cargo.toml" "--no-deps", kill_on_drop: false }`
[INFO] started tweaking git repo https://github.com/FredTheDino/thidy-lang
[INFO] finished tweaking git repo https://github.com/FredTheDino/thidy-lang
[INFO] tweaked toml for git repo https://github.com/FredTheDino/thidy-lang written to /workspace/builds/worker-4-tc1/source/Cargo.toml
[INFO] crate git repo https://github.com/FredTheDino/thidy-lang already has a lockfile, it will not be regenerated
[INFO] running `Command { std: CARGO_HOME="/workspace/cargo-home" RUSTUP_HOME="/workspace/rustup-home" "/workspace/cargo-home/bin/cargo" "+1.75.0" "fetch" "--manifest-path" "Cargo.toml", kill_on_drop: false }`
[INFO] [stderr]     Blocking waiting for file lock on package cache
[INFO] [stderr]     Updating crates.io index
[INFO] [stderr]     Blocking waiting for file lock on package cache
[INFO] [stderr]  Downloading crates ...
[INFO] [stderr]   Downloaded sungod v0.3.1
[INFO] [stderr]   Downloaded gumdrop v0.8.0
[INFO] [stderr]   Downloaded gumdrop_derive v0.8.0
[INFO] running `Command { std: "docker" "create" "-v" "/var/lib/crater-agent-workspace/builds/worker-4-tc1/target:/opt/rustwide/target:rw,Z" "-v" "/var/lib/crater-agent-workspace/builds/worker-4-tc1/source:/opt/rustwide/workdir:ro,Z" "-v" "/var/lib/crater-agent-workspace/cargo-home:/opt/rustwide/cargo-home:ro,Z" "-v" "/var/lib/crater-agent-workspace/rustup-home:/opt/rustwide/rustup-home:ro,Z" "-e" "SOURCE_DIR=/opt/rustwide/workdir" "-e" "CARGO_TARGET_DIR=/opt/rustwide/target" "-e" "CARGO_HOME=/opt/rustwide/cargo-home" "-e" "RUSTUP_HOME=/opt/rustwide/rustup-home" "-w" "/opt/rustwide/workdir" "-m" "1610612736" "--user" "0:0" "--network" "none" "ghcr.io/rust-lang/crates-build-env/linux@sha256:2788e3201cd34a07e3172128adcd8b3090168a8e3bcc40d7c032b9dda1df7d1c" "/opt/rustwide/cargo-home/bin/cargo" "+1.75.0" "metadata" "--no-deps" "--format-version=1", kill_on_drop: false }`
[INFO] [stdout] 16882398d3b858201fb72f85cc7d7f22b4c1e8b13b980a0e42252c0dea927373
[INFO] running `Command { std: "docker" "start" "-a" "16882398d3b858201fb72f85cc7d7f22b4c1e8b13b980a0e42252c0dea927373", kill_on_drop: false }`
[INFO] running `Command { std: "docker" "inspect" "16882398d3b858201fb72f85cc7d7f22b4c1e8b13b980a0e42252c0dea927373", kill_on_drop: false }`
[INFO] running `Command { std: "docker" "rm" "-f" "16882398d3b858201fb72f85cc7d7f22b4c1e8b13b980a0e42252c0dea927373", kill_on_drop: false }`
[INFO] [stdout] 16882398d3b858201fb72f85cc7d7f22b4c1e8b13b980a0e42252c0dea927373
[INFO] running `Command { std: "docker" "create" "-v" "/var/lib/crater-agent-workspace/builds/worker-4-tc1/target:/opt/rustwide/target:rw,Z" "-v" "/var/lib/crater-agent-workspace/builds/worker-4-tc1/source:/opt/rustwide/workdir:ro,Z" "-v" "/var/lib/crater-agent-workspace/cargo-home:/opt/rustwide/cargo-home:ro,Z" "-v" "/var/lib/crater-agent-workspace/rustup-home:/opt/rustwide/rustup-home:ro,Z" "-e" "SOURCE_DIR=/opt/rustwide/workdir" "-e" "CARGO_TARGET_DIR=/opt/rustwide/target" "-e" "CARGO_INCREMENTAL=0" "-e" "RUST_BACKTRACE=full" "-e" "RUSTFLAGS=--cap-lints=warn" "-e" "RUSTDOCFLAGS=--cap-lints=warn" "-e" "CARGO_HOME=/opt/rustwide/cargo-home" "-e" "RUSTUP_HOME=/opt/rustwide/rustup-home" "-w" "/opt/rustwide/workdir" "-m" "1610612736" "--user" "0:0" "--network" "none" "ghcr.io/rust-lang/crates-build-env/linux@sha256:2788e3201cd34a07e3172128adcd8b3090168a8e3bcc40d7c032b9dda1df7d1c" "/opt/rustwide/cargo-home/bin/cargo" "+1.75.0" "build" "--frozen" "--message-format=json", kill_on_drop: false }`
[INFO] [stdout] 02ca5b615663ab5a496ef0d37ee052db3c7b83271cbaa49ad16e03bac2f70a5a
[INFO] running `Command { std: "docker" "start" "-a" "02ca5b615663ab5a496ef0d37ee052db3c7b83271cbaa49ad16e03bac2f70a5a", kill_on_drop: false }`
[INFO] [stderr]    Compiling proc-macro2 v1.0.28
[INFO] [stderr]    Compiling unicode-xid v0.2.2
[INFO] [stderr]    Compiling syn v1.0.74
[INFO] [stderr]    Compiling libc v0.2.99
[INFO] [stderr]    Compiling fnv v1.0.7
[INFO] [stderr]    Compiling regex-syntax v0.6.25
[INFO] [stderr]    Compiling utf8-ranges v1.0.4
[INFO] [stderr]    Compiling beef v0.5.1
[INFO] [stderr]    Compiling levenshtein v1.0.5
[INFO] [stderr]    Compiling sylt v0.2.0 (/opt/rustwide/workdir/sylt)
[INFO] [stderr]    Compiling quote v1.0.9
[INFO] [stderr]    Compiling atty v0.2.14
[INFO] [stderr]    Compiling colored v2.0.0
[INFO] [stderr]    Compiling logos-derive v0.12.0
[INFO] [stderr]    Compiling sylt-macro v0.2.0 (/opt/rustwide/workdir/sylt-macro)
[INFO] [stderr]    Compiling gumdrop_derive v0.8.0
[INFO] [stderr]    Compiling gumdrop v0.8.0
[INFO] [stderr]    Compiling logos v0.12.0
[INFO] [stderr]    Compiling sylt-tokenizer v0.2.0 (/opt/rustwide/workdir/sylt-tokenizer)
[INFO] [stderr]    Compiling sylt-common v0.2.0 (/opt/rustwide/workdir/sylt-common)
[INFO] [stderr]    Compiling sylt-parser v0.2.0 (/opt/rustwide/workdir/sylt-parser)
[INFO] [stdout] warning: calls to `std::mem::drop` with a reference instead of an owned value does nothing
[INFO] [stdout]    --> sylt-parser/src/parser.rs:917:5
[INFO] [stdout]     |
[INFO] [stdout] 917 |     drop(enum_name);
[INFO] [stdout]     |     ^^^^^---------^
[INFO] [stdout]     |          |
[INFO] [stdout]     |          argument has type `&Identifier`
[INFO] [stdout]     |
[INFO] [stdout]     = note: use `let _ = ...` to ignore the expression or result
[INFO] [stdout]     = note: `#[warn(dropping_references)]` on by default
[INFO] [stdout] 
[INFO] [stdout] 
[INFO] [stderr]    Compiling sylt-compiler v0.2.0 (/opt/rustwide/workdir/sylt-compiler)
[INFO] [stdout] warning: 1 warning emitted
[INFO] [stdout] 
[INFO] [stdout] 
[INFO] [stderr]     Finished dev [unoptimized + debuginfo] target(s) in 11.79s
[INFO] running `Command { std: "docker" "inspect" "02ca5b615663ab5a496ef0d37ee052db3c7b83271cbaa49ad16e03bac2f70a5a", kill_on_drop: false }`
[INFO] running `Command { std: "docker" "rm" "-f" "02ca5b615663ab5a496ef0d37ee052db3c7b83271cbaa49ad16e03bac2f70a5a", kill_on_drop: false }`
[INFO] [stdout] 02ca5b615663ab5a496ef0d37ee052db3c7b83271cbaa49ad16e03bac2f70a5a
[INFO] running `Command { std: "docker" "create" "-v" "/var/lib/crater-agent-workspace/builds/worker-4-tc1/target:/opt/rustwide/target:rw,Z" "-v" "/var/lib/crater-agent-workspace/builds/worker-4-tc1/source:/opt/rustwide/workdir:ro,Z" "-v" "/var/lib/crater-agent-workspace/cargo-home:/opt/rustwide/cargo-home:ro,Z" "-v" "/var/lib/crater-agent-workspace/rustup-home:/opt/rustwide/rustup-home:ro,Z" "-e" "SOURCE_DIR=/opt/rustwide/workdir" "-e" "CARGO_TARGET_DIR=/opt/rustwide/target" "-e" "CARGO_INCREMENTAL=0" "-e" "RUST_BACKTRACE=full" "-e" "RUSTFLAGS=--cap-lints=warn" "-e" "RUSTDOCFLAGS=--cap-lints=warn" "-e" "CARGO_HOME=/opt/rustwide/cargo-home" "-e" "RUSTUP_HOME=/opt/rustwide/rustup-home" "-w" "/opt/rustwide/workdir" "-m" "1610612736" "--user" "0:0" "--network" "none" "ghcr.io/rust-lang/crates-build-env/linux@sha256:2788e3201cd34a07e3172128adcd8b3090168a8e3bcc40d7c032b9dda1df7d1c" "/opt/rustwide/cargo-home/bin/cargo" "+1.75.0" "test" "--frozen" "--no-run" "--message-format=json", kill_on_drop: false }`
[INFO] [stdout] e9da75a6ceac5ae8248cb9a1fec9a3b4205f78189768f986e0af8cff9934d416
[INFO] running `Command { std: "docker" "start" "-a" "e9da75a6ceac5ae8248cb9a1fec9a3b4205f78189768f986e0af8cff9934d416", kill_on_drop: false }`
[INFO] [stderr]    Compiling sungod v0.3.1
[INFO] [stderr]    Compiling sylt-macro v0.2.0 (/opt/rustwide/workdir/sylt-macro)
[INFO] [stderr]    Compiling sylt-tokenizer v0.2.0 (/opt/rustwide/workdir/sylt-tokenizer)
[INFO] [stderr]    Compiling sylt-common v0.2.0 (/opt/rustwide/workdir/sylt-common)
[INFO] [stderr]    Compiling sylt-parser v0.2.0 (/opt/rustwide/workdir/sylt-parser)
[INFO] [stdout] warning: calls to `std::mem::drop` with a reference instead of an owned value does nothing
[INFO] [stdout]    --> sylt-parser/src/parser.rs:917:5
[INFO] [stdout]     |
[INFO] [stdout] 917 |     drop(enum_name);
[INFO] [stdout]     |     ^^^^^---------^
[INFO] [stdout]     |          |
[INFO] [stdout]     |          argument has type `&Identifier`
[INFO] [stdout]     |
[INFO] [stdout]     = note: use `let _ = ...` to ignore the expression or result
[INFO] [stdout]     = note: `#[warn(dropping_references)]` on by default
[INFO] [stdout] 
[INFO] [stdout] 
[INFO] [stderr]    Compiling sylt-compiler v0.2.0 (/opt/rustwide/workdir/sylt-compiler)
[INFO] [stdout] warning: 1 warning emitted
[INFO] [stdout] 
[INFO] [stdout] 
[INFO] [stdout] warning: calls to `std::mem::drop` with a reference instead of an owned value does nothing
[INFO] [stdout]    --> sylt-parser/src/parser.rs:917:5
[INFO] [stdout]     |
[INFO] [stdout] 917 |     drop(enum_name);
[INFO] [stdout]     |     ^^^^^---------^
[INFO] [stdout]     |          |
[INFO] [stdout]     |          argument has type `&Identifier`
[INFO] [stdout]     |
[INFO] [stdout]     = note: use `let _ = ...` to ignore the expression or result
[INFO] [stdout]     = note: `#[warn(dropping_references)]` on by default
[INFO] [stdout] 
[INFO] [stdout] 
[INFO] [stderr]    Compiling sylt v0.2.0 (/opt/rustwide/workdir/sylt)
[INFO] [stdout] warning: 1 warning emitted
[INFO] [stdout] 
[INFO] [stdout] 
[INFO] [stderr]     Finished test [unoptimized + debuginfo] target(s) in 4.68s
[INFO] running `Command { std: "docker" "inspect" "e9da75a6ceac5ae8248cb9a1fec9a3b4205f78189768f986e0af8cff9934d416", kill_on_drop: false }`
[INFO] running `Command { std: "docker" "rm" "-f" "e9da75a6ceac5ae8248cb9a1fec9a3b4205f78189768f986e0af8cff9934d416", kill_on_drop: false }`
[INFO] [stdout] e9da75a6ceac5ae8248cb9a1fec9a3b4205f78189768f986e0af8cff9934d416
[INFO] running `Command { std: "docker" "create" "-v" "/var/lib/crater-agent-workspace/builds/worker-4-tc1/target:/opt/rustwide/target:rw,Z" "-v" "/var/lib/crater-agent-workspace/builds/worker-4-tc1/source:/opt/rustwide/workdir:ro,Z" "-v" "/var/lib/crater-agent-workspace/cargo-home:/opt/rustwide/cargo-home:ro,Z" "-v" "/var/lib/crater-agent-workspace/rustup-home:/opt/rustwide/rustup-home:ro,Z" "-e" "SOURCE_DIR=/opt/rustwide/workdir" "-e" "CARGO_TARGET_DIR=/opt/rustwide/target" "-e" "CARGO_INCREMENTAL=0" "-e" "RUST_BACKTRACE=full" "-e" "RUSTFLAGS=--cap-lints=warn" "-e" "RUSTDOCFLAGS=--cap-lints=warn" "-e" "CARGO_HOME=/opt/rustwide/cargo-home" "-e" "RUSTUP_HOME=/opt/rustwide/rustup-home" "-w" "/opt/rustwide/workdir" "-m" "1610612736" "--user" "0:0" "--network" "none" "ghcr.io/rust-lang/crates-build-env/linux@sha256:2788e3201cd34a07e3172128adcd8b3090168a8e3bcc40d7c032b9dda1df7d1c" "/opt/rustwide/cargo-home/bin/cargo" "+1.75.0" "test" "--frozen", kill_on_drop: false }`
[INFO] [stdout] d7c73bdec0433cb29d01c5f214f259ab507a8482fd2ebfd15d1262c5e9fe4e84
[INFO] running `Command { std: "docker" "start" "-a" "d7c73bdec0433cb29d01c5f214f259ab507a8482fd2ebfd15d1262c5e9fe4e84", kill_on_drop: false }`
[INFO] [stderr] warning: calls to `std::mem::drop` with a reference instead of an owned value does nothing
[INFO] [stderr]    --> sylt-parser/src/parser.rs:917:5
[INFO] [stderr]     |
[INFO] [stderr] 917 |     drop(enum_name);
[INFO] [stderr]     |     ^^^^^---------^
[INFO] [stderr]     |          |
[INFO] [stderr]     |          argument has type `&Identifier`
[INFO] [stderr]     |
[INFO] [stderr]     = note: use `let _ = ...` to ignore the expression or result
[INFO] [stderr]     = note: `#[warn(dropping_references)]` on by default
[INFO] [stderr] 
[INFO] [stderr] warning: `sylt-parser` (lib) generated 1 warning
[INFO] [stderr] warning: `sylt-parser` (lib test) generated 1 warning (1 duplicate)
[INFO] [stderr]     Finished test [unoptimized + debuginfo] target(s) in 0.02s
[INFO] [stderr]      Running unittests src/lib.rs (/opt/rustwide/target/debug/deps/sylt-00f1cf3be72eb891)
[INFO] [stdout] 
[INFO] [stdout] running 1 test
[INFO] [stdout] = RUNNING 315 PROGRAM TESTS =
[INFO] [stdout]  tests/looping/simple.sy
[INFO] [stdout] test test::program_tests ... FAILED
[INFO] [stdout] 
[INFO] [stdout] failures:
[INFO] [stdout] 
[INFO] [stdout] ---- test::program_tests stdout ----
[INFO] [stdout] thread 'test::program_tests' panicked at sylt/src/test.rs:164:10:
[INFO] [stdout] Failed to start: "tests/looping/simple.sy": Os { code: 2, kind: NotFound, message: "No such file or directory" }
[INFO] [stdout] stack backtrace:
[INFO] [stdout]    0:     0x55a0d779848c - std::backtrace_rs::backtrace::libunwind::trace::ha637c64ce894333a
[INFO] [stdout]                                at /rustc/82e1608dfa6e0b5569232559e3d385fea5a93112/library/std/src/../../backtrace/src/backtrace/libunwind.rs:104:5
[INFO] [stdout]    1:     0x55a0d779848c - std::backtrace_rs::backtrace::trace_unsynchronized::h47f62dea28e0c88d
[INFO] [stdout]                                at /rustc/82e1608dfa6e0b5569232559e3d385fea5a93112/library/std/src/../../backtrace/src/backtrace/mod.rs:66:5
[INFO] [stdout]    2:     0x55a0d779848c - std::sys_common::backtrace::_print_fmt::h9eef0abe20ede486
[INFO] [stdout]                                at /rustc/82e1608dfa6e0b5569232559e3d385fea5a93112/library/std/src/sys_common/backtrace.rs:67:5
[INFO] [stdout]    3:     0x55a0d779848c - <std::sys_common::backtrace::_print::DisplayBacktrace as core::fmt::Display>::fmt::hed7f999df88cc644
[INFO] [stdout]                                at /rustc/82e1608dfa6e0b5569232559e3d385fea5a93112/library/std/src/sys_common/backtrace.rs:44:22
[INFO] [stdout]    4:     0x55a0d77c3ff0 - core::fmt::rt::Argument::fmt::h1539a9308b8d058d
[INFO] [stdout]                                at /rustc/82e1608dfa6e0b5569232559e3d385fea5a93112/library/core/src/fmt/rt.rs:142:9
[INFO] [stdout]    5:     0x55a0d77c3ff0 - core::fmt::write::h3a39390d8560d9c9
[INFO] [stdout]                                at /rustc/82e1608dfa6e0b5569232559e3d385fea5a93112/library/core/src/fmt/mod.rs:1120:17
[INFO] [stdout]    6:     0x55a0d779548f - std::io::Write::write_fmt::h040b369f3a0f9cbc
[INFO] [stdout]                                at /rustc/82e1608dfa6e0b5569232559e3d385fea5a93112/library/std/src/io/mod.rs:1762:15
[INFO] [stdout]    7:     0x55a0d7798274 - std::sys_common::backtrace::_print::h894006fb5c6f3d45
[INFO] [stdout]                                at /rustc/82e1608dfa6e0b5569232559e3d385fea5a93112/library/std/src/sys_common/backtrace.rs:47:5
[INFO] [stdout]    8:     0x55a0d7798274 - std::sys_common::backtrace::print::h23a2d212c6fff936
[INFO] [stdout]                                at /rustc/82e1608dfa6e0b5569232559e3d385fea5a93112/library/std/src/sys_common/backtrace.rs:34:9
[INFO] [stdout]    9:     0x55a0d7799f37 - std::panicking::default_hook::{{closure}}::h8a1d2ee00185001a
[INFO] [stdout]   10:     0x55a0d7799c23 - std::panicking::default_hook::h6038f2eba384e475
[INFO] [stdout]                                at /rustc/82e1608dfa6e0b5569232559e3d385fea5a93112/library/std/src/panicking.rs:289:9
[INFO] [stdout]   11:     0x55a0d7730917 - <alloc::boxed::Box<F,A> as core::ops::function::Fn<Args>>::call::h0ad024c9bdc6d768
[INFO] [stdout]                                at /rustc/82e1608dfa6e0b5569232559e3d385fea5a93112/library/alloc/src/boxed.rs:2021:9
[INFO] [stdout]   12:     0x55a0d7730917 - test::test_main::{{closure}}::h7500b54257359db6
[INFO] [stdout]                                at /rustc/82e1608dfa6e0b5569232559e3d385fea5a93112/library/test/src/lib.rs:138:21
[INFO] [stdout]   13:     0x55a0d779a548 - <alloc::boxed::Box<F,A> as core::ops::function::Fn<Args>>::call::h1f8f335eaa9cfaee
[INFO] [stdout]                                at /rustc/82e1608dfa6e0b5569232559e3d385fea5a93112/library/alloc/src/boxed.rs:2021:9
[INFO] [stdout]   14:     0x55a0d779a548 - std::panicking::rust_panic_with_hook::h2b5517d590cab22e
[INFO] [stdout]                                at /rustc/82e1608dfa6e0b5569232559e3d385fea5a93112/library/std/src/panicking.rs:783:13
[INFO] [stdout]   15:     0x55a0d779a29e - std::panicking::begin_panic_handler::{{closure}}::h233112c06e0ef43e
[INFO] [stdout]                                at /rustc/82e1608dfa6e0b5569232559e3d385fea5a93112/library/std/src/panicking.rs:657:13
[INFO] [stdout]   16:     0x55a0d7798956 - std::sys_common::backtrace::__rust_end_short_backtrace::h6e893f24d7ebbff8
[INFO] [stdout]                                at /rustc/82e1608dfa6e0b5569232559e3d385fea5a93112/library/std/src/sys_common/backtrace.rs:170:18
[INFO] [stdout]   17:     0x55a0d779a002 - rust_begin_unwind
[INFO] [stdout]                                at /rustc/82e1608dfa6e0b5569232559e3d385fea5a93112/library/std/src/panicking.rs:645:5
[INFO] [stdout]   18:     0x55a0d74f8e95 - core::panicking::panic_fmt::hbf0e066aabfa482c
[INFO] [stdout]                                at /rustc/82e1608dfa6e0b5569232559e3d385fea5a93112/library/core/src/panicking.rs:72:14
[INFO] [stdout]   19:     0x55a0d74f9423 - core::result::unwrap_failed::hddb4fea594200c52
[INFO] [stdout]                                at /rustc/82e1608dfa6e0b5569232559e3d385fea5a93112/library/core/src/result.rs:1653:5
[INFO] [stdout]   20:     0x55a0d750b175 - core::result::Result<T,E>::expect::he4317cf050dc26cc
[INFO] [stdout]                                at /rustc/82e1608dfa6e0b5569232559e3d385fea5a93112/library/core/src/result.rs:1034:23
[INFO] [stdout]   21:     0x55a0d75066d8 - sylt::test::run_test::h47172cbfa2184b89
[INFO] [stdout]                                at /opt/rustwide/workdir/sylt/src/test.rs:159:21
[INFO] [stdout]   22:     0x55a0d7507ce2 - sylt::test::program_tests::h4d83c061bc650cf8
[INFO] [stdout]                                at /opt/rustwide/workdir/sylt/src/test.rs:224:13
[INFO] [stdout]   23:     0x55a0d75072b7 - sylt::test::program_tests::{{closure}}::h0f6e59b0a7b71c52
[INFO] [stdout]                                at /opt/rustwide/workdir/sylt/src/test.rs:207:19
[INFO] [stdout]   24:     0x55a0d750df16 - core::ops::function::FnOnce::call_once::h4a23a4be5ad634f6
[INFO] [stdout]                                at /rustc/82e1608dfa6e0b5569232559e3d385fea5a93112/library/core/src/ops/function.rs:250:5
[INFO] [stdout]   25:     0x55a0d7735f6f - core::ops::function::FnOnce::call_once::h2b5d431d5046312d
[INFO] [stdout]                                at /rustc/82e1608dfa6e0b5569232559e3d385fea5a93112/library/core/src/ops/function.rs:250:5
[INFO] [stdout]   26:     0x55a0d7735f6f - test::__rust_begin_short_backtrace::h7714669af176e207
[INFO] [stdout]                                at /rustc/82e1608dfa6e0b5569232559e3d385fea5a93112/library/test/src/lib.rs:628:18
[INFO] [stdout]   27:     0x55a0d7734f85 - test::run_test_in_process::{{closure}}::h85218797dcbcec12
[INFO] [stdout]                                at /rustc/82e1608dfa6e0b5569232559e3d385fea5a93112/library/test/src/lib.rs:651:60
[INFO] [stdout]   28:     0x55a0d7734f85 - <core::panic::unwind_safe::AssertUnwindSafe<F> as core::ops::function::FnOnce<()>>::call_once::h76c106ea31c14d7b
[INFO] [stdout]                                at /rustc/82e1608dfa6e0b5569232559e3d385fea5a93112/library/core/src/panic/unwind_safe.rs:272:9
[INFO] [stdout]   29:     0x55a0d7734f85 - std::panicking::try::do_call::h3bd5d0f6620ee946
[INFO] [stdout]                                at /rustc/82e1608dfa6e0b5569232559e3d385fea5a93112/library/std/src/panicking.rs:552:40
[INFO] [stdout]   30:     0x55a0d7734f85 - std::panicking::try::h232e535e4744fe31
[INFO] [stdout]                                at /rustc/82e1608dfa6e0b5569232559e3d385fea5a93112/library/std/src/panicking.rs:516:19
[INFO] [stdout]   31:     0x55a0d7734f85 - std::panic::catch_unwind::h3ce3bd6ca8dbac68
[INFO] [stdout]                                at /rustc/82e1608dfa6e0b5569232559e3d385fea5a93112/library/std/src/panic.rs:142:14
[INFO] [stdout]   32:     0x55a0d7734f85 - test::run_test_in_process::hc97b257c9621286a
[INFO] [stdout]                                at /rustc/82e1608dfa6e0b5569232559e3d385fea5a93112/library/test/src/lib.rs:651:27
[INFO] [stdout]   33:     0x55a0d7734f85 - test::run_test::{{closure}}::h2aa798823a438d38
[INFO] [stdout]                                at /rustc/82e1608dfa6e0b5569232559e3d385fea5a93112/library/test/src/lib.rs:574:43
[INFO] [stdout]   34:     0x55a0d76fd246 - test::run_test::{{closure}}::h87d231c78fb59832
[INFO] [stdout]                                at /rustc/82e1608dfa6e0b5569232559e3d385fea5a93112/library/test/src/lib.rs:602:41
[INFO] [stdout]   35:     0x55a0d76fd246 - std::sys_common::backtrace::__rust_begin_short_backtrace::he6df152596625789
[INFO] [stdout]                                at /rustc/82e1608dfa6e0b5569232559e3d385fea5a93112/library/std/src/sys_common/backtrace.rs:154:18
[INFO] [stdout]   36:     0x55a0d77022f7 - std::thread::Builder::spawn_unchecked_::{{closure}}::{{closure}}::ha94be15d1e0acf36
[INFO] [stdout]                                at /rustc/82e1608dfa6e0b5569232559e3d385fea5a93112/library/std/src/thread/mod.rs:529:17
[INFO] [stdout]   37:     0x55a0d77022f7 - <core::panic::unwind_safe::AssertUnwindSafe<F> as core::ops::function::FnOnce<()>>::call_once::h9dc6bd6372f16606
[INFO] [stdout]                                at /rustc/82e1608dfa6e0b5569232559e3d385fea5a93112/library/core/src/panic/unwind_safe.rs:272:9
[INFO] [stdout]   38:     0x55a0d77022f7 - std::panicking::try::do_call::h9057517f80303cd4
[INFO] [stdout]                                at /rustc/82e1608dfa6e0b5569232559e3d385fea5a93112/library/std/src/panicking.rs:552:40
[INFO] [stdout]   39:     0x55a0d77022f7 - std::panicking::try::he3a30b11ee45340c
[INFO] [stdout]                                at /rustc/82e1608dfa6e0b5569232559e3d385fea5a93112/library/std/src/panicking.rs:516:19
[INFO] [stdout]   40:     0x55a0d77022f7 - std::panic::catch_unwind::h410458cfd3528b8b
[INFO] [stdout]                                at /rustc/82e1608dfa6e0b5569232559e3d385fea5a93112/library/std/src/panic.rs:142:14
[INFO] [stdout]   41:     0x55a0d77022f7 - std::thread::Builder::spawn_unchecked_::{{closure}}::h72ac3bdb567b737b
[INFO] [stdout]                                at /rustc/82e1608dfa6e0b5569232559e3d385fea5a93112/library/std/src/thread/mod.rs:528:30
[INFO] [stdout]   42:     0x55a0d77022f7 - core::ops::function::FnOnce::call_once{{vtable.shim}}::h38f34da3654a8344
[INFO] [stdout]                                at /rustc/82e1608dfa6e0b5569232559e3d385fea5a93112/library/core/src/ops/function.rs:250:5
[INFO] [stdout]   43:     0x55a0d779f605 - <alloc::boxed::Box<F,A> as core::ops::function::FnOnce<Args>>::call_once::hc7eafaff61e32df9
[INFO] [stdout]                                at /rustc/82e1608dfa6e0b5569232559e3d385fea5a93112/library/alloc/src/boxed.rs:2007:9
[INFO] [stdout]   44:     0x55a0d779f605 - <alloc::boxed::Box<F,A> as core::ops::function::FnOnce<Args>>::call_once::h6ba4a5de48dd2304
[INFO] [stdout]                                at /rustc/82e1608dfa6e0b5569232559e3d385fea5a93112/library/alloc/src/boxed.rs:2007:9
[INFO] [stdout]   45:     0x55a0d779f605 - std::sys::unix::thread::Thread::new::thread_start::he469335aef763e45
[INFO] [stdout]                                at /rustc/82e1608dfa6e0b5569232559e3d385fea5a93112/library/std/src/sys/unix/thread.rs:108:17
[INFO] [stdout]   46:     0x7f1a26a50ac3 - <unknown>
[INFO] [stdout]   47:     0x7f1a26ae1bf4 - __clone
[INFO] [stdout]   48:                0x0 - <unknown>
[INFO] [stdout] 
[INFO] [stdout] 
[INFO] [stdout] failures:
[INFO] [stdout]     test::program_tests
[INFO] [stdout] 
[INFO] [stdout] test result: FAILED. 0 passed; 1 failed; 0 ignored; 0 measured; 0 filtered out; finished in 0.02s
[INFO] [stdout] 
[INFO] [stderr] error: test failed, to rerun pass `-p sylt --lib`
[INFO] running `Command { std: "docker" "inspect" "d7c73bdec0433cb29d01c5f214f259ab507a8482fd2ebfd15d1262c5e9fe4e84", kill_on_drop: false }`
[INFO] running `Command { std: "docker" "rm" "-f" "d7c73bdec0433cb29d01c5f214f259ab507a8482fd2ebfd15d1262c5e9fe4e84", kill_on_drop: false }`
[INFO] [stdout] d7c73bdec0433cb29d01c5f214f259ab507a8482fd2ebfd15d1262c5e9fe4e84
