[INFO] cloning repository https://github.com/Fourier2718281828/rust_parser_mine
[INFO] running `Command { std: "git" "-c" "credential.helper=" "-c" "credential.helper=/workspace/cargo-home/bin/git-credential-null" "clone" "--bare" "https://github.com/Fourier2718281828/rust_parser_mine" "/workspace/cache/git-repos/https%3A%2F%2Fgithub.com%2FFourier2718281828%2Frust_parser_mine", kill_on_drop: false }`
[INFO] [stderr] Cloning into bare repository '/workspace/cache/git-repos/https%3A%2F%2Fgithub.com%2FFourier2718281828%2Frust_parser_mine'...
[INFO] running `Command { std: "git" "rev-parse" "HEAD", kill_on_drop: false }`
[INFO] [stdout] dfe5e6c622df79fbdfe9d929b60aefda611dc00c
[INFO] testing Fourier2718281828/rust_parser_mine against 1.75.0 for beta-1.76-1
[INFO] running `Command { std: "git" "clone" "/workspace/cache/git-repos/https%3A%2F%2Fgithub.com%2FFourier2718281828%2Frust_parser_mine" "/workspace/builds/worker-0-tc1/source", kill_on_drop: false }`
[INFO] [stderr] Cloning into '/workspace/builds/worker-0-tc1/source'...
[INFO] [stderr] done.
[INFO] validating manifest of git repo https://github.com/Fourier2718281828/rust_parser_mine on toolchain 1.75.0
[INFO] running `Command { std: CARGO_HOME="/workspace/cargo-home" RUSTUP_HOME="/workspace/rustup-home" "/workspace/cargo-home/bin/cargo" "+1.75.0" "metadata" "--manifest-path" "Cargo.toml" "--no-deps", kill_on_drop: false }`
[INFO] started tweaking git repo https://github.com/Fourier2718281828/rust_parser_mine
[INFO] finished tweaking git repo https://github.com/Fourier2718281828/rust_parser_mine
[INFO] tweaked toml for git repo https://github.com/Fourier2718281828/rust_parser_mine written to /workspace/builds/worker-0-tc1/source/Cargo.toml
[INFO] crate git repo https://github.com/Fourier2718281828/rust_parser_mine already has a lockfile, it will not be regenerated
[INFO] running `Command { std: CARGO_HOME="/workspace/cargo-home" RUSTUP_HOME="/workspace/rustup-home" "/workspace/cargo-home/bin/cargo" "+1.75.0" "fetch" "--manifest-path" "Cargo.toml", kill_on_drop: false }`
[INFO] running `Command { std: "docker" "create" "-v" "/var/lib/crater-agent-workspace/builds/worker-0-tc1/target:/opt/rustwide/target:rw,Z" "-v" "/var/lib/crater-agent-workspace/builds/worker-0-tc1/source:/opt/rustwide/workdir:ro,Z" "-v" "/var/lib/crater-agent-workspace/cargo-home:/opt/rustwide/cargo-home:ro,Z" "-v" "/var/lib/crater-agent-workspace/rustup-home:/opt/rustwide/rustup-home:ro,Z" "-e" "SOURCE_DIR=/opt/rustwide/workdir" "-e" "CARGO_TARGET_DIR=/opt/rustwide/target" "-e" "CARGO_HOME=/opt/rustwide/cargo-home" "-e" "RUSTUP_HOME=/opt/rustwide/rustup-home" "-w" "/opt/rustwide/workdir" "-m" "1610612736" "--user" "0:0" "--network" "none" "ghcr.io/rust-lang/crates-build-env/linux@sha256:2788e3201cd34a07e3172128adcd8b3090168a8e3bcc40d7c032b9dda1df7d1c" "/opt/rustwide/cargo-home/bin/cargo" "+1.75.0" "metadata" "--no-deps" "--format-version=1", kill_on_drop: false }`
[INFO] [stdout] cc036f65769cd5a9d3f0bc78efd275895b588c032c8c2f504c024c4a2ae34ffe
[INFO] running `Command { std: "docker" "start" "-a" "cc036f65769cd5a9d3f0bc78efd275895b588c032c8c2f504c024c4a2ae34ffe", kill_on_drop: false }`
[INFO] running `Command { std: "docker" "inspect" "cc036f65769cd5a9d3f0bc78efd275895b588c032c8c2f504c024c4a2ae34ffe", kill_on_drop: false }`
[INFO] running `Command { std: "docker" "rm" "-f" "cc036f65769cd5a9d3f0bc78efd275895b588c032c8c2f504c024c4a2ae34ffe", kill_on_drop: false }`
[INFO] [stdout] cc036f65769cd5a9d3f0bc78efd275895b588c032c8c2f504c024c4a2ae34ffe
[INFO] running `Command { std: "docker" "create" "-v" "/var/lib/crater-agent-workspace/builds/worker-0-tc1/target:/opt/rustwide/target:rw,Z" "-v" "/var/lib/crater-agent-workspace/builds/worker-0-tc1/source:/opt/rustwide/workdir:ro,Z" "-v" "/var/lib/crater-agent-workspace/cargo-home:/opt/rustwide/cargo-home:ro,Z" "-v" "/var/lib/crater-agent-workspace/rustup-home:/opt/rustwide/rustup-home:ro,Z" "-e" "SOURCE_DIR=/opt/rustwide/workdir" "-e" "CARGO_TARGET_DIR=/opt/rustwide/target" "-e" "CARGO_INCREMENTAL=0" "-e" "RUST_BACKTRACE=full" "-e" "RUSTFLAGS=--cap-lints=warn" "-e" "RUSTDOCFLAGS=--cap-lints=warn" "-e" "CARGO_HOME=/opt/rustwide/cargo-home" "-e" "RUSTUP_HOME=/opt/rustwide/rustup-home" "-w" "/opt/rustwide/workdir" "-m" "1610612736" "--user" "0:0" "--network" "none" "ghcr.io/rust-lang/crates-build-env/linux@sha256:2788e3201cd34a07e3172128adcd8b3090168a8e3bcc40d7c032b9dda1df7d1c" "/opt/rustwide/cargo-home/bin/cargo" "+1.75.0" "build" "--frozen" "--message-format=json", kill_on_drop: false }`
[INFO] [stdout] 7cddeb22dd2f80526a7f843f6442ae1c2f60c8b36986ac9c902d4f169dc54993
[INFO] running `Command { std: "docker" "start" "-a" "7cddeb22dd2f80526a7f843f6442ae1c2f60c8b36986ac9c902d4f169dc54993", kill_on_drop: false }`
[INFO] [stderr]    Compiling proc-macro2 v1.0.69
[INFO] [stderr]    Compiling unicode-ident v1.0.12
[INFO] [stderr]    Compiling thiserror v1.0.50
[INFO] [stderr]    Compiling ucd-trie v0.1.6
[INFO] [stderr]    Compiling memchr v2.6.4
[INFO] [stderr]    Compiling utf8parse v0.2.1
[INFO] [stderr]    Compiling anstyle v1.0.4
[INFO] [stderr]    Compiling once_cell v1.18.0
[INFO] [stderr]    Compiling anstyle-query v1.0.0
[INFO] [stderr]    Compiling colorchoice v1.0.0
[INFO] [stderr]    Compiling anyhow v1.0.75
[INFO] [stderr]    Compiling strsim v0.10.0
[INFO] [stderr]    Compiling clap_lex v0.6.0
[INFO] [stderr]    Compiling anstyle-parse v0.2.2
[INFO] [stderr]    Compiling anstream v0.6.4
[INFO] [stderr]    Compiling clap_builder v4.4.7
[INFO] [stderr]    Compiling quote v1.0.33
[INFO] [stderr]    Compiling syn v2.0.39
[INFO] [stderr]    Compiling clap v4.4.7
[INFO] [stderr]    Compiling thiserror-impl v1.0.50
[INFO] [stderr]    Compiling pest v2.7.5
[INFO] [stderr]    Compiling pest_meta v2.7.5
[INFO] [stderr]    Compiling pest_generator v2.7.5
[INFO] [stderr]    Compiling pest_derive v2.7.5
[INFO] [stderr]    Compiling chord_mapper v0.1.2 (/opt/rustwide/workdir)
[INFO] [stderr]     Finished dev [unoptimized + debuginfo] target(s) in 5.68s
[INFO] running `Command { std: "docker" "inspect" "7cddeb22dd2f80526a7f843f6442ae1c2f60c8b36986ac9c902d4f169dc54993", kill_on_drop: false }`
[INFO] running `Command { std: "docker" "rm" "-f" "7cddeb22dd2f80526a7f843f6442ae1c2f60c8b36986ac9c902d4f169dc54993", kill_on_drop: false }`
[INFO] [stdout] 7cddeb22dd2f80526a7f843f6442ae1c2f60c8b36986ac9c902d4f169dc54993
[INFO] running `Command { std: "docker" "create" "-v" "/var/lib/crater-agent-workspace/builds/worker-0-tc1/target:/opt/rustwide/target:rw,Z" "-v" "/var/lib/crater-agent-workspace/builds/worker-0-tc1/source:/opt/rustwide/workdir:ro,Z" "-v" "/var/lib/crater-agent-workspace/cargo-home:/opt/rustwide/cargo-home:ro,Z" "-v" "/var/lib/crater-agent-workspace/rustup-home:/opt/rustwide/rustup-home:ro,Z" "-e" "SOURCE_DIR=/opt/rustwide/workdir" "-e" "CARGO_TARGET_DIR=/opt/rustwide/target" "-e" "CARGO_INCREMENTAL=0" "-e" "RUST_BACKTRACE=full" "-e" "RUSTFLAGS=--cap-lints=warn" "-e" "RUSTDOCFLAGS=--cap-lints=warn" "-e" "CARGO_HOME=/opt/rustwide/cargo-home" "-e" "RUSTUP_HOME=/opt/rustwide/rustup-home" "-w" "/opt/rustwide/workdir" "-m" "1610612736" "--user" "0:0" "--network" "none" "ghcr.io/rust-lang/crates-build-env/linux@sha256:2788e3201cd34a07e3172128adcd8b3090168a8e3bcc40d7c032b9dda1df7d1c" "/opt/rustwide/cargo-home/bin/cargo" "+1.75.0" "test" "--frozen" "--no-run" "--message-format=json", kill_on_drop: false }`
[INFO] [stdout] 221c9d9ee486df46839cddebfcd573be9f29749dfabfb803e0f48d3d0264ce53
[INFO] running `Command { std: "docker" "start" "-a" "221c9d9ee486df46839cddebfcd573be9f29749dfabfb803e0f48d3d0264ce53", kill_on_drop: false }`
[INFO] [stderr]    Compiling chord_mapper v0.1.2 (/opt/rustwide/workdir)
[INFO] [stderr]     Finished test [unoptimized + debuginfo] target(s) in 0.42s
[INFO] running `Command { std: "docker" "inspect" "221c9d9ee486df46839cddebfcd573be9f29749dfabfb803e0f48d3d0264ce53", kill_on_drop: false }`
[INFO] running `Command { std: "docker" "rm" "-f" "221c9d9ee486df46839cddebfcd573be9f29749dfabfb803e0f48d3d0264ce53", kill_on_drop: false }`
[INFO] [stdout] 221c9d9ee486df46839cddebfcd573be9f29749dfabfb803e0f48d3d0264ce53
[INFO] running `Command { std: "docker" "create" "-v" "/var/lib/crater-agent-workspace/builds/worker-0-tc1/target:/opt/rustwide/target:rw,Z" "-v" "/var/lib/crater-agent-workspace/builds/worker-0-tc1/source:/opt/rustwide/workdir:ro,Z" "-v" "/var/lib/crater-agent-workspace/cargo-home:/opt/rustwide/cargo-home:ro,Z" "-v" "/var/lib/crater-agent-workspace/rustup-home:/opt/rustwide/rustup-home:ro,Z" "-e" "SOURCE_DIR=/opt/rustwide/workdir" "-e" "CARGO_TARGET_DIR=/opt/rustwide/target" "-e" "CARGO_INCREMENTAL=0" "-e" "RUST_BACKTRACE=full" "-e" "RUSTFLAGS=--cap-lints=warn" "-e" "RUSTDOCFLAGS=--cap-lints=warn" "-e" "CARGO_HOME=/opt/rustwide/cargo-home" "-e" "RUSTUP_HOME=/opt/rustwide/rustup-home" "-w" "/opt/rustwide/workdir" "-m" "1610612736" "--user" "0:0" "--network" "none" "ghcr.io/rust-lang/crates-build-env/linux@sha256:2788e3201cd34a07e3172128adcd8b3090168a8e3bcc40d7c032b9dda1df7d1c" "/opt/rustwide/cargo-home/bin/cargo" "+1.75.0" "test" "--frozen", kill_on_drop: false }`
[INFO] [stdout] 2e0a37b8d5d66882c510f4f8d8650283ee62a1467603c3e0df0f04f02db38298
[INFO] running `Command { std: "docker" "start" "-a" "2e0a37b8d5d66882c510f4f8d8650283ee62a1467603c3e0df0f04f02db38298", kill_on_drop: false }`
[INFO] [stderr]     Finished test [unoptimized + debuginfo] target(s) in 0.02s
[INFO] [stderr]      Running unittests src/lib.rs (/opt/rustwide/target/debug/deps/chord_mapper-c73265b3cc2bde76)
[INFO] [stdout] 
[INFO] [stdout] running 0 tests
[INFO] [stdout] 
[INFO] [stdout] test result: ok. 0 passed; 0 failed; 0 ignored; 0 measured; 0 filtered out; finished in 0.00s
[INFO] [stdout] 
[INFO] [stderr]      Running unittests src/main.rs (/opt/rustwide/target/debug/deps/chord_mapper-7536e3e0dc3349c1)
[INFO] [stdout] 
[INFO] [stdout] running 0 tests
[INFO] [stdout] 
[INFO] [stdout] test result: ok. 0 passed; 0 failed; 0 ignored; 0 measured; 0 filtered out; finished in 0.00s
[INFO] [stdout] 
[INFO] [stderr]      Running tests/chord_mapping_test.rs (/opt/rustwide/target/debug/deps/chord_mapping_test-044a582cb40ac9be)
[INFO] [stdout] 
[INFO] [stdout] running 2 tests
[INFO] [stdout] test minor_chord_mapping_test ... ok
[INFO] [stdout] test major_chord_mapping_test ... ok
[INFO] [stdout] 
[INFO] [stdout] test result: ok. 2 passed; 0 failed; 0 ignored; 0 measured; 0 filtered out; finished in 0.00s
[INFO] [stdout] 
[INFO] [stderr]      Running tests/grammat_test.rs (/opt/rustwide/target/debug/deps/grammat_test-ddefed48b0527edb)
[INFO] [stdout] 
[INFO] [stdout] running 18 tests
[INFO] [stdout] test bare_notes_test ... ok
[INFO] [stdout] test chord_test ... ok
[INFO] [stdout] test delimitor_test ... ok
[INFO] [stdout] test flatted_notes_test ... ok
[INFO] [stdout] test major_chord_test ... ok
[INFO] [stdout] test minor_chord_test ... ok
[INFO] [stdout] test non_bare_notes_test ... ok
[INFO] [stdout] test non_chord_test ... ok
[INFO] [stdout] test non_delimitor_test ... ok
[INFO] [stdout] test non_flattable_notes_test ... ok
[INFO] [stdout] test non_major_chord_test ... ok
[INFO] [stdout] test non_minor_chord_test ... ok
[INFO] [stdout] test non_root_test ... ok
[INFO] [stdout] test non_sharpable_notes_test ... ok
[INFO] [stdout] test non_tonic_test ... ok
[INFO] [stdout] test root_test ... ok
[INFO] [stdout] test sharped_notes_test ... ok
[INFO] [stdout] test tonic_test ... ok
[INFO] [stdout] 
[INFO] [stdout] test result: ok. 18 passed; 0 failed; 0 ignored; 0 measured; 0 filtered out; finished in 0.00s
[INFO] [stdout] 
[INFO] [stderr]    Doc-tests chord_mapper
[INFO] [stdout] 
[INFO] [stdout] running 2 tests
[INFO] [stdout] test src/lib.rs - (line 58) ... FAILED
[INFO] [stdout] test src/lib.rs - (line 7) ... FAILED
[INFO] [stdout] 
[INFO] [stdout] failures:
[INFO] [stdout] 
[INFO] [stdout] ---- src/lib.rs - (line 58) stdout ----
[INFO] [stdout] error[E0432]: unresolved import `my_chord_library`
[INFO] [stdout]  --> src/lib.rs:59:5
[INFO] [stdout]   |
[INFO] [stdout] 3 | use my_chord_library::{Note, Chord};
[INFO] [stdout]   |     ^^^^^^^^^^^^^^^^ use of undeclared crate or module `my_chord_library`
[INFO] [stdout] 
[INFO] [stdout] error: aborting due to previous error
[INFO] [stdout] 
[INFO] [stdout] For more information about this error, try `rustc --explain E0432`.
[INFO] [stdout] Couldn't compile the test.
[INFO] [stdout] ---- src/lib.rs - (line 7) stdout ----
[INFO] [stdout] error[E0432]: unresolved import `my_chord_library`
[INFO] [stdout]  --> src/lib.rs:8:5
[INFO] [stdout]   |
[INFO] [stdout] 3 | use my_chord_library::{Note, Chord, parse_root};
[INFO] [stdout]   |     ^^^^^^^^^^^^^^^^ use of undeclared crate or module `my_chord_library`
[INFO] [stdout] 
[INFO] [stdout] error[E0425]: cannot find function `map_chord_to_notes` in this scope
[INFO] [stdout]  --> src/lib.rs:14:13
[INFO] [stdout]   |
[INFO] [stdout] 9 | let notes = map_chord_to_notes(chord);
[INFO] [stdout]   |             ^^^^^^^^^^^^^^^^^^ not found in this scope
[INFO] [stdout]   |
[INFO] [stdout] help: consider importing this function
[INFO] [stdout]   |
[INFO] [stdout] 2 + use chord_mapper::map_chord_to_notes;
[INFO] [stdout]   |
[INFO] [stdout] 
[INFO] [stdout] error: aborting due to 2 previous errors
[INFO] [stdout] 
[INFO] [stdout] Some errors have detailed explanations: E0425, E0432.
[INFO] [stdout] For more information about an error, try `rustc --explain E0425`.
[INFO] [stdout] Couldn't compile the test.
[INFO] [stdout] 
[INFO] [stdout] failures:
[INFO] [stdout]     src/lib.rs - (line 58)
[INFO] [stdout]     src/lib.rs - (line 7)
[INFO] [stdout] 
[INFO] [stdout] test result: FAILED. 0 passed; 2 failed; 0 ignored; 0 measured; 0 filtered out; finished in 0.04s
[INFO] [stdout] 
[INFO] [stderr] error: doctest failed, to rerun pass `--doc`
[INFO] running `Command { std: "docker" "inspect" "2e0a37b8d5d66882c510f4f8d8650283ee62a1467603c3e0df0f04f02db38298", kill_on_drop: false }`
[INFO] running `Command { std: "docker" "rm" "-f" "2e0a37b8d5d66882c510f4f8d8650283ee62a1467603c3e0df0f04f02db38298", kill_on_drop: false }`
[INFO] [stdout] 2e0a37b8d5d66882c510f4f8d8650283ee62a1467603c3e0df0f04f02db38298
[INFO] testing Fourier2718281828/rust_parser_mine against beta-2023-12-22 for beta-1.76-1
[INFO] running `Command { std: "git" "clone" "/workspace/cache/git-repos/https%3A%2F%2Fgithub.com%2FFourier2718281828%2Frust_parser_mine" "/workspace/builds/worker-0-tc2/source", kill_on_drop: false }`
[INFO] [stderr] Cloning into '/workspace/builds/worker-0-tc2/source'...
[INFO] [stderr] done.
[INFO] validating manifest of git repo https://github.com/Fourier2718281828/rust_parser_mine on toolchain beta-2023-12-22
[INFO] running `Command { std: CARGO_HOME="/workspace/cargo-home" RUSTUP_HOME="/workspace/rustup-home" "/workspace/cargo-home/bin/cargo" "+beta-2023-12-22" "metadata" "--manifest-path" "Cargo.toml" "--no-deps", kill_on_drop: false }`
[INFO] started tweaking git repo https://github.com/Fourier2718281828/rust_parser_mine
[INFO] finished tweaking git repo https://github.com/Fourier2718281828/rust_parser_mine
[INFO] tweaked toml for git repo https://github.com/Fourier2718281828/rust_parser_mine written to /workspace/builds/worker-0-tc2/source/Cargo.toml
[INFO] crate git repo https://github.com/Fourier2718281828/rust_parser_mine already has a lockfile, it will not be regenerated
[INFO] running `Command { std: CARGO_HOME="/workspace/cargo-home" RUSTUP_HOME="/workspace/rustup-home" "/workspace/cargo-home/bin/cargo" "+beta-2023-12-22" "fetch" "--manifest-path" "Cargo.toml", kill_on_drop: false }`
[INFO] running `Command { std: "docker" "create" "-v" "/var/lib/crater-agent-workspace/builds/worker-0-tc2/target:/opt/rustwide/target:rw,Z" "-v" "/var/lib/crater-agent-workspace/builds/worker-0-tc2/source:/opt/rustwide/workdir:ro,Z" "-v" "/var/lib/crater-agent-workspace/cargo-home:/opt/rustwide/cargo-home:ro,Z" "-v" "/var/lib/crater-agent-workspace/rustup-home:/opt/rustwide/rustup-home:ro,Z" "-e" "SOURCE_DIR=/opt/rustwide/workdir" "-e" "CARGO_TARGET_DIR=/opt/rustwide/target" "-e" "CARGO_HOME=/opt/rustwide/cargo-home" "-e" "RUSTUP_HOME=/opt/rustwide/rustup-home" "-w" "/opt/rustwide/workdir" "-m" "1610612736" "--user" "0:0" "--network" "none" "ghcr.io/rust-lang/crates-build-env/linux@sha256:2788e3201cd34a07e3172128adcd8b3090168a8e3bcc40d7c032b9dda1df7d1c" "/opt/rustwide/cargo-home/bin/cargo" "+beta-2023-12-22" "metadata" "--no-deps" "--format-version=1", kill_on_drop: false }`
[INFO] [stdout] bb8acf388e9c43c5d8c5d3e139777c0e393025b440c5beb179b7d27efc638d99
[INFO] running `Command { std: "docker" "start" "-a" "bb8acf388e9c43c5d8c5d3e139777c0e393025b440c5beb179b7d27efc638d99", kill_on_drop: false }`
[INFO] running `Command { std: "docker" "inspect" "bb8acf388e9c43c5d8c5d3e139777c0e393025b440c5beb179b7d27efc638d99", kill_on_drop: false }`
[INFO] running `Command { std: "docker" "rm" "-f" "bb8acf388e9c43c5d8c5d3e139777c0e393025b440c5beb179b7d27efc638d99", kill_on_drop: false }`
[INFO] [stdout] bb8acf388e9c43c5d8c5d3e139777c0e393025b440c5beb179b7d27efc638d99
[INFO] running `Command { std: "docker" "create" "-v" "/var/lib/crater-agent-workspace/builds/worker-0-tc2/target:/opt/rustwide/target:rw,Z" "-v" "/var/lib/crater-agent-workspace/builds/worker-0-tc2/source:/opt/rustwide/workdir:ro,Z" "-v" "/var/lib/crater-agent-workspace/cargo-home:/opt/rustwide/cargo-home:ro,Z" "-v" "/var/lib/crater-agent-workspace/rustup-home:/opt/rustwide/rustup-home:ro,Z" "-e" "SOURCE_DIR=/opt/rustwide/workdir" "-e" "CARGO_TARGET_DIR=/opt/rustwide/target" "-e" "CARGO_INCREMENTAL=0" "-e" "RUST_BACKTRACE=full" "-e" "RUSTFLAGS=--cap-lints=warn" "-e" "RUSTDOCFLAGS=--cap-lints=warn" "-e" "CARGO_HOME=/opt/rustwide/cargo-home" "-e" "RUSTUP_HOME=/opt/rustwide/rustup-home" "-w" "/opt/rustwide/workdir" "-m" "1610612736" "--user" "0:0" "--network" "none" "ghcr.io/rust-lang/crates-build-env/linux@sha256:2788e3201cd34a07e3172128adcd8b3090168a8e3bcc40d7c032b9dda1df7d1c" "/opt/rustwide/cargo-home/bin/cargo" "+beta-2023-12-22" "build" "--frozen" "--message-format=json", kill_on_drop: false }`
[INFO] [stdout] 0b3e1cafb04ee7da8be7817bc2871bd86fbec51a3bc695eeb99998a99bd3421d
[INFO] running `Command { std: "docker" "start" "-a" "0b3e1cafb04ee7da8be7817bc2871bd86fbec51a3bc695eeb99998a99bd3421d", kill_on_drop: false }`
[INFO] [stderr]    Compiling proc-macro2 v1.0.69
[INFO] [stderr]    Compiling unicode-ident v1.0.12
[INFO] [stderr]    Compiling thiserror v1.0.50
[INFO] [stderr]    Compiling utf8parse v0.2.1
[INFO] [stderr]    Compiling memchr v2.6.4
[INFO] [stderr]    Compiling ucd-trie v0.1.6
[INFO] [stderr]    Compiling once_cell v1.18.0
[INFO] [stderr]    Compiling anstyle v1.0.4
[INFO] [stderr]    Compiling anstyle-query v1.0.0
[INFO] [stderr]    Compiling colorchoice v1.0.0
[INFO] [stderr]    Compiling strsim v0.10.0
[INFO] [stderr]    Compiling anyhow v1.0.75
[INFO] [stderr]    Compiling clap_lex v0.6.0
[INFO] [stderr]    Compiling anstyle-parse v0.2.2
[INFO] [stderr]    Compiling anstream v0.6.4
[INFO] [stderr]    Compiling clap_builder v4.4.7
[INFO] [stderr]    Compiling quote v1.0.33
[INFO] [stderr]    Compiling syn v2.0.39
[INFO] [stderr]    Compiling clap v4.4.7
[INFO] [stderr]    Compiling thiserror-impl v1.0.50
[INFO] [stderr]    Compiling pest v2.7.5
[INFO] [stderr]    Compiling pest_meta v2.7.5
[INFO] [stderr]    Compiling pest_generator v2.7.5
[INFO] [stderr]    Compiling pest_derive v2.7.5
[INFO] [stderr]    Compiling chord_mapper v0.1.2 (/opt/rustwide/workdir)
[INFO] [stderr]     Finished dev [unoptimized + debuginfo] target(s) in 5.84s
[INFO] running `Command { std: "docker" "inspect" "0b3e1cafb04ee7da8be7817bc2871bd86fbec51a3bc695eeb99998a99bd3421d", kill_on_drop: false }`
[INFO] running `Command { std: "docker" "rm" "-f" "0b3e1cafb04ee7da8be7817bc2871bd86fbec51a3bc695eeb99998a99bd3421d", kill_on_drop: false }`
[INFO] [stdout] 0b3e1cafb04ee7da8be7817bc2871bd86fbec51a3bc695eeb99998a99bd3421d
[INFO] running `Command { std: "docker" "create" "-v" "/var/lib/crater-agent-workspace/builds/worker-0-tc2/target:/opt/rustwide/target:rw,Z" "-v" "/var/lib/crater-agent-workspace/builds/worker-0-tc2/source:/opt/rustwide/workdir:ro,Z" "-v" "/var/lib/crater-agent-workspace/cargo-home:/opt/rustwide/cargo-home:ro,Z" "-v" "/var/lib/crater-agent-workspace/rustup-home:/opt/rustwide/rustup-home:ro,Z" "-e" "SOURCE_DIR=/opt/rustwide/workdir" "-e" "CARGO_TARGET_DIR=/opt/rustwide/target" "-e" "CARGO_INCREMENTAL=0" "-e" "RUST_BACKTRACE=full" "-e" "RUSTFLAGS=--cap-lints=warn" "-e" "RUSTDOCFLAGS=--cap-lints=warn" "-e" "CARGO_HOME=/opt/rustwide/cargo-home" "-e" "RUSTUP_HOME=/opt/rustwide/rustup-home" "-w" "/opt/rustwide/workdir" "-m" "1610612736" "--user" "0:0" "--network" "none" "ghcr.io/rust-lang/crates-build-env/linux@sha256:2788e3201cd34a07e3172128adcd8b3090168a8e3bcc40d7c032b9dda1df7d1c" "/opt/rustwide/cargo-home/bin/cargo" "+beta-2023-12-22" "test" "--frozen" "--no-run" "--message-format=json", kill_on_drop: false }`
[INFO] [stdout] de32458c24dcb6d785f0c6917d8ac437bebb579a93929011bcd953d32e9f9893
[INFO] running `Command { std: "docker" "start" "-a" "de32458c24dcb6d785f0c6917d8ac437bebb579a93929011bcd953d32e9f9893", kill_on_drop: false }`
[INFO] [stderr]    Compiling chord_mapper v0.1.2 (/opt/rustwide/workdir)
[INFO] [stderr]     Finished test [unoptimized + debuginfo] target(s) in 0.43s
[INFO] running `Command { std: "docker" "inspect" "de32458c24dcb6d785f0c6917d8ac437bebb579a93929011bcd953d32e9f9893", kill_on_drop: false }`
[INFO] running `Command { std: "docker" "rm" "-f" "de32458c24dcb6d785f0c6917d8ac437bebb579a93929011bcd953d32e9f9893", kill_on_drop: false }`
[INFO] [stdout] de32458c24dcb6d785f0c6917d8ac437bebb579a93929011bcd953d32e9f9893
[INFO] running `Command { std: "docker" "create" "-v" "/var/lib/crater-agent-workspace/builds/worker-0-tc2/target:/opt/rustwide/target:rw,Z" "-v" "/var/lib/crater-agent-workspace/builds/worker-0-tc2/source:/opt/rustwide/workdir:ro,Z" "-v" "/var/lib/crater-agent-workspace/cargo-home:/opt/rustwide/cargo-home:ro,Z" "-v" "/var/lib/crater-agent-workspace/rustup-home:/opt/rustwide/rustup-home:ro,Z" "-e" "SOURCE_DIR=/opt/rustwide/workdir" "-e" "CARGO_TARGET_DIR=/opt/rustwide/target" "-e" "CARGO_INCREMENTAL=0" "-e" "RUST_BACKTRACE=full" "-e" "RUSTFLAGS=--cap-lints=warn" "-e" "RUSTDOCFLAGS=--cap-lints=warn" "-e" "CARGO_HOME=/opt/rustwide/cargo-home" "-e" "RUSTUP_HOME=/opt/rustwide/rustup-home" "-w" "/opt/rustwide/workdir" "-m" "1610612736" "--user" "0:0" "--network" "none" "ghcr.io/rust-lang/crates-build-env/linux@sha256:2788e3201cd34a07e3172128adcd8b3090168a8e3bcc40d7c032b9dda1df7d1c" "/opt/rustwide/cargo-home/bin/cargo" "+beta-2023-12-22" "test" "--frozen", kill_on_drop: false }`
[INFO] [stdout] 87cc37458566295a6f982861d1cccf719814b343d5015578e3b1ed019aca989c
[INFO] running `Command { std: "docker" "start" "-a" "87cc37458566295a6f982861d1cccf719814b343d5015578e3b1ed019aca989c", kill_on_drop: false }`
[INFO] [stderr]     Finished test [unoptimized + debuginfo] target(s) in 0.02s
[INFO] [stderr]      Running unittests src/lib.rs (/opt/rustwide/target/debug/deps/chord_mapper-00c8c0630f92319d)
[INFO] [stdout] 
[INFO] [stdout] running 0 tests
[INFO] [stdout] 
[INFO] [stdout] test result: ok. 0 passed; 0 failed; 0 ignored; 0 measured; 0 filtered out; finished in 0.00s
[INFO] [stdout] 
[INFO] [stderr]      Running unittests src/main.rs (/opt/rustwide/target/debug/deps/chord_mapper-e3c0b08d0885d9c7)
[INFO] [stdout] 
[INFO] [stdout] running 0 tests
[INFO] [stdout] 
[INFO] [stdout] test result: ok. 0 passed; 0 failed; 0 ignored; 0 measured; 0 filtered out; finished in 0.00s
[INFO] [stdout] 
[INFO] [stderr]      Running tests/chord_mapping_test.rs (/opt/rustwide/target/debug/deps/chord_mapping_test-c88df660a48f7db1)
[INFO] [stdout] 
[INFO] [stdout] running 2 tests
[INFO] [stdout] test major_chord_mapping_test ... ok
[INFO] [stdout] test minor_chord_mapping_test ... ok
[INFO] [stdout] 
[INFO] [stdout] test result: ok. 2 passed; 0 failed; 0 ignored; 0 measured; 0 filtered out; finished in 0.00s
[INFO] [stdout] 
[INFO] [stderr]      Running tests/grammat_test.rs (/opt/rustwide/target/debug/deps/grammat_test-8bd7d1fa89c89760)
[INFO] [stdout] 
[INFO] [stdout] running 18 tests
[INFO] [stdout] test delimitor_test ... ok
[INFO] [stdout] test bare_notes_test ... ok
[INFO] [stdout] test flatted_notes_test ... ok
[INFO] [stdout] test major_chord_test ... ok
[INFO] [stdout] test chord_test ... ok
[INFO] [stdout] test non_bare_notes_test ... ok
[INFO] [stdout] test minor_chord_test ... ok
[INFO] [stdout] test non_chord_test ... ok
[INFO] [stdout] test non_delimitor_test ... ok
[INFO] [stdout] test non_flattable_notes_test ... ok
[INFO] [stdout] test non_major_chord_test ... ok
[INFO] [stdout] test non_minor_chord_test ... ok
[INFO] [stdout] test non_root_test ... ok
[INFO] [stdout] test non_sharpable_notes_test ... ok
[INFO] [stdout] test non_tonic_test ... ok
[INFO] [stdout] test root_test ... ok
[INFO] [stdout] test sharped_notes_test ... ok
[INFO] [stdout] test tonic_test ... ok
[INFO] [stdout] 
[INFO] [stdout] test result: ok. 18 passed; 0 failed; 0 ignored; 0 measured; 0 filtered out; finished in 0.00s
[INFO] [stdout] 
[INFO] [stderr]    Doc-tests chord_mapper
[INFO] [stdout] 
[INFO] [stdout] running 2 tests
[INFO] [stdout] test src/lib.rs - (line 58) ... FAILED
[INFO] [stdout] test src/lib.rs - (line 7) ... FAILED
[INFO] [stdout] 
[INFO] [stdout] failures:
[INFO] [stdout] 
[INFO] [stdout] ---- src/lib.rs - (line 58) stdout ----
[INFO] [stdout] error[E0432]: unresolved import `my_chord_library`
[INFO] [stdout]  --> src/lib.rs:59:5
[INFO] [stdout]   |
[INFO] [stdout] 3 | use my_chord_library::{Note, Chord};
[INFO] [stdout]   |     ^^^^^^^^^^^^^^^^ use of undeclared crate or module `my_chord_library`
[INFO] [stdout] 
[INFO] [stdout] error: aborting due to 1 previous error
[INFO] [stdout] 
[INFO] [stdout] For more information about this error, try `rustc --explain E0432`.
[INFO] [stdout] Couldn't compile the test.
[INFO] [stdout] ---- src/lib.rs - (line 7) stdout ----
[INFO] [stdout] error[E0432]: unresolved import `my_chord_library`
[INFO] [stdout]  --> src/lib.rs:8:5
[INFO] [stdout]   |
[INFO] [stdout] 3 | use my_chord_library::{Note, Chord, parse_root};
[INFO] [stdout]   |     ^^^^^^^^^^^^^^^^ use of undeclared crate or module `my_chord_library`
[INFO] [stdout] 
[INFO] [stdout] error[E0425]: cannot find function `map_chord_to_notes` in this scope
[INFO] [stdout]  --> src/lib.rs:14:13
[INFO] [stdout]   |
[INFO] [stdout] 9 | let notes = map_chord_to_notes(chord);
[INFO] [stdout]   |             ^^^^^^^^^^^^^^^^^^ not found in this scope
[INFO] [stdout]   |
[INFO] [stdout] help: consider importing this function
[INFO] [stdout]   |
[INFO] [stdout] 2 + use chord_mapper::map_chord_to_notes;
[INFO] [stdout]   |
[INFO] [stdout] 
[INFO] [stdout] error: aborting due to 2 previous errors
[INFO] [stdout] 
[INFO] [stdout] Some errors have detailed explanations: E0425, E0432.
[INFO] [stdout] For more information about an error, try `rustc --explain E0425`.
[INFO] [stdout] Couldn't compile the test.
[INFO] [stdout] 
[INFO] [stdout] failures:
[INFO] [stdout]     src/lib.rs - (line 58)
[INFO] [stdout]     src/lib.rs - (line 7)
[INFO] [stdout] 
[INFO] [stdout] test result: FAILED. 0 passed; 2 failed; 0 ignored; 0 measured; 0 filtered out; finished in 0.04s
[INFO] [stdout] 
[INFO] [stderr] error: doctest failed, to rerun pass `--doc`
[INFO] running `Command { std: "docker" "inspect" "87cc37458566295a6f982861d1cccf719814b343d5015578e3b1ed019aca989c", kill_on_drop: false }`
[INFO] running `Command { std: "docker" "rm" "-f" "87cc37458566295a6f982861d1cccf719814b343d5015578e3b1ed019aca989c", kill_on_drop: false }`
[INFO] [stdout] 87cc37458566295a6f982861d1cccf719814b343d5015578e3b1ed019aca989c
