[INFO] cloning repository https://github.com/Forloski/email_sub
[INFO] running `Command { std: "git" "-c" "credential.helper=" "-c" "credential.helper=/workspace/cargo-home/bin/git-credential-null" "clone" "--bare" "https://github.com/Forloski/email_sub" "/workspace/cache/git-repos/https%3A%2F%2Fgithub.com%2FForloski%2Femail_sub", kill_on_drop: false }`
[INFO] [stderr] Cloning into bare repository '/workspace/cache/git-repos/https%3A%2F%2Fgithub.com%2FForloski%2Femail_sub'...
[INFO] running `Command { std: "git" "rev-parse" "HEAD", kill_on_drop: false }`
[INFO] [stdout] 369496dfe21c3a736043ee9b7223bbad0fe5e7d2
[INFO] testing Forloski/email_sub against 1.75.0 for beta-1.76-1
[INFO] running `Command { std: "git" "clone" "/workspace/cache/git-repos/https%3A%2F%2Fgithub.com%2FForloski%2Femail_sub" "/workspace/builds/worker-2-tc1/source", kill_on_drop: false }`
[INFO] [stderr] Cloning into '/workspace/builds/worker-2-tc1/source'...
[INFO] [stderr] done.
[INFO] validating manifest of git repo https://github.com/Forloski/email_sub on toolchain 1.75.0
[INFO] running `Command { std: CARGO_HOME="/workspace/cargo-home" RUSTUP_HOME="/workspace/rustup-home" "/workspace/cargo-home/bin/cargo" "+1.75.0" "metadata" "--manifest-path" "Cargo.toml" "--no-deps", kill_on_drop: false }`
[INFO] started tweaking git repo https://github.com/Forloski/email_sub
[INFO] finished tweaking git repo https://github.com/Forloski/email_sub
[INFO] tweaked toml for git repo https://github.com/Forloski/email_sub written to /workspace/builds/worker-2-tc1/source/Cargo.toml
[INFO] crate git repo https://github.com/Forloski/email_sub already has a lockfile, it will not be regenerated
[INFO] running `Command { std: CARGO_HOME="/workspace/cargo-home" RUSTUP_HOME="/workspace/rustup-home" "/workspace/cargo-home/bin/cargo" "+1.75.0" "fetch" "--manifest-path" "Cargo.toml", kill_on_drop: false }`
[INFO] [stderr]     Updating crates.io index
[INFO] [stderr]  Downloading crates ...
[INFO] [stderr]   Downloaded serde_derive v1.0.139
[INFO] [stderr]   Downloaded tls-api-test v0.7.0
[INFO] [stderr]   Downloaded tls-api-not-tls v0.7.0
[INFO] [stderr]   Downloaded tls-api v0.7.0
[INFO] [stderr]   Downloaded crypto-common v0.1.5
[INFO] [stderr]   Downloaded scram v0.6.0
[INFO] [stderr]   Downloaded trybuild v1.0.63
[INFO] [stderr]   Downloaded actix-http v3.2.1
[INFO] [stderr]   Downloaded serde v1.0.139
[INFO] [stderr]   Downloaded tls-api-rustls v0.7.0
[INFO] [stderr]   Downloaded edgedb-tokio v0.3.0
[INFO] [stderr]   Downloaded test-cert-gen v0.7.0
[INFO] [stderr]   Downloaded edgedb-derive v0.3.0
[INFO] [stderr]   Downloaded edgedb-derive v0.4.0
[INFO] [stderr]   Downloaded edgedb-errors v0.3.0
[INFO] [stderr]   Downloaded edgedb-protocol v0.4.0
[INFO] running `Command { std: "docker" "create" "-v" "/var/lib/crater-agent-workspace/builds/worker-2-tc1/target:/opt/rustwide/target:rw,Z" "-v" "/var/lib/crater-agent-workspace/builds/worker-2-tc1/source:/opt/rustwide/workdir:ro,Z" "-v" "/var/lib/crater-agent-workspace/cargo-home:/opt/rustwide/cargo-home:ro,Z" "-v" "/var/lib/crater-agent-workspace/rustup-home:/opt/rustwide/rustup-home:ro,Z" "-e" "SOURCE_DIR=/opt/rustwide/workdir" "-e" "CARGO_TARGET_DIR=/opt/rustwide/target" "-e" "CARGO_HOME=/opt/rustwide/cargo-home" "-e" "RUSTUP_HOME=/opt/rustwide/rustup-home" "-w" "/opt/rustwide/workdir" "-m" "1610612736" "--user" "0:0" "--network" "none" "ghcr.io/rust-lang/crates-build-env/linux@sha256:2788e3201cd34a07e3172128adcd8b3090168a8e3bcc40d7c032b9dda1df7d1c" "/opt/rustwide/cargo-home/bin/cargo" "+1.75.0" "metadata" "--no-deps" "--format-version=1", kill_on_drop: false }`
[INFO] [stdout] 53cdaeadcdfe3dfd963328cd056a3dd29cfe81a08aec3571385f9ea1b7eee281
[INFO] running `Command { std: "docker" "start" "-a" "53cdaeadcdfe3dfd963328cd056a3dd29cfe81a08aec3571385f9ea1b7eee281", kill_on_drop: false }`
[INFO] running `Command { std: "docker" "inspect" "53cdaeadcdfe3dfd963328cd056a3dd29cfe81a08aec3571385f9ea1b7eee281", kill_on_drop: false }`
[INFO] running `Command { std: "docker" "rm" "-f" "53cdaeadcdfe3dfd963328cd056a3dd29cfe81a08aec3571385f9ea1b7eee281", kill_on_drop: false }`
[INFO] [stdout] 53cdaeadcdfe3dfd963328cd056a3dd29cfe81a08aec3571385f9ea1b7eee281
[INFO] running `Command { std: "docker" "create" "-v" "/var/lib/crater-agent-workspace/builds/worker-2-tc1/target:/opt/rustwide/target:rw,Z" "-v" "/var/lib/crater-agent-workspace/builds/worker-2-tc1/source:/opt/rustwide/workdir:ro,Z" "-v" "/var/lib/crater-agent-workspace/cargo-home:/opt/rustwide/cargo-home:ro,Z" "-v" "/var/lib/crater-agent-workspace/rustup-home:/opt/rustwide/rustup-home:ro,Z" "-e" "SOURCE_DIR=/opt/rustwide/workdir" "-e" "CARGO_TARGET_DIR=/opt/rustwide/target" "-e" "CARGO_INCREMENTAL=0" "-e" "RUST_BACKTRACE=full" "-e" "RUSTFLAGS=--cap-lints=warn" "-e" "RUSTDOCFLAGS=--cap-lints=warn" "-e" "CARGO_HOME=/opt/rustwide/cargo-home" "-e" "RUSTUP_HOME=/opt/rustwide/rustup-home" "-w" "/opt/rustwide/workdir" "-m" "1610612736" "--user" "0:0" "--network" "none" "ghcr.io/rust-lang/crates-build-env/linux@sha256:2788e3201cd34a07e3172128adcd8b3090168a8e3bcc40d7c032b9dda1df7d1c" "/opt/rustwide/cargo-home/bin/cargo" "+1.75.0" "build" "--frozen" "--message-format=json", kill_on_drop: false }`
[INFO] [stdout] 1118d1fa5072e9e35e10ec959170874fc7d3dc021398ff802800ce6f3af3c3ff
[INFO] running `Command { std: "docker" "start" "-a" "1118d1fa5072e9e35e10ec959170874fc7d3dc021398ff802800ce6f3af3c3ff", kill_on_drop: false }`
[INFO] [stderr]    Compiling libc v0.2.126
[INFO] [stderr]    Compiling proc-macro2 v1.0.40
[INFO] [stderr]    Compiling quote v1.0.20
[INFO] [stderr]    Compiling unicode-ident v1.0.1
[INFO] [stderr]    Compiling syn v1.0.98
[INFO] [stderr]    Compiling once_cell v1.13.0
[INFO] [stderr]    Compiling log v0.4.17
[INFO] [stderr]    Compiling bytes v1.1.0
[INFO] [stderr]    Compiling memchr v2.5.0
[INFO] [stderr]    Compiling pin-project-lite v0.2.9
[INFO] [stderr]    Compiling regex-syntax v0.6.27
[INFO] [stderr]    Compiling itoa v1.0.2
[INFO] [stderr]    Compiling lock_api v0.4.7
[INFO] [stderr]    Compiling base64 v0.13.0
[INFO] [stderr]    Compiling version_check v0.9.4
[INFO] [stderr]    Compiling parking_lot_core v0.9.3
[INFO] [stderr]    Compiling smallvec v1.9.0
[INFO] [stderr]    Compiling spin v0.5.2
[INFO] [stderr]    Compiling untrusted v0.7.1
[INFO] [stderr]    Compiling futures-core v0.3.21
[INFO] [stderr]    Compiling serde_derive v1.0.139
[INFO] [stderr]    Compiling jobserver v0.1.24
[INFO] [stderr]    Compiling socket2 v0.4.4
[INFO] [stderr]    Compiling mio v0.8.4
[INFO] [stderr]    Compiling num_cpus v1.13.1
[INFO] [stderr]    Compiling cc v1.0.73
[INFO] [stderr]    Compiling signal-hook-registry v1.4.0
[INFO] [stderr]    Compiling parking_lot v0.12.1
[INFO] [stderr]    Compiling aho-corasick v0.7.18
[INFO] [stderr]    Compiling rand v0.4.6
[INFO] [stderr]    Compiling ryu v1.0.10
[INFO] [stderr]    Compiling termcolor v1.1.3
[INFO] [stderr]    Compiling remove_dir_all v0.5.3
[INFO] [stderr]    Compiling futures-task v0.3.21
[INFO] [stderr]    Compiling serde v1.0.139
[INFO] [stderr]    Compiling anyhow v1.0.58
[INFO] [stderr]    Compiling ring v0.16.20
[INFO] [stderr]    Compiling tempdir v0.3.7
[INFO] [stderr]    Compiling regex v1.6.0
[INFO] [stderr]    Compiling fnv v1.0.7
[INFO] [stderr]    Compiling http v0.2.8
[INFO] [stderr]    Compiling tracing-core v0.1.28
[INFO] [stderr]    Compiling futures-util v0.3.21
[INFO] [stderr]    Compiling pkg-config v0.3.25
[INFO] [stderr]    Compiling quick-error v1.2.3
[INFO] [stderr]    Compiling typenum v1.15.0
[INFO] [stderr]    Compiling humantime v1.3.0
[INFO] [stderr]    Compiling openssl-sys v0.9.75
[INFO] [stderr]    Compiling tracing v0.1.35
[INFO] [stderr]    Compiling atty v0.2.14
[INFO] [stderr]    Compiling generic-array v0.14.5
[INFO] [stderr]    Compiling pin-utils v0.1.0
[INFO] [stderr]    Compiling void v1.0.2
[INFO] [stderr]    Compiling futures-sink v0.3.21
[INFO] [stderr]    Compiling serde_json v1.0.82
[INFO] [stderr]    Compiling getrandom v0.2.7
[INFO] [stderr]    Compiling indexmap v1.9.1
[INFO] [stderr]    Compiling percent-encoding v2.1.0
[INFO] [stderr]    Compiling tls-api-test v0.7.0
[INFO] [stderr]    Compiling webpki v0.22.0
[INFO] [stderr]    Compiling pem v0.8.3
[INFO] [stderr]    Compiling zstd-sys v2.0.1+zstd.1.5.2
[INFO] [stderr]    Compiling matches v0.1.9
[INFO] [stderr]    Compiling untrusted v0.6.2
[INFO] [stderr]    Compiling hashbrown v0.12.2
[INFO] [stderr]    Compiling tinyvec_macros v0.1.0
[INFO] [stderr]    Compiling tokio-macros v1.8.0
[INFO] [stderr]    Compiling thiserror-impl v1.0.31
[INFO] [stderr]    Compiling httparse v1.7.1
[INFO] [stderr]    Compiling tinyvec v1.6.0
[INFO] [stderr]    Compiling rand_core v0.6.3
[INFO] [stderr]    Compiling tokio v1.19.2
[INFO] [stderr]    Compiling foreign-types-shared v0.1.1
[INFO] [stderr]    Compiling openssl v0.10.41
[INFO] [stderr]    Compiling openssl-probe v0.1.5
[INFO] [stderr]    Compiling slab v0.4.6
[INFO] [stderr]    Compiling rand_chacha v0.3.1
[INFO] [stderr]    Compiling foreign-types v0.3.2
[INFO] [stderr]    Compiling crypto-common v0.1.5
[INFO] [stderr]    Compiling unicode-normalization v0.1.21
[INFO] [stderr]    Compiling block-buffer v0.10.2
[INFO] [stderr]    Compiling openssl-macros v0.1.0
[INFO] [stderr]    Compiling form_urlencoded v1.0.1
[INFO] [stderr]    Compiling test-cert-gen v0.7.0
[INFO] [stderr]    Compiling thiserror v1.0.31
[INFO] [stderr]    Compiling env_logger v0.5.13
[INFO] [stderr]    Compiling bytestring v1.1.0
[INFO] [stderr]    Compiling num-traits v0.2.15
[INFO] [stderr]    Compiling encoding_rs v0.8.31
[INFO] [stderr]    Compiling unicode-bidi v0.3.8
[INFO] [stderr]    Compiling futures-channel v0.3.21
[INFO] [stderr]    Compiling native-tls v0.2.10
[INFO] [stderr]    Compiling local-waker v0.1.3
[INFO] [stderr]    Compiling doc-comment v0.3.3
[INFO] [stderr]    Compiling httpdate v1.0.2
[INFO] [stderr]    Compiling alloc-no-stdlib v2.0.3
[INFO] [stderr]    Compiling trybuild v1.0.63
[INFO] [stderr]    Compiling zstd-safe v5.0.2+zstd.1.5.2
[INFO] [stderr]    Compiling alloc-stdlib v0.2.1
[INFO] [stderr]    Compiling idna v0.2.3
[INFO] [stderr]    Compiling digest v0.10.3
[INFO] [stderr]    Compiling rand v0.8.5
[INFO] [stderr]    Compiling toml v0.5.9
[INFO] [stderr]    Compiling tls-api v0.7.0
[INFO] [stderr]    Compiling ahash v0.7.6
[INFO] [stderr]    Compiling cpufeatures v0.2.2
[INFO] [stderr]    Compiling heck v0.4.0
[INFO] [stderr]    Compiling tokio-util v0.7.3
[INFO] [stderr]    Compiling glob v0.3.0
[INFO] [stderr]    Compiling rustls v0.20.6
[INFO] [stderr]    Compiling h2 v0.3.13
[INFO] [stderr]    Compiling firestorm v0.5.1
[INFO] [stderr]    Compiling try-lock v0.2.3
[INFO] [stderr]    Compiling lexical-core v0.7.6
[INFO] [stderr]    Compiling paste v1.0.7
[INFO] [stderr]    Compiling want v0.3.0
[INFO] [stderr]    Compiling tls-api-rustls v0.7.0
[INFO] [stderr]    Compiling actix-service v2.0.2
[INFO] [stderr]    Compiling snafu-derive v0.7.1
[INFO] [stderr]    Compiling actix-rt v2.7.0
[INFO] [stderr]    Compiling sha1 v0.10.1
[INFO] [stderr]    Compiling miniz_oxide v0.5.3
[INFO] [stderr]    Compiling url v2.2.2
[INFO] [stderr]    Compiling brotli-decompressor v2.3.2
[INFO] [stderr]    Compiling actix-utils v3.0.0
[INFO] [stderr]    Compiling sct v0.7.0
[INFO] [stderr]    Compiling http-body v0.4.5
[INFO] [stderr]    Compiling nom v5.1.2
[INFO] [stderr]    Compiling cookie v0.16.0
[INFO] [stderr]    Compiling convert_case v0.4.0
[INFO] [stderr]    Compiling tower-service v0.3.2
[INFO] [stderr]    Compiling mime v0.3.16
[INFO] [stderr]    Compiling async-trait v0.1.56
[INFO] [stderr]    Compiling num_threads v0.1.6
[INFO] [stderr]    Compiling arrayvec v0.5.2
[INFO] [stderr]    Compiling static_assertions v1.1.0
[INFO] [stderr]    Compiling time-macros v0.2.4
[INFO] [stderr]    Compiling traitobject v0.1.0
[INFO] [stderr]    Compiling derive_more v0.99.17
[INFO] [stderr]    Compiling unsafe-any v0.4.2
[INFO] [stderr]    Compiling brotli v3.3.4
[INFO] [stderr]    Compiling hyper v0.14.20
[INFO] [stderr]    Compiling serde_urlencoded v0.7.1
[INFO] [stderr]    Compiling snafu v0.7.1
[INFO] [stderr]    Compiling flate2 v1.0.24
[INFO] [stderr]    Compiling num-traits v0.1.43
[INFO] [stderr]    Compiling tokio-native-tls v0.3.0
[INFO] [stderr]    Compiling actix-router v0.5.0
[INFO] [stderr]    Compiling actix-codec v0.5.0
[INFO] [stderr]    Compiling time v0.3.11
[INFO] [stderr]    Compiling local-channel v0.1.3
[INFO] [stderr]    Compiling webpki-roots v0.22.4
[INFO] [stderr]    Compiling dirs-sys v0.3.7
[INFO] [stderr]    Compiling rustls-pemfile v1.0.0
[INFO] [stderr]    Compiling edgedb-errors v0.3.0
[INFO] [stderr]    Compiling language-tags v0.3.2
[INFO] [stderr]    Compiling linked-hash-map v0.5.6
[INFO] [stderr]    Compiling serde v0.8.23
[INFO] [stderr]    Compiling uuid v1.1.2
[INFO] [stderr]    Compiling edgedb-protocol v0.4.0
[INFO] [stderr]    Compiling yaml-rust v0.4.5
[INFO] [stderr]    Compiling actix-web-codegen v4.0.1
[INFO] [stderr]    Compiling serde-hjson v0.9.1
[INFO] [stderr]    Compiling hyper-tls v0.5.0
[INFO] [stderr]    Compiling rustls-native-certs v0.6.2
[INFO] [stderr]    Compiling dirs v4.0.0
[INFO] [stderr]    Compiling typemap v0.3.3
[INFO] [stderr]    Compiling edgedb-derive v0.3.0
[INFO] [stderr]    Compiling actix-server v2.1.1
[INFO] [stderr]    Compiling tls-api-not-tls v0.7.0
[INFO] [stderr]    Compiling scram v0.6.0
[INFO] [stderr]    Compiling actix-macros v0.2.3
[INFO] [stderr]    Compiling rustls-pemfile v0.3.0
[INFO] [stderr]    Compiling ipnet v2.5.0
[INFO] [stderr]    Compiling base16ct v0.1.1
[INFO] [stderr]    Compiling rust-ini v0.13.0
[INFO] [stderr]    Compiling edgedb-tokio v0.3.0
[INFO] [stderr]    Compiling edgedb-derive v0.4.0
[INFO] [stderr]    Compiling reqwest v0.11.11
[INFO] [stderr]    Compiling config v0.11.0
[INFO] [stderr]    Compiling zstd v0.11.2+zstd.1.5.2
[INFO] [stderr]    Compiling actix-http v3.2.1
[INFO] [stderr]    Compiling actix-web v4.1.0
[INFO] [stderr]    Compiling email_sub v0.1.0 (/opt/rustwide/workdir)
[INFO] [stdout] warning: fields `name` and `email` are never read
[INFO] [stdout]  --> src/routes/subscriptions.rs:5:5
[INFO] [stdout]   |
[INFO] [stdout] 4 | pub struct FormData {
[INFO] [stdout]   |            -------- fields in this struct
[INFO] [stdout] 5 |     name: String,
[INFO] [stdout]   |     ^^^^
[INFO] [stdout] 6 |     email: String,
[INFO] [stdout]   |     ^^^^^
[INFO] [stdout]   |
[INFO] [stdout]   = note: `#[warn(dead_code)]` on by default
[INFO] [stdout] 
[INFO] [stdout] 
[INFO] [stdout] warning: 1 warning emitted
[INFO] [stdout] 
[INFO] [stdout] 
[INFO] [stderr]     Finished dev [unoptimized + debuginfo] target(s) in 3m 35s
[INFO] [stderr] warning: the following packages contain code that will be rejected by a future version of Rust: nom v5.1.2, traitobject v0.1.0
[INFO] [stderr] note: to see what the problems were, use the option `--future-incompat-report`, or run `cargo report future-incompatibilities --id 1`
[INFO] running `Command { std: "docker" "inspect" "1118d1fa5072e9e35e10ec959170874fc7d3dc021398ff802800ce6f3af3c3ff", kill_on_drop: false }`
[INFO] running `Command { std: "docker" "rm" "-f" "1118d1fa5072e9e35e10ec959170874fc7d3dc021398ff802800ce6f3af3c3ff", kill_on_drop: false }`
[INFO] [stdout] 1118d1fa5072e9e35e10ec959170874fc7d3dc021398ff802800ce6f3af3c3ff
[INFO] running `Command { std: "docker" "create" "-v" "/var/lib/crater-agent-workspace/builds/worker-2-tc1/target:/opt/rustwide/target:rw,Z" "-v" "/var/lib/crater-agent-workspace/builds/worker-2-tc1/source:/opt/rustwide/workdir:ro,Z" "-v" "/var/lib/crater-agent-workspace/cargo-home:/opt/rustwide/cargo-home:ro,Z" "-v" "/var/lib/crater-agent-workspace/rustup-home:/opt/rustwide/rustup-home:ro,Z" "-e" "SOURCE_DIR=/opt/rustwide/workdir" "-e" "CARGO_TARGET_DIR=/opt/rustwide/target" "-e" "CARGO_INCREMENTAL=0" "-e" "RUST_BACKTRACE=full" "-e" "RUSTFLAGS=--cap-lints=warn" "-e" "RUSTDOCFLAGS=--cap-lints=warn" "-e" "CARGO_HOME=/opt/rustwide/cargo-home" "-e" "RUSTUP_HOME=/opt/rustwide/rustup-home" "-w" "/opt/rustwide/workdir" "-m" "1610612736" "--user" "0:0" "--network" "none" "ghcr.io/rust-lang/crates-build-env/linux@sha256:2788e3201cd34a07e3172128adcd8b3090168a8e3bcc40d7c032b9dda1df7d1c" "/opt/rustwide/cargo-home/bin/cargo" "+1.75.0" "test" "--frozen" "--no-run" "--message-format=json", kill_on_drop: false }`
[INFO] [stdout] 4cad987f37dca5913fa43dc6f79cfe73d57e80edb0517745ff9171a1979aab82
[INFO] running `Command { std: "docker" "start" "-a" "4cad987f37dca5913fa43dc6f79cfe73d57e80edb0517745ff9171a1979aab82", kill_on_drop: false }`
[INFO] [stdout] warning: fields `name` and `email` are never read
[INFO] [stdout]  --> src/routes/subscriptions.rs:5:5
[INFO] [stdout]   |
[INFO] [stdout] 4 | pub struct FormData {
[INFO] [stdout]   |            -------- fields in this struct
[INFO] [stdout] 5 |     name: String,
[INFO] [stdout]   |     ^^^^
[INFO] [stdout] 6 |     email: String,
[INFO] [stdout]   |     ^^^^^
[INFO] [stdout]   |
[INFO] [stdout]   = note: `#[warn(dead_code)]` on by default
[INFO] [stdout] 
[INFO] [stdout] 
[INFO] [stdout] warning: 1 warning emitted
[INFO] [stdout] 
[INFO] [stdout] 
[INFO] [stderr]    Compiling email_sub v0.1.0 (/opt/rustwide/workdir)
[INFO] [stdout] warning: unused import: `edgedb_tokio::Error`
[INFO] [stdout]  --> tests/health_check.rs:1:5
[INFO] [stdout]   |
[INFO] [stdout] 1 | use edgedb_tokio::Error;
[INFO] [stdout]   |     ^^^^^^^^^^^^^^^^^^^
[INFO] [stdout]   |
[INFO] [stdout]   = note: `#[warn(unused_imports)]` on by default
[INFO] [stdout] 
[INFO] [stdout] 
[INFO] [stdout] warning: fields `name` and `email` are never read
[INFO] [stdout]  --> src/routes/subscriptions.rs:5:5
[INFO] [stdout]   |
[INFO] [stdout] 4 | pub struct FormData {
[INFO] [stdout]   |            -------- fields in this struct
[INFO] [stdout] 5 |     name: String,
[INFO] [stdout]   |     ^^^^
[INFO] [stdout] 6 |     email: String,
[INFO] [stdout]   |     ^^^^^
[INFO] [stdout]   |
[INFO] [stdout]   = note: `#[warn(dead_code)]` on by default
[INFO] [stdout] 
[INFO] [stdout] 
[INFO] [stdout] warning: 1 warning emitted
[INFO] [stdout] 
[INFO] [stdout] 
[INFO] [stdout] warning: 1 warning emitted
[INFO] [stdout] 
[INFO] [stdout] 
[INFO] [stderr]     Finished test [unoptimized + debuginfo] target(s) in 8.03s
[INFO] [stderr] warning: the following packages contain code that will be rejected by a future version of Rust: nom v5.1.2, traitobject v0.1.0
[INFO] [stderr] note: to see what the problems were, use the option `--future-incompat-report`, or run `cargo report future-incompatibilities --id 1`
[INFO] running `Command { std: "docker" "inspect" "4cad987f37dca5913fa43dc6f79cfe73d57e80edb0517745ff9171a1979aab82", kill_on_drop: false }`
[INFO] running `Command { std: "docker" "rm" "-f" "4cad987f37dca5913fa43dc6f79cfe73d57e80edb0517745ff9171a1979aab82", kill_on_drop: false }`
[INFO] [stdout] 4cad987f37dca5913fa43dc6f79cfe73d57e80edb0517745ff9171a1979aab82
[INFO] running `Command { std: "docker" "create" "-v" "/var/lib/crater-agent-workspace/builds/worker-2-tc1/target:/opt/rustwide/target:rw,Z" "-v" "/var/lib/crater-agent-workspace/builds/worker-2-tc1/source:/opt/rustwide/workdir:ro,Z" "-v" "/var/lib/crater-agent-workspace/cargo-home:/opt/rustwide/cargo-home:ro,Z" "-v" "/var/lib/crater-agent-workspace/rustup-home:/opt/rustwide/rustup-home:ro,Z" "-e" "SOURCE_DIR=/opt/rustwide/workdir" "-e" "CARGO_TARGET_DIR=/opt/rustwide/target" "-e" "CARGO_INCREMENTAL=0" "-e" "RUST_BACKTRACE=full" "-e" "RUSTFLAGS=--cap-lints=warn" "-e" "RUSTDOCFLAGS=--cap-lints=warn" "-e" "CARGO_HOME=/opt/rustwide/cargo-home" "-e" "RUSTUP_HOME=/opt/rustwide/rustup-home" "-w" "/opt/rustwide/workdir" "-m" "1610612736" "--user" "0:0" "--network" "none" "ghcr.io/rust-lang/crates-build-env/linux@sha256:2788e3201cd34a07e3172128adcd8b3090168a8e3bcc40d7c032b9dda1df7d1c" "/opt/rustwide/cargo-home/bin/cargo" "+1.75.0" "test" "--frozen", kill_on_drop: false }`
[INFO] [stdout] 445963998d741ec55dda91f8ac043b8a9cbc6f80bb890a6d5c3e671fa8c97d7b
[INFO] running `Command { std: "docker" "start" "-a" "445963998d741ec55dda91f8ac043b8a9cbc6f80bb890a6d5c3e671fa8c97d7b", kill_on_drop: false }`
[INFO] [stderr] warning: fields `name` and `email` are never read
[INFO] [stderr]  --> src/routes/subscriptions.rs:5:5
[INFO] [stderr]   |
[INFO] [stderr] 4 | pub struct FormData {
[INFO] [stderr]   |            -------- fields in this struct
[INFO] [stderr] 5 |     name: String,
[INFO] [stderr]   |     ^^^^
[INFO] [stderr] 6 |     email: String,
[INFO] [stderr]   |     ^^^^^
[INFO] [stderr]   |
[INFO] [stderr]   = note: `#[warn(dead_code)]` on by default
[INFO] [stderr] 
[INFO] [stderr] warning: `email_sub` (lib) generated 1 warning
[INFO] [stderr] warning: `email_sub` (lib test) generated 1 warning (1 duplicate)
[INFO] [stderr] warning: unused import: `edgedb_tokio::Error`
[INFO] [stderr]  --> tests/health_check.rs:1:5
[INFO] [stderr]   |
[INFO] [stderr] 1 | use edgedb_tokio::Error;
[INFO] [stderr]   |     ^^^^^^^^^^^^^^^^^^^
[INFO] [stderr]   |
[INFO] [stderr]   = note: `#[warn(unused_imports)]` on by default
[INFO] [stderr] 
[INFO] [stderr] warning: `email_sub` (test "health_check") generated 1 warning (run `cargo fix --test "health_check"` to apply 1 suggestion)
[INFO] [stderr]     Finished test [unoptimized + debuginfo] target(s) in 0.25s
[INFO] [stderr] warning: the following packages contain code that will be rejected by a future version of Rust: nom v5.1.2, traitobject v0.1.0
[INFO] [stderr] note: to see what the problems were, use the option `--future-incompat-report`, or run `cargo report future-incompatibilities --id 1`
[INFO] [stderr]      Running unittests src/lib.rs (/opt/rustwide/target/debug/deps/email_sub-539ee9c368487a4f)
[INFO] [stdout] 
[INFO] [stdout] running 0 tests
[INFO] [stdout] 
[INFO] [stdout] test result: ok. 0 passed; 0 failed; 0 ignored; 0 measured; 0 filtered out; finished in 0.00s
[INFO] [stdout] 
[INFO] [stderr]      Running unittests src/main.rs (/opt/rustwide/target/debug/deps/zero2prod-981a4a45664075bb)
[INFO] [stdout] 
[INFO] [stdout] running 0 tests
[INFO] [stdout] 
[INFO] [stdout] test result: ok. 0 passed; 0 failed; 0 ignored; 0 measured; 0 filtered out; finished in 0.00s
[INFO] [stdout] 
[INFO] [stderr]      Running tests/health_check.rs (/opt/rustwide/target/debug/deps/health_check-969598ff5089f020)
[INFO] [stdout] 
[INFO] [stdout] running 3 tests
[INFO] [stdout] test health_check_works ... FAILED
[INFO] [stdout] test subscribe_return_a_400_when_data_is_missing ... FAILED
[INFO] [stdout] test subscribe_return_a_200_for_valid_form_data ... FAILED
[INFO] [stdout] 
[INFO] [stdout] failures:
[INFO] [stdout] 
[INFO] [stdout] ---- health_check_works stdout ----
[INFO] [stdout] thread 'health_check_works' panicked at tests/health_check.rs:7:41:
[INFO] [stdout] Failed to connect to database: Error(Inner { code: 4278256127, messages: ["EdgeDB connection options are not initialized. Run `edgedb project init` or use environment variables to configure connection."], error: None, headers: {} })
[INFO] [stdout] stack backtrace:
[INFO] [stdout]    0:     0x5652706f539c - std::backtrace_rs::backtrace::libunwind::trace::ha637c64ce894333a
[INFO] [stdout]                                at /rustc/82e1608dfa6e0b5569232559e3d385fea5a93112/library/std/src/../../backtrace/src/backtrace/libunwind.rs:104:5
[INFO] [stdout]    1:     0x5652706f539c - std::backtrace_rs::backtrace::trace_unsynchronized::h47f62dea28e0c88d
[INFO] [stdout]                                at /rustc/82e1608dfa6e0b5569232559e3d385fea5a93112/library/std/src/../../backtrace/src/backtrace/mod.rs:66:5
[INFO] [stdout]    2:     0x5652706f539c - std::sys_common::backtrace::_print_fmt::h9eef0abe20ede486
[INFO] [stdout]                                at /rustc/82e1608dfa6e0b5569232559e3d385fea5a93112/library/std/src/sys_common/backtrace.rs:67:5
[INFO] [stdout]    3:     0x5652706f539c - <std::sys_common::backtrace::_print::DisplayBacktrace as core::fmt::Display>::fmt::hed7f999df88cc644
[INFO] [stdout]                                at /rustc/82e1608dfa6e0b5569232559e3d385fea5a93112/library/std/src/sys_common/backtrace.rs:44:22
[INFO] [stdout]    4:     0x565270724870 - core::fmt::rt::Argument::fmt::h1539a9308b8d058d
[INFO] [stdout]                                at /rustc/82e1608dfa6e0b5569232559e3d385fea5a93112/library/core/src/fmt/rt.rs:142:9
[INFO] [stdout]    5:     0x565270724870 - core::fmt::write::h3a39390d8560d9c9
[INFO] [stdout]                                at /rustc/82e1608dfa6e0b5569232559e3d385fea5a93112/library/core/src/fmt/mod.rs:1120:17
[INFO] [stdout]    6:     0x5652706f1b7f - std::io::Write::write_fmt::h040b369f3a0f9cbc
[INFO] [stdout]                                at /rustc/82e1608dfa6e0b5569232559e3d385fea5a93112/library/std/src/io/mod.rs:1762:15
[INFO] [stdout]    7:     0x5652706f5184 - std::sys_common::backtrace::_print::h894006fb5c6f3d45
[INFO] [stdout]                                at /rustc/82e1608dfa6e0b5569232559e3d385fea5a93112/library/std/src/sys_common/backtrace.rs:47:5
[INFO] [stdout]    8:     0x5652706f5184 - std::sys_common::backtrace::print::h23a2d212c6fff936
[INFO] [stdout]                                at /rustc/82e1608dfa6e0b5569232559e3d385fea5a93112/library/std/src/sys_common/backtrace.rs:34:9
[INFO] [stdout]    9:     0x5652706f6e47 - std::panicking::default_hook::{{closure}}::h8a1d2ee00185001a
[INFO] [stdout]   10:     0x5652706f6b33 - std::panicking::default_hook::h6038f2eba384e475
[INFO] [stdout]                                at /rustc/82e1608dfa6e0b5569232559e3d385fea5a93112/library/std/src/panicking.rs:289:9
[INFO] [stdout]   11:     0x56526fd549d7 - <alloc::boxed::Box<F,A> as core::ops::function::Fn<Args>>::call::h0ad024c9bdc6d768
[INFO] [stdout]                                at /rustc/82e1608dfa6e0b5569232559e3d385fea5a93112/library/alloc/src/boxed.rs:2021:9
[INFO] [stdout]   12:     0x56526fd549d7 - test::test_main::{{closure}}::h7500b54257359db6
[INFO] [stdout]                                at /rustc/82e1608dfa6e0b5569232559e3d385fea5a93112/library/test/src/lib.rs:138:21
[INFO] [stdout]   13:     0x5652706f7458 - <alloc::boxed::Box<F,A> as core::ops::function::Fn<Args>>::call::h1f8f335eaa9cfaee
[INFO] [stdout]                                at /rustc/82e1608dfa6e0b5569232559e3d385fea5a93112/library/alloc/src/boxed.rs:2021:9
[INFO] [stdout]   14:     0x5652706f7458 - std::panicking::rust_panic_with_hook::h2b5517d590cab22e
[INFO] [stdout]                                at /rustc/82e1608dfa6e0b5569232559e3d385fea5a93112/library/std/src/panicking.rs:783:13
[INFO] [stdout]   15:     0x5652706f71ae - std::panicking::begin_panic_handler::{{closure}}::h233112c06e0ef43e
[INFO] [stdout]                                at /rustc/82e1608dfa6e0b5569232559e3d385fea5a93112/library/std/src/panicking.rs:657:13
[INFO] [stdout]   16:     0x5652706f5866 - std::sys_common::backtrace::__rust_end_short_backtrace::h6e893f24d7ebbff8
[INFO] [stdout]                                at /rustc/82e1608dfa6e0b5569232559e3d385fea5a93112/library/std/src/sys_common/backtrace.rs:170:18
[INFO] [stdout]   17:     0x5652706f6f12 - rust_begin_unwind
[INFO] [stdout]                                at /rustc/82e1608dfa6e0b5569232559e3d385fea5a93112/library/std/src/panicking.rs:645:5
[INFO] [stdout]   18:     0x56526fa317c5 - core::panicking::panic_fmt::hbf0e066aabfa482c
[INFO] [stdout]                                at /rustc/82e1608dfa6e0b5569232559e3d385fea5a93112/library/core/src/panicking.rs:72:14
[INFO] [stdout]   19:     0x56526fa31d93 - core::result::unwrap_failed::hddb4fea594200c52
[INFO] [stdout]                                at /rustc/82e1608dfa6e0b5569232559e3d385fea5a93112/library/core/src/result.rs:1653:5
[INFO] [stdout]   20:     0x56526fa660a4 - core::result::Result<T,E>::expect::h841c1bfd8eeb5eae
[INFO] [stdout]                                at /rustc/82e1608dfa6e0b5569232559e3d385fea5a93112/library/core/src/result.rs:1034:23
[INFO] [stdout]   21:     0x56526fa82083 - health_check::spawn_app::{{closure}}::hd9f87d7c874714c7
[INFO] [stdout]                                at /opt/rustwide/workdir/tests/health_check.rs:7:22
[INFO] [stdout]   22:     0x56526fa82786 - health_check::health_check_works::{{closure}}::hc9aa6df5e5fee583
[INFO] [stdout]                                at /opt/rustwide/workdir/tests/health_check.rs:17:35
[INFO] [stdout]   23:     0x56526fa89ebb - <core::pin::Pin<P> as core::future::future::Future>::poll::h6a95985912abb366
[INFO] [stdout]                                at /rustc/82e1608dfa6e0b5569232559e3d385fea5a93112/library/core/src/future/future.rs:125:9
[INFO] [stdout]   24:     0x56526fa93154 - tokio::runtime::basic_scheduler::CoreGuard::block_on::{{closure}}::{{closure}}::{{closure}}::hfad13cef6bd28ad2
[INFO] [stdout]                                at /opt/rustwide/cargo-home/registry/src/index.crates.io-6f17d22bba15001f/tokio-1.19.2/src/runtime/basic_scheduler.rs:508:48
[INFO] [stdout]   25:     0x56526faa92c0 - tokio::coop::with_budget::{{closure}}::hc440024b31f3c427
[INFO] [stdout]                                at /opt/rustwide/cargo-home/registry/src/index.crates.io-6f17d22bba15001f/tokio-1.19.2/src/coop.rs:102:9
[INFO] [stdout]   26:     0x56526fa8577e - std::thread::local::LocalKey<T>::try_with::h741b3afba0a0fc02
[INFO] [stdout]                                at /rustc/82e1608dfa6e0b5569232559e3d385fea5a93112/library/std/src/thread/local.rs:270:16
[INFO] [stdout]   27:     0x56526fa84e6a - std::thread::local::LocalKey<T>::with::h90094e544c8fa3ef
[INFO] [stdout]                                at /rustc/82e1608dfa6e0b5569232559e3d385fea5a93112/library/std/src/thread/local.rs:246:9
[INFO] [stdout]   28:     0x56526fa92f26 - tokio::coop::with_budget::h2c164c06d83fa3f3
[INFO] [stdout]                                at /opt/rustwide/cargo-home/registry/src/index.crates.io-6f17d22bba15001f/tokio-1.19.2/src/coop.rs:95:5
[INFO] [stdout]   29:     0x56526fa92f26 - tokio::coop::budget::h2a3a58998de3b59b
[INFO] [stdout]                                at /opt/rustwide/cargo-home/registry/src/index.crates.io-6f17d22bba15001f/tokio-1.19.2/src/coop.rs:72:5
[INFO] [stdout]   30:     0x56526fa92f26 - tokio::runtime::basic_scheduler::CoreGuard::block_on::{{closure}}::{{closure}}::h8fd08eedf8b58794
[INFO] [stdout]                                at /opt/rustwide/cargo-home/registry/src/index.crates.io-6f17d22bba15001f/tokio-1.19.2/src/runtime/basic_scheduler.rs:508:25
[INFO] [stdout]   31:     0x56526fa8f23c - tokio::runtime::basic_scheduler::Context::enter::h6ecddb6387a1207f
[INFO] [stdout]                                at /opt/rustwide/cargo-home/registry/src/index.crates.io-6f17d22bba15001f/tokio-1.19.2/src/runtime/basic_scheduler.rs:362:19
[INFO] [stdout]   32:     0x56526fa91e38 - tokio::runtime::basic_scheduler::CoreGuard::block_on::{{closure}}::h4db6c23397f1e2ed
[INFO] [stdout]                                at /opt/rustwide/cargo-home/registry/src/index.crates.io-6f17d22bba15001f/tokio-1.19.2/src/runtime/basic_scheduler.rs:507:36
[INFO] [stdout]   33:     0x56526fa912fb - tokio::runtime::basic_scheduler::CoreGuard::enter::{{closure}}::h587a2fbcb5bb1bd9
[INFO] [stdout]                                at /opt/rustwide/cargo-home/registry/src/index.crates.io-6f17d22bba15001f/tokio-1.19.2/src/runtime/basic_scheduler.rs:565:57
[INFO] [stdout]   34:     0x56526fa6d927 - tokio::macros::scoped_tls::ScopedKey<T>::set::hbdc5a9f9bf14a69b
[INFO] [stdout]                                at /opt/rustwide/cargo-home/registry/src/index.crates.io-6f17d22bba15001f/tokio-1.19.2/src/macros/scoped_tls.rs:61:9
[INFO] [stdout]   35:     0x56526fa90c7c - tokio::runtime::basic_scheduler::CoreGuard::enter::h317d33e1978e5c3e
[INFO] [stdout]                                at /opt/rustwide/cargo-home/registry/src/index.crates.io-6f17d22bba15001f/tokio-1.19.2/src/runtime/basic_scheduler.rs:565:27
[INFO] [stdout]   36:     0x56526fa91318 - tokio::runtime::basic_scheduler::CoreGuard::block_on::h45b4a68b514e54b1
[INFO] [stdout]                                at /opt/rustwide/cargo-home/registry/src/index.crates.io-6f17d22bba15001f/tokio-1.19.2/src/runtime/basic_scheduler.rs:498:9
[INFO] [stdout]   37:     0x56526fa8e46b - tokio::runtime::basic_scheduler::BasicScheduler::block_on::hbf57de7645dcbf46
[INFO] [stdout]                                at /opt/rustwide/cargo-home/registry/src/index.crates.io-6f17d22bba15001f/tokio-1.19.2/src/runtime/basic_scheduler.rs:174:24
[INFO] [stdout]   38:     0x56526faafcdc - tokio::runtime::Runtime::block_on::h57626efa61dcd184
[INFO] [stdout]                                at /opt/rustwide/cargo-home/registry/src/index.crates.io-6f17d22bba15001f/tokio-1.19.2/src/runtime/mod.rs:480:46
[INFO] [stdout]   39:     0x56526fa824cc - health_check::health_check_works::h12b73cc38198ed71
[INFO] [stdout]                                at /opt/rustwide/workdir/tests/health_check.rs:28:5
[INFO] [stdout]   40:     0x56526fa82367 - health_check::health_check_works::{{closure}}::h6a9e4dd9c85284cf
[INFO] [stdout]                                at /opt/rustwide/workdir/tests/health_check.rs:16:30
[INFO] [stdout]   41:     0x56526fa32d36 - core::ops::function::FnOnce::call_once::hdca5a2043f7724c8
[INFO] [stdout]                                at /rustc/82e1608dfa6e0b5569232559e3d385fea5a93112/library/core/src/ops/function.rs:250:5
[INFO] [stdout]   42:     0x56526fd5a02f - core::ops::function::FnOnce::call_once::h2b5d431d5046312d
[INFO] [stdout]                                at /rustc/82e1608dfa6e0b5569232559e3d385fea5a93112/library/core/src/ops/function.rs:250:5
[INFO] [stdout]   43:     0x56526fd5a02f - test::__rust_begin_short_backtrace::h7714669af176e207
[INFO] [stdout]                                at /rustc/82e1608dfa6e0b5569232559e3d385fea5a93112/library/test/src/lib.rs:628:18
[INFO] [stdout]   44:     0x56526fd59045 - test::run_test_in_process::{{closure}}::h85218797dcbcec12
[INFO] [stdout]                                at /rustc/82e1608dfa6e0b5569232559e3d385fea5a93112/library/test/src/lib.rs:651:60
[INFO] [stdout]   45:     0x56526fd59045 - <core::panic::unwind_safe::AssertUnwindSafe<F> as core::ops::function::FnOnce<()>>::call_once::h76c106ea31c14d7b
[INFO] [stdout]                                at /rustc/82e1608dfa6e0b5569232559e3d385fea5a93112/library/core/src/panic/unwind_safe.rs:272:9
[INFO] [stdout]   46:     0x56526fd59045 - std::panicking::try::do_call::h3bd5d0f6620ee946
[INFO] [stdout]                                at /rustc/82e1608dfa6e0b5569232559e3d385fea5a93112/library/std/src/panicking.rs:552:40
[INFO] [stdout]   47:     0x56526fd59045 - std::panicking::try::h232e535e4744fe31
[INFO] [stdout]                                at /rustc/82e1608dfa6e0b5569232559e3d385fea5a93112/library/std/src/panicking.rs:516:19
[INFO] [stdout]   48:     0x56526fd59045 - std::panic::catch_unwind::h3ce3bd6ca8dbac68
[INFO] [stdout]                                at /rustc/82e1608dfa6e0b5569232559e3d385fea5a93112/library/std/src/panic.rs:142:14
[INFO] [stdout]   49:     0x56526fd59045 - test::run_test_in_process::hc97b257c9621286a
[INFO] [stdout]                                at /rustc/82e1608dfa6e0b5569232559e3d385fea5a93112/library/test/src/lib.rs:651:27
[INFO] [stdout]   50:     0x56526fd59045 - test::run_test::{{closure}}::h2aa798823a438d38
[INFO] [stdout]                                at /rustc/82e1608dfa6e0b5569232559e3d385fea5a93112/library/test/src/lib.rs:574:43
[INFO] [stdout]   51:     0x56526fd21306 - test::run_test::{{closure}}::h87d231c78fb59832
[INFO] [stdout]                                at /rustc/82e1608dfa6e0b5569232559e3d385fea5a93112/library/test/src/lib.rs:602:41
[INFO] [stdout]   52:     0x56526fd21306 - std::sys_common::backtrace::__rust_begin_short_backtrace::he6df152596625789
[INFO] [stdout]                                at /rustc/82e1608dfa6e0b5569232559e3d385fea5a93112/library/std/src/sys_common/backtrace.rs:154:18
[INFO] [stdout]   53:     0x56526fd263b7 - std::thread::Builder::spawn_unchecked_::{{closure}}::{{closure}}::ha94be15d1e0acf36
[INFO] [stdout]                                at /rustc/82e1608dfa6e0b5569232559e3d385fea5a93112/library/std/src/thread/mod.rs:529:17
[INFO] [stdout]   54:     0x56526fd263b7 - <core::panic::unwind_safe::AssertUnwindSafe<F> as core::ops::function::FnOnce<()>>::call_once::h9dc6bd6372f16606
[INFO] [stdout]                                at /rustc/82e1608dfa6e0b5569232559e3d385fea5a93112/library/core/src/panic/unwind_safe.rs:272:9
[INFO] [stdout]   55:     0x56526fd263b7 - std::panicking::try::do_call::h9057517f80303cd4
[INFO] [stdout]                                at /rustc/82e1608dfa6e0b5569232559e3d385fea5a93112/library/std/src/panicking.rs:552:40
[INFO] [stdout]   56:     0x56526fd263b7 - std::panicking::try::he3a30b11ee45340c
[INFO] [stdout]                                at /rustc/82e1608dfa6e0b5569232559e3d385fea5a93112/library/std/src/panicking.rs:516:19
[INFO] [stdout]   57:     0x56526fd263b7 - std::panic::catch_unwind::h410458cfd3528b8b
[INFO] [stdout]                                at /rustc/82e1608dfa6e0b5569232559e3d385fea5a93112/library/std/src/panic.rs:142:14
[INFO] [stdout]   58:     0x56526fd263b7 - std::thread::Builder::spawn_unchecked_::{{closure}}::h72ac3bdb567b737b
[INFO] [stdout]                                at /rustc/82e1608dfa6e0b5569232559e3d385fea5a93112/library/std/src/thread/mod.rs:528:30
[INFO] [stdout]   59:     0x56526fd263b7 - core::ops::function::FnOnce::call_once{{vtable.shim}}::h38f34da3654a8344
[INFO] [stdout]                                at /rustc/82e1608dfa6e0b5569232559e3d385fea5a93112/library/core/src/ops/function.rs:250:5
[INFO] [stdout]   60:     0x5652706fc305 - <alloc::boxed::Box<F,A> as core::ops::function::FnOnce<Args>>::call_once::hc7eafaff61e32df9
[INFO] [stdout]                                at /rustc/82e1608dfa6e0b5569232559e3d385fea5a93112/library/alloc/src/boxed.rs:2007:9
[INFO] [stdout]   61:     0x5652706fc305 - <alloc::boxed::Box<F,A> as core::ops::function::FnOnce<Args>>::call_once::h6ba4a5de48dd2304
[INFO] [stdout]                                at /rustc/82e1608dfa6e0b5569232559e3d385fea5a93112/library/alloc/src/boxed.rs:2007:9
[INFO] [stdout]   62:     0x5652706fc305 - std::sys::unix::thread::Thread::new::thread_start::he469335aef763e45
[INFO] [stdout]                                at /rustc/82e1608dfa6e0b5569232559e3d385fea5a93112/library/std/src/sys/unix/thread.rs:108:17
[INFO] [stdout]   63:     0x7fb42d87cac3 - <unknown>
[INFO] [stdout]   64:     0x7fb42d90dbf4 - __clone
[INFO] [stdout]   65:                0x0 - <unknown>
[INFO] [stdout] 
[INFO] [stdout] ---- subscribe_return_a_400_when_data_is_missing stdout ----
[INFO] [stdout] thread 'subscribe_return_a_400_when_data_is_missing' panicked at tests/health_check.rs:7:41:
[INFO] [stdout] Failed to connect to database: Error(Inner { code: 4278256127, messages: ["EdgeDB connection options are not initialized. Run `edgedb project init` or use environment variables to configure connection."], error: None, headers: {} })
[INFO] [stdout] stack backtrace:
[INFO] [stdout]    0:     0x5652706f539c - std::backtrace_rs::backtrace::libunwind::trace::ha637c64ce894333a
[INFO] [stdout]                                at /rustc/82e1608dfa6e0b5569232559e3d385fea5a93112/library/std/src/../../backtrace/src/backtrace/libunwind.rs:104:5
[INFO] [stdout]    1:     0x5652706f539c - std::backtrace_rs::backtrace::trace_unsynchronized::h47f62dea28e0c88d
[INFO] [stdout]                                at /rustc/82e1608dfa6e0b5569232559e3d385fea5a93112/library/std/src/../../backtrace/src/backtrace/mod.rs:66:5
[INFO] [stdout]    2:     0x5652706f539c - std::sys_common::backtrace::_print_fmt::h9eef0abe20ede486
[INFO] [stdout]                                at /rustc/82e1608dfa6e0b5569232559e3d385fea5a93112/library/std/src/sys_common/backtrace.rs:67:5
[INFO] [stdout]    3:     0x5652706f539c - <std::sys_common::backtrace::_print::DisplayBacktrace as core::fmt::Display>::fmt::hed7f999df88cc644
[INFO] [stdout]                                at /rustc/82e1608dfa6e0b5569232559e3d385fea5a93112/library/std/src/sys_common/backtrace.rs:44:22
[INFO] [stdout]    4:     0x565270724870 - core::fmt::rt::Argument::fmt::h1539a9308b8d058d
[INFO] [stdout]                                at /rustc/82e1608dfa6e0b5569232559e3d385fea5a93112/library/core/src/fmt/rt.rs:142:9
[INFO] [stdout]    5:     0x565270724870 - core::fmt::write::h3a39390d8560d9c9
[INFO] [stdout]                                at /rustc/82e1608dfa6e0b5569232559e3d385fea5a93112/library/core/src/fmt/mod.rs:1120:17
[INFO] [stdout]    6:     0x5652706f1b7f - std::io::Write::write_fmt::h040b369f3a0f9cbc
[INFO] [stdout]                                at /rustc/82e1608dfa6e0b5569232559e3d385fea5a93112/library/std/src/io/mod.rs:1762:15
[INFO] [stdout]    7:     0x5652706f5184 - std::sys_common::backtrace::_print::h894006fb5c6f3d45
[INFO] [stdout]                                at /rustc/82e1608dfa6e0b5569232559e3d385fea5a93112/library/std/src/sys_common/backtrace.rs:47:5
[INFO] [stdout]    8:     0x5652706f5184 - std::sys_common::backtrace::print::h23a2d212c6fff936
[INFO] [stdout]                                at /rustc/82e1608dfa6e0b5569232559e3d385fea5a93112/library/std/src/sys_common/backtrace.rs:34:9
[INFO] [stdout]    9:     0x5652706f6e47 - std::panicking::default_hook::{{closure}}::h8a1d2ee00185001a
[INFO] [stdout]   10:     0x5652706f6b33 - std::panicking::default_hook::h6038f2eba384e475
[INFO] [stdout]                                at /rustc/82e1608dfa6e0b5569232559e3d385fea5a93112/library/std/src/panicking.rs:289:9
[INFO] [stdout]   11:     0x56526fd549d7 - <alloc::boxed::Box<F,A> as core::ops::function::Fn<Args>>::call::h0ad024c9bdc6d768
[INFO] [stdout]                                at /rustc/82e1608dfa6e0b5569232559e3d385fea5a93112/library/alloc/src/boxed.rs:2021:9
[INFO] [stdout]   12:     0x56526fd549d7 - test::test_main::{{closure}}::h7500b54257359db6
[INFO] [stdout]                                at /rustc/82e1608dfa6e0b5569232559e3d385fea5a93112/library/test/src/lib.rs:138:21
[INFO] [stdout]   13:     0x5652706f7458 - <alloc::boxed::Box<F,A> as core::ops::function::Fn<Args>>::call::h1f8f335eaa9cfaee
[INFO] [stdout]                                at /rustc/82e1608dfa6e0b5569232559e3d385fea5a93112/library/alloc/src/boxed.rs:2021:9
[INFO] [stdout]   14:     0x5652706f7458 - std::panicking::rust_panic_with_hook::h2b5517d590cab22e
[INFO] [stdout]                                at /rustc/82e1608dfa6e0b5569232559e3d385fea5a93112/library/std/src/panicking.rs:783:13
[INFO] [stdout]   15:     0x5652706f71ae - std::panicking::begin_panic_handler::{{closure}}::h233112c06e0ef43e
[INFO] [stdout]                                at /rustc/82e1608dfa6e0b5569232559e3d385fea5a93112/library/std/src/panicking.rs:657:13
[INFO] [stdout]   16:     0x5652706f5866 - std::sys_common::backtrace::__rust_end_short_backtrace::h6e893f24d7ebbff8
[INFO] [stdout]                                at /rustc/82e1608dfa6e0b5569232559e3d385fea5a93112/library/std/src/sys_common/backtrace.rs:170:18
[INFO] [stdout]   17:     0x5652706f6f12 - rust_begin_unwind
[INFO] [stdout]                                at /rustc/82e1608dfa6e0b5569232559e3d385fea5a93112/library/std/src/panicking.rs:645:5
[INFO] [stdout]   18:     0x56526fa317c5 - core::panicking::panic_fmt::hbf0e066aabfa482c
[INFO] [stdout]                                at /rustc/82e1608dfa6e0b5569232559e3d385fea5a93112/library/core/src/panicking.rs:72:14
[INFO] [stdout]   19:     0x56526fa31d93 - core::result::unwrap_failed::hddb4fea594200c52
[INFO] [stdout]                                at /rustc/82e1608dfa6e0b5569232559e3d385fea5a93112/library/core/src/result.rs:1653:5
[INFO] [stdout]   20:     0x56526fa660a4 - core::result::Result<T,E>::expect::h841c1bfd8eeb5eae
[INFO] [stdout]                                at /rustc/82e1608dfa6e0b5569232559e3d385fea5a93112/library/core/src/result.rs:1034:23
[INFO] [stdout]   21:     0x56526fa82083 - health_check::spawn_app::{{closure}}::hd9f87d7c874714c7
[INFO] [stdout]                                at /opt/rustwide/workdir/tests/health_check.rs:7:22
[INFO] [stdout]   22:     0x56526fa8416d - health_check::subscribe_return_a_400_when_data_is_missing::{{closure}}::hcb0ac5963bb3ba41
[INFO] [stdout]                                at /opt/rustwide/workdir/tests/health_check.rs:57:35
[INFO] [stdout]   23:     0x56526fa89fbb - <core::pin::Pin<P> as core::future::future::Future>::poll::ha2bc58ae71fbbb71
[INFO] [stdout]                                at /rustc/82e1608dfa6e0b5569232559e3d385fea5a93112/library/core/src/future/future.rs:125:9
[INFO] [stdout]   24:     0x56526fa930d4 - tokio::runtime::basic_scheduler::CoreGuard::block_on::{{closure}}::{{closure}}::{{closure}}::h0abc2db7ab17fe4c
[INFO] [stdout]                                at /opt/rustwide/cargo-home/registry/src/index.crates.io-6f17d22bba15001f/tokio-1.19.2/src/runtime/basic_scheduler.rs:508:48
[INFO] [stdout]   25:     0x56526faa8930 - tokio::coop::with_budget::{{closure}}::h189369e0cd8ee3aa
[INFO] [stdout]                                at /opt/rustwide/cargo-home/registry/src/index.crates.io-6f17d22bba15001f/tokio-1.19.2/src/coop.rs:102:9
[INFO] [stdout]   26:     0x56526fa863ce - std::thread::local::LocalKey<T>::try_with::hd9c6c32644bb4759
[INFO] [stdout]                                at /rustc/82e1608dfa6e0b5569232559e3d385fea5a93112/library/std/src/thread/local.rs:270:16
[INFO] [stdout]   27:     0x56526fa84efa - std::thread::local::LocalKey<T>::with::ha501310e5f27fc87
[INFO] [stdout]                                at /rustc/82e1608dfa6e0b5569232559e3d385fea5a93112/library/std/src/thread/local.rs:246:9
[INFO] [stdout]   28:     0x56526fa93066 - tokio::coop::with_budget::hc114c0b6e95cafdc
[INFO] [stdout]                                at /opt/rustwide/cargo-home/registry/src/index.crates.io-6f17d22bba15001f/tokio-1.19.2/src/coop.rs:95:5
[INFO] [stdout]   29:     0x56526fa93066 - tokio::coop::budget::h9931b6c0aeff494d
[INFO] [stdout]                                at /opt/rustwide/cargo-home/registry/src/index.crates.io-6f17d22bba15001f/tokio-1.19.2/src/coop.rs:72:5
[INFO] [stdout]   30:     0x56526fa93066 - tokio::runtime::basic_scheduler::CoreGuard::block_on::{{closure}}::{{closure}}::hdf7dc5817e698184
[INFO] [stdout]                                at /opt/rustwide/cargo-home/registry/src/index.crates.io-6f17d22bba15001f/tokio-1.19.2/src/runtime/basic_scheduler.rs:508:25
[INFO] [stdout]   31:     0x56526fa8ebec - tokio::runtime::basic_scheduler::Context::enter::h2501ffa2b398da51
[INFO] [stdout]                                at /opt/rustwide/cargo-home/registry/src/index.crates.io-6f17d22bba15001f/tokio-1.19.2/src/runtime/basic_scheduler.rs:362:19
[INFO] [stdout]   32:     0x56526fa915c8 - tokio::runtime::basic_scheduler::CoreGuard::block_on::{{closure}}::h49f54f3e958cf5e0
[INFO] [stdout]                                at /opt/rustwide/cargo-home/registry/src/index.crates.io-6f17d22bba15001f/tokio-1.19.2/src/runtime/basic_scheduler.rs:507:36
[INFO] [stdout]   33:     0x56526fa9129b - tokio::runtime::basic_scheduler::CoreGuard::enter::{{closure}}::h1393156b7495d47a
[INFO] [stdout]                                at /opt/rustwide/cargo-home/registry/src/index.crates.io-6f17d22bba15001f/tokio-1.19.2/src/runtime/basic_scheduler.rs:565:57
[INFO] [stdout]   34:     0x56526fa6d707 - tokio::macros::scoped_tls::ScopedKey<T>::set::h556eb81a734920fd
[INFO] [stdout]                                at /opt/rustwide/cargo-home/registry/src/index.crates.io-6f17d22bba15001f/tokio-1.19.2/src/macros/scoped_tls.rs:61:9
[INFO] [stdout]   35:     0x56526fa908ac - tokio::runtime::basic_scheduler::CoreGuard::enter::h03539df2c34712e7
[INFO] [stdout]                                at /opt/rustwide/cargo-home/registry/src/index.crates.io-6f17d22bba15001f/tokio-1.19.2/src/runtime/basic_scheduler.rs:565:27
[INFO] [stdout]   36:     0x56526fa91358 - tokio::runtime::basic_scheduler::CoreGuard::block_on::h79dbea386bc6ba36
[INFO] [stdout]                                at /opt/rustwide/cargo-home/registry/src/index.crates.io-6f17d22bba15001f/tokio-1.19.2/src/runtime/basic_scheduler.rs:498:9
[INFO] [stdout]   37:     0x56526fa8db4b - tokio::runtime::basic_scheduler::BasicScheduler::block_on::h4e3f1287293bf757
[INFO] [stdout]                                at /opt/rustwide/cargo-home/registry/src/index.crates.io-6f17d22bba15001f/tokio-1.19.2/src/runtime/basic_scheduler.rs:174:24
[INFO] [stdout]   38:     0x56526faaf93c - tokio::runtime::Runtime::block_on::h292d610a99461155
[INFO] [stdout]                                at /opt/rustwide/cargo-home/registry/src/index.crates.io-6f17d22bba15001f/tokio-1.19.2/src/runtime/mod.rs:480:46
[INFO] [stdout]   39:     0x56526fa83eec - health_check::subscribe_return_a_400_when_data_is_missing::h4bb02205d0d2c7e5
[INFO] [stdout]                                at /opt/rustwide/workdir/tests/health_check.rs:66:5
[INFO] [stdout]   40:     0x56526fa83d87 - health_check::subscribe_return_a_400_when_data_is_missing::{{closure}}::hab6a50a3006bc3d9
[INFO] [stdout]                                at /opt/rustwide/workdir/tests/health_check.rs:56:55
[INFO] [stdout]   41:     0x56526fa32526 - core::ops::function::FnOnce::call_once::h5f219a9baea2ed78
[INFO] [stdout]                                at /rustc/82e1608dfa6e0b5569232559e3d385fea5a93112/library/core/src/ops/function.rs:250:5
[INFO] [stdout]   42:     0x56526fd5a02f - core::ops::function::FnOnce::call_once::h2b5d431d5046312d
[INFO] [stdout]                                at /rustc/82e1608dfa6e0b5569232559e3d385fea5a93112/library/core/src/ops/function.rs:250:5
[INFO] [stdout]   43:     0x56526fd5a02f - test::__rust_begin_short_backtrace::h7714669af176e207
[INFO] [stdout]                                at /rustc/82e1608dfa6e0b5569232559e3d385fea5a93112/library/test/src/lib.rs:628:18
[INFO] [stdout]   44:     0x56526fd59045 - test::run_test_in_process::{{closure}}::h85218797dcbcec12
[INFO] [stdout]                                at /rustc/82e1608dfa6e0b5569232559e3d385fea5a93112/library/test/src/lib.rs:651:60
[INFO] [stdout]   45:     0x56526fd59045 - <core::panic::unwind_safe::AssertUnwindSafe<F> as core::ops::function::FnOnce<()>>::call_once::h76c106ea31c14d7b
[INFO] [stdout]                                at /rustc/82e1608dfa6e0b5569232559e3d385fea5a93112/library/core/src/panic/unwind_safe.rs:272:9
[INFO] [stdout]   46:     0x56526fd59045 - std::panicking::try::do_call::h3bd5d0f6620ee946
[INFO] [stdout]                                at /rustc/82e1608dfa6e0b5569232559e3d385fea5a93112/library/std/src/panicking.rs:552:40
[INFO] [stdout]   47:     0x56526fd59045 - std::panicking::try::h232e535e4744fe31
[INFO] [stdout]                                at /rustc/82e1608dfa6e0b5569232559e3d385fea5a93112/library/std/src/panicking.rs:516:19
[INFO] [stdout]   48:     0x56526fd59045 - std::panic::catch_unwind::h3ce3bd6ca8dbac68
[INFO] [stdout]                                at /rustc/82e1608dfa6e0b5569232559e3d385fea5a93112/library/std/src/panic.rs:142:14
[INFO] [stdout]   49:     0x56526fd59045 - test::run_test_in_process::hc97b257c9621286a
[INFO] [stdout]                                at /rustc/82e1608dfa6e0b5569232559e3d385fea5a93112/library/test/src/lib.rs:651:27
[INFO] [stdout]   50:     0x56526fd59045 - test::run_test::{{closure}}::h2aa798823a438d38
[INFO] [stdout]                                at /rustc/82e1608dfa6e0b5569232559e3d385fea5a93112/library/test/src/lib.rs:574:43
[INFO] [stdout]   51:     0x56526fd21306 - test::run_test::{{closure}}::h87d231c78fb59832
[INFO] [stdout]                                at /rustc/82e1608dfa6e0b5569232559e3d385fea5a93112/library/test/src/lib.rs:602:41
[INFO] [stdout]   52:     0x56526fd21306 - std::sys_common::backtrace::__rust_begin_short_backtrace::he6df152596625789
[INFO] [stdout]                                at /rustc/82e1608dfa6e0b5569232559e3d385fea5a93112/library/std/src/sys_common/backtrace.rs:154:18
[INFO] [stdout]   53:     0x56526fd263b7 - std::thread::Builder::spawn_unchecked_::{{closure}}::{{closure}}::ha94be15d1e0acf36
[INFO] [stdout]                                at /rustc/82e1608dfa6e0b5569232559e3d385fea5a93112/library/std/src/thread/mod.rs:529:17
[INFO] [stdout]   54:     0x56526fd263b7 - <core::panic::unwind_safe::AssertUnwindSafe<F> as core::ops::function::FnOnce<()>>::call_once::h9dc6bd6372f16606
[INFO] [stdout]                                at /rustc/82e1608dfa6e0b5569232559e3d385fea5a93112/library/core/src/panic/unwind_safe.rs:272:9
[INFO] [stdout]   55:     0x56526fd263b7 - std::panicking::try::do_call::h9057517f80303cd4
[INFO] [stdout]                                at /rustc/82e1608dfa6e0b5569232559e3d385fea5a93112/library/std/src/panicking.rs:552:40
[INFO] [stdout]   56:     0x56526fd263b7 - std::panicking::try::he3a30b11ee45340c
[INFO] [stdout]                                at /rustc/82e1608dfa6e0b5569232559e3d385fea5a93112/library/std/src/panicking.rs:516:19
[INFO] [stdout]   57:     0x56526fd263b7 - std::panic::catch_unwind::h410458cfd3528b8b
[INFO] [stdout]                                at /rustc/82e1608dfa6e0b5569232559e3d385fea5a93112/library/std/src/panic.rs:142:14
[INFO] [stdout]   58:     0x56526fd263b7 - std::thread::Builder::spawn_unchecked_::{{closure}}::h72ac3bdb567b737b
[INFO] [stdout]                                at /rustc/82e1608dfa6e0b5569232559e3d385fea5a93112/library/std/src/thread/mod.rs:528:30
[INFO] [stdout]   59:     0x56526fd263b7 - core::ops::function::FnOnce::call_once{{vtable.shim}}::h38f34da3654a8344
[INFO] [stdout]                                at /rustc/82e1608dfa6e0b5569232559e3d385fea5a93112/library/core/src/ops/function.rs:250:5
[INFO] [stdout]   60:     0x5652706fc305 - <alloc::boxed::Box<F,A> as core::ops::function::FnOnce<Args>>::call_once::hc7eafaff61e32df9
[INFO] [stdout]                                at /rustc/82e1608dfa6e0b5569232559e3d385fea5a93112/library/alloc/src/boxed.rs:2007:9
[INFO] [stdout]   61:     0x5652706fc305 - <alloc::boxed::Box<F,A> as core::ops::function::FnOnce<Args>>::call_once::h6ba4a5de48dd2304
[INFO] [stdout]                                at /rustc/82e1608dfa6e0b5569232559e3d385fea5a93112/library/alloc/src/boxed.rs:2007:9
[INFO] [stdout]   62:     0x5652706fc305 - std::sys::unix::thread::Thread::new::thread_start::he469335aef763e45
[INFO] [stdout]                                at /rustc/82e1608dfa6e0b5569232559e3d385fea5a93112/library/std/src/sys/unix/thread.rs:108:17
[INFO] [stdout]   63:     0x7fb42d87cac3 - <unknown>
[INFO] [stdout]   64:     0x7fb42d90dbf4 - __clone
[INFO] [stdout]   65:                0x0 - <unknown>
[INFO] [stdout] 
[INFO] [stdout] ---- subscribe_return_a_200_for_valid_form_data stdout ----
[INFO] [stdout] thread 'subscribe_return_a_200_for_valid_form_data' panicked at tests/health_check.rs:7:41:
[INFO] [stdout] Failed to connect to database: Error(Inner { code: 4278256127, messages: ["EdgeDB connection options are not initialized. Run `edgedb project init` or use environment variables to configure connection."], error: None, headers: {} })
[INFO] [stdout] stack backtrace:
[INFO] [stdout]    0:     0x5652706f539c - std::backtrace_rs::backtrace::libunwind::trace::ha637c64ce894333a
[INFO] [stdout]                                at /rustc/82e1608dfa6e0b5569232559e3d385fea5a93112/library/std/src/../../backtrace/src/backtrace/libunwind.rs:104:5
[INFO] [stdout]    1:     0x5652706f539c - std::backtrace_rs::backtrace::trace_unsynchronized::h47f62dea28e0c88d
[INFO] [stdout]                                at /rustc/82e1608dfa6e0b5569232559e3d385fea5a93112/library/std/src/../../backtrace/src/backtrace/mod.rs:66:5
[INFO] [stdout]    2:     0x5652706f539c - std::sys_common::backtrace::_print_fmt::h9eef0abe20ede486
[INFO] [stdout]                                at /rustc/82e1608dfa6e0b5569232559e3d385fea5a93112/library/std/src/sys_common/backtrace.rs:67:5
[INFO] [stdout]    3:     0x5652706f539c - <std::sys_common::backtrace::_print::DisplayBacktrace as core::fmt::Display>::fmt::hed7f999df88cc644
[INFO] [stdout]                                at /rustc/82e1608dfa6e0b5569232559e3d385fea5a93112/library/std/src/sys_common/backtrace.rs:44:22
[INFO] [stdout]    4:     0x565270724870 - core::fmt::rt::Argument::fmt::h1539a9308b8d058d
[INFO] [stdout]                                at /rustc/82e1608dfa6e0b5569232559e3d385fea5a93112/library/core/src/fmt/rt.rs:142:9
[INFO] [stdout]    5:     0x565270724870 - core::fmt::write::h3a39390d8560d9c9
[INFO] [stdout]                                at /rustc/82e1608dfa6e0b5569232559e3d385fea5a93112/library/core/src/fmt/mod.rs:1120:17
[INFO] [stdout]    6:     0x5652706f1b7f - std::io::Write::write_fmt::h040b369f3a0f9cbc
[INFO] [stdout]                                at /rustc/82e1608dfa6e0b5569232559e3d385fea5a93112/library/std/src/io/mod.rs:1762:15
[INFO] [stdout]    7:     0x5652706f5184 - std::sys_common::backtrace::_print::h894006fb5c6f3d45
[INFO] [stdout]                                at /rustc/82e1608dfa6e0b5569232559e3d385fea5a93112/library/std/src/sys_common/backtrace.rs:47:5
[INFO] [stdout]    8:     0x5652706f5184 - std::sys_common::backtrace::print::h23a2d212c6fff936
[INFO] [stdout]                                at /rustc/82e1608dfa6e0b5569232559e3d385fea5a93112/library/std/src/sys_common/backtrace.rs:34:9
[INFO] [stdout]    9:     0x5652706f6e47 - std::panicking::default_hook::{{closure}}::h8a1d2ee00185001a
[INFO] [stdout]   10:     0x5652706f6b33 - std::panicking::default_hook::h6038f2eba384e475
[INFO] [stdout]                                at /rustc/82e1608dfa6e0b5569232559e3d385fea5a93112/library/std/src/panicking.rs:289:9
[INFO] [stdout]   11:     0x56526fd549d7 - <alloc::boxed::Box<F,A> as core::ops::function::Fn<Args>>::call::h0ad024c9bdc6d768
[INFO] [stdout]                                at /rustc/82e1608dfa6e0b5569232559e3d385fea5a93112/library/alloc/src/boxed.rs:2021:9
[INFO] [stdout]   12:     0x56526fd549d7 - test::test_main::{{closure}}::h7500b54257359db6
[INFO] [stdout]                                at /rustc/82e1608dfa6e0b5569232559e3d385fea5a93112/library/test/src/lib.rs:138:21
[INFO] [stdout]   13:     0x5652706f7458 - <alloc::boxed::Box<F,A> as core::ops::function::Fn<Args>>::call::h1f8f335eaa9cfaee
[INFO] [stdout]                                at /rustc/82e1608dfa6e0b5569232559e3d385fea5a93112/library/alloc/src/boxed.rs:2021:9
[INFO] [stdout]   14:     0x5652706f7458 - std::panicking::rust_panic_with_hook::h2b5517d590cab22e
[INFO] [stdout]                                at /rustc/82e1608dfa6e0b5569232559e3d385fea5a93112/library/std/src/panicking.rs:783:13
[INFO] [stdout]   15:     0x5652706f71ae - std::panicking::begin_panic_handler::{{closure}}::h233112c06e0ef43e
[INFO] [stdout]                                at /rustc/82e1608dfa6e0b5569232559e3d385fea5a93112/library/std/src/panicking.rs:657:13
[INFO] [stdout]   16:     0x5652706f5866 - std::sys_common::backtrace::__rust_end_short_backtrace::h6e893f24d7ebbff8
[INFO] [stdout]                                at /rustc/82e1608dfa6e0b5569232559e3d385fea5a93112/library/std/src/sys_common/backtrace.rs:170:18
[INFO] [stdout]   17:     0x5652706f6f12 - rust_begin_unwind
[INFO] [stdout]                                at /rustc/82e1608dfa6e0b5569232559e3d385fea5a93112/library/std/src/panicking.rs:645:5
[INFO] [stdout]   18:     0x56526fa317c5 - core::panicking::panic_fmt::hbf0e066aabfa482c
[INFO] [stdout]                                at /rustc/82e1608dfa6e0b5569232559e3d385fea5a93112/library/core/src/panicking.rs:72:14
[INFO] [stdout]   19:     0x56526fa31d93 - core::result::unwrap_failed::hddb4fea594200c52
[INFO] [stdout]                                at /rustc/82e1608dfa6e0b5569232559e3d385fea5a93112/library/core/src/result.rs:1653:5
[INFO] [stdout]   20:     0x56526fa660a4 - core::result::Result<T,E>::expect::h841c1bfd8eeb5eae
[INFO] [stdout]                                at /rustc/82e1608dfa6e0b5569232559e3d385fea5a93112/library/core/src/result.rs:1034:23
[INFO] [stdout]   21:     0x56526fa82083 - health_check::spawn_app::{{closure}}::hd9f87d7c874714c7
[INFO] [stdout]                                at /opt/rustwide/workdir/tests/health_check.rs:7:22
[INFO] [stdout]   22:     0x56526fa833a3 - health_check::subscribe_return_a_200_for_valid_form_data::{{closure}}::h40df04272eea247d
[INFO] [stdout]                                at /opt/rustwide/workdir/tests/health_check.rs:33:35
[INFO] [stdout]   23:     0x56526fa8a05b - <core::pin::Pin<P> as core::future::future::Future>::poll::hf6bc373e7c6ddb93
[INFO] [stdout]                                at /rustc/82e1608dfa6e0b5569232559e3d385fea5a93112/library/core/src/future/future.rs:125:9
[INFO] [stdout]   24:     0x56526fa93114 - tokio::runtime::basic_scheduler::CoreGuard::block_on::{{closure}}::{{closure}}::{{closure}}::hc1c482b75ccf9311
[INFO] [stdout]                                at /opt/rustwide/cargo-home/registry/src/index.crates.io-6f17d22bba15001f/tokio-1.19.2/src/runtime/basic_scheduler.rs:508:48
[INFO] [stdout]   25:     0x56526faa9650 - tokio::coop::with_budget::{{closure}}::heed140d1cea6cfc9
[INFO] [stdout]                                at /opt/rustwide/cargo-home/registry/src/index.crates.io-6f17d22bba15001f/tokio-1.19.2/src/coop.rs:102:9
[INFO] [stdout]   26:     0x56526fa8538e - std::thread::local::LocalKey<T>::try_with::h2d089cfa5765d42c
[INFO] [stdout]                                at /rustc/82e1608dfa6e0b5569232559e3d385fea5a93112/library/std/src/thread/local.rs:270:16
[INFO] [stdout]   27:     0x56526fa84daa - std::thread::local::LocalKey<T>::with::h6bb1ce2f7b62150a
[INFO] [stdout]                                at /rustc/82e1608dfa6e0b5569232559e3d385fea5a93112/library/std/src/thread/local.rs:246:9
[INFO] [stdout]   28:     0x56526fa92d86 - tokio::coop::with_budget::hc93e33d3fa67aa20
[INFO] [stdout]                                at /opt/rustwide/cargo-home/registry/src/index.crates.io-6f17d22bba15001f/tokio-1.19.2/src/coop.rs:95:5
[INFO] [stdout]   29:     0x56526fa92d86 - tokio::coop::budget::heb5c7222dde6be0d
[INFO] [stdout]                                at /opt/rustwide/cargo-home/registry/src/index.crates.io-6f17d22bba15001f/tokio-1.19.2/src/coop.rs:72:5
[INFO] [stdout]   30:     0x56526fa92d86 - tokio::runtime::basic_scheduler::CoreGuard::block_on::{{closure}}::{{closure}}::h03c0d2611f8b71ed
[INFO] [stdout]                                at /opt/rustwide/cargo-home/registry/src/index.crates.io-6f17d22bba15001f/tokio-1.19.2/src/runtime/basic_scheduler.rs:508:25
[INFO] [stdout]   31:     0x56526fa8f58c - tokio::runtime::basic_scheduler::Context::enter::ha2436c191978b35b
[INFO] [stdout]                                at /opt/rustwide/cargo-home/registry/src/index.crates.io-6f17d22bba15001f/tokio-1.19.2/src/runtime/basic_scheduler.rs:362:19
[INFO] [stdout]   32:     0x56526fa926a8 - tokio::runtime::basic_scheduler::CoreGuard::block_on::{{closure}}::h7551b150592d213c
[INFO] [stdout]                                at /opt/rustwide/cargo-home/registry/src/index.crates.io-6f17d22bba15001f/tokio-1.19.2/src/runtime/basic_scheduler.rs:507:36
[INFO] [stdout]   33:     0x56526fa912cb - tokio::runtime::basic_scheduler::CoreGuard::enter::{{closure}}::h51c4762c56400cb9
[INFO] [stdout]                                at /opt/rustwide/cargo-home/registry/src/index.crates.io-6f17d22bba15001f/tokio-1.19.2/src/runtime/basic_scheduler.rs:565:57
[INFO] [stdout]   34:     0x56526fa6d817 - tokio::macros::scoped_tls::ScopedKey<T>::set::h879b4f0389ab9f47
[INFO] [stdout]                                at /opt/rustwide/cargo-home/registry/src/index.crates.io-6f17d22bba15001f/tokio-1.19.2/src/macros/scoped_tls.rs:61:9
[INFO] [stdout]   35:     0x56526fa9104c - tokio::runtime::basic_scheduler::CoreGuard::enter::h5858d08776c83cb1
[INFO] [stdout]                                at /opt/rustwide/cargo-home/registry/src/index.crates.io-6f17d22bba15001f/tokio-1.19.2/src/runtime/basic_scheduler.rs:565:27
[INFO] [stdout]   36:     0x56526fa91338 - tokio::runtime::basic_scheduler::CoreGuard::block_on::h5eff5173f3f76863
[INFO] [stdout]                                at /opt/rustwide/cargo-home/registry/src/index.crates.io-6f17d22bba15001f/tokio-1.19.2/src/runtime/basic_scheduler.rs:498:9
[INFO] [stdout]   37:     0x56526fa8dfdb - tokio::runtime::basic_scheduler::BasicScheduler::block_on::hbc589967a02445fc
[INFO] [stdout]                                at /opt/rustwide/cargo-home/registry/src/index.crates.io-6f17d22bba15001f/tokio-1.19.2/src/runtime/basic_scheduler.rs:174:24
[INFO] [stdout]   38:     0x56526faafb0c - tokio::runtime::Runtime::block_on::h4ef75e35039397a1
[INFO] [stdout]                                at /opt/rustwide/cargo-home/registry/src/index.crates.io-6f17d22bba15001f/tokio-1.19.2/src/runtime/mod.rs:480:46
[INFO] [stdout]   39:     0x56526fa8308c - health_check::subscribe_return_a_200_for_valid_form_data::h33f736c95bdd9788
[INFO] [stdout]                                at /opt/rustwide/workdir/tests/health_check.rs:52:5
[INFO] [stdout]   40:     0x56526fa82f27 - health_check::subscribe_return_a_200_for_valid_form_data::{{closure}}::h3e0c01e0811a67c0
[INFO] [stdout]                                at /opt/rustwide/workdir/tests/health_check.rs:32:54
[INFO] [stdout]   41:     0x56526fa32486 - core::ops::function::FnOnce::call_once::h563624192ddb4353
[INFO] [stdout]                                at /rustc/82e1608dfa6e0b5569232559e3d385fea5a93112/library/core/src/ops/function.rs:250:5
[INFO] [stdout]   42:     0x56526fd5a02f - core::ops::function::FnOnce::call_once::h2b5d431d5046312d
[INFO] [stdout]                                at /rustc/82e1608dfa6e0b5569232559e3d385fea5a93112/library/core/src/ops/function.rs:250:5
[INFO] [stdout]   43:     0x56526fd5a02f - test::__rust_begin_short_backtrace::h7714669af176e207
[INFO] [stdout]                                at /rustc/82e1608dfa6e0b5569232559e3d385fea5a93112/library/test/src/lib.rs:628:18
[INFO] [stdout]   44:     0x56526fd59045 - test::run_test_in_process::{{closure}}::h85218797dcbcec12
[INFO] [stdout]                                at /rustc/82e1608dfa6e0b5569232559e3d385fea5a93112/library/test/src/lib.rs:651:60
[INFO] [stdout]   45:     0x56526fd59045 - <core::panic::unwind_safe::AssertUnwindSafe<F> as core::ops::function::FnOnce<()>>::call_once::h76c106ea31c14d7b
[INFO] [stdout]                                at /rustc/82e1608dfa6e0b5569232559e3d385fea5a93112/library/core/src/panic/unwind_safe.rs:272:9
[INFO] [stdout]   46:     0x56526fd59045 - std::panicking::try::do_call::h3bd5d0f6620ee946
[INFO] [stdout]                                at /rustc/82e1608dfa6e0b5569232559e3d385fea5a93112/library/std/src/panicking.rs:552:40
[INFO] [stdout]   47:     0x56526fd59045 - std::panicking::try::h232e535e4744fe31
[INFO] [stdout]                                at /rustc/82e1608dfa6e0b5569232559e3d385fea5a93112/library/std/src/panicking.rs:516:19
[INFO] [stdout]   48:     0x56526fd59045 - std::panic::catch_unwind::h3ce3bd6ca8dbac68
[INFO] [stdout]                                at /rustc/82e1608dfa6e0b5569232559e3d385fea5a93112/library/std/src/panic.rs:142:14
[INFO] [stdout]   49:     0x56526fd59045 - test::run_test_in_process::hc97b257c9621286a
[INFO] [stdout]                                at /rustc/82e1608dfa6e0b5569232559e3d385fea5a93112/library/test/src/lib.rs:651:27
[INFO] [stdout]   50:     0x56526fd59045 - test::run_test::{{closure}}::h2aa798823a438d38
[INFO] [stdout]                                at /rustc/82e1608dfa6e0b5569232559e3d385fea5a93112/library/test/src/lib.rs:574:43
[INFO] [stdout]   51:     0x56526fd21306 - test::run_test::{{closure}}::h87d231c78fb59832
[INFO] [stdout]                                at /rustc/82e1608dfa6e0b5569232559e3d385fea5a93112/library/test/src/lib.rs:602:41
[INFO] [stdout]   52:     0x56526fd21306 - std::sys_common::backtrace::__rust_begin_short_backtrace::he6df152596625789
[INFO] [stdout]                                at /rustc/82e1608dfa6e0b5569232559e3d385fea5a93112/library/std/src/sys_common/backtrace.rs:154:18
[INFO] [stdout]   53:     0x56526fd263b7 - std::thread::Builder::spawn_unchecked_::{{closure}}::{{closure}}::ha94be15d1e0acf36
[INFO] [stdout]                                at /rustc/82e1608dfa6e0b5569232559e3d385fea5a93112/library/std/src/thread/mod.rs:529:17
[INFO] [stdout]   54:     0x56526fd263b7 - <core::panic::unwind_safe::AssertUnwindSafe<F> as core::ops::function::FnOnce<()>>::call_once::h9dc6bd6372f16606
[INFO] [stdout]                                at /rustc/82e1608dfa6e0b5569232559e3d385fea5a93112/library/core/src/panic/unwind_safe.rs:272:9
[INFO] [stdout]   55:     0x56526fd263b7 - std::panicking::try::do_call::h9057517f80303cd4
[INFO] [stdout]                                at /rustc/82e1608dfa6e0b5569232559e3d385fea5a93112/library/std/src/panicking.rs:552:40
[INFO] [stdout]   56:     0x56526fd263b7 - std::panicking::try::he3a30b11ee45340c
[INFO] [stdout]                                at /rustc/82e1608dfa6e0b5569232559e3d385fea5a93112/library/std/src/panicking.rs:516:19
[INFO] [stdout]   57:     0x56526fd263b7 - std::panic::catch_unwind::h410458cfd3528b8b
[INFO] [stdout]                                at /rustc/82e1608dfa6e0b5569232559e3d385fea5a93112/library/std/src/panic.rs:142:14
[INFO] [stdout]   58:     0x56526fd263b7 - std::thread::Builder::spawn_unchecked_::{{closure}}::h72ac3bdb567b737b
[INFO] [stdout]                                at /rustc/82e1608dfa6e0b5569232559e3d385fea5a93112/library/std/src/thread/mod.rs:528:30
[INFO] [stdout]   59:     0x56526fd263b7 - core::ops::function::FnOnce::call_once{{vtable.shim}}::h38f34da3654a8344
[INFO] [stdout]                                at /rustc/82e1608dfa6e0b5569232559e3d385fea5a93112/library/core/src/ops/function.rs:250:5
[INFO] [stdout]   60:     0x5652706fc305 - <alloc::boxed::Box<F,A> as core::ops::function::FnOnce<Args>>::call_once::hc7eafaff61e32df9
[INFO] [stdout]                                at /rustc/82e1608dfa6e0b5569232559e3d385fea5a93112/library/alloc/src/boxed.rs:2007:9
[INFO] [stdout]   61:     0x5652706fc305 - <alloc::boxed::Box<F,A> as core::ops::function::FnOnce<Args>>::call_once::h6ba4a5de48dd2304
[INFO] [stdout]                                at /rustc/82e1608dfa6e0b5569232559e3d385fea5a93112/library/alloc/src/boxed.rs:2007:9
[INFO] [stdout]   62:     0x5652706fc305 - std::sys::unix::thread::Thread::new::thread_start::he469335aef763e45
[INFO] [stdout]                                at /rustc/82e1608dfa6e0b5569232559e3d385fea5a93112/library/std/src/sys/unix/thread.rs:108:17
[INFO] [stdout]   63:     0x7fb42d87cac3 - <unknown>
[INFO] [stdout]   64:     0x7fb42d90dbf4 - __clone
[INFO] [stdout]   65:                0x0 - <unknown>
[INFO] [stdout] 
[INFO] [stdout] 
[INFO] [stdout] failures:
[INFO] [stdout]     health_check_works
[INFO] [stdout]     subscribe_return_a_200_for_valid_form_data
[INFO] [stdout]     subscribe_return_a_400_when_data_is_missing
[INFO] [stdout] 
[INFO] [stdout] test result: FAILED. 0 passed; 3 failed; 0 ignored; 0 measured; 0 filtered out; finished in 0.13s
[INFO] [stdout] 
[INFO] [stderr] error: test failed, to rerun pass `--test health_check`
[INFO] running `Command { std: "docker" "inspect" "445963998d741ec55dda91f8ac043b8a9cbc6f80bb890a6d5c3e671fa8c97d7b", kill_on_drop: false }`
[INFO] running `Command { std: "docker" "rm" "-f" "445963998d741ec55dda91f8ac043b8a9cbc6f80bb890a6d5c3e671fa8c97d7b", kill_on_drop: false }`
[INFO] [stdout] 445963998d741ec55dda91f8ac043b8a9cbc6f80bb890a6d5c3e671fa8c97d7b
[INFO] testing Forloski/email_sub against beta-2023-12-22 for beta-1.76-1
[INFO] running `Command { std: "git" "clone" "/workspace/cache/git-repos/https%3A%2F%2Fgithub.com%2FForloski%2Femail_sub" "/workspace/builds/worker-2-tc2/source", kill_on_drop: false }`
[INFO] [stderr] Cloning into '/workspace/builds/worker-2-tc2/source'...
[INFO] [stderr] done.
[INFO] validating manifest of git repo https://github.com/Forloski/email_sub on toolchain beta-2023-12-22
[INFO] running `Command { std: CARGO_HOME="/workspace/cargo-home" RUSTUP_HOME="/workspace/rustup-home" "/workspace/cargo-home/bin/cargo" "+beta-2023-12-22" "metadata" "--manifest-path" "Cargo.toml" "--no-deps", kill_on_drop: false }`
[INFO] started tweaking git repo https://github.com/Forloski/email_sub
[INFO] finished tweaking git repo https://github.com/Forloski/email_sub
[INFO] tweaked toml for git repo https://github.com/Forloski/email_sub written to /workspace/builds/worker-2-tc2/source/Cargo.toml
[INFO] crate git repo https://github.com/Forloski/email_sub already has a lockfile, it will not be regenerated
[INFO] running `Command { std: CARGO_HOME="/workspace/cargo-home" RUSTUP_HOME="/workspace/rustup-home" "/workspace/cargo-home/bin/cargo" "+beta-2023-12-22" "fetch" "--manifest-path" "Cargo.toml", kill_on_drop: false }`
[INFO] running `Command { std: "docker" "create" "-v" "/var/lib/crater-agent-workspace/builds/worker-2-tc2/target:/opt/rustwide/target:rw,Z" "-v" "/var/lib/crater-agent-workspace/builds/worker-2-tc2/source:/opt/rustwide/workdir:ro,Z" "-v" "/var/lib/crater-agent-workspace/cargo-home:/opt/rustwide/cargo-home:ro,Z" "-v" "/var/lib/crater-agent-workspace/rustup-home:/opt/rustwide/rustup-home:ro,Z" "-e" "SOURCE_DIR=/opt/rustwide/workdir" "-e" "CARGO_TARGET_DIR=/opt/rustwide/target" "-e" "CARGO_HOME=/opt/rustwide/cargo-home" "-e" "RUSTUP_HOME=/opt/rustwide/rustup-home" "-w" "/opt/rustwide/workdir" "-m" "1610612736" "--user" "0:0" "--network" "none" "ghcr.io/rust-lang/crates-build-env/linux@sha256:2788e3201cd34a07e3172128adcd8b3090168a8e3bcc40d7c032b9dda1df7d1c" "/opt/rustwide/cargo-home/bin/cargo" "+beta-2023-12-22" "metadata" "--no-deps" "--format-version=1", kill_on_drop: false }`
[INFO] [stdout] 875044cd053ab5f5e712ea00c3affb72e2daf27fdaa7946fa482aca25311304e
[INFO] running `Command { std: "docker" "start" "-a" "875044cd053ab5f5e712ea00c3affb72e2daf27fdaa7946fa482aca25311304e", kill_on_drop: false }`
[INFO] running `Command { std: "docker" "inspect" "875044cd053ab5f5e712ea00c3affb72e2daf27fdaa7946fa482aca25311304e", kill_on_drop: false }`
[INFO] running `Command { std: "docker" "rm" "-f" "875044cd053ab5f5e712ea00c3affb72e2daf27fdaa7946fa482aca25311304e", kill_on_drop: false }`
[INFO] [stdout] 875044cd053ab5f5e712ea00c3affb72e2daf27fdaa7946fa482aca25311304e
[INFO] running `Command { std: "docker" "create" "-v" "/var/lib/crater-agent-workspace/builds/worker-2-tc2/target:/opt/rustwide/target:rw,Z" "-v" "/var/lib/crater-agent-workspace/builds/worker-2-tc2/source:/opt/rustwide/workdir:ro,Z" "-v" "/var/lib/crater-agent-workspace/cargo-home:/opt/rustwide/cargo-home:ro,Z" "-v" "/var/lib/crater-agent-workspace/rustup-home:/opt/rustwide/rustup-home:ro,Z" "-e" "SOURCE_DIR=/opt/rustwide/workdir" "-e" "CARGO_TARGET_DIR=/opt/rustwide/target" "-e" "CARGO_INCREMENTAL=0" "-e" "RUST_BACKTRACE=full" "-e" "RUSTFLAGS=--cap-lints=warn" "-e" "RUSTDOCFLAGS=--cap-lints=warn" "-e" "CARGO_HOME=/opt/rustwide/cargo-home" "-e" "RUSTUP_HOME=/opt/rustwide/rustup-home" "-w" "/opt/rustwide/workdir" "-m" "1610612736" "--user" "0:0" "--network" "none" "ghcr.io/rust-lang/crates-build-env/linux@sha256:2788e3201cd34a07e3172128adcd8b3090168a8e3bcc40d7c032b9dda1df7d1c" "/opt/rustwide/cargo-home/bin/cargo" "+beta-2023-12-22" "build" "--frozen" "--message-format=json", kill_on_drop: false }`
[INFO] [stdout] 51ffd406e229bfa83ae3b4e559ad74000685816767868b5649bdb6c0c213553c
[INFO] running `Command { std: "docker" "start" "-a" "51ffd406e229bfa83ae3b4e559ad74000685816767868b5649bdb6c0c213553c", kill_on_drop: false }`
[INFO] [stderr]    Compiling libc v0.2.126
[INFO] [stderr]    Compiling proc-macro2 v1.0.40
[INFO] [stderr]    Compiling unicode-ident v1.0.1
[INFO] [stderr]    Compiling quote v1.0.20
[INFO] [stderr]    Compiling syn v1.0.98
[INFO] [stderr]    Compiling once_cell v1.13.0
[INFO] [stderr]    Compiling log v0.4.17
[INFO] [stderr]    Compiling bytes v1.1.0
[INFO] [stderr]    Compiling memchr v2.5.0
[INFO] [stderr]    Compiling pin-project-lite v0.2.9
[INFO] [stderr]    Compiling regex-syntax v0.6.27
[INFO] [stderr]    Compiling itoa v1.0.2
[INFO] [stderr]    Compiling lock_api v0.4.7
[INFO] [stderr]    Compiling base64 v0.13.0
[INFO] [stderr]    Compiling parking_lot_core v0.9.3
[INFO] [stderr]    Compiling version_check v0.9.4
[INFO] [stderr]    Compiling smallvec v1.9.0
[INFO] [stderr]    Compiling jobserver v0.1.24
[INFO] [stderr]    Compiling socket2 v0.4.4
[INFO] [stderr]    Compiling mio v0.8.4
[INFO] [stderr]    Compiling cc v1.0.73
[INFO] [stderr]    Compiling num_cpus v1.13.1
[INFO] [stderr]    Compiling signal-hook-registry v1.4.0
[INFO] [stderr]    Compiling parking_lot v0.12.1
[INFO] [stderr]    Compiling untrusted v0.7.1
[INFO] [stderr]    Compiling spin v0.5.2
[INFO] [stderr]    Compiling futures-core v0.3.21
[INFO] [stderr]    Compiling serde_derive v1.0.139
[INFO] [stderr]    Compiling aho-corasick v0.7.18
[INFO] [stderr]    Compiling rand v0.4.6
[INFO] [stderr]    Compiling ryu v1.0.10
[INFO] [stderr]    Compiling remove_dir_all v0.5.3
[INFO] [stderr]    Compiling termcolor v1.1.3
[INFO] [stderr]    Compiling futures-task v0.3.21
[INFO] [stderr]    Compiling ring v0.16.20
[INFO] [stderr]    Compiling serde v1.0.139
[INFO] [stderr]    Compiling regex v1.6.0
[INFO] [stderr]    Compiling tempdir v0.3.7
[INFO] [stderr]    Compiling anyhow v1.0.58
[INFO] [stderr]    Compiling fnv v1.0.7
[INFO] [stderr]    Compiling http v0.2.8
[INFO] [stderr]    Compiling tracing-core v0.1.28
[INFO] [stderr]    Compiling typenum v1.15.0
[INFO] [stderr]    Compiling futures-util v0.3.21
[INFO] [stderr]    Compiling quick-error v1.2.3
[INFO] [stderr]    Compiling pkg-config v0.3.25
[INFO] [stderr]    Compiling humantime v1.3.0
[INFO] [stderr]    Compiling tracing v0.1.35
[INFO] [stderr]    Compiling openssl-sys v0.9.75
[INFO] [stderr]    Compiling generic-array v0.14.5
[INFO] [stderr]    Compiling atty v0.2.14
[INFO] [stderr]    Compiling pin-utils v0.1.0
[INFO] [stderr]    Compiling void v1.0.2
[INFO] [stderr]    Compiling futures-sink v0.3.21
[INFO] [stderr]    Compiling serde_json v1.0.82
[INFO] [stderr]    Compiling getrandom v0.2.7
[INFO] [stderr]    Compiling indexmap v1.9.1
[INFO] [stderr]    Compiling percent-encoding v2.1.0
[INFO] [stderr]    Compiling tls-api-test v0.7.0
[INFO] [stderr]    Compiling webpki v0.22.0
[INFO] [stderr]    Compiling tokio-macros v1.8.0
[INFO] [stderr]    Compiling thiserror-impl v1.0.31
[INFO] [stderr]    Compiling pem v0.8.3
[INFO] [stderr]    Compiling zstd-sys v2.0.1+zstd.1.5.2
[INFO] [stderr]    Compiling matches v0.1.9
[INFO] [stderr]    Compiling tinyvec_macros v0.1.0
[INFO] [stderr]    Compiling httparse v1.7.1
[INFO] [stderr]    Compiling hashbrown v0.12.2
[INFO] [stderr]    Compiling untrusted v0.6.2
[INFO] [stderr]    Compiling tinyvec v1.6.0
[INFO] [stderr]    Compiling rand_core v0.6.3
[INFO] [stderr]    Compiling tokio v1.19.2
[INFO] [stderr]    Compiling foreign-types-shared v0.1.1
[INFO] [stderr]    Compiling slab v0.4.6
[INFO] [stderr]    Compiling openssl-probe v0.1.5
[INFO] [stderr]    Compiling openssl v0.10.41
[INFO] [stderr]    Compiling rand_chacha v0.3.1
[INFO] [stderr]    Compiling foreign-types v0.3.2
[INFO] [stderr]    Compiling form_urlencoded v1.0.1
[INFO] [stderr]    Compiling unicode-normalization v0.1.21
[INFO] [stderr]    Compiling thiserror v1.0.31
[INFO] [stderr]    Compiling test-cert-gen v0.7.0
[INFO] [stderr]    Compiling block-buffer v0.10.2
[INFO] [stderr]    Compiling crypto-common v0.1.5
[INFO] [stderr]    Compiling openssl-macros v0.1.0
[INFO] [stderr]    Compiling env_logger v0.5.13
[INFO] [stderr]    Compiling bytestring v1.1.0
[INFO] [stderr]    Compiling num-traits v0.2.15
[INFO] [stderr]    Compiling native-tls v0.2.10
[INFO] [stderr]    Compiling local-waker v0.1.3
[INFO] [stderr]    Compiling zstd-safe v5.0.2+zstd.1.5.2
[INFO] [stderr]    Compiling encoding_rs v0.8.31
[INFO] [stderr]    Compiling unicode-bidi v0.3.8
[INFO] [stderr]    Compiling httpdate v1.0.2
[INFO] [stderr]    Compiling alloc-no-stdlib v2.0.3
[INFO] [stderr]    Compiling doc-comment v0.3.3
[INFO] [stderr]    Compiling trybuild v1.0.63
[INFO] [stderr]    Compiling futures-channel v0.3.21
[INFO] [stderr]    Compiling idna v0.2.3
[INFO] [stderr]    Compiling alloc-stdlib v0.2.1
[INFO] [stderr]    Compiling digest v0.10.3
[INFO] [stderr]    Compiling rand v0.8.5
[INFO] [stderr]    Compiling toml v0.5.9
[INFO] [stderr]    Compiling tls-api v0.7.0
[INFO] [stderr]    Compiling tokio-util v0.7.3
[INFO] [stderr]    Compiling h2 v0.3.13
[INFO] [stderr]    Compiling ahash v0.7.6
[INFO] [stderr]    Compiling try-lock v0.2.3
[INFO] [stderr]    Compiling glob v0.3.0
[INFO] [stderr]    Compiling cpufeatures v0.2.2
[INFO] [stderr]    Compiling firestorm v0.5.1
[INFO] [stderr]    Compiling lexical-core v0.7.6
[INFO] [stderr]    Compiling heck v0.4.0
[INFO] [stderr]    Compiling rustls v0.20.6
[INFO] [stderr]    Compiling paste v1.0.7
[INFO] [stderr]    Compiling snafu-derive v0.7.1
[INFO] [stderr]    Compiling miniz_oxide v0.5.3
[INFO] [stderr]    Compiling actix-service v2.0.2
[INFO] [stderr]    Compiling sha1 v0.10.1
[INFO] [stderr]    Compiling tls-api-rustls v0.7.0
[INFO] [stderr]    Compiling want v0.3.0
[INFO] [stderr]    Compiling actix-rt v2.7.0
[INFO] [stderr]    Compiling url v2.2.2
[INFO] [stderr]    Compiling brotli-decompressor v2.3.2
[INFO] [stderr]    Compiling actix-utils v3.0.0
[INFO] [stderr]    Compiling sct v0.7.0
[INFO] [stderr]    Compiling http-body v0.4.5
[INFO] [stderr]    Compiling cookie v0.16.0
[INFO] [stderr]    Compiling nom v5.1.2
[INFO] [stderr]    Compiling arrayvec v0.5.2
[INFO] [stderr]    Compiling convert_case v0.4.0
[INFO] [stderr]    Compiling static_assertions v1.1.0
[INFO] [stderr]    Compiling async-trait v0.1.56
[INFO] [stderr]    Compiling traitobject v0.1.0
[INFO] [stderr]    Compiling mime v0.3.16
[INFO] [stderr]    Compiling tower-service v0.3.2
[INFO] [stderr]    Compiling time-macros v0.2.4
[INFO] [stderr]    Compiling num_threads v0.1.6
[INFO] [stderr]    Compiling hyper v0.14.20
[INFO] [stderr]    Compiling derive_more v0.99.17
[INFO] [stderr]    Compiling unsafe-any v0.4.2
[INFO] [stderr]    Compiling brotli v3.3.4
[INFO] [stderr]    Compiling num-traits v0.1.43
[INFO] [stderr]    Compiling snafu v0.7.1
[INFO] [stderr]    Compiling flate2 v1.0.24
[INFO] [stderr]    Compiling tokio-native-tls v0.3.0
[INFO] [stderr]    Compiling serde_urlencoded v0.7.1
[INFO] [stderr]    Compiling time v0.3.11
[INFO] [stderr]    Compiling actix-router v0.5.0
[INFO] [stderr]    Compiling actix-codec v0.5.0
[INFO] [stderr]    Compiling local-channel v0.1.3
[INFO] [stderr]    Compiling webpki-roots v0.22.4
[INFO] [stderr]    Compiling dirs-sys v0.3.7
[INFO] [stderr]    Compiling rustls-pemfile v1.0.0
[INFO] [stderr]    Compiling edgedb-errors v0.3.0
[INFO] [stderr]    Compiling language-tags v0.3.2
[INFO] [stderr]    Compiling linked-hash-map v0.5.6
[INFO] [stderr]    Compiling serde v0.8.23
[INFO] [stderr]    Compiling uuid v1.1.2
[INFO] [stderr]    Compiling edgedb-protocol v0.4.0
[INFO] [stderr]    Compiling yaml-rust v0.4.5
[INFO] [stderr]    Compiling actix-web-codegen v4.0.1
[INFO] [stderr]    Compiling hyper-tls v0.5.0
[INFO] [stderr]    Compiling serde-hjson v0.9.1
[INFO] [stderr]    Compiling dirs v4.0.0
[INFO] [stderr]    Compiling rustls-native-certs v0.6.2
[INFO] [stderr]    Compiling typemap v0.3.3
[INFO] [stderr]    Compiling edgedb-derive v0.3.0
[INFO] [stderr]    Compiling actix-server v2.1.1
[INFO] [stderr]    Compiling tls-api-not-tls v0.7.0
[INFO] [stderr]    Compiling scram v0.6.0
[INFO] [stderr]    Compiling actix-macros v0.2.3
[INFO] [stderr]    Compiling rustls-pemfile v0.3.0
[INFO] [stderr]    Compiling base16ct v0.1.1
[INFO] [stderr]    Compiling ipnet v2.5.0
[INFO] [stderr]    Compiling rust-ini v0.13.0
[INFO] [stderr]    Compiling config v0.11.0
[INFO] [stderr]    Compiling reqwest v0.11.11
[INFO] [stderr]    Compiling edgedb-tokio v0.3.0
[INFO] [stderr]    Compiling edgedb-derive v0.4.0
[INFO] [stderr]    Compiling zstd v0.11.2+zstd.1.5.2
[INFO] [stderr]    Compiling actix-http v3.2.1
[INFO] [stderr]    Compiling actix-web v4.1.0
[INFO] [stderr]    Compiling email_sub v0.1.0 (/opt/rustwide/workdir)
[INFO] [stdout] warning: fields `name` and `email` are never read
[INFO] [stdout]  --> src/routes/subscriptions.rs:5:5
[INFO] [stdout]   |
[INFO] [stdout] 4 | pub struct FormData {
[INFO] [stdout]   |            -------- fields in this struct
[INFO] [stdout] 5 |     name: String,
[INFO] [stdout]   |     ^^^^
[INFO] [stdout] 6 |     email: String,
[INFO] [stdout]   |     ^^^^^
[INFO] [stdout]   |
[INFO] [stdout]   = note: `#[warn(dead_code)]` on by default
[INFO] [stdout] 
[INFO] [stdout] 
[INFO] [stdout] warning: 1 warning emitted
[INFO] [stdout] 
[INFO] [stdout] 
[INFO] [stderr]     Finished dev [unoptimized + debuginfo] target(s) in 2m 13s
[INFO] [stderr] warning: the following packages contain code that will be rejected by a future version of Rust: nom v5.1.2, traitobject v0.1.0
[INFO] [stderr] note: to see what the problems were, use the option `--future-incompat-report`, or run `cargo report future-incompatibilities --id 1`
[INFO] running `Command { std: "docker" "inspect" "51ffd406e229bfa83ae3b4e559ad74000685816767868b5649bdb6c0c213553c", kill_on_drop: false }`
[INFO] running `Command { std: "docker" "rm" "-f" "51ffd406e229bfa83ae3b4e559ad74000685816767868b5649bdb6c0c213553c", kill_on_drop: false }`
[INFO] [stdout] 51ffd406e229bfa83ae3b4e559ad74000685816767868b5649bdb6c0c213553c
[INFO] running `Command { std: "docker" "create" "-v" "/var/lib/crater-agent-workspace/builds/worker-2-tc2/target:/opt/rustwide/target:rw,Z" "-v" "/var/lib/crater-agent-workspace/builds/worker-2-tc2/source:/opt/rustwide/workdir:ro,Z" "-v" "/var/lib/crater-agent-workspace/cargo-home:/opt/rustwide/cargo-home:ro,Z" "-v" "/var/lib/crater-agent-workspace/rustup-home:/opt/rustwide/rustup-home:ro,Z" "-e" "SOURCE_DIR=/opt/rustwide/workdir" "-e" "CARGO_TARGET_DIR=/opt/rustwide/target" "-e" "CARGO_INCREMENTAL=0" "-e" "RUST_BACKTRACE=full" "-e" "RUSTFLAGS=--cap-lints=warn" "-e" "RUSTDOCFLAGS=--cap-lints=warn" "-e" "CARGO_HOME=/opt/rustwide/cargo-home" "-e" "RUSTUP_HOME=/opt/rustwide/rustup-home" "-w" "/opt/rustwide/workdir" "-m" "1610612736" "--user" "0:0" "--network" "none" "ghcr.io/rust-lang/crates-build-env/linux@sha256:2788e3201cd34a07e3172128adcd8b3090168a8e3bcc40d7c032b9dda1df7d1c" "/opt/rustwide/cargo-home/bin/cargo" "+beta-2023-12-22" "test" "--frozen" "--no-run" "--message-format=json", kill_on_drop: false }`
[INFO] [stdout] d132ea6a59e4915177dbc6351ca99f26b3184f4e22c9b456d5bb66a80959fe5c
[INFO] running `Command { std: "docker" "start" "-a" "d132ea6a59e4915177dbc6351ca99f26b3184f4e22c9b456d5bb66a80959fe5c", kill_on_drop: false }`
[INFO] [stdout] warning: fields `name` and `email` are never read
[INFO] [stdout]  --> src/routes/subscriptions.rs:5:5
[INFO] [stdout]   |
[INFO] [stdout] 4 | pub struct FormData {
[INFO] [stdout]   |            -------- fields in this struct
[INFO] [stdout] 5 |     name: String,
[INFO] [stdout]   |     ^^^^
[INFO] [stdout] 6 |     email: String,
[INFO] [stdout]   |     ^^^^^
[INFO] [stdout]   |
[INFO] [stdout]   = note: `#[warn(dead_code)]` on by default
[INFO] [stdout] 
[INFO] [stdout] 
[INFO] [stdout] warning: 1 warning emitted
[INFO] [stdout] 
[INFO] [stdout] 
[INFO] [stderr]    Compiling email_sub v0.1.0 (/opt/rustwide/workdir)
[INFO] [stdout] warning: unused import: `edgedb_tokio::Error`
[INFO] [stdout]  --> tests/health_check.rs:1:5
[INFO] [stdout]   |
[INFO] [stdout] 1 | use edgedb_tokio::Error;
[INFO] [stdout]   |     ^^^^^^^^^^^^^^^^^^^
[INFO] [stdout]   |
[INFO] [stdout]   = note: `#[warn(unused_imports)]` on by default
[INFO] [stdout] 
[INFO] [stdout] 
[INFO] [stdout] warning: fields `name` and `email` are never read
[INFO] [stdout]  --> src/routes/subscriptions.rs:5:5
[INFO] [stdout]   |
[INFO] [stdout] 4 | pub struct FormData {
[INFO] [stdout]   |            -------- fields in this struct
[INFO] [stdout] 5 |     name: String,
[INFO] [stdout]   |     ^^^^
[INFO] [stdout] 6 |     email: String,
[INFO] [stdout]   |     ^^^^^
[INFO] [stdout]   |
[INFO] [stdout]   = note: `#[warn(dead_code)]` on by default
[INFO] [stdout] 
[INFO] [stdout] 
[INFO] [stdout] warning: 1 warning emitted
[INFO] [stdout] 
[INFO] [stdout] 
[INFO] [stdout] warning: 1 warning emitted
[INFO] [stdout] 
[INFO] [stdout] 
[INFO] [stderr]     Finished test [unoptimized + debuginfo] target(s) in 8.34s
[INFO] [stderr] warning: the following packages contain code that will be rejected by a future version of Rust: nom v5.1.2, traitobject v0.1.0
[INFO] [stderr] note: to see what the problems were, use the option `--future-incompat-report`, or run `cargo report future-incompatibilities --id 1`
[INFO] running `Command { std: "docker" "inspect" "d132ea6a59e4915177dbc6351ca99f26b3184f4e22c9b456d5bb66a80959fe5c", kill_on_drop: false }`
[INFO] running `Command { std: "docker" "rm" "-f" "d132ea6a59e4915177dbc6351ca99f26b3184f4e22c9b456d5bb66a80959fe5c", kill_on_drop: false }`
[INFO] [stdout] d132ea6a59e4915177dbc6351ca99f26b3184f4e22c9b456d5bb66a80959fe5c
[INFO] running `Command { std: "docker" "create" "-v" "/var/lib/crater-agent-workspace/builds/worker-2-tc2/target:/opt/rustwide/target:rw,Z" "-v" "/var/lib/crater-agent-workspace/builds/worker-2-tc2/source:/opt/rustwide/workdir:ro,Z" "-v" "/var/lib/crater-agent-workspace/cargo-home:/opt/rustwide/cargo-home:ro,Z" "-v" "/var/lib/crater-agent-workspace/rustup-home:/opt/rustwide/rustup-home:ro,Z" "-e" "SOURCE_DIR=/opt/rustwide/workdir" "-e" "CARGO_TARGET_DIR=/opt/rustwide/target" "-e" "CARGO_INCREMENTAL=0" "-e" "RUST_BACKTRACE=full" "-e" "RUSTFLAGS=--cap-lints=warn" "-e" "RUSTDOCFLAGS=--cap-lints=warn" "-e" "CARGO_HOME=/opt/rustwide/cargo-home" "-e" "RUSTUP_HOME=/opt/rustwide/rustup-home" "-w" "/opt/rustwide/workdir" "-m" "1610612736" "--user" "0:0" "--network" "none" "ghcr.io/rust-lang/crates-build-env/linux@sha256:2788e3201cd34a07e3172128adcd8b3090168a8e3bcc40d7c032b9dda1df7d1c" "/opt/rustwide/cargo-home/bin/cargo" "+beta-2023-12-22" "test" "--frozen", kill_on_drop: false }`
[INFO] [stdout] 9e62c3fc9194e08a94e2e8d9ebf0c4617f78164997135167d953ff7028303b42
[INFO] running `Command { std: "docker" "start" "-a" "9e62c3fc9194e08a94e2e8d9ebf0c4617f78164997135167d953ff7028303b42", kill_on_drop: false }`
[INFO] [stderr] warning: fields `name` and `email` are never read
[INFO] [stderr]  --> src/routes/subscriptions.rs:5:5
[INFO] [stderr]   |
[INFO] [stderr] 4 | pub struct FormData {
[INFO] [stderr]   |            -------- fields in this struct
[INFO] [stderr] 5 |     name: String,
[INFO] [stderr]   |     ^^^^
[INFO] [stderr] 6 |     email: String,
[INFO] [stderr]   |     ^^^^^
[INFO] [stderr]   |
[INFO] [stderr]   = note: `#[warn(dead_code)]` on by default
[INFO] [stderr] 
[INFO] [stderr] warning: `email_sub` (lib) generated 1 warning
[INFO] [stderr] warning: `email_sub` (lib test) generated 1 warning (1 duplicate)
[INFO] [stderr] warning: unused import: `edgedb_tokio::Error`
[INFO] [stderr]  --> tests/health_check.rs:1:5
[INFO] [stderr]   |
[INFO] [stderr] 1 | use edgedb_tokio::Error;
[INFO] [stderr]   |     ^^^^^^^^^^^^^^^^^^^
[INFO] [stderr]   |
[INFO] [stderr]   = note: `#[warn(unused_imports)]` on by default
[INFO] [stderr] 
[INFO] [stderr] warning: `email_sub` (test "health_check") generated 1 warning (run `cargo fix --test "health_check"` to apply 1 suggestion)
[INFO] [stderr]     Finished test [unoptimized + debuginfo] target(s) in 0.25s
[INFO] [stderr] warning: the following packages contain code that will be rejected by a future version of Rust: nom v5.1.2, traitobject v0.1.0
[INFO] [stderr] note: to see what the problems were, use the option `--future-incompat-report`, or run `cargo report future-incompatibilities --id 1`
[INFO] [stderr]      Running unittests src/lib.rs (/opt/rustwide/target/debug/deps/email_sub-a5ec2d698a2b8537)
[INFO] [stdout] 
[INFO] [stdout] running 0 tests
[INFO] [stdout] 
[INFO] [stdout] test result: ok. 0 passed; 0 failed; 0 ignored; 0 measured; 0 filtered out; finished in 0.00s
[INFO] [stdout] 
[INFO] [stderr]      Running unittests src/main.rs (/opt/rustwide/target/debug/deps/zero2prod-86e8f0fb6d790118)
[INFO] [stdout] 
[INFO] [stdout] running 0 tests
[INFO] [stdout] 
[INFO] [stdout] test result: ok. 0 passed; 0 failed; 0 ignored; 0 measured; 0 filtered out; finished in 0.00s
[INFO] [stdout] 
[INFO] [stderr]      Running tests/health_check.rs (/opt/rustwide/target/debug/deps/health_check-98b466f14e029d16)
[INFO] [stdout] 
[INFO] [stdout] running 3 tests
[INFO] [stdout] test health_check_works ... FAILED
[INFO] [stdout] test subscribe_return_a_200_for_valid_form_data ... FAILED
[INFO] [stdout] test subscribe_return_a_400_when_data_is_missing ... FAILED
[INFO] [stdout] 
[INFO] [stdout] failures:
[INFO] [stdout] 
[INFO] [stdout] ---- health_check_works stdout ----
[INFO] [stdout] thread 'health_check_works' panicked at tests/health_check.rs:7:41:
[INFO] [stdout] Failed to connect to database: Error(Inner { code: 4278256127, messages: ["EdgeDB connection options are not initialized. Run `edgedb project init` or use environment variables to configure connection."], error: None, headers: {} })
[INFO] [stdout] stack backtrace:
[INFO] [stdout]    0:     0x5572c7f84dd6 - std::backtrace_rs::backtrace::libunwind::trace::h261606ad26a499c1
[INFO] [stdout]                                at /rustc/0e09125c6c3c2fd70d7de961bcf0e51575235fad/library/std/src/../../backtrace/src/backtrace/libunwind.rs:104:5
[INFO] [stdout]    1:     0x5572c7f84dd6 - std::backtrace_rs::backtrace::trace_unsynchronized::hd183f0625477fb28
[INFO] [stdout]                                at /rustc/0e09125c6c3c2fd70d7de961bcf0e51575235fad/library/std/src/../../backtrace/src/backtrace/mod.rs:66:5
[INFO] [stdout]    2:     0x5572c7f84dd6 - std::sys_common::backtrace::_print_fmt::hd7f8fef21b4eda67
[INFO] [stdout]                                at /rustc/0e09125c6c3c2fd70d7de961bcf0e51575235fad/library/std/src/sys_common/backtrace.rs:68:5
[INFO] [stdout]    3:     0x5572c7f84dd6 - <std::sys_common::backtrace::_print::DisplayBacktrace as core::fmt::Display>::fmt::h623d9b51f2f453f1
[INFO] [stdout]                                at /rustc/0e09125c6c3c2fd70d7de961bcf0e51575235fad/library/std/src/sys_common/backtrace.rs:44:22
[INFO] [stdout]    4:     0x5572c7fb3550 - core::fmt::rt::Argument::fmt::h9f417ac76a86f368
[INFO] [stdout]                                at /rustc/0e09125c6c3c2fd70d7de961bcf0e51575235fad/library/core/src/fmt/rt.rs:142:9
[INFO] [stdout]    5:     0x5572c7fb3550 - core::fmt::write::hc9b6faf4ac2aeff7
[INFO] [stdout]                                at /rustc/0e09125c6c3c2fd70d7de961bcf0e51575235fad/library/core/src/fmt/mod.rs:1120:17
[INFO] [stdout]    6:     0x5572c7f8168f - std::io::Write::write_fmt::he04625a3a989fec3
[INFO] [stdout]                                at /rustc/0e09125c6c3c2fd70d7de961bcf0e51575235fad/library/std/src/io/mod.rs:1810:15
[INFO] [stdout]    7:     0x5572c7f84bb4 - std::sys_common::backtrace::_print::hd5d66399c7df88a2
[INFO] [stdout]                                at /rustc/0e09125c6c3c2fd70d7de961bcf0e51575235fad/library/std/src/sys_common/backtrace.rs:47:5
[INFO] [stdout]    8:     0x5572c7f84bb4 - std::sys_common::backtrace::print::he81ed2da642d37e5
[INFO] [stdout]                                at /rustc/0e09125c6c3c2fd70d7de961bcf0e51575235fad/library/std/src/sys_common/backtrace.rs:34:9
[INFO] [stdout]    9:     0x5572c7f86927 - std::panicking::default_hook::{{closure}}::h85773f4fa117163d
[INFO] [stdout]   10:     0x5572c7f8660d - std::panicking::default_hook::h6a1694a91d09b278
[INFO] [stdout]                                at /rustc/0e09125c6c3c2fd70d7de961bcf0e51575235fad/library/std/src/panicking.rs:289:9
[INFO] [stdout]   11:     0x5572c75e8467 - <alloc::boxed::Box<F,A> as core::ops::function::Fn<Args>>::call::h616ac37fa3cd6c8f
[INFO] [stdout]                                at /rustc/0e09125c6c3c2fd70d7de961bcf0e51575235fad/library/alloc/src/boxed.rs:2029:9
[INFO] [stdout]   12:     0x5572c75e8467 - test::test_main::{{closure}}::h00d84697cefdcbb6
[INFO] [stdout]                                at /rustc/0e09125c6c3c2fd70d7de961bcf0e51575235fad/library/test/src/lib.rs:138:21
[INFO] [stdout]   13:     0x5572c7f86f46 - <alloc::boxed::Box<F,A> as core::ops::function::Fn<Args>>::call::hcb3fe3b9bb537ba8
[INFO] [stdout]                                at /rustc/0e09125c6c3c2fd70d7de961bcf0e51575235fad/library/alloc/src/boxed.rs:2029:9
[INFO] [stdout]   14:     0x5572c7f86f46 - std::panicking::rust_panic_with_hook::h0a7ad96e90f7145b
[INFO] [stdout]                                at /rustc/0e09125c6c3c2fd70d7de961bcf0e51575235fad/library/std/src/panicking.rs:783:13
[INFO] [stdout]   15:     0x5572c7f86c92 - std::panicking::begin_panic_handler::{{closure}}::h7919090525c6485e
[INFO] [stdout]                                at /rustc/0e09125c6c3c2fd70d7de961bcf0e51575235fad/library/std/src/panicking.rs:657:13
[INFO] [stdout]   16:     0x5572c7f852d6 - std::sys_common::backtrace::__rust_end_short_backtrace::hf3289479464f7dfe
[INFO] [stdout]                                at /rustc/0e09125c6c3c2fd70d7de961bcf0e51575235fad/library/std/src/sys_common/backtrace.rs:171:18
[INFO] [stdout]   17:     0x5572c7f869f0 - rust_begin_unwind
[INFO] [stdout]                                at /rustc/0e09125c6c3c2fd70d7de961bcf0e51575235fad/library/std/src/panicking.rs:645:5
[INFO] [stdout]   18:     0x5572c72c77a5 - core::panicking::panic_fmt::hcc9f77c5c132af55
[INFO] [stdout]                                at /rustc/0e09125c6c3c2fd70d7de961bcf0e51575235fad/library/core/src/panicking.rs:72:14
[INFO] [stdout]   19:     0x5572c72c7d83 - core::result::unwrap_failed::hbe14f498be1452f9
[INFO] [stdout]                                at /rustc/0e09125c6c3c2fd70d7de961bcf0e51575235fad/library/core/src/result.rs:1649:5
[INFO] [stdout]   20:     0x5572c733a0d4 - core::result::Result<T,E>::expect::ha87bb3292c00929a
[INFO] [stdout]                                at /rustc/0e09125c6c3c2fd70d7de961bcf0e51575235fad/library/core/src/result.rs:1030:23
[INFO] [stdout]   21:     0x5572c7301123 - health_check::spawn_app::{{closure}}::h9c9225235df2e4b0
[INFO] [stdout]                                at /opt/rustwide/workdir/tests/health_check.rs:7:22
[INFO] [stdout]   22:     0x5572c7301820 - health_check::health_check_works::{{closure}}::hdf235a506fb87fc8
[INFO] [stdout]                                at /opt/rustwide/workdir/tests/health_check.rs:17:35
[INFO] [stdout]   23:     0x5572c72f362b - <core::pin::Pin<P> as core::future::future::Future>::poll::hd9a3df746291338e
[INFO] [stdout]                                at /rustc/0e09125c6c3c2fd70d7de961bcf0e51575235fad/library/core/src/future/future.rs:124:9
[INFO] [stdout]   24:     0x5572c730b244 - tokio::runtime::basic_scheduler::CoreGuard::block_on::{{closure}}::{{closure}}::{{closure}}::h7d29f5f77c66a7f6
[INFO] [stdout]                                at /opt/rustwide/cargo-home/registry/src/index.crates.io-6f17d22bba15001f/tokio-1.19.2/src/runtime/basic_scheduler.rs:508:48
[INFO] [stdout]   25:     0x5572c7336c00 - tokio::coop::with_budget::{{closure}}::h78c93c55bce6bfa6
[INFO] [stdout]                                at /opt/rustwide/cargo-home/registry/src/index.crates.io-6f17d22bba15001f/tokio-1.19.2/src/coop.rs:102:9
[INFO] [stdout]   26:     0x5572c72ee22e - std::thread::local::LocalKey<T>::try_with::h4a0358cbd97ca17a
[INFO] [stdout]                                at /rustc/0e09125c6c3c2fd70d7de961bcf0e51575235fad/library/std/src/thread/local.rs:270:16
[INFO] [stdout]   27:     0x5572c72ed9da - std::thread::local::LocalKey<T>::with::hd52b2bf5a398dc66
[INFO] [stdout]                                at /rustc/0e09125c6c3c2fd70d7de961bcf0e51575235fad/library/std/src/thread/local.rs:246:9
[INFO] [stdout]   28:     0x5572c730af96 - tokio::coop::with_budget::hdc2b9173758752c3
[INFO] [stdout]                                at /opt/rustwide/cargo-home/registry/src/index.crates.io-6f17d22bba15001f/tokio-1.19.2/src/coop.rs:95:5
[INFO] [stdout]   29:     0x5572c730af96 - tokio::coop::budget::h0e457e6174e8f1ec
[INFO] [stdout]                                at /opt/rustwide/cargo-home/registry/src/index.crates.io-6f17d22bba15001f/tokio-1.19.2/src/coop.rs:72:5
[INFO] [stdout]   30:     0x5572c730af96 - tokio::runtime::basic_scheduler::CoreGuard::block_on::{{closure}}::{{closure}}::h6745abeb8378500f
[INFO] [stdout]                                at /opt/rustwide/cargo-home/registry/src/index.crates.io-6f17d22bba15001f/tokio-1.19.2/src/runtime/basic_scheduler.rs:508:25
[INFO] [stdout]   31:     0x5572c7307a2c - tokio::runtime::basic_scheduler::Context::enter::hf21aa636ec7cb8fb
[INFO] [stdout]                                at /opt/rustwide/cargo-home/registry/src/index.crates.io-6f17d22bba15001f/tokio-1.19.2/src/runtime/basic_scheduler.rs:362:19
[INFO] [stdout]   32:     0x5572c730976b - tokio::runtime::basic_scheduler::CoreGuard::block_on::{{closure}}::h69a9a6d58837ea7b
[INFO] [stdout]                                at /opt/rustwide/cargo-home/registry/src/index.crates.io-6f17d22bba15001f/tokio-1.19.2/src/runtime/basic_scheduler.rs:507:36
[INFO] [stdout]   33:     0x5572c730943b - tokio::runtime::basic_scheduler::CoreGuard::enter::{{closure}}::h0dcfbb3e07db4d25
[INFO] [stdout]                                at /opt/rustwide/cargo-home/registry/src/index.crates.io-6f17d22bba15001f/tokio-1.19.2/src/runtime/basic_scheduler.rs:565:57
[INFO] [stdout]   34:     0x5572c7327b27 - tokio::macros::scoped_tls::ScopedKey<T>::set::h168613d70ce821e7
[INFO] [stdout]                                at /opt/rustwide/cargo-home/registry/src/index.crates.io-6f17d22bba15001f/tokio-1.19.2/src/macros/scoped_tls.rs:61:9
[INFO] [stdout]   35:     0x5572c7308a7c - tokio::runtime::basic_scheduler::CoreGuard::enter::h0b4086e593aecad2
[INFO] [stdout]                                at /opt/rustwide/cargo-home/registry/src/index.crates.io-6f17d22bba15001f/tokio-1.19.2/src/runtime/basic_scheduler.rs:565:27
[INFO] [stdout]   36:     0x5572c73094f8 - tokio::runtime::basic_scheduler::CoreGuard::block_on::h648ac66c1fb1ad1f
[INFO] [stdout]                                at /opt/rustwide/cargo-home/registry/src/index.crates.io-6f17d22bba15001f/tokio-1.19.2/src/runtime/basic_scheduler.rs:498:9
[INFO] [stdout]   37:     0x5572c73061cb - tokio::runtime::basic_scheduler::BasicScheduler::block_on::hc899401fd5eb0faa
[INFO] [stdout]                                at /opt/rustwide/cargo-home/registry/src/index.crates.io-6f17d22bba15001f/tokio-1.19.2/src/runtime/basic_scheduler.rs:174:24
[INFO] [stdout]   38:     0x5572c7337a4c - tokio::runtime::Runtime::block_on::h7d36fe2e1aef2378
[INFO] [stdout]                                at /opt/rustwide/cargo-home/registry/src/index.crates.io-6f17d22bba15001f/tokio-1.19.2/src/runtime/mod.rs:480:46
[INFO] [stdout]   39:     0x5572c730156c - health_check::health_check_works::h71f0d0a8ec076448
[INFO] [stdout]                                at /opt/rustwide/workdir/tests/health_check.rs:28:5
[INFO] [stdout]   40:     0x5572c7301407 - health_check::health_check_works::{{closure}}::h6154c149d47da387
[INFO] [stdout]                                at /opt/rustwide/workdir/tests/health_check.rs:16:30
[INFO] [stdout]   41:     0x5572c72c8c96 - core::ops::function::FnOnce::call_once::hd50f71f87a489f49
[INFO] [stdout]                                at /rustc/0e09125c6c3c2fd70d7de961bcf0e51575235fad/library/core/src/ops/function.rs:250:5
[INFO] [stdout]   42:     0x5572c75edd3f - core::ops::function::FnOnce::call_once::hd64d26f405258157
[INFO] [stdout]                                at /rustc/0e09125c6c3c2fd70d7de961bcf0e51575235fad/library/core/src/ops/function.rs:250:5
[INFO] [stdout]   43:     0x5572c75edd3f - test::__rust_begin_short_backtrace::he21b0b7a6d731bf9
[INFO] [stdout]                                at /rustc/0e09125c6c3c2fd70d7de961bcf0e51575235fad/library/test/src/lib.rs:627:18
[INFO] [stdout]   44:     0x5572c75ecac1 - test::run_test_in_process::{{closure}}::hf5c73986d7bdfde2
[INFO] [stdout]                                at /rustc/0e09125c6c3c2fd70d7de961bcf0e51575235fad/library/test/src/lib.rs:650:60
[INFO] [stdout]   45:     0x5572c75ecac1 - <core::panic::unwind_safe::AssertUnwindSafe<F> as core::ops::function::FnOnce<()>>::call_once::h330011ad032aadc0
[INFO] [stdout]                                at /rustc/0e09125c6c3c2fd70d7de961bcf0e51575235fad/library/core/src/panic/unwind_safe.rs:272:9
[INFO] [stdout]   46:     0x5572c75ecac1 - std::panicking::try::do_call::he61b0a958b795a41
[INFO] [stdout]                                at /rustc/0e09125c6c3c2fd70d7de961bcf0e51575235fad/library/std/src/panicking.rs:552:40
[INFO] [stdout]   47:     0x5572c75ecac1 - std::panicking::try::h7309da130f906eb7
[INFO] [stdout]                                at /rustc/0e09125c6c3c2fd70d7de961bcf0e51575235fad/library/std/src/panicking.rs:516:19
[INFO] [stdout]   48:     0x5572c75ecac1 - std::panic::catch_unwind::hc5c3a06fdaf0a92a
[INFO] [stdout]                                at /rustc/0e09125c6c3c2fd70d7de961bcf0e51575235fad/library/std/src/panic.rs:142:14
[INFO] [stdout]   49:     0x5572c75ecac1 - test::run_test_in_process::h7e7b7c71c3324e0f
[INFO] [stdout]                                at /rustc/0e09125c6c3c2fd70d7de961bcf0e51575235fad/library/test/src/lib.rs:650:27
[INFO] [stdout]   50:     0x5572c75ecac1 - test::run_test::{{closure}}::h1f509f28f5cf20b1
[INFO] [stdout]                                at /rustc/0e09125c6c3c2fd70d7de961bcf0e51575235fad/library/test/src/lib.rs:573:43
[INFO] [stdout]   51:     0x5572c75b3df6 - test::run_test::{{closure}}::h1754218abf443f6d
[INFO] [stdout]                                at /rustc/0e09125c6c3c2fd70d7de961bcf0e51575235fad/library/test/src/lib.rs:601:41
[INFO] [stdout]   52:     0x5572c75b3df6 - std::sys_common::backtrace::__rust_begin_short_backtrace::h2ee174b9d5954948
[INFO] [stdout]                                at /rustc/0e09125c6c3c2fd70d7de961bcf0e51575235fad/library/std/src/sys_common/backtrace.rs:155:18
[INFO] [stdout]   53:     0x5572c75b8e57 - std::thread::Builder::spawn_unchecked_::{{closure}}::{{closure}}::hf60bee9c1a17ef09
[INFO] [stdout]                                at /rustc/0e09125c6c3c2fd70d7de961bcf0e51575235fad/library/std/src/thread/mod.rs:529:17
[INFO] [stdout]   54:     0x5572c75b8e57 - <core::panic::unwind_safe::AssertUnwindSafe<F> as core::ops::function::FnOnce<()>>::call_once::h33d0dddec5216160
[INFO] [stdout]                                at /rustc/0e09125c6c3c2fd70d7de961bcf0e51575235fad/library/core/src/panic/unwind_safe.rs:272:9
[INFO] [stdout]   55:     0x5572c75b8e57 - std::panicking::try::do_call::h144b3048b546f835
[INFO] [stdout]                                at /rustc/0e09125c6c3c2fd70d7de961bcf0e51575235fad/library/std/src/panicking.rs:552:40
[INFO] [stdout]   56:     0x5572c75b8e57 - std::panicking::try::h978244d04646189f
[INFO] [stdout]                                at /rustc/0e09125c6c3c2fd70d7de961bcf0e51575235fad/library/std/src/panicking.rs:516:19
[INFO] [stdout]   57:     0x5572c75b8e57 - std::panic::catch_unwind::hdf436369d188fe86
[INFO] [stdout]                                at /rustc/0e09125c6c3c2fd70d7de961bcf0e51575235fad/library/std/src/panic.rs:142:14
[INFO] [stdout]   58:     0x5572c75b8e57 - std::thread::Builder::spawn_unchecked_::{{closure}}::h87329cbdd33c79ec
[INFO] [stdout]                                at /rustc/0e09125c6c3c2fd70d7de961bcf0e51575235fad/library/std/src/thread/mod.rs:528:30
[INFO] [stdout]   59:     0x5572c75b8e57 - core::ops::function::FnOnce::call_once{{vtable.shim}}::h401abbe67897d450
[INFO] [stdout]                                at /rustc/0e09125c6c3c2fd70d7de961bcf0e51575235fad/library/core/src/ops/function.rs:250:5
[INFO] [stdout]   60:     0x5572c7f8be15 - <alloc::boxed::Box<F,A> as core::ops::function::FnOnce<Args>>::call_once::h5d7c8f150ab9c84c
[INFO] [stdout]                                at /rustc/0e09125c6c3c2fd70d7de961bcf0e51575235fad/library/alloc/src/boxed.rs:2015:9
[INFO] [stdout]   61:     0x5572c7f8be15 - <alloc::boxed::Box<F,A> as core::ops::function::FnOnce<Args>>::call_once::h570d5b005c242c15
[INFO] [stdout]                                at /rustc/0e09125c6c3c2fd70d7de961bcf0e51575235fad/library/alloc/src/boxed.rs:2015:9
[INFO] [stdout]   62:     0x5572c7f8be15 - std::sys::unix::thread::Thread::new::thread_start::h36b0a20c0b2361ad
[INFO] [stdout]                                at /rustc/0e09125c6c3c2fd70d7de961bcf0e51575235fad/library/std/src/sys/unix/thread.rs:108:17
[INFO] [stdout]   63:     0x7f6927a65ac3 - <unknown>
[INFO] [stdout]   64:     0x7f6927af6bf4 - __clone
[INFO] [stdout]   65:                0x0 - <unknown>
[INFO] [stdout] 
[INFO] [stdout] ---- subscribe_return_a_200_for_valid_form_data stdout ----
[INFO] [stdout] thread 'subscribe_return_a_200_for_valid_form_data' panicked at tests/health_check.rs:7:41:
[INFO] [stdout] Failed to connect to database: Error(Inner { code: 4278256127, messages: ["EdgeDB connection options are not initialized. Run `edgedb project init` or use environment variables to configure connection."], error: None, headers: {} })
[INFO] [stdout] stack backtrace:
[INFO] [stdout]    0:     0x5572c7f84dd6 - std::backtrace_rs::backtrace::libunwind::trace::h261606ad26a499c1
[INFO] [stdout]                                at /rustc/0e09125c6c3c2fd70d7de961bcf0e51575235fad/library/std/src/../../backtrace/src/backtrace/libunwind.rs:104:5
[INFO] [stdout]    1:     0x5572c7f84dd6 - std::backtrace_rs::backtrace::trace_unsynchronized::hd183f0625477fb28
[INFO] [stdout]                                at /rustc/0e09125c6c3c2fd70d7de961bcf0e51575235fad/library/std/src/../../backtrace/src/backtrace/mod.rs:66:5
[INFO] [stdout]    2:     0x5572c7f84dd6 - std::sys_common::backtrace::_print_fmt::hd7f8fef21b4eda67
[INFO] [stdout]                                at /rustc/0e09125c6c3c2fd70d7de961bcf0e51575235fad/library/std/src/sys_common/backtrace.rs:68:5
[INFO] [stdout]    3:     0x5572c7f84dd6 - <std::sys_common::backtrace::_print::DisplayBacktrace as core::fmt::Display>::fmt::h623d9b51f2f453f1
[INFO] [stdout]                                at /rustc/0e09125c6c3c2fd70d7de961bcf0e51575235fad/library/std/src/sys_common/backtrace.rs:44:22
[INFO] [stdout]    4:     0x5572c7fb3550 - core::fmt::rt::Argument::fmt::h9f417ac76a86f368
[INFO] [stdout]                                at /rustc/0e09125c6c3c2fd70d7de961bcf0e51575235fad/library/core/src/fmt/rt.rs:142:9
[INFO] [stdout]    5:     0x5572c7fb3550 - core::fmt::write::hc9b6faf4ac2aeff7
[INFO] [stdout]                                at /rustc/0e09125c6c3c2fd70d7de961bcf0e51575235fad/library/core/src/fmt/mod.rs:1120:17
[INFO] [stdout]    6:     0x5572c7f8168f - std::io::Write::write_fmt::he04625a3a989fec3
[INFO] [stdout]                                at /rustc/0e09125c6c3c2fd70d7de961bcf0e51575235fad/library/std/src/io/mod.rs:1810:15
[INFO] [stdout]    7:     0x5572c7f84bb4 - std::sys_common::backtrace::_print::hd5d66399c7df88a2
[INFO] [stdout]                                at /rustc/0e09125c6c3c2fd70d7de961bcf0e51575235fad/library/std/src/sys_common/backtrace.rs:47:5
[INFO] [stdout]    8:     0x5572c7f84bb4 - std::sys_common::backtrace::print::he81ed2da642d37e5
[INFO] [stdout]                                at /rustc/0e09125c6c3c2fd70d7de961bcf0e51575235fad/library/std/src/sys_common/backtrace.rs:34:9
[INFO] [stdout]    9:     0x5572c7f86927 - std::panicking::default_hook::{{closure}}::h85773f4fa117163d
[INFO] [stdout]   10:     0x5572c7f8660d - std::panicking::default_hook::h6a1694a91d09b278
[INFO] [stdout]                                at /rustc/0e09125c6c3c2fd70d7de961bcf0e51575235fad/library/std/src/panicking.rs:289:9
[INFO] [stdout]   11:     0x5572c75e8467 - <alloc::boxed::Box<F,A> as core::ops::function::Fn<Args>>::call::h616ac37fa3cd6c8f
[INFO] [stdout]                                at /rustc/0e09125c6c3c2fd70d7de961bcf0e51575235fad/library/alloc/src/boxed.rs:2029:9
[INFO] [stdout]   12:     0x5572c75e8467 - test::test_main::{{closure}}::h00d84697cefdcbb6
[INFO] [stdout]                                at /rustc/0e09125c6c3c2fd70d7de961bcf0e51575235fad/library/test/src/lib.rs:138:21
[INFO] [stdout]   13:     0x5572c7f86f46 - <alloc::boxed::Box<F,A> as core::ops::function::Fn<Args>>::call::hcb3fe3b9bb537ba8
[INFO] [stdout]                                at /rustc/0e09125c6c3c2fd70d7de961bcf0e51575235fad/library/alloc/src/boxed.rs:2029:9
[INFO] [stdout]   14:     0x5572c7f86f46 - std::panicking::rust_panic_with_hook::h0a7ad96e90f7145b
[INFO] [stdout]                                at /rustc/0e09125c6c3c2fd70d7de961bcf0e51575235fad/library/std/src/panicking.rs:783:13
[INFO] [stdout]   15:     0x5572c7f86c92 - std::panicking::begin_panic_handler::{{closure}}::h7919090525c6485e
[INFO] [stdout]                                at /rustc/0e09125c6c3c2fd70d7de961bcf0e51575235fad/library/std/src/panicking.rs:657:13
[INFO] [stdout]   16:     0x5572c7f852d6 - std::sys_common::backtrace::__rust_end_short_backtrace::hf3289479464f7dfe
[INFO] [stdout]                                at /rustc/0e09125c6c3c2fd70d7de961bcf0e51575235fad/library/std/src/sys_common/backtrace.rs:171:18
[INFO] [stdout]   17:     0x5572c7f869f0 - rust_begin_unwind
[INFO] [stdout]                                at /rustc/0e09125c6c3c2fd70d7de961bcf0e51575235fad/library/std/src/panicking.rs:645:5
[INFO] [stdout]   18:     0x5572c72c77a5 - core::panicking::panic_fmt::hcc9f77c5c132af55
[INFO] [stdout]                                at /rustc/0e09125c6c3c2fd70d7de961bcf0e51575235fad/library/core/src/panicking.rs:72:14
[INFO] [stdout]   19:     0x5572c72c7d83 - core::result::unwrap_failed::hbe14f498be1452f9
[INFO] [stdout]                                at /rustc/0e09125c6c3c2fd70d7de961bcf0e51575235fad/library/core/src/result.rs:1649:5
[INFO] [stdout]   20:     0x5572c733a0d4 - core::result::Result<T,E>::expect::ha87bb3292c00929a
[INFO] [stdout]                                at /rustc/0e09125c6c3c2fd70d7de961bcf0e51575235fad/library/core/src/result.rs:1030:23
[INFO] [stdout]   21:     0x5572c7301123 - health_check::spawn_app::{{closure}}::h9c9225235df2e4b0
[INFO] [stdout]                                at /opt/rustwide/workdir/tests/health_check.rs:7:22
[INFO] [stdout]   22:     0x5572c730244d - health_check::subscribe_return_a_200_for_valid_form_data::{{closure}}::hc6c8fdc1a46d3b72
[INFO] [stdout]                                at /opt/rustwide/workdir/tests/health_check.rs:33:35
[INFO] [stdout]   23:     0x5572c72f359b - <core::pin::Pin<P> as core::future::future::Future>::poll::h96796b5a74119035
[INFO] [stdout]                                at /rustc/0e09125c6c3c2fd70d7de961bcf0e51575235fad/library/core/src/future/future.rs:124:9
[INFO] [stdout]   24:     0x5572c730b284 - tokio::runtime::basic_scheduler::CoreGuard::block_on::{{closure}}::{{closure}}::{{closure}}::hdd9b8fb540010bd2
[INFO] [stdout]                                at /opt/rustwide/cargo-home/registry/src/index.crates.io-6f17d22bba15001f/tokio-1.19.2/src/runtime/basic_scheduler.rs:508:48
[INFO] [stdout]   25:     0x5572c7336870 - tokio::coop::with_budget::{{closure}}::h0fd15424d74bd9c7
[INFO] [stdout]                                at /opt/rustwide/cargo-home/registry/src/index.crates.io-6f17d22bba15001f/tokio-1.19.2/src/coop.rs:102:9
[INFO] [stdout]   26:     0x5572c72ee77e - std::thread::local::LocalKey<T>::try_with::h88fb9638e1c373c0
[INFO] [stdout]                                at /rustc/0e09125c6c3c2fd70d7de961bcf0e51575235fad/library/std/src/thread/local.rs:270:16
[INFO] [stdout]   27:     0x5572c72ed90a - std::thread::local::LocalKey<T>::with::ha81c83e5052ded0f
[INFO] [stdout]                                at /rustc/0e09125c6c3c2fd70d7de961bcf0e51575235fad/library/std/src/thread/local.rs:246:9
[INFO] [stdout]   28:     0x5572c730b1e6 - tokio::coop::with_budget::h875afb8f083a4d41
[INFO] [stdout]                                at /opt/rustwide/cargo-home/registry/src/index.crates.io-6f17d22bba15001f/tokio-1.19.2/src/coop.rs:95:5
[INFO] [stdout]   29:     0x5572c730b1e6 - tokio::coop::budget::h57e98553e8ad3b95
[INFO] [stdout]                                at /opt/rustwide/cargo-home/registry/src/index.crates.io-6f17d22bba15001f/tokio-1.19.2/src/coop.rs:72:5
[INFO] [stdout]   30:     0x5572c730b1e6 - tokio::runtime::basic_scheduler::CoreGuard::block_on::{{closure}}::{{closure}}::hf12f4da54221dc9f
[INFO] [stdout]                                at /opt/rustwide/cargo-home/registry/src/index.crates.io-6f17d22bba15001f/tokio-1.19.2/src/runtime/basic_scheduler.rs:508:25
[INFO] [stdout]   31:     0x5572c73070dc - tokio::runtime::basic_scheduler::Context::enter::h4820c94bcfe21e96
[INFO] [stdout]                                at /opt/rustwide/cargo-home/registry/src/index.crates.io-6f17d22bba15001f/tokio-1.19.2/src/runtime/basic_scheduler.rs:362:19
[INFO] [stdout]   32:     0x5572c730a82b - tokio::runtime::basic_scheduler::CoreGuard::block_on::{{closure}}::he3a2ae03c75947cf
[INFO] [stdout]                                at /opt/rustwide/cargo-home/registry/src/index.crates.io-6f17d22bba15001f/tokio-1.19.2/src/runtime/basic_scheduler.rs:507:36
[INFO] [stdout]   33:     0x5572c730949b - tokio::runtime::basic_scheduler::CoreGuard::enter::{{closure}}::hfa7bb361fba51792
[INFO] [stdout]                                at /opt/rustwide/cargo-home/registry/src/index.crates.io-6f17d22bba15001f/tokio-1.19.2/src/runtime/basic_scheduler.rs:565:57
[INFO] [stdout]   34:     0x5572c7327d47 - tokio::macros::scoped_tls::ScopedKey<T>::set::hf8527889f8a1d4ef
[INFO] [stdout]                                at /opt/rustwide/cargo-home/registry/src/index.crates.io-6f17d22bba15001f/tokio-1.19.2/src/macros/scoped_tls.rs:61:9
[INFO] [stdout]   35:     0x5572c7308e3c - tokio::runtime::basic_scheduler::CoreGuard::enter::h8353c23fdf5f2b03
[INFO] [stdout]                                at /opt/rustwide/cargo-home/registry/src/index.crates.io-6f17d22bba15001f/tokio-1.19.2/src/runtime/basic_scheduler.rs:565:27
[INFO] [stdout]   36:     0x5572c73094d8 - tokio::runtime::basic_scheduler::CoreGuard::block_on::h192683dac4fde5b0
[INFO] [stdout]                                at /opt/rustwide/cargo-home/registry/src/index.crates.io-6f17d22bba15001f/tokio-1.19.2/src/runtime/basic_scheduler.rs:498:9
[INFO] [stdout]   37:     0x5572c7305d3b - tokio::runtime::basic_scheduler::BasicScheduler::block_on::ha9359ad80a533344
[INFO] [stdout]                                at /opt/rustwide/cargo-home/registry/src/index.crates.io-6f17d22bba15001f/tokio-1.19.2/src/runtime/basic_scheduler.rs:174:24
[INFO] [stdout]   38:     0x5572c733787c - tokio::runtime::Runtime::block_on::h196d068ef06e1ac7
[INFO] [stdout]                                at /opt/rustwide/cargo-home/registry/src/index.crates.io-6f17d22bba15001f/tokio-1.19.2/src/runtime/mod.rs:480:46
[INFO] [stdout]   39:     0x5572c730213c - health_check::subscribe_return_a_200_for_valid_form_data::h1fb89494bb957994
[INFO] [stdout]                                at /opt/rustwide/workdir/tests/health_check.rs:52:5
[INFO] [stdout]   40:     0x5572c7301fd7 - health_check::subscribe_return_a_200_for_valid_form_data::{{closure}}::h82b126f3e965d270
[INFO] [stdout]                                at /opt/rustwide/workdir/tests/health_check.rs:32:54
[INFO] [stdout]   41:     0x5572c72c8796 - core::ops::function::FnOnce::call_once::h7ded84594a94856f
[INFO] [stdout]                                at /rustc/0e09125c6c3c2fd70d7de961bcf0e51575235fad/library/core/src/ops/function.rs:250:5
[INFO] [stdout]   42:     0x5572c75edd3f - core::ops::function::FnOnce::call_once::hd64d26f405258157
[INFO] [stdout]                                at /rustc/0e09125c6c3c2fd70d7de961bcf0e51575235fad/library/core/src/ops/function.rs:250:5
[INFO] [stdout]   43:     0x5572c75edd3f - test::__rust_begin_short_backtrace::he21b0b7a6d731bf9
[INFO] [stdout]                                at /rustc/0e09125c6c3c2fd70d7de961bcf0e51575235fad/library/test/src/lib.rs:627:18
[INFO] [stdout]   44:     0x5572c75ecac1 - test::run_test_in_process::{{closure}}::hf5c73986d7bdfde2
[INFO] [stdout]                                at /rustc/0e09125c6c3c2fd70d7de961bcf0e51575235fad/library/test/src/lib.rs:650:60
[INFO] [stdout]   45:     0x5572c75ecac1 - <core::panic::unwind_safe::AssertUnwindSafe<F> as core::ops::function::FnOnce<()>>::call_once::h330011ad032aadc0
[INFO] [stdout]                                at /rustc/0e09125c6c3c2fd70d7de961bcf0e51575235fad/library/core/src/panic/unwind_safe.rs:272:9
[INFO] [stdout]   46:     0x5572c75ecac1 - std::panicking::try::do_call::he61b0a958b795a41
[INFO] [stdout]                                at /rustc/0e09125c6c3c2fd70d7de961bcf0e51575235fad/library/std/src/panicking.rs:552:40
[INFO] [stdout]   47:     0x5572c75ecac1 - std::panicking::try::h7309da130f906eb7
[INFO] [stdout]                                at /rustc/0e09125c6c3c2fd70d7de961bcf0e51575235fad/library/std/src/panicking.rs:516:19
[INFO] [stdout]   48:     0x5572c75ecac1 - std::panic::catch_unwind::hc5c3a06fdaf0a92a
[INFO] [stdout]                                at /rustc/0e09125c6c3c2fd70d7de961bcf0e51575235fad/library/std/src/panic.rs:142:14
[INFO] [stdout]   49:     0x5572c75ecac1 - test::run_test_in_process::h7e7b7c71c3324e0f
[INFO] [stdout]                                at /rustc/0e09125c6c3c2fd70d7de961bcf0e51575235fad/library/test/src/lib.rs:650:27
[INFO] [stdout]   50:     0x5572c75ecac1 - test::run_test::{{closure}}::h1f509f28f5cf20b1
[INFO] [stdout]                                at /rustc/0e09125c6c3c2fd70d7de961bcf0e51575235fad/library/test/src/lib.rs:573:43
[INFO] [stdout]   51:     0x5572c75b3df6 - test::run_test::{{closure}}::h1754218abf443f6d
[INFO] [stdout]                                at /rustc/0e09125c6c3c2fd70d7de961bcf0e51575235fad/library/test/src/lib.rs:601:41
[INFO] [stdout]   52:     0x5572c75b3df6 - std::sys_common::backtrace::__rust_begin_short_backtrace::h2ee174b9d5954948
[INFO] [stdout]                                at /rustc/0e09125c6c3c2fd70d7de961bcf0e51575235fad/library/std/src/sys_common/backtrace.rs:155:18
[INFO] [stdout]   53:     0x5572c75b8e57 - std::thread::Builder::spawn_unchecked_::{{closure}}::{{closure}}::hf60bee9c1a17ef09
[INFO] [stdout]                                at /rustc/0e09125c6c3c2fd70d7de961bcf0e51575235fad/library/std/src/thread/mod.rs:529:17
[INFO] [stdout]   54:     0x5572c75b8e57 - <core::panic::unwind_safe::AssertUnwindSafe<F> as core::ops::function::FnOnce<()>>::call_once::h33d0dddec5216160
[INFO] [stdout]                                at /rustc/0e09125c6c3c2fd70d7de961bcf0e51575235fad/library/core/src/panic/unwind_safe.rs:272:9
[INFO] [stdout]   55:     0x5572c75b8e57 - std::panicking::try::do_call::h144b3048b546f835
[INFO] [stdout]                                at /rustc/0e09125c6c3c2fd70d7de961bcf0e51575235fad/library/std/src/panicking.rs:552:40
[INFO] [stdout]   56:     0x5572c75b8e57 - std::panicking::try::h978244d04646189f
[INFO] [stdout]                                at /rustc/0e09125c6c3c2fd70d7de961bcf0e51575235fad/library/std/src/panicking.rs:516:19
[INFO] [stdout]   57:     0x5572c75b8e57 - std::panic::catch_unwind::hdf436369d188fe86
[INFO] [stdout]                                at /rustc/0e09125c6c3c2fd70d7de961bcf0e51575235fad/library/std/src/panic.rs:142:14
[INFO] [stdout]   58:     0x5572c75b8e57 - std::thread::Builder::spawn_unchecked_::{{closure}}::h87329cbdd33c79ec
[INFO] [stdout]                                at /rustc/0e09125c6c3c2fd70d7de961bcf0e51575235fad/library/std/src/thread/mod.rs:528:30
[INFO] [stdout]   59:     0x5572c75b8e57 - core::ops::function::FnOnce::call_once{{vtable.shim}}::h401abbe67897d450
[INFO] [stdout]                                at /rustc/0e09125c6c3c2fd70d7de961bcf0e51575235fad/library/core/src/ops/function.rs:250:5
[INFO] [stdout]   60:     0x5572c7f8be15 - <alloc::boxed::Box<F,A> as core::ops::function::FnOnce<Args>>::call_once::h5d7c8f150ab9c84c
[INFO] [stdout]                                at /rustc/0e09125c6c3c2fd70d7de961bcf0e51575235fad/library/alloc/src/boxed.rs:2015:9
[INFO] [stdout]   61:     0x5572c7f8be15 - <alloc::boxed::Box<F,A> as core::ops::function::FnOnce<Args>>::call_once::h570d5b005c242c15
[INFO] [stdout]                                at /rustc/0e09125c6c3c2fd70d7de961bcf0e51575235fad/library/alloc/src/boxed.rs:2015:9
[INFO] [stdout]   62:     0x5572c7f8be15 - std::sys::unix::thread::Thread::new::thread_start::h36b0a20c0b2361ad
[INFO] [stdout]                                at /rustc/0e09125c6c3c2fd70d7de961bcf0e51575235fad/library/std/src/sys/unix/thread.rs:108:17
[INFO] [stdout]   63:     0x7f6927a65ac3 - <unknown>
[INFO] [stdout]   64:     0x7f6927af6bf4 - __clone
[INFO] [stdout]   65:                0x0 - <unknown>
[INFO] [stdout] 
[INFO] [stdout] ---- subscribe_return_a_400_when_data_is_missing stdout ----
[INFO] [stdout] thread 'subscribe_return_a_400_when_data_is_missing' panicked at tests/health_check.rs:7:41:
[INFO] [stdout] Failed to connect to database: Error(Inner { code: 4278256127, messages: ["EdgeDB connection options are not initialized. Run `edgedb project init` or use environment variables to configure connection."], error: None, headers: {} })
[INFO] [stdout] stack backtrace:
[INFO] [stdout]    0:     0x5572c7f84dd6 - std::backtrace_rs::backtrace::libunwind::trace::h261606ad26a499c1
[INFO] [stdout]                                at /rustc/0e09125c6c3c2fd70d7de961bcf0e51575235fad/library/std/src/../../backtrace/src/backtrace/libunwind.rs:104:5
[INFO] [stdout]    1:     0x5572c7f84dd6 - std::backtrace_rs::backtrace::trace_unsynchronized::hd183f0625477fb28
[INFO] [stdout]                                at /rustc/0e09125c6c3c2fd70d7de961bcf0e51575235fad/library/std/src/../../backtrace/src/backtrace/mod.rs:66:5
[INFO] [stdout]    2:     0x5572c7f84dd6 - std::sys_common::backtrace::_print_fmt::hd7f8fef21b4eda67
[INFO] [stdout]                                at /rustc/0e09125c6c3c2fd70d7de961bcf0e51575235fad/library/std/src/sys_common/backtrace.rs:68:5
[INFO] [stdout]    3:     0x5572c7f84dd6 - <std::sys_common::backtrace::_print::DisplayBacktrace as core::fmt::Display>::fmt::h623d9b51f2f453f1
[INFO] [stdout]                                at /rustc/0e09125c6c3c2fd70d7de961bcf0e51575235fad/library/std/src/sys_common/backtrace.rs:44:22
[INFO] [stdout]    4:     0x5572c7fb3550 - core::fmt::rt::Argument::fmt::h9f417ac76a86f368
[INFO] [stdout]                                at /rustc/0e09125c6c3c2fd70d7de961bcf0e51575235fad/library/core/src/fmt/rt.rs:142:9
[INFO] [stdout]    5:     0x5572c7fb3550 - core::fmt::write::hc9b6faf4ac2aeff7
[INFO] [stdout]                                at /rustc/0e09125c6c3c2fd70d7de961bcf0e51575235fad/library/core/src/fmt/mod.rs:1120:17
[INFO] [stdout]    6:     0x5572c7f8168f - std::io::Write::write_fmt::he04625a3a989fec3
[INFO] [stdout]                                at /rustc/0e09125c6c3c2fd70d7de961bcf0e51575235fad/library/std/src/io/mod.rs:1810:15
[INFO] [stdout]    7:     0x5572c7f84bb4 - std::sys_common::backtrace::_print::hd5d66399c7df88a2
[INFO] [stdout]                                at /rustc/0e09125c6c3c2fd70d7de961bcf0e51575235fad/library/std/src/sys_common/backtrace.rs:47:5
[INFO] [stdout]    8:     0x5572c7f84bb4 - std::sys_common::backtrace::print::he81ed2da642d37e5
[INFO] [stdout]                                at /rustc/0e09125c6c3c2fd70d7de961bcf0e51575235fad/library/std/src/sys_common/backtrace.rs:34:9
[INFO] [stdout]    9:     0x5572c7f86927 - std::panicking::default_hook::{{closure}}::h85773f4fa117163d
[INFO] [stdout]   10:     0x5572c7f8660d - std::panicking::default_hook::h6a1694a91d09b278
[INFO] [stdout]                                at /rustc/0e09125c6c3c2fd70d7de961bcf0e51575235fad/library/std/src/panicking.rs:289:9
[INFO] [stdout]   11:     0x5572c75e8467 - <alloc::boxed::Box<F,A> as core::ops::function::Fn<Args>>::call::h616ac37fa3cd6c8f
[INFO] [stdout]                                at /rustc/0e09125c6c3c2fd70d7de961bcf0e51575235fad/library/alloc/src/boxed.rs:2029:9
[INFO] [stdout]   12:     0x5572c75e8467 - test::test_main::{{closure}}::h00d84697cefdcbb6
[INFO] [stdout]                                at /rustc/0e09125c6c3c2fd70d7de961bcf0e51575235fad/library/test/src/lib.rs:138:21
[INFO] [stdout]   13:     0x5572c7f86f46 - <alloc::boxed::Box<F,A> as core::ops::function::Fn<Args>>::call::hcb3fe3b9bb537ba8
[INFO] [stdout]                                at /rustc/0e09125c6c3c2fd70d7de961bcf0e51575235fad/library/alloc/src/boxed.rs:2029:9
[INFO] [stdout]   14:     0x5572c7f86f46 - std::panicking::rust_panic_with_hook::h0a7ad96e90f7145b
[INFO] [stdout]                                at /rustc/0e09125c6c3c2fd70d7de961bcf0e51575235fad/library/std/src/panicking.rs:783:13
[INFO] [stdout]   15:     0x5572c7f86c92 - std::panicking::begin_panic_handler::{{closure}}::h7919090525c6485e
[INFO] [stdout]                                at /rustc/0e09125c6c3c2fd70d7de961bcf0e51575235fad/library/std/src/panicking.rs:657:13
[INFO] [stdout]   16:     0x5572c7f852d6 - std::sys_common::backtrace::__rust_end_short_backtrace::hf3289479464f7dfe
[INFO] [stdout]                                at /rustc/0e09125c6c3c2fd70d7de961bcf0e51575235fad/library/std/src/sys_common/backtrace.rs:171:18
[INFO] [stdout]   17:     0x5572c7f869f0 - rust_begin_unwind
[INFO] [stdout]                                at /rustc/0e09125c6c3c2fd70d7de961bcf0e51575235fad/library/std/src/panicking.rs:645:5
[INFO] [stdout]   18:     0x5572c72c77a5 - core::panicking::panic_fmt::hcc9f77c5c132af55
[INFO] [stdout]                                at /rustc/0e09125c6c3c2fd70d7de961bcf0e51575235fad/library/core/src/panicking.rs:72:14
[INFO] [stdout]   19:     0x5572c72c7d83 - core::result::unwrap_failed::hbe14f498be1452f9
[INFO] [stdout]                                at /rustc/0e09125c6c3c2fd70d7de961bcf0e51575235fad/library/core/src/result.rs:1649:5
[INFO] [stdout]   20:     0x5572c733a0d4 - core::result::Result<T,E>::expect::ha87bb3292c00929a
[INFO] [stdout]                                at /rustc/0e09125c6c3c2fd70d7de961bcf0e51575235fad/library/core/src/result.rs:1030:23
[INFO] [stdout]   21:     0x5572c7301123 - health_check::spawn_app::{{closure}}::h9c9225235df2e4b0
[INFO] [stdout]                                at /opt/rustwide/workdir/tests/health_check.rs:7:22
[INFO] [stdout]   22:     0x5572c7303227 - health_check::subscribe_return_a_400_when_data_is_missing::{{closure}}::h1d5f6a728bfa122c
[INFO] [stdout]                                at /opt/rustwide/workdir/tests/health_check.rs:57:35
[INFO] [stdout]   23:     0x5572c72f34db - <core::pin::Pin<P> as core::future::future::Future>::poll::h2971115c414e55e6
[INFO] [stdout]                                at /rustc/0e09125c6c3c2fd70d7de961bcf0e51575235fad/library/core/src/future/future.rs:124:9
[INFO] [stdout]   24:     0x5572c730b2c4 - tokio::runtime::basic_scheduler::CoreGuard::block_on::{{closure}}::{{closure}}::{{closure}}::hebcd0e5a02ace02d
[INFO] [stdout]                                at /opt/rustwide/cargo-home/registry/src/index.crates.io-6f17d22bba15001f/tokio-1.19.2/src/runtime/basic_scheduler.rs:508:48
[INFO] [stdout]   25:     0x5572c7336ad0 - tokio::coop::with_budget::{{closure}}::h2c7bb34608bca5d8
[INFO] [stdout]                                at /opt/rustwide/cargo-home/registry/src/index.crates.io-6f17d22bba15001f/tokio-1.19.2/src/coop.rs:102:9
[INFO] [stdout]   26:     0x5572c72ede2e - std::thread::local::LocalKey<T>::try_with::h241133b88570653f
[INFO] [stdout]                                at /rustc/0e09125c6c3c2fd70d7de961bcf0e51575235fad/library/std/src/thread/local.rs:270:16
[INFO] [stdout]   27:     0x5572c72ed87a - std::thread::local::LocalKey<T>::with::h8875e699ca2c56af
[INFO] [stdout]                                at /rustc/0e09125c6c3c2fd70d7de961bcf0e51575235fad/library/std/src/thread/local.rs:246:9
[INFO] [stdout]   28:     0x5572c730b096 - tokio::coop::with_budget::h2a40625a93948366
[INFO] [stdout]                                at /opt/rustwide/cargo-home/registry/src/index.crates.io-6f17d22bba15001f/tokio-1.19.2/src/coop.rs:95:5
[INFO] [stdout]   29:     0x5572c730b096 - tokio::coop::budget::h021e0dff2bd5e432
[INFO] [stdout]                                at /opt/rustwide/cargo-home/registry/src/index.crates.io-6f17d22bba15001f/tokio-1.19.2/src/coop.rs:72:5
[INFO] [stdout]   30:     0x5572c730b096 - tokio::runtime::basic_scheduler::CoreGuard::block_on::{{closure}}::{{closure}}::h6d0f1f7b528542a1
[INFO] [stdout]                                at /opt/rustwide/cargo-home/registry/src/index.crates.io-6f17d22bba15001f/tokio-1.19.2/src/runtime/basic_scheduler.rs:508:25
[INFO] [stdout]   31:     0x5572c7307d7c - tokio::runtime::basic_scheduler::Context::enter::hf5d55a20dc43e559
[INFO] [stdout]                                at /opt/rustwide/cargo-home/registry/src/index.crates.io-6f17d22bba15001f/tokio-1.19.2/src/runtime/basic_scheduler.rs:362:19
[INFO] [stdout]   32:     0x5572c7309fcb - tokio::runtime::basic_scheduler::CoreGuard::block_on::{{closure}}::hae805a7cca2cb7c5
[INFO] [stdout]                                at /opt/rustwide/cargo-home/registry/src/index.crates.io-6f17d22bba15001f/tokio-1.19.2/src/runtime/basic_scheduler.rs:507:36
[INFO] [stdout]   33:     0x5572c730946b - tokio::runtime::basic_scheduler::CoreGuard::enter::{{closure}}::h7366a9d03d16ebe4
[INFO] [stdout]                                at /opt/rustwide/cargo-home/registry/src/index.crates.io-6f17d22bba15001f/tokio-1.19.2/src/runtime/basic_scheduler.rs:565:57
[INFO] [stdout]   34:     0x5572c7327c37 - tokio::macros::scoped_tls::ScopedKey<T>::set::h9d4903334a7c0cf6
[INFO] [stdout]                                at /opt/rustwide/cargo-home/registry/src/index.crates.io-6f17d22bba15001f/tokio-1.19.2/src/macros/scoped_tls.rs:61:9
[INFO] [stdout]   35:     0x5572c73091fc - tokio::runtime::basic_scheduler::CoreGuard::enter::hb04bb35da2e64654
[INFO] [stdout]                                at /opt/rustwide/cargo-home/registry/src/index.crates.io-6f17d22bba15001f/tokio-1.19.2/src/runtime/basic_scheduler.rs:565:27
[INFO] [stdout]   36:     0x5572c73094b8 - tokio::runtime::basic_scheduler::CoreGuard::block_on::h121a602efa1958fc
[INFO] [stdout]                                at /opt/rustwide/cargo-home/registry/src/index.crates.io-6f17d22bba15001f/tokio-1.19.2/src/runtime/basic_scheduler.rs:498:9
[INFO] [stdout]   37:     0x5572c730665b - tokio::runtime::basic_scheduler::BasicScheduler::block_on::hd49f68de7170fdf6
[INFO] [stdout]                                at /opt/rustwide/cargo-home/registry/src/index.crates.io-6f17d22bba15001f/tokio-1.19.2/src/runtime/basic_scheduler.rs:174:24
[INFO] [stdout]   38:     0x5572c7337c1c - tokio::runtime::Runtime::block_on::h7f17240f3e418670
[INFO] [stdout]                                at /opt/rustwide/cargo-home/registry/src/index.crates.io-6f17d22bba15001f/tokio-1.19.2/src/runtime/mod.rs:480:46
[INFO] [stdout]   39:     0x5572c7302fac - health_check::subscribe_return_a_400_when_data_is_missing::h579157a65e93fc28
[INFO] [stdout]                                at /opt/rustwide/workdir/tests/health_check.rs:66:5
[INFO] [stdout]   40:     0x5572c7302e47 - health_check::subscribe_return_a_400_when_data_is_missing::{{closure}}::h685ad81185481ebf
[INFO] [stdout]                                at /opt/rustwide/workdir/tests/health_check.rs:56:55
[INFO] [stdout]   41:     0x5572c72c8266 - core::ops::function::FnOnce::call_once::h18af7a94272b61d2
[INFO] [stdout]                                at /rustc/0e09125c6c3c2fd70d7de961bcf0e51575235fad/library/core/src/ops/function.rs:250:5
[INFO] [stdout]   42:     0x5572c75edd3f - core::ops::function::FnOnce::call_once::hd64d26f405258157
[INFO] [stdout]                                at /rustc/0e09125c6c3c2fd70d7de961bcf0e51575235fad/library/core/src/ops/function.rs:250:5
[INFO] [stdout]   43:     0x5572c75edd3f - test::__rust_begin_short_backtrace::he21b0b7a6d731bf9
[INFO] [stdout]                                at /rustc/0e09125c6c3c2fd70d7de961bcf0e51575235fad/library/test/src/lib.rs:627:18
[INFO] [stdout]   44:     0x5572c75ecac1 - test::run_test_in_process::{{closure}}::hf5c73986d7bdfde2
[INFO] [stdout]                                at /rustc/0e09125c6c3c2fd70d7de961bcf0e51575235fad/library/test/src/lib.rs:650:60
[INFO] [stdout]   45:     0x5572c75ecac1 - <core::panic::unwind_safe::AssertUnwindSafe<F> as core::ops::function::FnOnce<()>>::call_once::h330011ad032aadc0
[INFO] [stdout]                                at /rustc/0e09125c6c3c2fd70d7de961bcf0e51575235fad/library/core/src/panic/unwind_safe.rs:272:9
[INFO] [stdout]   46:     0x5572c75ecac1 - std::panicking::try::do_call::he61b0a958b795a41
[INFO] [stdout]                                at /rustc/0e09125c6c3c2fd70d7de961bcf0e51575235fad/library/std/src/panicking.rs:552:40
[INFO] [stdout]   47:     0x5572c75ecac1 - std::panicking::try::h7309da130f906eb7
[INFO] [stdout]                                at /rustc/0e09125c6c3c2fd70d7de961bcf0e51575235fad/library/std/src/panicking.rs:516:19
[INFO] [stdout]   48:     0x5572c75ecac1 - std::panic::catch_unwind::hc5c3a06fdaf0a92a
[INFO] [stdout]                                at /rustc/0e09125c6c3c2fd70d7de961bcf0e51575235fad/library/std/src/panic.rs:142:14
[INFO] [stdout]   49:     0x5572c75ecac1 - test::run_test_in_process::h7e7b7c71c3324e0f
[INFO] [stdout]                                at /rustc/0e09125c6c3c2fd70d7de961bcf0e51575235fad/library/test/src/lib.rs:650:27
[INFO] [stdout]   50:     0x5572c75ecac1 - test::run_test::{{closure}}::h1f509f28f5cf20b1
[INFO] [stdout]                                at /rustc/0e09125c6c3c2fd70d7de961bcf0e51575235fad/library/test/src/lib.rs:573:43
[INFO] [stdout]   51:     0x5572c75b3df6 - test::run_test::{{closure}}::h1754218abf443f6d
[INFO] [stdout]                                at /rustc/0e09125c6c3c2fd70d7de961bcf0e51575235fad/library/test/src/lib.rs:601:41
[INFO] [stdout]   52:     0x5572c75b3df6 - std::sys_common::backtrace::__rust_begin_short_backtrace::h2ee174b9d5954948
[INFO] [stdout]                                at /rustc/0e09125c6c3c2fd70d7de961bcf0e51575235fad/library/std/src/sys_common/backtrace.rs:155:18
[INFO] [stdout]   53:     0x5572c75b8e57 - std::thread::Builder::spawn_unchecked_::{{closure}}::{{closure}}::hf60bee9c1a17ef09
[INFO] [stdout]                                at /rustc/0e09125c6c3c2fd70d7de961bcf0e51575235fad/library/std/src/thread/mod.rs:529:17
[INFO] [stdout]   54:     0x5572c75b8e57 - <core::panic::unwind_safe::AssertUnwindSafe<F> as core::ops::function::FnOnce<()>>::call_once::h33d0dddec5216160
[INFO] [stdout]                                at /rustc/0e09125c6c3c2fd70d7de961bcf0e51575235fad/library/core/src/panic/unwind_safe.rs:272:9
[INFO] [stdout]   55:     0x5572c75b8e57 - std::panicking::try::do_call::h144b3048b546f835
[INFO] [stdout]                                at /rustc/0e09125c6c3c2fd70d7de961bcf0e51575235fad/library/std/src/panicking.rs:552:40
[INFO] [stdout]   56:     0x5572c75b8e57 - std::panicking::try::h978244d04646189f
[INFO] [stdout]                                at /rustc/0e09125c6c3c2fd70d7de961bcf0e51575235fad/library/std/src/panicking.rs:516:19
[INFO] [stdout]   57:     0x5572c75b8e57 - std::panic::catch_unwind::hdf436369d188fe86
[INFO] [stdout]                                at /rustc/0e09125c6c3c2fd70d7de961bcf0e51575235fad/library/std/src/panic.rs:142:14
[INFO] [stdout]   58:     0x5572c75b8e57 - std::thread::Builder::spawn_unchecked_::{{closure}}::h87329cbdd33c79ec
[INFO] [stdout]                                at /rustc/0e09125c6c3c2fd70d7de961bcf0e51575235fad/library/std/src/thread/mod.rs:528:30
[INFO] [stdout]   59:     0x5572c75b8e57 - core::ops::function::FnOnce::call_once{{vtable.shim}}::h401abbe67897d450
[INFO] [stdout]                                at /rustc/0e09125c6c3c2fd70d7de961bcf0e51575235fad/library/core/src/ops/function.rs:250:5
[INFO] [stdout]   60:     0x5572c7f8be15 - <alloc::boxed::Box<F,A> as core::ops::function::FnOnce<Args>>::call_once::h5d7c8f150ab9c84c
[INFO] [stdout]                                at /rustc/0e09125c6c3c2fd70d7de961bcf0e51575235fad/library/alloc/src/boxed.rs:2015:9
[INFO] [stdout]   61:     0x5572c7f8be15 - <alloc::boxed::Box<F,A> as core::ops::function::FnOnce<Args>>::call_once::h570d5b005c242c15
[INFO] [stdout]                                at /rustc/0e09125c6c3c2fd70d7de961bcf0e51575235fad/library/alloc/src/boxed.rs:2015:9
[INFO] [stdout]   62:     0x5572c7f8be15 - std::sys::unix::thread::Thread::new::thread_start::h36b0a20c0b2361ad
[INFO] [stdout]                                at /rustc/0e09125c6c3c2fd70d7de961bcf0e51575235fad/library/std/src/sys/unix/thread.rs:108:17
[INFO] [stdout]   63:     0x7f6927a65ac3 - <unknown>
[INFO] [stdout]   64:     0x7f6927af6bf4 - __clone
[INFO] [stdout]   65:                0x0 - <unknown>
[INFO] [stdout] 
[INFO] [stdout] 
[INFO] [stdout] failures:
[INFO] [stdout]     health_check_works
[INFO] [stdout]     subscribe_return_a_200_for_valid_form_data
[INFO] [stdout]     subscribe_return_a_400_when_data_is_missing
[INFO] [stdout] 
[INFO] [stdout] test result: FAILED. 0 passed; 3 failed; 0 ignored; 0 measured; 0 filtered out; finished in 0.14s
[INFO] [stdout] 
[INFO] [stderr] error: test failed, to rerun pass `--test health_check`
[INFO] running `Command { std: "docker" "inspect" "9e62c3fc9194e08a94e2e8d9ebf0c4617f78164997135167d953ff7028303b42", kill_on_drop: false }`
[INFO] running `Command { std: "docker" "rm" "-f" "9e62c3fc9194e08a94e2e8d9ebf0c4617f78164997135167d953ff7028303b42", kill_on_drop: false }`
[INFO] [stdout] 9e62c3fc9194e08a94e2e8d9ebf0c4617f78164997135167d953ff7028303b42
