[INFO] cloning repository https://github.com/Fish1/the-ray-tracer-challenge
[INFO] running `Command { std: "git" "-c" "credential.helper=" "-c" "credential.helper=/workspace/cargo-home/bin/git-credential-null" "clone" "--bare" "https://github.com/Fish1/the-ray-tracer-challenge" "/workspace/cache/git-repos/https%3A%2F%2Fgithub.com%2FFish1%2Fthe-ray-tracer-challenge", kill_on_drop: false }`
[INFO] [stderr] Cloning into bare repository '/workspace/cache/git-repos/https%3A%2F%2Fgithub.com%2FFish1%2Fthe-ray-tracer-challenge'...
[INFO] running `Command { std: "git" "rev-parse" "HEAD", kill_on_drop: false }`
[INFO] [stdout] e42d0df0b5464068d302c7d79647e4b05f98b540
[INFO] testing Fish1/the-ray-tracer-challenge against 1.75.0 for beta-1.76-1
[INFO] running `Command { std: "git" "clone" "/workspace/cache/git-repos/https%3A%2F%2Fgithub.com%2FFish1%2Fthe-ray-tracer-challenge" "/workspace/builds/worker-4-tc1/source", kill_on_drop: false }`
[INFO] [stderr] Cloning into '/workspace/builds/worker-4-tc1/source'...
[INFO] [stderr] done.
[INFO] validating manifest of git repo https://github.com/Fish1/the-ray-tracer-challenge on toolchain 1.75.0
[INFO] running `Command { std: CARGO_HOME="/workspace/cargo-home" RUSTUP_HOME="/workspace/rustup-home" "/workspace/cargo-home/bin/cargo" "+1.75.0" "metadata" "--manifest-path" "Cargo.toml" "--no-deps", kill_on_drop: false }`
[INFO] started tweaking git repo https://github.com/Fish1/the-ray-tracer-challenge
[INFO] finished tweaking git repo https://github.com/Fish1/the-ray-tracer-challenge
[INFO] tweaked toml for git repo https://github.com/Fish1/the-ray-tracer-challenge written to /workspace/builds/worker-4-tc1/source/Cargo.toml
[INFO] crate git repo https://github.com/Fish1/the-ray-tracer-challenge already has a lockfile, it will not be regenerated
[INFO] running `Command { std: CARGO_HOME="/workspace/cargo-home" RUSTUP_HOME="/workspace/rustup-home" "/workspace/cargo-home/bin/cargo" "+1.75.0" "fetch" "--manifest-path" "Cargo.toml", kill_on_drop: false }`
[INFO] running `Command { std: "docker" "create" "-v" "/var/lib/crater-agent-workspace/builds/worker-4-tc1/target:/opt/rustwide/target:rw,Z" "-v" "/var/lib/crater-agent-workspace/builds/worker-4-tc1/source:/opt/rustwide/workdir:ro,Z" "-v" "/var/lib/crater-agent-workspace/cargo-home:/opt/rustwide/cargo-home:ro,Z" "-v" "/var/lib/crater-agent-workspace/rustup-home:/opt/rustwide/rustup-home:ro,Z" "-e" "SOURCE_DIR=/opt/rustwide/workdir" "-e" "CARGO_TARGET_DIR=/opt/rustwide/target" "-e" "CARGO_HOME=/opt/rustwide/cargo-home" "-e" "RUSTUP_HOME=/opt/rustwide/rustup-home" "-w" "/opt/rustwide/workdir" "-m" "1610612736" "--user" "0:0" "--network" "none" "ghcr.io/rust-lang/crates-build-env/linux@sha256:2788e3201cd34a07e3172128adcd8b3090168a8e3bcc40d7c032b9dda1df7d1c" "/opt/rustwide/cargo-home/bin/cargo" "+1.75.0" "metadata" "--no-deps" "--format-version=1", kill_on_drop: false }`
[INFO] [stdout] 1604fd645b15943b5fdd9c7267cfc93f6479e21578d1b50d3aeb0d82c64f3060
[INFO] running `Command { std: "docker" "start" "-a" "1604fd645b15943b5fdd9c7267cfc93f6479e21578d1b50d3aeb0d82c64f3060", kill_on_drop: false }`
[INFO] running `Command { std: "docker" "inspect" "1604fd645b15943b5fdd9c7267cfc93f6479e21578d1b50d3aeb0d82c64f3060", kill_on_drop: false }`
[INFO] running `Command { std: "docker" "rm" "-f" "1604fd645b15943b5fdd9c7267cfc93f6479e21578d1b50d3aeb0d82c64f3060", kill_on_drop: false }`
[INFO] [stdout] 1604fd645b15943b5fdd9c7267cfc93f6479e21578d1b50d3aeb0d82c64f3060
[INFO] running `Command { std: "docker" "create" "-v" "/var/lib/crater-agent-workspace/builds/worker-4-tc1/target:/opt/rustwide/target:rw,Z" "-v" "/var/lib/crater-agent-workspace/builds/worker-4-tc1/source:/opt/rustwide/workdir:ro,Z" "-v" "/var/lib/crater-agent-workspace/cargo-home:/opt/rustwide/cargo-home:ro,Z" "-v" "/var/lib/crater-agent-workspace/rustup-home:/opt/rustwide/rustup-home:ro,Z" "-e" "SOURCE_DIR=/opt/rustwide/workdir" "-e" "CARGO_TARGET_DIR=/opt/rustwide/target" "-e" "CARGO_INCREMENTAL=0" "-e" "RUST_BACKTRACE=full" "-e" "RUSTFLAGS=--cap-lints=warn" "-e" "RUSTDOCFLAGS=--cap-lints=warn" "-e" "CARGO_HOME=/opt/rustwide/cargo-home" "-e" "RUSTUP_HOME=/opt/rustwide/rustup-home" "-w" "/opt/rustwide/workdir" "-m" "1610612736" "--user" "0:0" "--network" "none" "ghcr.io/rust-lang/crates-build-env/linux@sha256:2788e3201cd34a07e3172128adcd8b3090168a8e3bcc40d7c032b9dda1df7d1c" "/opt/rustwide/cargo-home/bin/cargo" "+1.75.0" "build" "--frozen" "--message-format=json", kill_on_drop: false }`
[INFO] [stdout] 13dd95bedaf2a2e7f621ae32e06543bc50140031684ab011f78ecd02cb5ee0e0
[INFO] running `Command { std: "docker" "start" "-a" "13dd95bedaf2a2e7f621ae32e06543bc50140031684ab011f78ecd02cb5ee0e0", kill_on_drop: false }`
[INFO] [stderr]    Compiling the-ray-tracer-challenege v0.1.0 (/opt/rustwide/workdir)
[INFO] [stdout] warning: function `new_sheer` is never used
[INFO] [stdout]  --> src/math/transform/transform.rs:5:8
[INFO] [stdout]   |
[INFO] [stdout] 5 | pub fn new_sheer(xpy: f64, xpz: f64, ypx: f64, ypz: f64, zpx: f64, zpy: f64) -> Matrix {
[INFO] [stdout]   |        ^^^^^^^^^
[INFO] [stdout]   |
[INFO] [stdout]   = note: `#[warn(dead_code)]` on by default
[INFO] [stdout] 
[INFO] [stdout] 
[INFO] [stdout] warning: function `new_translation` is never used
[INFO] [stdout]   --> src/math/transform/transform.rs:15:8
[INFO] [stdout]    |
[INFO] [stdout] 15 | pub fn new_translation(x: f64, y: f64, z: f64) -> Matrix {
[INFO] [stdout]    |        ^^^^^^^^^^^^^^^
[INFO] [stdout] 
[INFO] [stdout] 
[INFO] [stdout] warning: function `new_scale` is never used
[INFO] [stdout]   --> src/math/transform/transform.rs:25:8
[INFO] [stdout]    |
[INFO] [stdout] 25 | pub fn new_scale(x: f64, y: f64, z: f64) -> Matrix {
[INFO] [stdout]    |        ^^^^^^^^^
[INFO] [stdout] 
[INFO] [stdout] 
[INFO] [stdout] warning: function `new_rotation_x` is never used
[INFO] [stdout]   --> src/math/transform/transform.rs:35:8
[INFO] [stdout]    |
[INFO] [stdout] 35 | pub fn new_rotation_x(rad: f64) -> Matrix {
[INFO] [stdout]    |        ^^^^^^^^^^^^^^
[INFO] [stdout] 
[INFO] [stdout] 
[INFO] [stdout] warning: function `new_rotation_y` is never used
[INFO] [stdout]   --> src/math/transform/transform.rs:60:8
[INFO] [stdout]    |
[INFO] [stdout] 60 | pub fn new_rotation_y(rad: f64) -> Matrix {
[INFO] [stdout]    |        ^^^^^^^^^^^^^^
[INFO] [stdout] 
[INFO] [stdout] 
[INFO] [stdout] warning: function `new_rotation_z` is never used
[INFO] [stdout]   --> src/math/transform/transform.rs:85:8
[INFO] [stdout]    |
[INFO] [stdout] 85 | pub fn new_rotation_z(rad: f64) -> Matrix {
[INFO] [stdout]    |        ^^^^^^^^^^^^^^
[INFO] [stdout] 
[INFO] [stdout] 
[INFO] [stdout] warning: constant `epsilon` should have an upper case name
[INFO] [stdout]  --> src/math/compare.rs:1:7
[INFO] [stdout]   |
[INFO] [stdout] 1 | const epsilon: f64 = 0.0001;
[INFO] [stdout]   |       ^^^^^^^ help: convert the identifier to upper case: `EPSILON`
[INFO] [stdout]   |
[INFO] [stdout]   = note: `#[warn(non_upper_case_globals)]` on by default
[INFO] [stdout] 
[INFO] [stdout] 
[INFO] [stdout] warning: 7 warnings emitted
[INFO] [stdout] 
[INFO] [stdout] 
[INFO] [stdout] warning: struct `Canvas` is never constructed
[INFO] [stdout]  --> src/canvas/canvas.rs:5:12
[INFO] [stdout]   |
[INFO] [stdout] 5 | pub struct Canvas {
[INFO] [stdout]   |            ^^^^^^
[INFO] [stdout]   |
[INFO] [stdout]   = note: `#[warn(dead_code)]` on by default
[INFO] [stdout] 
[INFO] [stdout] 
[INFO] [stdout] warning: associated items `new`, `set_pixel`, `get_pixel`, and `save_to_ppm` are never used
[INFO] [stdout]   --> src/canvas/canvas.rs:12:12
[INFO] [stdout]    |
[INFO] [stdout] 11 | impl Canvas {
[INFO] [stdout]    | ----------- associated items in this implementation
[INFO] [stdout] 12 |     pub fn new(width: usize, height: usize) -> Canvas {
[INFO] [stdout]    |            ^^^
[INFO] [stdout] ...
[INFO] [stdout] 20 |     pub fn set_pixel(&mut self, x: usize, y: usize, color: &Color) {
[INFO] [stdout]    |            ^^^^^^^^^
[INFO] [stdout] ...
[INFO] [stdout] 26 |     pub fn get_pixel(&self, x: usize, y: usize) -> &Color {
[INFO] [stdout]    |            ^^^^^^^^^
[INFO] [stdout] ...
[INFO] [stdout] 32 |     pub fn save_to_ppm(&self) {
[INFO] [stdout]    |            ^^^^^^^^^^^
[INFO] [stdout] 
[INFO] [stdout] 
[INFO] [stdout] warning: function `new_sheer` is never used
[INFO] [stdout]  --> src/math/transform/transform.rs:5:8
[INFO] [stdout]   |
[INFO] [stdout] 5 | pub fn new_sheer(xpy: f64, xpz: f64, ypx: f64, ypz: f64, zpx: f64, zpy: f64) -> Matrix {
[INFO] [stdout]   |        ^^^^^^^^^
[INFO] [stdout] 
[INFO] [stdout] 
[INFO] [stdout] warning: function `new_translation` is never used
[INFO] [stdout]   --> src/math/transform/transform.rs:15:8
[INFO] [stdout]    |
[INFO] [stdout] 15 | pub fn new_translation(x: f64, y: f64, z: f64) -> Matrix {
[INFO] [stdout]    |        ^^^^^^^^^^^^^^^
[INFO] [stdout] 
[INFO] [stdout] 
[INFO] [stdout] warning: function `new_scale` is never used
[INFO] [stdout]   --> src/math/transform/transform.rs:25:8
[INFO] [stdout]    |
[INFO] [stdout] 25 | pub fn new_scale(x: f64, y: f64, z: f64) -> Matrix {
[INFO] [stdout]    |        ^^^^^^^^^
[INFO] [stdout] 
[INFO] [stdout] 
[INFO] [stdout] warning: function `new_rotation_x` is never used
[INFO] [stdout]   --> src/math/transform/transform.rs:35:8
[INFO] [stdout]    |
[INFO] [stdout] 35 | pub fn new_rotation_x(rad: f64) -> Matrix {
[INFO] [stdout]    |        ^^^^^^^^^^^^^^
[INFO] [stdout] 
[INFO] [stdout] 
[INFO] [stdout] warning: function `new_rotation_y` is never used
[INFO] [stdout]   --> src/math/transform/transform.rs:60:8
[INFO] [stdout]    |
[INFO] [stdout] 60 | pub fn new_rotation_y(rad: f64) -> Matrix {
[INFO] [stdout]    |        ^^^^^^^^^^^^^^
[INFO] [stdout] 
[INFO] [stdout] 
[INFO] [stdout] warning: function `new_rotation_z` is never used
[INFO] [stdout]   --> src/math/transform/transform.rs:85:8
[INFO] [stdout]    |
[INFO] [stdout] 85 | pub fn new_rotation_z(rad: f64) -> Matrix {
[INFO] [stdout]    |        ^^^^^^^^^^^^^^
[INFO] [stdout] 
[INFO] [stdout] 
[INFO] [stdout] warning: constant `epsilon` should have an upper case name
[INFO] [stdout]  --> src/math/compare.rs:1:7
[INFO] [stdout]   |
[INFO] [stdout] 1 | const epsilon: f64 = 0.0001;
[INFO] [stdout]   |       ^^^^^^^ help: convert the identifier to upper case: `EPSILON`
[INFO] [stdout]   |
[INFO] [stdout]   = note: `#[warn(non_upper_case_globals)]` on by default
[INFO] [stdout] 
[INFO] [stdout] 
[INFO] [stdout] warning: 9 warnings emitted
[INFO] [stdout] 
[INFO] [stdout] 
[INFO] [stderr]     Finished dev [unoptimized + debuginfo] target(s) in 0.24s
[INFO] running `Command { std: "docker" "inspect" "13dd95bedaf2a2e7f621ae32e06543bc50140031684ab011f78ecd02cb5ee0e0", kill_on_drop: false }`
[INFO] running `Command { std: "docker" "rm" "-f" "13dd95bedaf2a2e7f621ae32e06543bc50140031684ab011f78ecd02cb5ee0e0", kill_on_drop: false }`
[INFO] [stdout] 13dd95bedaf2a2e7f621ae32e06543bc50140031684ab011f78ecd02cb5ee0e0
[INFO] running `Command { std: "docker" "create" "-v" "/var/lib/crater-agent-workspace/builds/worker-4-tc1/target:/opt/rustwide/target:rw,Z" "-v" "/var/lib/crater-agent-workspace/builds/worker-4-tc1/source:/opt/rustwide/workdir:ro,Z" "-v" "/var/lib/crater-agent-workspace/cargo-home:/opt/rustwide/cargo-home:ro,Z" "-v" "/var/lib/crater-agent-workspace/rustup-home:/opt/rustwide/rustup-home:ro,Z" "-e" "SOURCE_DIR=/opt/rustwide/workdir" "-e" "CARGO_TARGET_DIR=/opt/rustwide/target" "-e" "CARGO_INCREMENTAL=0" "-e" "RUST_BACKTRACE=full" "-e" "RUSTFLAGS=--cap-lints=warn" "-e" "RUSTDOCFLAGS=--cap-lints=warn" "-e" "CARGO_HOME=/opt/rustwide/cargo-home" "-e" "RUSTUP_HOME=/opt/rustwide/rustup-home" "-w" "/opt/rustwide/workdir" "-m" "1610612736" "--user" "0:0" "--network" "none" "ghcr.io/rust-lang/crates-build-env/linux@sha256:2788e3201cd34a07e3172128adcd8b3090168a8e3bcc40d7c032b9dda1df7d1c" "/opt/rustwide/cargo-home/bin/cargo" "+1.75.0" "test" "--frozen" "--no-run" "--message-format=json", kill_on_drop: false }`
[INFO] [stdout] 0486376d6ace2ac540ff59f93e217e91e4d50f944052e68cf12667c144261630
[INFO] running `Command { std: "docker" "start" "-a" "0486376d6ace2ac540ff59f93e217e91e4d50f944052e68cf12667c144261630", kill_on_drop: false }`
[INFO] [stdout] warning: function `new_sheer` is never used
[INFO] [stdout]  --> src/math/transform/transform.rs:5:8
[INFO] [stdout]   |
[INFO] [stdout] 5 | pub fn new_sheer(xpy: f64, xpz: f64, ypx: f64, ypz: f64, zpx: f64, zpy: f64) -> Matrix {
[INFO] [stdout]   |        ^^^^^^^^^
[INFO] [stdout]   |
[INFO] [stdout]   = note: `#[warn(dead_code)]` on by default
[INFO] [stdout] 
[INFO] [stdout] 
[INFO] [stdout] warning: function `new_translation` is never used
[INFO] [stdout]   --> src/math/transform/transform.rs:15:8
[INFO] [stdout]    |
[INFO] [stdout] 15 | pub fn new_translation(x: f64, y: f64, z: f64) -> Matrix {
[INFO] [stdout]    |        ^^^^^^^^^^^^^^^
[INFO] [stdout] 
[INFO] [stdout] 
[INFO] [stdout] warning: function `new_scale` is never used
[INFO] [stdout]   --> src/math/transform/transform.rs:25:8
[INFO] [stdout]    |
[INFO] [stdout] 25 | pub fn new_scale(x: f64, y: f64, z: f64) -> Matrix {
[INFO] [stdout]    |        ^^^^^^^^^
[INFO] [stdout] 
[INFO] [stdout] 
[INFO] [stderr]    Compiling the-ray-tracer-challenege v0.1.0 (/opt/rustwide/workdir)
[INFO] [stdout] warning: function `new_rotation_x` is never used
[INFO] [stdout]   --> src/math/transform/transform.rs:35:8
[INFO] [stdout]    |
[INFO] [stdout] 35 | pub fn new_rotation_x(rad: f64) -> Matrix {
[INFO] [stdout]    |        ^^^^^^^^^^^^^^
[INFO] [stdout] 
[INFO] [stdout] 
[INFO] [stdout] warning: function `new_rotation_y` is never used
[INFO] [stdout]   --> src/math/transform/transform.rs:60:8
[INFO] [stdout]    |
[INFO] [stdout] 60 | pub fn new_rotation_y(rad: f64) -> Matrix {
[INFO] [stdout]    |        ^^^^^^^^^^^^^^
[INFO] [stdout] 
[INFO] [stdout] 
[INFO] [stdout] warning: function `new_rotation_z` is never used
[INFO] [stdout]   --> src/math/transform/transform.rs:85:8
[INFO] [stdout]    |
[INFO] [stdout] 85 | pub fn new_rotation_z(rad: f64) -> Matrix {
[INFO] [stdout]    |        ^^^^^^^^^^^^^^
[INFO] [stdout] 
[INFO] [stdout] 
[INFO] [stdout] warning: constant `epsilon` should have an upper case name
[INFO] [stdout]  --> src/math/compare.rs:1:7
[INFO] [stdout]   |
[INFO] [stdout] 1 | const epsilon: f64 = 0.0001;
[INFO] [stdout]   |       ^^^^^^^ help: convert the identifier to upper case: `EPSILON`
[INFO] [stdout]   |
[INFO] [stdout]   = note: `#[warn(non_upper_case_globals)]` on by default
[INFO] [stdout] 
[INFO] [stdout] 
[INFO] [stdout] warning: 7 warnings emitted
[INFO] [stdout] 
[INFO] [stdout] 
[INFO] [stdout] warning: constant `epsilon` should have an upper case name
[INFO] [stdout]  --> src/math/compare.rs:1:7
[INFO] [stdout]   |
[INFO] [stdout] 1 | const epsilon: f64 = 0.0001;
[INFO] [stdout]   |       ^^^^^^^ help: convert the identifier to upper case: `EPSILON`
[INFO] [stdout]   |
[INFO] [stdout]   = note: `#[warn(non_upper_case_globals)]` on by default
[INFO] [stdout] 
[INFO] [stdout] 
[INFO] [stdout] warning: constant `epsilon` should have an upper case name
[INFO] [stdout]  --> src/math/compare.rs:1:7
[INFO] [stdout]   |
[INFO] [stdout] 1 | const epsilon: f64 = 0.0001;
[INFO] [stdout]   |       ^^^^^^^ help: convert the identifier to upper case: `EPSILON`
[INFO] [stdout]   |
[INFO] [stdout]   = note: `#[warn(non_upper_case_globals)]` on by default
[INFO] [stdout] 
[INFO] [stdout] 
[INFO] [stdout] warning: 1 warning emitted
[INFO] [stdout] 
[INFO] [stdout] 
[INFO] [stdout] warning: 1 warning emitted
[INFO] [stdout] 
[INFO] [stdout] 
[INFO] [stderr]     Finished test [unoptimized + debuginfo] target(s) in 0.36s
[INFO] running `Command { std: "docker" "inspect" "0486376d6ace2ac540ff59f93e217e91e4d50f944052e68cf12667c144261630", kill_on_drop: false }`
[INFO] running `Command { std: "docker" "rm" "-f" "0486376d6ace2ac540ff59f93e217e91e4d50f944052e68cf12667c144261630", kill_on_drop: false }`
[INFO] [stdout] 0486376d6ace2ac540ff59f93e217e91e4d50f944052e68cf12667c144261630
[INFO] running `Command { std: "docker" "create" "-v" "/var/lib/crater-agent-workspace/builds/worker-4-tc1/target:/opt/rustwide/target:rw,Z" "-v" "/var/lib/crater-agent-workspace/builds/worker-4-tc1/source:/opt/rustwide/workdir:ro,Z" "-v" "/var/lib/crater-agent-workspace/cargo-home:/opt/rustwide/cargo-home:ro,Z" "-v" "/var/lib/crater-agent-workspace/rustup-home:/opt/rustwide/rustup-home:ro,Z" "-e" "SOURCE_DIR=/opt/rustwide/workdir" "-e" "CARGO_TARGET_DIR=/opt/rustwide/target" "-e" "CARGO_INCREMENTAL=0" "-e" "RUST_BACKTRACE=full" "-e" "RUSTFLAGS=--cap-lints=warn" "-e" "RUSTDOCFLAGS=--cap-lints=warn" "-e" "CARGO_HOME=/opt/rustwide/cargo-home" "-e" "RUSTUP_HOME=/opt/rustwide/rustup-home" "-w" "/opt/rustwide/workdir" "-m" "1610612736" "--user" "0:0" "--network" "none" "ghcr.io/rust-lang/crates-build-env/linux@sha256:2788e3201cd34a07e3172128adcd8b3090168a8e3bcc40d7c032b9dda1df7d1c" "/opt/rustwide/cargo-home/bin/cargo" "+1.75.0" "test" "--frozen", kill_on_drop: false }`
[INFO] [stdout] c77ff224fd0de3ff367481ce6f08ba80496297449e52707d019d5c982d25db35
[INFO] running `Command { std: "docker" "start" "-a" "c77ff224fd0de3ff367481ce6f08ba80496297449e52707d019d5c982d25db35", kill_on_drop: false }`
[INFO] [stderr] warning: function `new_sheer` is never used
[INFO] [stderr]  --> src/math/transform/transform.rs:5:8
[INFO] [stderr]   |
[INFO] [stderr] 5 | pub fn new_sheer(xpy: f64, xpz: f64, ypx: f64, ypz: f64, zpx: f64, zpy: f64) -> Matrix {
[INFO] [stderr]   |        ^^^^^^^^^
[INFO] [stderr]   |
[INFO] [stderr]   = note: `#[warn(dead_code)]` on by default
[INFO] [stderr] 
[INFO] [stderr] warning: function `new_translation` is never used
[INFO] [stderr]   --> src/math/transform/transform.rs:15:8
[INFO] [stderr]    |
[INFO] [stderr] 15 | pub fn new_translation(x: f64, y: f64, z: f64) -> Matrix {
[INFO] [stderr]    |        ^^^^^^^^^^^^^^^
[INFO] [stderr] 
[INFO] [stderr] warning: function `new_scale` is never used
[INFO] [stderr]   --> src/math/transform/transform.rs:25:8
[INFO] [stderr]    |
[INFO] [stderr] 25 | pub fn new_scale(x: f64, y: f64, z: f64) -> Matrix {
[INFO] [stderr]    |        ^^^^^^^^^
[INFO] [stderr] 
[INFO] [stderr] warning: function `new_rotation_x` is never used
[INFO] [stderr]   --> src/math/transform/transform.rs:35:8
[INFO] [stderr]    |
[INFO] [stderr] 35 | pub fn new_rotation_x(rad: f64) -> Matrix {
[INFO] [stderr]    |        ^^^^^^^^^^^^^^
[INFO] [stderr] 
[INFO] [stderr] warning: function `new_rotation_y` is never used
[INFO] [stderr]   --> src/math/transform/transform.rs:60:8
[INFO] [stderr]    |
[INFO] [stderr] 60 | pub fn new_rotation_y(rad: f64) -> Matrix {
[INFO] [stderr]    |        ^^^^^^^^^^^^^^
[INFO] [stderr] 
[INFO] [stderr] warning: function `new_rotation_z` is never used
[INFO] [stderr]   --> src/math/transform/transform.rs:85:8
[INFO] [stderr]    |
[INFO] [stderr] 85 | pub fn new_rotation_z(rad: f64) -> Matrix {
[INFO] [stderr]    |        ^^^^^^^^^^^^^^
[INFO] [stderr] 
[INFO] [stderr] warning: constant `epsilon` should have an upper case name
[INFO] [stderr]  --> src/math/compare.rs:1:7
[INFO] [stderr]   |
[INFO] [stderr] 1 | const epsilon: f64 = 0.0001;
[INFO] [stderr]   |       ^^^^^^^ help: convert the identifier to upper case: `EPSILON`
[INFO] [stderr]   |
[INFO] [stderr]   = note: `#[warn(non_upper_case_globals)]` on by default
[INFO] [stderr] 
[INFO] [stderr] warning: `the-ray-tracer-challenege` (lib) generated 7 warnings
[INFO] [stderr] warning: `the-ray-tracer-challenege` (bin "the-ray-tracer-challenege" test) generated 1 warning (1 duplicate)
[INFO] [stderr] warning: `the-ray-tracer-challenege` (lib test) generated 1 warning (1 duplicate)
[INFO] [stderr]     Finished test [unoptimized + debuginfo] target(s) in 0.00s
[INFO] [stderr]      Running unittests src/lib.rs (/opt/rustwide/target/debug/deps/the_ray_tracer_challenege-9ab9539a4766e86f)
[INFO] [stdout] 
[INFO] [stdout] running 62 tests
[INFO] [stdout] test math::matrix::tests::create_identity ... ok
[INFO] [stdout] test math::matrix::tests::calculate_cofactor ... ok
[INFO] [stdout] test math::matrix::tests::calcualte_minor ... ok
[INFO] [stdout] test math::matrix::tests::create_matrix_3x3 ... ok
[INFO] [stdout] test math::matrix::tests::create_matrix_2x2 ... ok
[INFO] [stdout] test math::matrix::tests::create_matrix_4x4 ... ok
[INFO] [stdout] test math::matrix::tests::determinate_2x2 ... ok
[INFO] [stdout] test math::matrix::tests::identity_multiplication ... ok
[INFO] [stdout] test math::matrix::tests::is_not_invertable ... ok
[INFO] [stdout] test math::matrix::tests::inverse_1 ... ok
[INFO] [stdout] test math::matrix::tests::large_determinant_4x4 ... ok
[INFO] [stdout] test math::matrix::tests::matrix_equality ... ok
[INFO] [stdout] test math::matrix::tests::is_invertable ... ok
[INFO] [stdout] test math::matrix::tests::large_determinant_3x3 ... ok
[INFO] [stdout] test math::matrix::tests::inverse_2 ... ok
[INFO] [stdout] test math::matrix::tests::matrix_inequality ... ok
[INFO] [stdout] test math::matrix::tests::multiplication ... ok
[INFO] [stdout] test math::matrix::tests::multiplication_tuple ... ok
[INFO] [stdout] test math::matrix::tests::submatrix_1 ... ok
[INFO] [stdout] test math::matrix::tests::submatrix_2 ... ok
[INFO] [stdout] test math::matrix::tests::transpose ... ok
[INFO] [stdout] test math::matrix::tests::test_inverse ... ok
[INFO] [stdout] test math::transform::transform::tests::transform_reverse_scale ... ok
[INFO] [stdout] test math::matrix::tests::multiplication_diff_size ... ok
[INFO] [stdout] test math::transform::transform::tests::transform_reverse_translation ... ok
[INFO] [stdout] test math::transform::transform::tests::transform_scale ... ok
[INFO] [stdout] test math::transform::transform::tests::transform_scale_reflection ... ok
[INFO] [stdout] test math::transform::transform::tests::transform_shear_xpy ... ok
[INFO] [stdout] test math::transform::transform::tests::transform_sheer_ypz ... ok
[INFO] [stdout] test math::transform::transform::tests::transform_sheer_ypx ... ok
[INFO] [stdout] test math::transform::transform::tests::transform_sheer_xpz ... ok
[INFO] [stdout] test math::transform::transform::tests::transform_sheer_zpx ... ok
[INFO] [stdout] test math::transform::transform::tests::transform_sheer_zpy ... ok
[INFO] [stdout] test math::transform::transform::tests::transform_translation ... ok
[INFO] [stdout] test math::transform::transform::tests::transform_vector_scale ... ok
[INFO] [stdout] test math::tuple::tests::add_tuples ... ok
[INFO] [stdout] test math::transform::transform::tests::transform_vector_translation ... ok
[INFO] [stdout] test math::tuple::tests::compare_tuples_equal ... ok
[INFO] [stdout] test math::tuple::tests::cross_1 ... ok
[INFO] [stdout] test math::transform::transform::tests::transform_combo_1 ... ok
[INFO] [stdout] test math::transform::transform::tests::transform_rotate_z_axis ... ok
[INFO] [stdout] test math::transform::transform::tests::transform_rotate_y_axis ... ok
[INFO] [stdout] test math::transform::transform::tests::transform_rotate_x_axis ... ok
[INFO] [stdout] test math::transform::transform::tests::transform_combo_2 ... ok
[INFO] [stdout] test math::tuple::tests::cross_2 ... ok
[INFO] [stdout] test math::tuple::tests::divide_tuple ... ok
[INFO] [stdout] test math::tuple::tests::compare_tuples_not_equal ... ok
[INFO] [stdout] test math::tuple::tests::dot_1 ... ok
[INFO] [stdout] test math::tuple::tests::magnitude_1 ... ok
[INFO] [stdout] test math::tuple::tests::magnitude_2 ... ok
[INFO] [stdout] test math::tuple::tests::magnitude_3 ... ok
[INFO] [stdout] test math::tuple::tests::magnitude_4 ... ok
[INFO] [stdout] test math::tuple::tests::negate_tuple ... ok
[INFO] [stdout] test math::tuple::tests::normalize_1 ... ok
[INFO] [stdout] test math::tuple::tests::magnitude_5 ... ok
[INFO] [stdout] test math::tuple::tests::normalize_3 ... ok
[INFO] [stdout] test math::tuple::tests::scale_tuple ... ok
[INFO] [stdout] test math::tuple::tests::normalize_2 ... ok
[INFO] [stdout] test math::tuple::tests::tuple_point ... ok
[INFO] [stdout] test math::tuple::tests::point_minus_vector ... ok
[INFO] [stdout] test math::tuple::tests::tuple_vector ... ok
[INFO] [stdout] test math::tuple::tests::vector_minus_vector ... ok
[INFO] [stdout] 
[INFO] [stdout] test result: ok. 62 passed; 0 failed; 0 ignored; 0 measured; 0 filtered out; finished in 0.01s
[INFO] [stdout] 
[INFO] [stderr]      Running unittests src/main.rs (/opt/rustwide/target/debug/deps/the_ray_tracer_challenege-d8a50c2bd3f5c1fc)
[INFO] [stdout] 
[INFO] [stdout] running 71 tests
[INFO] [stdout] test color::color::tests::addition ... ok
[INFO] [stdout] test color::color::tests::color ... ok
[INFO] [stdout] test color::color::tests::multiplication ... ok
[INFO] [stdout] test color::color::tests::subtraction ... ok
[INFO] [stdout] test math::matrix::tests::calcualte_minor ... ok
[INFO] [stdout] test color::color::tests::scale ... ok
[INFO] [stdout] test math::matrix::tests::create_matrix_2x2 ... ok
[INFO] [stdout] test math::matrix::tests::calculate_cofactor ... ok
[INFO] [stdout] test math::matrix::tests::create_identity ... ok
[INFO] [stdout] test math::matrix::tests::create_matrix_3x3 ... ok
[INFO] [stdout] test math::matrix::tests::determinate_2x2 ... ok
[INFO] [stdout] test math::matrix::tests::create_matrix_4x4 ... ok
[INFO] [stdout] test math::matrix::tests::identity_multiplication ... ok
[INFO] [stdout] test math::matrix::tests::inverse_2 ... ok
[INFO] [stdout] test math::matrix::tests::inverse_1 ... ok
[INFO] [stdout] test math::matrix::tests::is_invertable ... ok
[INFO] [stdout] test canvas::canvas::tests::create_canvas ... ok
[INFO] [stdout] test math::matrix::tests::is_not_invertable ... ok
[INFO] [stdout] test math::matrix::tests::matrix_equality ... ok
[INFO] [stdout] test math::matrix::tests::large_determinant_3x3 ... ok
[INFO] [stdout] test math::matrix::tests::matrix_inequality ... ok
[INFO] [stdout] test math::matrix::tests::multiplication ... ok
[INFO] [stdout] test math::matrix::tests::large_determinant_4x4 ... ok
[INFO] [stdout] test math::matrix::tests::submatrix_1 ... ok
[INFO] [stdout] test math::matrix::tests::submatrix_2 ... ok
[INFO] [stdout] test math::matrix::tests::test_inverse ... ok
[INFO] [stdout] test canvas::canvas::tests::set_pixel ... ok
[INFO] [stdout] test math::matrix::tests::multiplication_diff_size ... ok
[INFO] [stdout] test math::matrix::tests::multiplication_tuple ... ok
[INFO] [stdout] test math::transform::transform::tests::transform_combo_1 ... ok
[INFO] [stdout] test math::matrix::tests::transpose ... ok
[INFO] [stdout] test math::transform::transform::tests::transform_combo_2 ... ok
[INFO] [stdout] test math::transform::transform::tests::transform_reverse_translation ... ok
[INFO] [stdout] test math::transform::transform::tests::transform_rotate_z_axis ... ok
[INFO] [stdout] test math::transform::transform::tests::transform_reverse_scale ... ok
[INFO] [stdout] test math::transform::transform::tests::transform_scale ... ok
[INFO] [stdout] test math::transform::transform::tests::transform_rotate_y_axis ... ok
[INFO] [stdout] test math::transform::transform::tests::transform_rotate_x_axis ... ok
[INFO] [stdout] test math::transform::transform::tests::transform_sheer_xpz ... ok
[INFO] [stdout] test math::transform::transform::tests::transform_sheer_ypx ... ok
[INFO] [stdout] test math::transform::transform::tests::transform_scale_reflection ... ok
[INFO] [stdout] test math::transform::transform::tests::transform_sheer_ypz ... ok
[INFO] [stdout] test math::transform::transform::tests::transform_shear_xpy ... ok
[INFO] [stdout] test math::transform::transform::tests::transform_sheer_zpy ... ok
[INFO] [stdout] test math::transform::transform::tests::transform_sheer_zpx ... ok
[INFO] [stdout] test math::transform::transform::tests::transform_vector_scale ... ok
[INFO] [stdout] test math::tuple::tests::add_tuples ... ok
[INFO] [stdout] test math::transform::transform::tests::transform_translation ... ok
[INFO] [stdout] test math::transform::transform::tests::transform_vector_translation ... ok
[INFO] [stdout] test math::tuple::tests::cross_2 ... ok
[INFO] [stdout] test math::tuple::tests::divide_tuple ... ok
[INFO] [stdout] test math::tuple::tests::dot_1 ... ok
[INFO] [stdout] test math::tuple::tests::magnitude_1 ... ok
[INFO] [stdout] test math::tuple::tests::compare_tuples_equal ... ok
[INFO] [stdout] test math::tuple::tests::compare_tuples_not_equal ... ok
[INFO] [stdout] test math::tuple::tests::cross_1 ... ok
[INFO] [stdout] test math::tuple::tests::negate_tuple ... ok
[INFO] [stdout] test math::tuple::tests::magnitude_2 ... ok
[INFO] [stdout] test math::tuple::tests::magnitude_4 ... ok
[INFO] [stdout] test math::tuple::tests::magnitude_3 ... ok
[INFO] [stdout] test math::tuple::tests::magnitude_5 ... ok
[INFO] [stdout] test math::tuple::tests::normalize_2 ... ok
[INFO] [stdout] test math::tuple::tests::normalize_1 ... ok
[INFO] [stdout] test math::tuple::tests::normalize_3 ... ok
[INFO] [stdout] test math::tuple::tests::scale_tuple ... ok
[INFO] [stdout] test math::tuple::tests::tuple_vector ... ok
[INFO] [stdout] test math::tuple::tests::point_minus_vector ... ok
[INFO] [stdout] test math::tuple::tests::tuple_point ... ok
[INFO] [stdout] test math::tuple::tests::vector_minus_vector ... ok
[INFO] [stdout] test canvas::canvas::tests::draw_clock ... FAILED
[INFO] [stdout] test canvas::canvas::tests::draw_projectile ... FAILED
[INFO] [stdout] 
[INFO] [stdout] failures:
[INFO] [stdout] 
[INFO] [stdout] ---- canvas::canvas::tests::draw_clock stdout ----
[INFO] [stdout] thread 'canvas::canvas::tests::draw_clock' panicked at src/canvas/canvas.rs:45:40:
[INFO] [stdout] unable to write to file: Os { code: 30, kind: ReadOnlyFilesystem, message: "Read-only file system" }
[INFO] [stdout] stack backtrace:
[INFO] [stdout]    0:     0x55aaf5b5c1fc - std::backtrace_rs::backtrace::libunwind::trace::ha637c64ce894333a
[INFO] [stdout]                                at /rustc/82e1608dfa6e0b5569232559e3d385fea5a93112/library/std/src/../../backtrace/src/backtrace/libunwind.rs:104:5
[INFO] [stdout]    1:     0x55aaf5b5c1fc - std::backtrace_rs::backtrace::trace_unsynchronized::h47f62dea28e0c88d
[INFO] [stdout]                                at /rustc/82e1608dfa6e0b5569232559e3d385fea5a93112/library/std/src/../../backtrace/src/backtrace/mod.rs:66:5
[INFO] [stdout]    2:     0x55aaf5b5c1fc - std::sys_common::backtrace::_print_fmt::h9eef0abe20ede486
[INFO] [stdout]                                at /rustc/82e1608dfa6e0b5569232559e3d385fea5a93112/library/std/src/sys_common/backtrace.rs:67:5
[INFO] [stdout]    3:     0x55aaf5b5c1fc - <std::sys_common::backtrace::_print::DisplayBacktrace as core::fmt::Display>::fmt::hed7f999df88cc644
[INFO] [stdout]                                at /rustc/82e1608dfa6e0b5569232559e3d385fea5a93112/library/std/src/sys_common/backtrace.rs:44:22
[INFO] [stdout]    4:     0x55aaf5b86150 - core::fmt::rt::Argument::fmt::h1539a9308b8d058d
[INFO] [stdout]                                at /rustc/82e1608dfa6e0b5569232559e3d385fea5a93112/library/core/src/fmt/rt.rs:142:9
[INFO] [stdout]    5:     0x55aaf5b86150 - core::fmt::write::h3a39390d8560d9c9
[INFO] [stdout]                                at /rustc/82e1608dfa6e0b5569232559e3d385fea5a93112/library/core/src/fmt/mod.rs:1120:17
[INFO] [stdout]    6:     0x55aaf5b59baf - std::io::Write::write_fmt::h040b369f3a0f9cbc
[INFO] [stdout]                                at /rustc/82e1608dfa6e0b5569232559e3d385fea5a93112/library/std/src/io/mod.rs:1762:15
[INFO] [stdout]    7:     0x55aaf5b5bfe4 - std::sys_common::backtrace::_print::h894006fb5c6f3d45
[INFO] [stdout]                                at /rustc/82e1608dfa6e0b5569232559e3d385fea5a93112/library/std/src/sys_common/backtrace.rs:47:5
[INFO] [stdout]    8:     0x55aaf5b5bfe4 - std::sys_common::backtrace::print::h23a2d212c6fff936
[INFO] [stdout]                                at /rustc/82e1608dfa6e0b5569232559e3d385fea5a93112/library/std/src/sys_common/backtrace.rs:34:9
[INFO] [stdout]    9:     0x55aaf5b5dca7 - std::panicking::default_hook::{{closure}}::h8a1d2ee00185001a
[INFO] [stdout]   10:     0x55aaf5b5d993 - std::panicking::default_hook::h6038f2eba384e475
[INFO] [stdout]                                at /rustc/82e1608dfa6e0b5569232559e3d385fea5a93112/library/std/src/panicking.rs:289:9
[INFO] [stdout]   11:     0x55aaf5b2e1d7 - <alloc::boxed::Box<F,A> as core::ops::function::Fn<Args>>::call::h0ad024c9bdc6d768
[INFO] [stdout]                                at /rustc/82e1608dfa6e0b5569232559e3d385fea5a93112/library/alloc/src/boxed.rs:2021:9
[INFO] [stdout]   12:     0x55aaf5b2e1d7 - test::test_main::{{closure}}::h7500b54257359db6
[INFO] [stdout]                                at /rustc/82e1608dfa6e0b5569232559e3d385fea5a93112/library/test/src/lib.rs:138:21
[INFO] [stdout]   13:     0x55aaf5b5e2b8 - <alloc::boxed::Box<F,A> as core::ops::function::Fn<Args>>::call::h1f8f335eaa9cfaee
[INFO] [stdout]                                at /rustc/82e1608dfa6e0b5569232559e3d385fea5a93112/library/alloc/src/boxed.rs:2021:9
[INFO] [stdout]   14:     0x55aaf5b5e2b8 - std::panicking::rust_panic_with_hook::h2b5517d590cab22e
[INFO] [stdout]                                at /rustc/82e1608dfa6e0b5569232559e3d385fea5a93112/library/std/src/panicking.rs:783:13
[INFO] [stdout]   15:     0x55aaf5b5e00e - std::panicking::begin_panic_handler::{{closure}}::h233112c06e0ef43e
[INFO] [stdout]                                at /rustc/82e1608dfa6e0b5569232559e3d385fea5a93112/library/std/src/panicking.rs:657:13
[INFO] [stdout]   16:     0x55aaf5b5c6c6 - std::sys_common::backtrace::__rust_end_short_backtrace::h6e893f24d7ebbff8
[INFO] [stdout]                                at /rustc/82e1608dfa6e0b5569232559e3d385fea5a93112/library/std/src/sys_common/backtrace.rs:170:18
[INFO] [stdout]   17:     0x55aaf5b5dd72 - rust_begin_unwind
[INFO] [stdout]                                at /rustc/82e1608dfa6e0b5569232559e3d385fea5a93112/library/std/src/panicking.rs:645:5
[INFO] [stdout]   18:     0x55aaf5ae5cf5 - core::panicking::panic_fmt::hbf0e066aabfa482c
[INFO] [stdout]                                at /rustc/82e1608dfa6e0b5569232559e3d385fea5a93112/library/core/src/panicking.rs:72:14
[INFO] [stdout]   19:     0x55aaf5ae6283 - core::result::unwrap_failed::hddb4fea594200c52
[INFO] [stdout]                                at /rustc/82e1608dfa6e0b5569232559e3d385fea5a93112/library/core/src/result.rs:1653:5
[INFO] [stdout]   20:     0x55aaf5af22bf - core::result::Result<T,E>::expect::hc07c8d564314dbf1
[INFO] [stdout]                                at /rustc/82e1608dfa6e0b5569232559e3d385fea5a93112/library/core/src/result.rs:1034:23
[INFO] [stdout]   21:     0x55aaf5af3b2c - the_ray_tracer_challenege::canvas::canvas::Canvas::save_to_ppm::h1abe870dbfabae6d
[INFO] [stdout]                                at /opt/rustwide/workdir/src/canvas/canvas.rs:45:9
[INFO] [stdout]   22:     0x55aaf5af55e5 - the_ray_tracer_challenege::canvas::canvas::tests::draw_clock::hde23b3a525d420ab
[INFO] [stdout]                                at /opt/rustwide/workdir/src/canvas/canvas.rs:120:9
[INFO] [stdout]   23:     0x55aaf5af5447 - the_ray_tracer_challenege::canvas::canvas::tests::draw_clock::{{closure}}::h7a13dc76602e99d2
[INFO] [stdout]                                at /opt/rustwide/workdir/src/canvas/canvas.rs:102:20
[INFO] [stdout]   24:     0x55aaf5af1216 - core::ops::function::FnOnce::call_once::h9501d4e9bba4d260
[INFO] [stdout]                                at /rustc/82e1608dfa6e0b5569232559e3d385fea5a93112/library/core/src/ops/function.rs:250:5
[INFO] [stdout]   25:     0x55aaf5b3382f - core::ops::function::FnOnce::call_once::h2b5d431d5046312d
[INFO] [stdout]                                at /rustc/82e1608dfa6e0b5569232559e3d385fea5a93112/library/core/src/ops/function.rs:250:5
[INFO] [stdout]   26:     0x55aaf5b3382f - test::__rust_begin_short_backtrace::h7714669af176e207
[INFO] [stdout]                                at /rustc/82e1608dfa6e0b5569232559e3d385fea5a93112/library/test/src/lib.rs:628:18
[INFO] [stdout]   27:     0x55aaf5b32845 - test::run_test_in_process::{{closure}}::h85218797dcbcec12
[INFO] [stdout]                                at /rustc/82e1608dfa6e0b5569232559e3d385fea5a93112/library/test/src/lib.rs:651:60
[INFO] [stdout]   28:     0x55aaf5b32845 - <core::panic::unwind_safe::AssertUnwindSafe<F> as core::ops::function::FnOnce<()>>::call_once::h76c106ea31c14d7b
[INFO] [stdout]                                at /rustc/82e1608dfa6e0b5569232559e3d385fea5a93112/library/core/src/panic/unwind_safe.rs:272:9
[INFO] [stdout]   29:     0x55aaf5b32845 - std::panicking::try::do_call::h3bd5d0f6620ee946
[INFO] [stdout]                                at /rustc/82e1608dfa6e0b5569232559e3d385fea5a93112/library/std/src/panicking.rs:552:40
[INFO] [stdout]   30:     0x55aaf5b32845 - std::panicking::try::h232e535e4744fe31
[INFO] [stdout]                                at /rustc/82e1608dfa6e0b5569232559e3d385fea5a93112/library/std/src/panicking.rs:516:19
[INFO] [stdout]   31:     0x55aaf5b32845 - std::panic::catch_unwind::h3ce3bd6ca8dbac68
[INFO] [stdout]                                at /rustc/82e1608dfa6e0b5569232559e3d385fea5a93112/library/std/src/panic.rs:142:14
[INFO] [stdout]   32:     0x55aaf5b32845 - test::run_test_in_process::hc97b257c9621286a
[INFO] [stdout]                                at /rustc/82e1608dfa6e0b5569232559e3d385fea5a93112/library/test/src/lib.rs:651:27
[INFO] [stdout]   33:     0x55aaf5b32845 - test::run_test::{{closure}}::h2aa798823a438d38
[INFO] [stdout]                                at /rustc/82e1608dfa6e0b5569232559e3d385fea5a93112/library/test/src/lib.rs:574:43
[INFO] [stdout]   34:     0x55aaf5afab06 - test::run_test::{{closure}}::h87d231c78fb59832
[INFO] [stdout]                                at /rustc/82e1608dfa6e0b5569232559e3d385fea5a93112/library/test/src/lib.rs:602:41
[INFO] [stdout]   35:     0x55aaf5afab06 - std::sys_common::backtrace::__rust_begin_short_backtrace::he6df152596625789
[INFO] [stdout]                                at /rustc/82e1608dfa6e0b5569232559e3d385fea5a93112/library/std/src/sys_common/backtrace.rs:154:18
[INFO] [stdout]   36:     0x55aaf5affbb7 - std::thread::Builder::spawn_unchecked_::{{closure}}::{{closure}}::ha94be15d1e0acf36
[INFO] [stdout]                                at /rustc/82e1608dfa6e0b5569232559e3d385fea5a93112/library/std/src/thread/mod.rs:529:17
[INFO] [stdout]   37:     0x55aaf5affbb7 - <core::panic::unwind_safe::AssertUnwindSafe<F> as core::ops::function::FnOnce<()>>::call_once::h9dc6bd6372f16606
[INFO] [stdout]                                at /rustc/82e1608dfa6e0b5569232559e3d385fea5a93112/library/core/src/panic/unwind_safe.rs:272:9
[INFO] [stdout]   38:     0x55aaf5affbb7 - std::panicking::try::do_call::h9057517f80303cd4
[INFO] [stdout]                                at /rustc/82e1608dfa6e0b5569232559e3d385fea5a93112/library/std/src/panicking.rs:552:40
[INFO] [stdout]   39:     0x55aaf5affbb7 - std::panicking::try::he3a30b11ee45340c
[INFO] [stdout]                                at /rustc/82e1608dfa6e0b5569232559e3d385fea5a93112/library/std/src/panicking.rs:516:19
[INFO] [stdout]   40:     0x55aaf5affbb7 - std::panic::catch_unwind::h410458cfd3528b8b
[INFO] [stdout]                                at /rustc/82e1608dfa6e0b5569232559e3d385fea5a93112/library/std/src/panic.rs:142:14
[INFO] [stdout]   41:     0x55aaf5affbb7 - std::thread::Builder::spawn_unchecked_::{{closure}}::h72ac3bdb567b737b
[INFO] [stdout]                                at /rustc/82e1608dfa6e0b5569232559e3d385fea5a93112/library/std/src/thread/mod.rs:528:30
[INFO] [stdout]   42:     0x55aaf5affbb7 - core::ops::function::FnOnce::call_once{{vtable.shim}}::h38f34da3654a8344
[INFO] [stdout]                                at /rustc/82e1608dfa6e0b5569232559e3d385fea5a93112/library/core/src/ops/function.rs:250:5
[INFO] [stdout]   43:     0x55aaf5b62d45 - <alloc::boxed::Box<F,A> as core::ops::function::FnOnce<Args>>::call_once::hc7eafaff61e32df9
[INFO] [stdout]                                at /rustc/82e1608dfa6e0b5569232559e3d385fea5a93112/library/alloc/src/boxed.rs:2007:9
[INFO] [stdout]   44:     0x55aaf5b62d45 - <alloc::boxed::Box<F,A> as core::ops::function::FnOnce<Args>>::call_once::h6ba4a5de48dd2304
[INFO] [stdout]                                at /rustc/82e1608dfa6e0b5569232559e3d385fea5a93112/library/alloc/src/boxed.rs:2007:9
[INFO] [stdout]   45:     0x55aaf5b62d45 - std::sys::unix::thread::Thread::new::thread_start::he469335aef763e45
[INFO] [stdout]                                at /rustc/82e1608dfa6e0b5569232559e3d385fea5a93112/library/std/src/sys/unix/thread.rs:108:17
[INFO] [stdout]   46:     0x7fcbffd1aac3 - <unknown>
[INFO] [stdout]   47:     0x7fcbffdabbf4 - __clone
[INFO] [stdout]   48:                0x0 - <unknown>
[INFO] [stdout] 
[INFO] [stdout] ---- canvas::canvas::tests::draw_projectile stdout ----
[INFO] [stdout] thread 'canvas::canvas::tests::draw_projectile' panicked at src/canvas/canvas.rs:45:40:
[INFO] [stdout] unable to write to file: Os { code: 30, kind: ReadOnlyFilesystem, message: "Read-only file system" }
[INFO] [stdout] stack backtrace:
[INFO] [stdout]    0:     0x55aaf5b5c1fc - std::backtrace_rs::backtrace::libunwind::trace::ha637c64ce894333a
[INFO] [stdout]                                at /rustc/82e1608dfa6e0b5569232559e3d385fea5a93112/library/std/src/../../backtrace/src/backtrace/libunwind.rs:104:5
[INFO] [stdout]    1:     0x55aaf5b5c1fc - std::backtrace_rs::backtrace::trace_unsynchronized::h47f62dea28e0c88d
[INFO] [stdout]                                at /rustc/82e1608dfa6e0b5569232559e3d385fea5a93112/library/std/src/../../backtrace/src/backtrace/mod.rs:66:5
[INFO] [stdout]    2:     0x55aaf5b5c1fc - std::sys_common::backtrace::_print_fmt::h9eef0abe20ede486
[INFO] [stdout]                                at /rustc/82e1608dfa6e0b5569232559e3d385fea5a93112/library/std/src/sys_common/backtrace.rs:67:5
[INFO] [stdout]    3:     0x55aaf5b5c1fc - <std::sys_common::backtrace::_print::DisplayBacktrace as core::fmt::Display>::fmt::hed7f999df88cc644
[INFO] [stdout]                                at /rustc/82e1608dfa6e0b5569232559e3d385fea5a93112/library/std/src/sys_common/backtrace.rs:44:22
[INFO] [stdout]    4:     0x55aaf5b86150 - core::fmt::rt::Argument::fmt::h1539a9308b8d058d
[INFO] [stdout]                                at /rustc/82e1608dfa6e0b5569232559e3d385fea5a93112/library/core/src/fmt/rt.rs:142:9
[INFO] [stdout]    5:     0x55aaf5b86150 - core::fmt::write::h3a39390d8560d9c9
[INFO] [stdout]                                at /rustc/82e1608dfa6e0b5569232559e3d385fea5a93112/library/core/src/fmt/mod.rs:1120:17
[INFO] [stdout]    6:     0x55aaf5b59baf - std::io::Write::write_fmt::h040b369f3a0f9cbc
[INFO] [stdout]                                at /rustc/82e1608dfa6e0b5569232559e3d385fea5a93112/library/std/src/io/mod.rs:1762:15
[INFO] [stdout]    7:     0x55aaf5b5bfe4 - std::sys_common::backtrace::_print::h894006fb5c6f3d45
[INFO] [stdout]                                at /rustc/82e1608dfa6e0b5569232559e3d385fea5a93112/library/std/src/sys_common/backtrace.rs:47:5
[INFO] [stdout]    8:     0x55aaf5b5bfe4 - std::sys_common::backtrace::print::h23a2d212c6fff936
[INFO] [stdout]                                at /rustc/82e1608dfa6e0b5569232559e3d385fea5a93112/library/std/src/sys_common/backtrace.rs:34:9
[INFO] [stdout]    9:     0x55aaf5b5dca7 - std::panicking::default_hook::{{closure}}::h8a1d2ee00185001a
[INFO] [stdout]   10:     0x55aaf5b5d993 - std::panicking::default_hook::h6038f2eba384e475
[INFO] [stdout]                                at /rustc/82e1608dfa6e0b5569232559e3d385fea5a93112/library/std/src/panicking.rs:289:9
[INFO] [stdout]   11:     0x55aaf5b2e1d7 - <alloc::boxed::Box<F,A> as core::ops::function::Fn<Args>>::call::h0ad024c9bdc6d768
[INFO] [stdout]                                at /rustc/82e1608dfa6e0b5569232559e3d385fea5a93112/library/alloc/src/boxed.rs:2021:9
[INFO] [stdout]   12:     0x55aaf5b2e1d7 - test::test_main::{{closure}}::h7500b54257359db6
[INFO] [stdout]                                at /rustc/82e1608dfa6e0b5569232559e3d385fea5a93112/library/test/src/lib.rs:138:21
[INFO] [stdout]   13:     0x55aaf5b5e2b8 - <alloc::boxed::Box<F,A> as core::ops::function::Fn<Args>>::call::h1f8f335eaa9cfaee
[INFO] [stdout]                                at /rustc/82e1608dfa6e0b5569232559e3d385fea5a93112/library/alloc/src/boxed.rs:2021:9
[INFO] [stdout]   14:     0x55aaf5b5e2b8 - std::panicking::rust_panic_with_hook::h2b5517d590cab22e
[INFO] [stdout]                                at /rustc/82e1608dfa6e0b5569232559e3d385fea5a93112/library/std/src/panicking.rs:783:13
[INFO] [stdout]   15:     0x55aaf5b5e00e - std::panicking::begin_panic_handler::{{closure}}::h233112c06e0ef43e
[INFO] [stdout]                                at /rustc/82e1608dfa6e0b5569232559e3d385fea5a93112/library/std/src/panicking.rs:657:13
[INFO] [stdout]   16:     0x55aaf5b5c6c6 - std::sys_common::backtrace::__rust_end_short_backtrace::h6e893f24d7ebbff8
[INFO] [stdout]                                at /rustc/82e1608dfa6e0b5569232559e3d385fea5a93112/library/std/src/sys_common/backtrace.rs:170:18
[INFO] [stdout]   17:     0x55aaf5b5dd72 - rust_begin_unwind
[INFO] [stdout]                                at /rustc/82e1608dfa6e0b5569232559e3d385fea5a93112/library/std/src/panicking.rs:645:5
[INFO] [stdout]   18:     0x55aaf5ae5cf5 - core::panicking::panic_fmt::hbf0e066aabfa482c
[INFO] [stdout]                                at /rustc/82e1608dfa6e0b5569232559e3d385fea5a93112/library/core/src/panicking.rs:72:14
[INFO] [stdout]   19:     0x55aaf5ae6283 - core::result::unwrap_failed::hddb4fea594200c52
[INFO] [stdout]                                at /rustc/82e1608dfa6e0b5569232559e3d385fea5a93112/library/core/src/result.rs:1653:5
[INFO] [stdout]   20:     0x55aaf5af22bf - core::result::Result<T,E>::expect::hc07c8d564314dbf1
[INFO] [stdout]                                at /rustc/82e1608dfa6e0b5569232559e3d385fea5a93112/library/core/src/result.rs:1034:23
[INFO] [stdout]   21:     0x55aaf5af3b2c - the_ray_tracer_challenege::canvas::canvas::Canvas::save_to_ppm::h1abe870dbfabae6d
[INFO] [stdout]                                at /opt/rustwide/workdir/src/canvas/canvas.rs:45:9
[INFO] [stdout]   22:     0x55aaf5af53fe - the_ray_tracer_challenege::canvas::canvas::tests::draw_projectile::h37a96d6139c00391
[INFO] [stdout]                                at /opt/rustwide/workdir/src/canvas/canvas.rs:98:9
[INFO] [stdout]   23:     0x55aaf5af5127 - the_ray_tracer_challenege::canvas::canvas::tests::draw_projectile::{{closure}}::h0f3176a648a4a3e0
[INFO] [stdout]                                at /opt/rustwide/workdir/src/canvas/canvas.rs:76:25
[INFO] [stdout]   24:     0x55aaf5af0e56 - core::ops::function::FnOnce::call_once::h613d3f3d4fee6ead
[INFO] [stdout]                                at /rustc/82e1608dfa6e0b5569232559e3d385fea5a93112/library/core/src/ops/function.rs:250:5
[INFO] [stdout]   25:     0x55aaf5b3382f - core::ops::function::FnOnce::call_once::h2b5d431d5046312d
[INFO] [stdout]                                at /rustc/82e1608dfa6e0b5569232559e3d385fea5a93112/library/core/src/ops/function.rs:250:5
[INFO] [stdout]   26:     0x55aaf5b3382f - test::__rust_begin_short_backtrace::h7714669af176e207
[INFO] [stdout]                                at /rustc/82e1608dfa6e0b5569232559e3d385fea5a93112/library/test/src/lib.rs:628:18
[INFO] [stdout]   27:     0x55aaf5b32845 - test::run_test_in_process::{{closure}}::h85218797dcbcec12
[INFO] [stdout]                                at /rustc/82e1608dfa6e0b5569232559e3d385fea5a93112/library/test/src/lib.rs:651:60
[INFO] [stdout]   28:     0x55aaf5b32845 - <core::panic::unwind_safe::AssertUnwindSafe<F> as core::ops::function::FnOnce<()>>::call_once::h76c106ea31c14d7b
[INFO] [stdout]                                at /rustc/82e1608dfa6e0b5569232559e3d385fea5a93112/library/core/src/panic/unwind_safe.rs:272:9
[INFO] [stdout]   29:     0x55aaf5b32845 - std::panicking::try::do_call::h3bd5d0f6620ee946
[INFO] [stdout]                                at /rustc/82e1608dfa6e0b5569232559e3d385fea5a93112/library/std/src/panicking.rs:552:40
[INFO] [stdout]   30:     0x55aaf5b32845 - std::panicking::try::h232e535e4744fe31
[INFO] [stdout]                                at /rustc/82e1608dfa6e0b5569232559e3d385fea5a93112/library/std/src/panicking.rs:516:19
[INFO] [stdout]   31:     0x55aaf5b32845 - std::panic::catch_unwind::h3ce3bd6ca8dbac68
[INFO] [stdout]                                at /rustc/82e1608dfa6e0b5569232559e3d385fea5a93112/library/std/src/panic.rs:142:14
[INFO] [stdout]   32:     0x55aaf5b32845 - test::run_test_in_process::hc97b257c9621286a
[INFO] [stdout]                                at /rustc/82e1608dfa6e0b5569232559e3d385fea5a93112/library/test/src/lib.rs:651:27
[INFO] [stdout]   33:     0x55aaf5b32845 - test::run_test::{{closure}}::h2aa798823a438d38
[INFO] [stdout]                                at /rustc/82e1608dfa6e0b5569232559e3d385fea5a93112/library/test/src/lib.rs:574:43
[INFO] [stdout]   34:     0x55aaf5afab06 - test::run_test::{{closure}}::h87d231c78fb59832
[INFO] [stdout]                                at /rustc/82e1608dfa6e0b5569232559e3d385fea5a93112/library/test/src/lib.rs:602:41
[INFO] [stdout]   35:     0x55aaf5afab06 - std::sys_common::backtrace::__rust_begin_short_backtrace::he6df152596625789
[INFO] [stdout]                                at /rustc/82e1608dfa6e0b5569232559e3d385fea5a93112/library/std/src/sys_common/backtrace.rs:154:18
[INFO] [stdout]   36:     0x55aaf5affbb7 - std::thread::Builder::spawn_unchecked_::{{closure}}::{{closure}}::ha94be15d1e0acf36
[INFO] [stdout]                                at /rustc/82e1608dfa6e0b5569232559e3d385fea5a93112/library/std/src/thread/mod.rs:529:17
[INFO] [stdout]   37:     0x55aaf5affbb7 - <core::panic::unwind_safe::AssertUnwindSafe<F> as core::ops::function::FnOnce<()>>::call_once::h9dc6bd6372f16606
[INFO] [stdout]                                at /rustc/82e1608dfa6e0b5569232559e3d385fea5a93112/library/core/src/panic/unwind_safe.rs:272:9
[INFO] [stdout]   38:     0x55aaf5affbb7 - std::panicking::try::do_call::h9057517f80303cd4
[INFO] [stdout]                                at /rustc/82e1608dfa6e0b5569232559e3d385fea5a93112/library/std/src/panicking.rs:552:40
[INFO] [stdout]   39:     0x55aaf5affbb7 - std::panicking::try::he3a30b11ee45340c
[INFO] [stdout]                                at /rustc/82e1608dfa6e0b5569232559e3d385fea5a93112/library/std/src/panicking.rs:516:19
[INFO] [stdout]   40:     0x55aaf5affbb7 - std::panic::catch_unwind::h410458cfd3528b8b
[INFO] [stdout]                                at /rustc/82e1608dfa6e0b5569232559e3d385fea5a93112/library/std/src/panic.rs:142:14
[INFO] [stdout]   41:     0x55aaf5affbb7 - std::thread::Builder::spawn_unchecked_::{{closure}}::h72ac3bdb567b737b
[INFO] [stdout]                                at /rustc/82e1608dfa6e0b5569232559e3d385fea5a93112/library/std/src/thread/mod.rs:528:30
[INFO] [stdout]   42:     0x55aaf5affbb7 - core::ops::function::FnOnce::call_once{{vtable.shim}}::h38f34da3654a8344
[INFO] [stdout]                                at /rustc/82e1608dfa6e0b5569232559e3d385fea5a93112/library/core/src/ops/function.rs:250:5
[INFO] [stdout]   43:     0x55aaf5b62d45 - <alloc::boxed::Box<F,A> as core::ops::function::FnOnce<Args>>::call_once::hc7eafaff61e32df9
[INFO] [stdout]                                at /rustc/82e1608dfa6e0b5569232559e3d385fea5a93112/library/alloc/src/boxed.rs:2007:9
[INFO] [stdout]   44:     0x55aaf5b62d45 - <alloc::boxed::Box<F,A> as core::ops::function::FnOnce<Args>>::call_once::h6ba4a5de48dd2304
[INFO] [stdout]                                at /rustc/82e1608dfa6e0b5569232559e3d385fea5a93112/library/alloc/src/boxed.rs:2007:9
[INFO] [stdout]   45:     0x55aaf5b62d45 - std::sys::unix::thread::Thread::new::thread_start::he469335aef763e45
[INFO] [stdout]                                at /rustc/82e1608dfa6e0b5569232559e3d385fea5a93112/library/std/src/sys/unix/thread.rs:108:17
[INFO] [stdout]   46:     0x7fcbffd1aac3 - <unknown>
[INFO] [stdout]   47:     0x7fcbffdabbf4 - __clone
[INFO] [stdout]   48:                0x0 - <unknown>
[INFO] [stdout] 
[INFO] [stdout] 
[INFO] [stdout] failures:
[INFO] [stdout]     canvas::canvas::tests::draw_clock
[INFO] [stdout]     canvas::canvas::tests::draw_projectile
[INFO] [stdout] 
[INFO] [stdout] test result: FAILED. 69 passed; 2 failed; 0 ignored; 0 measured; 0 filtered out; finished in 0.17s
[INFO] [stdout] 
[INFO] [stderr] error: test failed, to rerun pass `--bin the-ray-tracer-challenege`
[INFO] running `Command { std: "docker" "inspect" "c77ff224fd0de3ff367481ce6f08ba80496297449e52707d019d5c982d25db35", kill_on_drop: false }`
[INFO] running `Command { std: "docker" "rm" "-f" "c77ff224fd0de3ff367481ce6f08ba80496297449e52707d019d5c982d25db35", kill_on_drop: false }`
[INFO] [stdout] c77ff224fd0de3ff367481ce6f08ba80496297449e52707d019d5c982d25db35
[INFO] testing Fish1/the-ray-tracer-challenge against beta-2023-12-22 for beta-1.76-1
[INFO] running `Command { std: "git" "clone" "/workspace/cache/git-repos/https%3A%2F%2Fgithub.com%2FFish1%2Fthe-ray-tracer-challenge" "/workspace/builds/worker-4-tc2/source", kill_on_drop: false }`
[INFO] [stderr] Cloning into '/workspace/builds/worker-4-tc2/source'...
[INFO] [stderr] done.
[INFO] validating manifest of git repo https://github.com/Fish1/the-ray-tracer-challenge on toolchain beta-2023-12-22
[INFO] running `Command { std: CARGO_HOME="/workspace/cargo-home" RUSTUP_HOME="/workspace/rustup-home" "/workspace/cargo-home/bin/cargo" "+beta-2023-12-22" "metadata" "--manifest-path" "Cargo.toml" "--no-deps", kill_on_drop: false }`
[INFO] started tweaking git repo https://github.com/Fish1/the-ray-tracer-challenge
[INFO] finished tweaking git repo https://github.com/Fish1/the-ray-tracer-challenge
[INFO] tweaked toml for git repo https://github.com/Fish1/the-ray-tracer-challenge written to /workspace/builds/worker-4-tc2/source/Cargo.toml
[INFO] crate git repo https://github.com/Fish1/the-ray-tracer-challenge already has a lockfile, it will not be regenerated
[INFO] running `Command { std: CARGO_HOME="/workspace/cargo-home" RUSTUP_HOME="/workspace/rustup-home" "/workspace/cargo-home/bin/cargo" "+beta-2023-12-22" "fetch" "--manifest-path" "Cargo.toml", kill_on_drop: false }`
[INFO] [stderr]     Blocking waiting for file lock on package cache
[INFO] running `Command { std: "docker" "create" "-v" "/var/lib/crater-agent-workspace/builds/worker-4-tc2/target:/opt/rustwide/target:rw,Z" "-v" "/var/lib/crater-agent-workspace/builds/worker-4-tc2/source:/opt/rustwide/workdir:ro,Z" "-v" "/var/lib/crater-agent-workspace/cargo-home:/opt/rustwide/cargo-home:ro,Z" "-v" "/var/lib/crater-agent-workspace/rustup-home:/opt/rustwide/rustup-home:ro,Z" "-e" "SOURCE_DIR=/opt/rustwide/workdir" "-e" "CARGO_TARGET_DIR=/opt/rustwide/target" "-e" "CARGO_HOME=/opt/rustwide/cargo-home" "-e" "RUSTUP_HOME=/opt/rustwide/rustup-home" "-w" "/opt/rustwide/workdir" "-m" "1610612736" "--user" "0:0" "--network" "none" "ghcr.io/rust-lang/crates-build-env/linux@sha256:2788e3201cd34a07e3172128adcd8b3090168a8e3bcc40d7c032b9dda1df7d1c" "/opt/rustwide/cargo-home/bin/cargo" "+beta-2023-12-22" "metadata" "--no-deps" "--format-version=1", kill_on_drop: false }`
[INFO] [stdout] 08a6180df2edaeaf9873b5846ddca7aac83fc1f6d347750b534239dc8b424ac3
[INFO] running `Command { std: "docker" "start" "-a" "08a6180df2edaeaf9873b5846ddca7aac83fc1f6d347750b534239dc8b424ac3", kill_on_drop: false }`
[INFO] running `Command { std: "docker" "inspect" "08a6180df2edaeaf9873b5846ddca7aac83fc1f6d347750b534239dc8b424ac3", kill_on_drop: false }`
[INFO] running `Command { std: "docker" "rm" "-f" "08a6180df2edaeaf9873b5846ddca7aac83fc1f6d347750b534239dc8b424ac3", kill_on_drop: false }`
[INFO] [stdout] 08a6180df2edaeaf9873b5846ddca7aac83fc1f6d347750b534239dc8b424ac3
[INFO] running `Command { std: "docker" "create" "-v" "/var/lib/crater-agent-workspace/builds/worker-4-tc2/target:/opt/rustwide/target:rw,Z" "-v" "/var/lib/crater-agent-workspace/builds/worker-4-tc2/source:/opt/rustwide/workdir:ro,Z" "-v" "/var/lib/crater-agent-workspace/cargo-home:/opt/rustwide/cargo-home:ro,Z" "-v" "/var/lib/crater-agent-workspace/rustup-home:/opt/rustwide/rustup-home:ro,Z" "-e" "SOURCE_DIR=/opt/rustwide/workdir" "-e" "CARGO_TARGET_DIR=/opt/rustwide/target" "-e" "CARGO_INCREMENTAL=0" "-e" "RUST_BACKTRACE=full" "-e" "RUSTFLAGS=--cap-lints=warn" "-e" "RUSTDOCFLAGS=--cap-lints=warn" "-e" "CARGO_HOME=/opt/rustwide/cargo-home" "-e" "RUSTUP_HOME=/opt/rustwide/rustup-home" "-w" "/opt/rustwide/workdir" "-m" "1610612736" "--user" "0:0" "--network" "none" "ghcr.io/rust-lang/crates-build-env/linux@sha256:2788e3201cd34a07e3172128adcd8b3090168a8e3bcc40d7c032b9dda1df7d1c" "/opt/rustwide/cargo-home/bin/cargo" "+beta-2023-12-22" "build" "--frozen" "--message-format=json", kill_on_drop: false }`
[INFO] [stdout] d305b28813ce02d2f381d91c05f60945abe3e6b24d86bcd4a393c01a6ad24dfc
[INFO] running `Command { std: "docker" "start" "-a" "d305b28813ce02d2f381d91c05f60945abe3e6b24d86bcd4a393c01a6ad24dfc", kill_on_drop: false }`
[INFO] [stderr]    Compiling the-ray-tracer-challenege v0.1.0 (/opt/rustwide/workdir)
[INFO] [stdout] warning: function `new_sheer` is never used
[INFO] [stdout]  --> src/math/transform/transform.rs:5:8
[INFO] [stdout]   |
[INFO] [stdout] 5 | pub fn new_sheer(xpy: f64, xpz: f64, ypx: f64, ypz: f64, zpx: f64, zpy: f64) -> Matrix {
[INFO] [stdout]   |        ^^^^^^^^^
[INFO] [stdout]   |
[INFO] [stdout]   = note: `#[warn(dead_code)]` on by default
[INFO] [stdout] 
[INFO] [stdout] 
[INFO] [stdout] warning: function `new_translation` is never used
[INFO] [stdout]   --> src/math/transform/transform.rs:15:8
[INFO] [stdout]    |
[INFO] [stdout] 15 | pub fn new_translation(x: f64, y: f64, z: f64) -> Matrix {
[INFO] [stdout]    |        ^^^^^^^^^^^^^^^
[INFO] [stdout] 
[INFO] [stdout] 
[INFO] [stdout] warning: function `new_scale` is never used
[INFO] [stdout]   --> src/math/transform/transform.rs:25:8
[INFO] [stdout]    |
[INFO] [stdout] 25 | pub fn new_scale(x: f64, y: f64, z: f64) -> Matrix {
[INFO] [stdout]    |        ^^^^^^^^^
[INFO] [stdout] 
[INFO] [stdout] 
[INFO] [stdout] warning: function `new_rotation_x` is never used
[INFO] [stdout]   --> src/math/transform/transform.rs:35:8
[INFO] [stdout]    |
[INFO] [stdout] 35 | pub fn new_rotation_x(rad: f64) -> Matrix {
[INFO] [stdout]    |        ^^^^^^^^^^^^^^
[INFO] [stdout] 
[INFO] [stdout] 
[INFO] [stdout] warning: function `new_rotation_y` is never used
[INFO] [stdout]   --> src/math/transform/transform.rs:60:8
[INFO] [stdout]    |
[INFO] [stdout] 60 | pub fn new_rotation_y(rad: f64) -> Matrix {
[INFO] [stdout]    |        ^^^^^^^^^^^^^^
[INFO] [stdout] 
[INFO] [stdout] 
[INFO] [stdout] warning: function `new_rotation_z` is never used
[INFO] [stdout]   --> src/math/transform/transform.rs:85:8
[INFO] [stdout]    |
[INFO] [stdout] 85 | pub fn new_rotation_z(rad: f64) -> Matrix {
[INFO] [stdout]    |        ^^^^^^^^^^^^^^
[INFO] [stdout] 
[INFO] [stdout] 
[INFO] [stdout] warning: constant `epsilon` should have an upper case name
[INFO] [stdout]  --> src/math/compare.rs:1:7
[INFO] [stdout]   |
[INFO] [stdout] 1 | const epsilon: f64 = 0.0001;
[INFO] [stdout]   |       ^^^^^^^ help: convert the identifier to upper case: `EPSILON`
[INFO] [stdout]   |
[INFO] [stdout]   = note: `#[warn(non_upper_case_globals)]` on by default
[INFO] [stdout] 
[INFO] [stdout] 
[INFO] [stdout] warning: 7 warnings emitted
[INFO] [stdout] 
[INFO] [stdout] 
[INFO] [stdout] warning: struct `Canvas` is never constructed
[INFO] [stdout]  --> src/canvas/canvas.rs:5:12
[INFO] [stdout]   |
[INFO] [stdout] 5 | pub struct Canvas {
[INFO] [stdout]   |            ^^^^^^
[INFO] [stdout]   |
[INFO] [stdout]   = note: `#[warn(dead_code)]` on by default
[INFO] [stdout] 
[INFO] [stdout] 
[INFO] [stdout] warning: associated items `new`, `set_pixel`, `get_pixel`, and `save_to_ppm` are never used
[INFO] [stdout]   --> src/canvas/canvas.rs:12:12
[INFO] [stdout]    |
[INFO] [stdout] 11 | impl Canvas {
[INFO] [stdout]    | ----------- associated items in this implementation
[INFO] [stdout] 12 |     pub fn new(width: usize, height: usize) -> Canvas {
[INFO] [stdout]    |            ^^^
[INFO] [stdout] ...
[INFO] [stdout] 20 |     pub fn set_pixel(&mut self, x: usize, y: usize, color: &Color) {
[INFO] [stdout]    |            ^^^^^^^^^
[INFO] [stdout] ...
[INFO] [stdout] 26 |     pub fn get_pixel(&self, x: usize, y: usize) -> &Color {
[INFO] [stdout]    |            ^^^^^^^^^
[INFO] [stdout] ...
[INFO] [stdout] 32 |     pub fn save_to_ppm(&self) {
[INFO] [stdout]    |            ^^^^^^^^^^^
[INFO] [stdout] 
[INFO] [stdout] 
[INFO] [stdout] warning: function `new_sheer` is never used
[INFO] [stdout]  --> src/math/transform/transform.rs:5:8
[INFO] [stdout]   |
[INFO] [stdout] 5 | pub fn new_sheer(xpy: f64, xpz: f64, ypx: f64, ypz: f64, zpx: f64, zpy: f64) -> Matrix {
[INFO] [stdout]   |        ^^^^^^^^^
[INFO] [stdout] 
[INFO] [stdout] 
[INFO] [stdout] warning: function `new_translation` is never used
[INFO] [stdout]   --> src/math/transform/transform.rs:15:8
[INFO] [stdout]    |
[INFO] [stdout] 15 | pub fn new_translation(x: f64, y: f64, z: f64) -> Matrix {
[INFO] [stdout]    |        ^^^^^^^^^^^^^^^
[INFO] [stdout] 
[INFO] [stdout] 
[INFO] [stdout] warning: function `new_scale` is never used
[INFO] [stdout]   --> src/math/transform/transform.rs:25:8
[INFO] [stdout]    |
[INFO] [stdout] 25 | pub fn new_scale(x: f64, y: f64, z: f64) -> Matrix {
[INFO] [stdout]    |        ^^^^^^^^^
[INFO] [stdout] 
[INFO] [stdout] 
[INFO] [stdout] warning: function `new_rotation_x` is never used
[INFO] [stdout]   --> src/math/transform/transform.rs:35:8
[INFO] [stdout]    |
[INFO] [stdout] 35 | pub fn new_rotation_x(rad: f64) -> Matrix {
[INFO] [stdout]    |        ^^^^^^^^^^^^^^
[INFO] [stdout] 
[INFO] [stdout] 
[INFO] [stdout] warning: function `new_rotation_y` is never used
[INFO] [stdout]   --> src/math/transform/transform.rs:60:8
[INFO] [stdout]    |
[INFO] [stdout] 60 | pub fn new_rotation_y(rad: f64) -> Matrix {
[INFO] [stdout]    |        ^^^^^^^^^^^^^^
[INFO] [stdout] 
[INFO] [stdout] 
[INFO] [stdout] warning: function `new_rotation_z` is never used
[INFO] [stdout]   --> src/math/transform/transform.rs:85:8
[INFO] [stdout]    |
[INFO] [stdout] 85 | pub fn new_rotation_z(rad: f64) -> Matrix {
[INFO] [stdout]    |        ^^^^^^^^^^^^^^
[INFO] [stdout] 
[INFO] [stdout] 
[INFO] [stdout] warning: constant `epsilon` should have an upper case name
[INFO] [stdout]  --> src/math/compare.rs:1:7
[INFO] [stdout]   |
[INFO] [stdout] 1 | const epsilon: f64 = 0.0001;
[INFO] [stdout]   |       ^^^^^^^ help: convert the identifier to upper case: `EPSILON`
[INFO] [stdout]   |
[INFO] [stdout]   = note: `#[warn(non_upper_case_globals)]` on by default
[INFO] [stdout] 
[INFO] [stdout] 
[INFO] [stdout] warning: 9 warnings emitted
[INFO] [stdout] 
[INFO] [stdout] 
[INFO] [stderr]     Finished dev [unoptimized + debuginfo] target(s) in 0.31s
[INFO] running `Command { std: "docker" "inspect" "d305b28813ce02d2f381d91c05f60945abe3e6b24d86bcd4a393c01a6ad24dfc", kill_on_drop: false }`
[INFO] running `Command { std: "docker" "rm" "-f" "d305b28813ce02d2f381d91c05f60945abe3e6b24d86bcd4a393c01a6ad24dfc", kill_on_drop: false }`
[INFO] [stdout] d305b28813ce02d2f381d91c05f60945abe3e6b24d86bcd4a393c01a6ad24dfc
[INFO] running `Command { std: "docker" "create" "-v" "/var/lib/crater-agent-workspace/builds/worker-4-tc2/target:/opt/rustwide/target:rw,Z" "-v" "/var/lib/crater-agent-workspace/builds/worker-4-tc2/source:/opt/rustwide/workdir:ro,Z" "-v" "/var/lib/crater-agent-workspace/cargo-home:/opt/rustwide/cargo-home:ro,Z" "-v" "/var/lib/crater-agent-workspace/rustup-home:/opt/rustwide/rustup-home:ro,Z" "-e" "SOURCE_DIR=/opt/rustwide/workdir" "-e" "CARGO_TARGET_DIR=/opt/rustwide/target" "-e" "CARGO_INCREMENTAL=0" "-e" "RUST_BACKTRACE=full" "-e" "RUSTFLAGS=--cap-lints=warn" "-e" "RUSTDOCFLAGS=--cap-lints=warn" "-e" "CARGO_HOME=/opt/rustwide/cargo-home" "-e" "RUSTUP_HOME=/opt/rustwide/rustup-home" "-w" "/opt/rustwide/workdir" "-m" "1610612736" "--user" "0:0" "--network" "none" "ghcr.io/rust-lang/crates-build-env/linux@sha256:2788e3201cd34a07e3172128adcd8b3090168a8e3bcc40d7c032b9dda1df7d1c" "/opt/rustwide/cargo-home/bin/cargo" "+beta-2023-12-22" "test" "--frozen" "--no-run" "--message-format=json", kill_on_drop: false }`
[INFO] [stdout] f178cd30a7fc35a8753153d05b471a7ea37c71effee253f0ff54cfc0cef33bb8
[INFO] running `Command { std: "docker" "start" "-a" "f178cd30a7fc35a8753153d05b471a7ea37c71effee253f0ff54cfc0cef33bb8", kill_on_drop: false }`
[INFO] [stdout] warning: function `new_sheer` is never used
[INFO] [stdout]  --> src/math/transform/transform.rs:5:8
[INFO] [stdout]   |
[INFO] [stdout] 5 | pub fn new_sheer(xpy: f64, xpz: f64, ypx: f64, ypz: f64, zpx: f64, zpy: f64) -> Matrix {
[INFO] [stdout]   |        ^^^^^^^^^
[INFO] [stdout]   |
[INFO] [stdout]   = note: `#[warn(dead_code)]` on by default
[INFO] [stdout] 
[INFO] [stdout] 
[INFO] [stdout] warning: function `new_translation` is never used
[INFO] [stdout]   --> src/math/transform/transform.rs:15:8
[INFO] [stdout]    |
[INFO] [stdout] 15 | pub fn new_translation(x: f64, y: f64, z: f64) -> Matrix {
[INFO] [stdout]    |        ^^^^^^^^^^^^^^^
[INFO] [stdout] 
[INFO] [stdout] 
[INFO] [stdout] warning: function `new_scale` is never used
[INFO] [stdout]   --> src/math/transform/transform.rs:25:8
[INFO] [stdout]    |
[INFO] [stdout] 25 | pub fn new_scale(x: f64, y: f64, z: f64) -> Matrix {
[INFO] [stdout]    |        ^^^^^^^^^
[INFO] [stdout] 
[INFO] [stdout] 
[INFO] [stdout] warning: function `new_rotation_x` is never used
[INFO] [stdout]   --> src/math/transform/transform.rs:35:8
[INFO] [stdout]    |
[INFO] [stdout] 35 | pub fn new_rotation_x(rad: f64) -> Matrix {
[INFO] [stdout]    |        ^^^^^^^^^^^^^^
[INFO] [stdout] 
[INFO] [stdout] 
[INFO] [stdout] warning: function `new_rotation_y` is never used
[INFO] [stdout]   --> src/math/transform/transform.rs:60:8
[INFO] [stdout]    |
[INFO] [stdout] 60 | pub fn new_rotation_y(rad: f64) -> Matrix {
[INFO] [stdout]    |        ^^^^^^^^^^^^^^
[INFO] [stdout] 
[INFO] [stdout] 
[INFO] [stdout] warning: function `new_rotation_z` is never used
[INFO] [stdout]   --> src/math/transform/transform.rs:85:8
[INFO] [stdout]    |
[INFO] [stdout] 85 | pub fn new_rotation_z(rad: f64) -> Matrix {
[INFO] [stdout]    |        ^^^^^^^^^^^^^^
[INFO] [stdout] 
[INFO] [stdout] 
[INFO] [stdout] warning: constant `epsilon` should have an upper case name
[INFO] [stdout]  --> src/math/compare.rs:1:7
[INFO] [stdout]   |
[INFO] [stdout] 1 | const epsilon: f64 = 0.0001;
[INFO] [stdout]   |       ^^^^^^^ help: convert the identifier to upper case: `EPSILON`
[INFO] [stdout]   |
[INFO] [stdout]   = note: `#[warn(non_upper_case_globals)]` on by default
[INFO] [stdout] 
[INFO] [stdout] 
[INFO] [stdout] warning: 7 warnings emitted
[INFO] [stdout] 
[INFO] [stdout] 
[INFO] [stderr]    Compiling the-ray-tracer-challenege v0.1.0 (/opt/rustwide/workdir)
[INFO] [stdout] warning: constant `epsilon` should have an upper case name
[INFO] [stdout]  --> src/math/compare.rs:1:7
[INFO] [stdout]   |
[INFO] [stdout] 1 | const epsilon: f64 = 0.0001;
[INFO] [stdout]   |       ^^^^^^^ help: convert the identifier to upper case: `EPSILON`
[INFO] [stdout]   |
[INFO] [stdout]   = note: `#[warn(non_upper_case_globals)]` on by default
[INFO] [stdout] 
[INFO] [stdout] 
[INFO] [stdout] warning: constant `epsilon` should have an upper case name
[INFO] [stdout]  --> src/math/compare.rs:1:7
[INFO] [stdout]   |
[INFO] [stdout] 1 | const epsilon: f64 = 0.0001;
[INFO] [stdout]   |       ^^^^^^^ help: convert the identifier to upper case: `EPSILON`
[INFO] [stdout]   |
[INFO] [stdout]   = note: `#[warn(non_upper_case_globals)]` on by default
[INFO] [stdout] 
[INFO] [stdout] 
[INFO] [stdout] warning: 1 warning emitted
[INFO] [stdout] 
[INFO] [stdout] 
[INFO] [stdout] warning: 1 warning emitted
[INFO] [stdout] 
[INFO] [stdout] 
[INFO] [stderr]     Finished test [unoptimized + debuginfo] target(s) in 0.70s
[INFO] running `Command { std: "docker" "inspect" "f178cd30a7fc35a8753153d05b471a7ea37c71effee253f0ff54cfc0cef33bb8", kill_on_drop: false }`
[INFO] running `Command { std: "docker" "rm" "-f" "f178cd30a7fc35a8753153d05b471a7ea37c71effee253f0ff54cfc0cef33bb8", kill_on_drop: false }`
[INFO] [stdout] f178cd30a7fc35a8753153d05b471a7ea37c71effee253f0ff54cfc0cef33bb8
[INFO] running `Command { std: "docker" "create" "-v" "/var/lib/crater-agent-workspace/builds/worker-4-tc2/target:/opt/rustwide/target:rw,Z" "-v" "/var/lib/crater-agent-workspace/builds/worker-4-tc2/source:/opt/rustwide/workdir:ro,Z" "-v" "/var/lib/crater-agent-workspace/cargo-home:/opt/rustwide/cargo-home:ro,Z" "-v" "/var/lib/crater-agent-workspace/rustup-home:/opt/rustwide/rustup-home:ro,Z" "-e" "SOURCE_DIR=/opt/rustwide/workdir" "-e" "CARGO_TARGET_DIR=/opt/rustwide/target" "-e" "CARGO_INCREMENTAL=0" "-e" "RUST_BACKTRACE=full" "-e" "RUSTFLAGS=--cap-lints=warn" "-e" "RUSTDOCFLAGS=--cap-lints=warn" "-e" "CARGO_HOME=/opt/rustwide/cargo-home" "-e" "RUSTUP_HOME=/opt/rustwide/rustup-home" "-w" "/opt/rustwide/workdir" "-m" "1610612736" "--user" "0:0" "--network" "none" "ghcr.io/rust-lang/crates-build-env/linux@sha256:2788e3201cd34a07e3172128adcd8b3090168a8e3bcc40d7c032b9dda1df7d1c" "/opt/rustwide/cargo-home/bin/cargo" "+beta-2023-12-22" "test" "--frozen", kill_on_drop: false }`
[INFO] [stdout] a0e1b0d3813fc1ef4b4e3a647b2b8689c4ad9ddda79b5101602eaf3dc392b1b3
[INFO] running `Command { std: "docker" "start" "-a" "a0e1b0d3813fc1ef4b4e3a647b2b8689c4ad9ddda79b5101602eaf3dc392b1b3", kill_on_drop: false }`
[INFO] [stderr] warning: function `new_sheer` is never used
[INFO] [stderr]  --> src/math/transform/transform.rs:5:8
[INFO] [stderr]   |
[INFO] [stderr] 5 | pub fn new_sheer(xpy: f64, xpz: f64, ypx: f64, ypz: f64, zpx: f64, zpy: f64) -> Matrix {
[INFO] [stderr]   |        ^^^^^^^^^
[INFO] [stderr]   |
[INFO] [stderr]   = note: `#[warn(dead_code)]` on by default
[INFO] [stderr] 
[INFO] [stderr] warning: function `new_translation` is never used
[INFO] [stderr]   --> src/math/transform/transform.rs:15:8
[INFO] [stderr]    |
[INFO] [stderr] 15 | pub fn new_translation(x: f64, y: f64, z: f64) -> Matrix {
[INFO] [stderr]    |        ^^^^^^^^^^^^^^^
[INFO] [stderr] 
[INFO] [stderr] warning: function `new_scale` is never used
[INFO] [stderr]   --> src/math/transform/transform.rs:25:8
[INFO] [stderr]    |
[INFO] [stderr] 25 | pub fn new_scale(x: f64, y: f64, z: f64) -> Matrix {
[INFO] [stderr]    |        ^^^^^^^^^
[INFO] [stderr] 
[INFO] [stderr] warning: function `new_rotation_x` is never used
[INFO] [stderr]   --> src/math/transform/transform.rs:35:8
[INFO] [stderr]    |
[INFO] [stderr] 35 | pub fn new_rotation_x(rad: f64) -> Matrix {
[INFO] [stderr]    |        ^^^^^^^^^^^^^^
[INFO] [stderr] 
[INFO] [stderr] warning: function `new_rotation_y` is never used
[INFO] [stderr]   --> src/math/transform/transform.rs:60:8
[INFO] [stderr]    |
[INFO] [stderr] 60 | pub fn new_rotation_y(rad: f64) -> Matrix {
[INFO] [stderr]    |        ^^^^^^^^^^^^^^
[INFO] [stderr] 
[INFO] [stderr] warning: function `new_rotation_z` is never used
[INFO] [stderr]   --> src/math/transform/transform.rs:85:8
[INFO] [stderr]    |
[INFO] [stderr] 85 | pub fn new_rotation_z(rad: f64) -> Matrix {
[INFO] [stderr]    |        ^^^^^^^^^^^^^^
[INFO] [stderr] 
[INFO] [stderr] warning: constant `epsilon` should have an upper case name
[INFO] [stderr]  --> src/math/compare.rs:1:7
[INFO] [stderr]   |
[INFO] [stderr] 1 | const epsilon: f64 = 0.0001;
[INFO] [stderr]   |       ^^^^^^^ help: convert the identifier to upper case: `EPSILON`
[INFO] [stderr]   |
[INFO] [stderr]   = note: `#[warn(non_upper_case_globals)]` on by default
[INFO] [stderr] 
[INFO] [stderr] warning: `the-ray-tracer-challenege` (lib) generated 7 warnings
[INFO] [stderr] warning: `the-ray-tracer-challenege` (bin "the-ray-tracer-challenege" test) generated 1 warning (1 duplicate)
[INFO] [stderr] warning: `the-ray-tracer-challenege` (lib test) generated 1 warning (1 duplicate)
[INFO] [stderr]     Finished test [unoptimized + debuginfo] target(s) in 0.01s
[INFO] [stderr]      Running unittests src/lib.rs (/opt/rustwide/target/debug/deps/the_ray_tracer_challenege-878c0cd0d29ae9e2)
[INFO] [stdout] 
[INFO] [stdout] running 62 tests
[INFO] [stdout] test math::matrix::tests::create_matrix_2x2 ... ok
[INFO] [stdout] test math::matrix::tests::determinate_2x2 ... ok
[INFO] [stdout] test math::matrix::tests::inverse_2 ... ok
[INFO] [stdout] test math::matrix::tests::inverse_1 ... ok
[INFO] [stdout] test math::matrix::tests::create_matrix_3x3 ... ok
[INFO] [stdout] test math::matrix::tests::create_matrix_4x4 ... ok
[INFO] [stdout] test math::matrix::tests::identity_multiplication ... ok
[INFO] [stdout] test math::matrix::tests::create_identity ... ok
[INFO] [stdout] test math::matrix::tests::calculate_cofactor ... ok
[INFO] [stdout] test math::matrix::tests::calcualte_minor ... ok
[INFO] [stdout] test math::matrix::tests::is_invertable ... ok
[INFO] [stdout] test math::matrix::tests::multiplication_tuple ... ok
[INFO] [stdout] test math::matrix::tests::submatrix_1 ... ok
[INFO] [stdout] test math::matrix::tests::submatrix_2 ... ok
[INFO] [stdout] test math::matrix::tests::test_inverse ... ok
[INFO] [stdout] test math::matrix::tests::transpose ... ok
[INFO] [stdout] test math::transform::transform::tests::transform_combo_1 ... ok
[INFO] [stdout] test math::transform::transform::tests::transform_combo_2 ... ok
[INFO] [stdout] test math::transform::transform::tests::transform_reverse_scale ... ok
[INFO] [stdout] test math::transform::transform::tests::transform_reverse_translation ... ok
[INFO] [stdout] test math::transform::transform::tests::transform_rotate_x_axis ... ok
[INFO] [stdout] test math::transform::transform::tests::transform_rotate_y_axis ... ok
[INFO] [stdout] test math::transform::transform::tests::transform_rotate_z_axis ... ok
[INFO] [stdout] test math::matrix::tests::matrix_equality ... ok
[INFO] [stdout] test math::matrix::tests::matrix_inequality ... ok
[INFO] [stdout] test math::matrix::tests::is_not_invertable ... ok
[INFO] [stdout] test math::matrix::tests::multiplication_diff_size ... ok
[INFO] [stdout] test math::matrix::tests::large_determinant_4x4 ... ok
[INFO] [stdout] test math::matrix::tests::multiplication ... ok
[INFO] [stdout] test math::transform::transform::tests::transform_sheer_xpz ... ok
[INFO] [stdout] test math::transform::transform::tests::transform_sheer_ypx ... ok
[INFO] [stdout] test math::matrix::tests::large_determinant_3x3 ... ok
[INFO] [stdout] test math::transform::transform::tests::transform_sheer_ypz ... ok
[INFO] [stdout] test math::transform::transform::tests::transform_sheer_zpx ... ok
[INFO] [stdout] test math::transform::transform::tests::transform_sheer_zpy ... ok
[INFO] [stdout] test math::transform::transform::tests::transform_scale ... ok
[INFO] [stdout] test math::tuple::tests::add_tuples ... ok
[INFO] [stdout] test math::transform::transform::tests::transform_vector_scale ... ok
[INFO] [stdout] test math::tuple::tests::compare_tuples_equal ... ok
[INFO] [stdout] test math::transform::transform::tests::transform_translation ... ok
[INFO] [stdout] test math::transform::transform::tests::transform_shear_xpy ... ok
[INFO] [stdout] test math::transform::transform::tests::transform_scale_reflection ... ok
[INFO] [stdout] test math::transform::transform::tests::transform_vector_translation ... ok
[INFO] [stdout] test math::tuple::tests::cross_1 ... ok
[INFO] [stdout] test math::tuple::tests::magnitude_1 ... ok
[INFO] [stdout] test math::tuple::tests::magnitude_2 ... ok
[INFO] [stdout] test math::tuple::tests::compare_tuples_not_equal ... ok
[INFO] [stdout] test math::tuple::tests::magnitude_5 ... ok
[INFO] [stdout] test math::tuple::tests::cross_2 ... ok
[INFO] [stdout] test math::tuple::tests::dot_1 ... ok
[INFO] [stdout] test math::tuple::tests::magnitude_4 ... ok
[INFO] [stdout] test math::tuple::tests::magnitude_3 ... ok
[INFO] [stdout] test math::tuple::tests::divide_tuple ... ok
[INFO] [stdout] test math::tuple::tests::normalize_1 ... ok
[INFO] [stdout] test math::tuple::tests::tuple_point ... ok
[INFO] [stdout] test math::tuple::tests::point_minus_vector ... ok
[INFO] [stdout] test math::tuple::tests::scale_tuple ... ok
[INFO] [stdout] test math::tuple::tests::normalize_2 ... ok
[INFO] [stdout] test math::tuple::tests::vector_minus_vector ... ok
[INFO] [stdout] test math::tuple::tests::normalize_3 ... ok
[INFO] [stdout] test math::tuple::tests::negate_tuple ... ok
[INFO] [stdout] test math::tuple::tests::tuple_vector ... ok
[INFO] [stdout] 
[INFO] [stdout] test result: ok. 62 passed; 0 failed; 0 ignored; 0 measured; 0 filtered out; finished in 0.02s
[INFO] [stdout] 
[INFO] [stderr]      Running unittests src/main.rs (/opt/rustwide/target/debug/deps/the_ray_tracer_challenege-7678f07cc1c37a5a)
[INFO] [stdout] 
[INFO] [stdout] running 71 tests
[INFO] [stdout] test color::color::tests::multiplication ... ok
[INFO] [stdout] test color::color::tests::scale ... ok
[INFO] [stdout] test canvas::canvas::tests::set_pixel ... ok
[INFO] [stdout] test color::color::tests::addition ... ok
[INFO] [stdout] test color::color::tests::color ... ok
[INFO] [stdout] test color::color::tests::subtraction ... ok
[INFO] [stdout] test math::matrix::tests::create_matrix_3x3 ... ok
[INFO] [stdout] test math::matrix::tests::create_matrix_2x2 ... ok
[INFO] [stdout] test math::matrix::tests::calculate_cofactor ... ok
[INFO] [stdout] test math::matrix::tests::calcualte_minor ... ok
[INFO] [stdout] test math::matrix::tests::create_identity ... ok
[INFO] [stdout] test math::matrix::tests::determinate_2x2 ... ok
[INFO] [stdout] test math::matrix::tests::identity_multiplication ... ok
[INFO] [stdout] test math::matrix::tests::is_invertable ... ok
[INFO] [stdout] test math::matrix::tests::create_matrix_4x4 ... ok
[INFO] [stdout] test canvas::canvas::tests::create_canvas ... ok
[INFO] [stdout] test math::matrix::tests::inverse_1 ... ok
[INFO] [stdout] test math::matrix::tests::is_not_invertable ... ok
[INFO] [stdout] test math::matrix::tests::large_determinant_3x3 ... ok
[INFO] [stdout] test math::matrix::tests::inverse_2 ... ok
[INFO] [stdout] test math::matrix::tests::large_determinant_4x4 ... ok
[INFO] [stdout] test canvas::canvas::tests::draw_clock ... FAILED
[INFO] [stdout] test math::matrix::tests::multiplication_tuple ... ok
[INFO] [stdout] test math::matrix::tests::multiplication ... ok
[INFO] [stdout] test math::matrix::tests::submatrix_2 ... ok
[INFO] [stdout] test math::matrix::tests::multiplication_diff_size ... ok
[INFO] [stdout] test math::matrix::tests::matrix_inequality ... ok
[INFO] [stdout] test math::matrix::tests::submatrix_1 ... ok
[INFO] [stdout] test math::matrix::tests::matrix_equality ... ok
[INFO] [stdout] test math::transform::transform::tests::transform_reverse_scale ... ok
[INFO] [stdout] test math::transform::transform::tests::transform_combo_2 ... ok
[INFO] [stdout] test math::transform::transform::tests::transform_combo_1 ... ok
[INFO] [stdout] test math::transform::transform::tests::transform_reverse_translation ... ok
[INFO] [stdout] test math::transform::transform::tests::transform_scale_reflection ... ok
[INFO] [stdout] test math::matrix::tests::test_inverse ... ok
[INFO] [stdout] test math::transform::transform::tests::transform_scale ... ok
[INFO] [stdout] test math::matrix::tests::transpose ... ok
[INFO] [stdout] test math::transform::transform::tests::transform_rotate_z_axis ... ok
[INFO] [stdout] test math::transform::transform::tests::transform_rotate_x_axis ... ok
[INFO] [stdout] test math::transform::transform::tests::transform_shear_xpy ... ok
[INFO] [stdout] test math::transform::transform::tests::transform_sheer_ypx ... ok
[INFO] [stdout] test math::transform::transform::tests::transform_sheer_ypz ... ok
[INFO] [stdout] test math::transform::transform::tests::transform_sheer_zpx ... ok
[INFO] [stdout] test math::transform::transform::tests::transform_sheer_xpz ... ok
[INFO] [stdout] test math::transform::transform::tests::transform_rotate_y_axis ... ok
[INFO] [stdout] test math::tuple::tests::compare_tuples_equal ... ok
[INFO] [stdout] test math::transform::transform::tests::transform_vector_translation ... ok
[INFO] [stdout] test math::transform::transform::tests::transform_vector_scale ... ok
[INFO] [stdout] test math::tuple::tests::add_tuples ... ok
[INFO] [stdout] test math::tuple::tests::divide_tuple ... ok
[INFO] [stdout] test math::tuple::tests::dot_1 ... ok
[INFO] [stdout] test math::tuple::tests::magnitude_1 ... ok
[INFO] [stdout] test math::tuple::tests::compare_tuples_not_equal ... ok
[INFO] [stdout] test math::transform::transform::tests::transform_translation ... ok
[INFO] [stdout] test math::tuple::tests::magnitude_2 ... ok
[INFO] [stdout] test math::tuple::tests::magnitude_5 ... ok
[INFO] [stdout] test math::tuple::tests::negate_tuple ... ok
[INFO] [stdout] test math::tuple::tests::normalize_1 ... ok
[INFO] [stdout] test math::tuple::tests::normalize_2 ... ok
[INFO] [stdout] test math::tuple::tests::magnitude_3 ... ok
[INFO] [stdout] test math::tuple::tests::magnitude_4 ... ok
[INFO] [stdout] test math::tuple::tests::normalize_3 ... ok
[INFO] [stdout] test math::tuple::tests::point_minus_vector ... ok
[INFO] [stdout] test math::tuple::tests::scale_tuple ... ok
[INFO] [stdout] test math::tuple::tests::tuple_point ... ok
[INFO] [stdout] test math::tuple::tests::tuple_vector ... ok
[INFO] [stdout] test math::tuple::tests::vector_minus_vector ... ok
[INFO] [stdout] test math::tuple::tests::cross_2 ... ok
[INFO] [stdout] test math::transform::transform::tests::transform_sheer_zpy ... ok
[INFO] [stdout] test math::tuple::tests::cross_1 ... ok
[INFO] [stdout] test canvas::canvas::tests::draw_projectile ... FAILED
[INFO] [stderr] error: test failed, to rerun pass `--bin the-ray-tracer-challenege`
[INFO] [stdout] 
[INFO] [stdout] failures:
[INFO] [stdout] 
[INFO] [stdout] ---- canvas::canvas::tests::draw_clock stdout ----
[INFO] [stdout] thread 'canvas::canvas::tests::draw_clock' panicked at src/canvas/canvas.rs:45:40:
[INFO] [stdout] unable to write to file: Os { code: 30, kind: ReadOnlyFilesystem, message: "Read-only file system" }
[INFO] [stdout] stack backtrace:
[INFO] [stdout]    0:     0x55e513aa2806 - std::backtrace_rs::backtrace::libunwind::trace::h261606ad26a499c1
[INFO] [stdout]                                at /rustc/0e09125c6c3c2fd70d7de961bcf0e51575235fad/library/std/src/../../backtrace/src/backtrace/libunwind.rs:104:5
[INFO] [stdout]    1:     0x55e513aa2806 - std::backtrace_rs::backtrace::trace_unsynchronized::hd183f0625477fb28
[INFO] [stdout]                                at /rustc/0e09125c6c3c2fd70d7de961bcf0e51575235fad/library/std/src/../../backtrace/src/backtrace/mod.rs:66:5
[INFO] [stdout]    2:     0x55e513aa2806 - std::sys_common::backtrace::_print_fmt::hd7f8fef21b4eda67
[INFO] [stdout]                                at /rustc/0e09125c6c3c2fd70d7de961bcf0e51575235fad/library/std/src/sys_common/backtrace.rs:68:5
[INFO] [stdout]    3:     0x55e513aa2806 - <std::sys_common::backtrace::_print::DisplayBacktrace as core::fmt::Display>::fmt::h623d9b51f2f453f1
[INFO] [stdout]                                at /rustc/0e09125c6c3c2fd70d7de961bcf0e51575235fad/library/std/src/sys_common/backtrace.rs:44:22
[INFO] [stdout]    4:     0x55e513acba60 - core::fmt::rt::Argument::fmt::h9f417ac76a86f368
[INFO] [stdout]                                at /rustc/0e09125c6c3c2fd70d7de961bcf0e51575235fad/library/core/src/fmt/rt.rs:142:9
[INFO] [stdout]    5:     0x55e513acba60 - core::fmt::write::hc9b6faf4ac2aeff7
[INFO] [stdout]                                at /rustc/0e09125c6c3c2fd70d7de961bcf0e51575235fad/library/core/src/fmt/mod.rs:1120:17
[INFO] [stdout]    6:     0x55e513aa026f - std::io::Write::write_fmt::he04625a3a989fec3
[INFO] [stdout]                                at /rustc/0e09125c6c3c2fd70d7de961bcf0e51575235fad/library/std/src/io/mod.rs:1810:15
[INFO] [stdout]    7:     0x55e513aa25e4 - std::sys_common::backtrace::_print::hd5d66399c7df88a2
[INFO] [stdout]                                at /rustc/0e09125c6c3c2fd70d7de961bcf0e51575235fad/library/std/src/sys_common/backtrace.rs:47:5
[INFO] [stdout]    8:     0x55e513aa25e4 - std::sys_common::backtrace::print::he81ed2da642d37e5
[INFO] [stdout]                                at /rustc/0e09125c6c3c2fd70d7de961bcf0e51575235fad/library/std/src/sys_common/backtrace.rs:34:9
[INFO] [stdout]    9:     0x55e513aa4357 - std::panicking::default_hook::{{closure}}::h85773f4fa117163d
[INFO] [stdout]   10:     0x55e513aa403d - std::panicking::default_hook::h6a1694a91d09b278
[INFO] [stdout]                                at /rustc/0e09125c6c3c2fd70d7de961bcf0e51575235fad/library/std/src/panicking.rs:289:9
[INFO] [stdout]   11:     0x55e513a74047 - <alloc::boxed::Box<F,A> as core::ops::function::Fn<Args>>::call::h616ac37fa3cd6c8f
[INFO] [stdout]                                at /rustc/0e09125c6c3c2fd70d7de961bcf0e51575235fad/library/alloc/src/boxed.rs:2029:9
[INFO] [stdout]   12:     0x55e513a74047 - test::test_main::{{closure}}::h00d84697cefdcbb6
[INFO] [stdout]                                at /rustc/0e09125c6c3c2fd70d7de961bcf0e51575235fad/library/test/src/lib.rs:138:21
[INFO] [stdout]   13:     0x55e513aa4976 - <alloc::boxed::Box<F,A> as core::ops::function::Fn<Args>>::call::hcb3fe3b9bb537ba8
[INFO] [stdout]                                at /rustc/0e09125c6c3c2fd70d7de961bcf0e51575235fad/library/alloc/src/boxed.rs:2029:9
[INFO] [stdout]   14:     0x55e513aa4976 - std::panicking::rust_panic_with_hook::h0a7ad96e90f7145b
[INFO] [stdout]                                at /rustc/0e09125c6c3c2fd70d7de961bcf0e51575235fad/library/std/src/panicking.rs:783:13
[INFO] [stdout]   15:     0x55e513aa46c2 - std::panicking::begin_panic_handler::{{closure}}::h7919090525c6485e
[INFO] [stdout]                                at /rustc/0e09125c6c3c2fd70d7de961bcf0e51575235fad/library/std/src/panicking.rs:657:13
[INFO] [stdout]   16:     0x55e513aa2d06 - std::sys_common::backtrace::__rust_end_short_backtrace::hf3289479464f7dfe
[INFO] [stdout]                                at /rustc/0e09125c6c3c2fd70d7de961bcf0e51575235fad/library/std/src/sys_common/backtrace.rs:171:18
[INFO] [stdout]   17:     0x55e513aa4420 - rust_begin_unwind
[INFO] [stdout]                                at /rustc/0e09125c6c3c2fd70d7de961bcf0e51575235fad/library/std/src/panicking.rs:645:5
[INFO] [stdout]   18:     0x55e513a2acd5 - core::panicking::panic_fmt::hcc9f77c5c132af55
[INFO] [stdout]                                at /rustc/0e09125c6c3c2fd70d7de961bcf0e51575235fad/library/core/src/panicking.rs:72:14
[INFO] [stdout]   19:     0x55e513a2b273 - core::result::unwrap_failed::hbe14f498be1452f9
[INFO] [stdout]                                at /rustc/0e09125c6c3c2fd70d7de961bcf0e51575235fad/library/core/src/result.rs:1649:5
[INFO] [stdout]   20:     0x55e513a3713f - core::result::Result<T,E>::expect::h1dd39ef7f42fb9a9
[INFO] [stdout]                                at /rustc/0e09125c6c3c2fd70d7de961bcf0e51575235fad/library/core/src/result.rs:1030:23
[INFO] [stdout]   21:     0x55e513a389fc - the_ray_tracer_challenege::canvas::canvas::Canvas::save_to_ppm::h33baeb6cfb76dd3f
[INFO] [stdout]                                at /opt/rustwide/workdir/src/canvas/canvas.rs:45:9
[INFO] [stdout]   22:     0x55e513a3a485 - the_ray_tracer_challenege::canvas::canvas::tests::draw_clock::h007c6bcc722ecdde
[INFO] [stdout]                                at /opt/rustwide/workdir/src/canvas/canvas.rs:120:9
[INFO] [stdout]   23:     0x55e513a3a2e7 - the_ray_tracer_challenege::canvas::canvas::tests::draw_clock::{{closure}}::h679f6ce68e47d0f9
[INFO] [stdout]                                at /opt/rustwide/workdir/src/canvas/canvas.rs:102:20
[INFO] [stdout]   24:     0x55e513a361b6 - core::ops::function::FnOnce::call_once::haa4afd595fe9b08b
[INFO] [stdout]                                at /rustc/0e09125c6c3c2fd70d7de961bcf0e51575235fad/library/core/src/ops/function.rs:250:5
[INFO] [stdout]   25:     0x55e513a7991f - core::ops::function::FnOnce::call_once::hd64d26f405258157
[INFO] [stdout]                                at /rustc/0e09125c6c3c2fd70d7de961bcf0e51575235fad/library/core/src/ops/function.rs:250:5
[INFO] [stdout]   26:     0x55e513a7991f - test::__rust_begin_short_backtrace::he21b0b7a6d731bf9
[INFO] [stdout]                                at /rustc/0e09125c6c3c2fd70d7de961bcf0e51575235fad/library/test/src/lib.rs:627:18
[INFO] [stdout]   27:     0x55e513a786a1 - test::run_test_in_process::{{closure}}::hf5c73986d7bdfde2
[INFO] [stdout]                                at /rustc/0e09125c6c3c2fd70d7de961bcf0e51575235fad/library/test/src/lib.rs:650:60
[INFO] [stdout]   28:     0x55e513a786a1 - <core::panic::unwind_safe::AssertUnwindSafe<F> as core::ops::function::FnOnce<()>>::call_once::h330011ad032aadc0
[INFO] [stdout]                                at /rustc/0e09125c6c3c2fd70d7de961bcf0e51575235fad/library/core/src/panic/unwind_safe.rs:272:9
[INFO] [stdout]   29:     0x55e513a786a1 - std::panicking::try::do_call::he61b0a958b795a41
[INFO] [stdout]                                at /rustc/0e09125c6c3c2fd70d7de961bcf0e51575235fad/library/std/src/panicking.rs:552:40
[INFO] [stdout]   30:     0x55e513a786a1 - std::panicking::try::h7309da130f906eb7
[INFO] [stdout]                                at /rustc/0e09125c6c3c2fd70d7de961bcf0e51575235fad/library/std/src/panicking.rs:516:19
[INFO] [stdout]   31:     0x55e513a786a1 - std::panic::catch_unwind::hc5c3a06fdaf0a92a
[INFO] [stdout]                                at /rustc/0e09125c6c3c2fd70d7de961bcf0e51575235fad/library/std/src/panic.rs:142:14
[INFO] [stdout]   32:     0x55e513a786a1 - test::run_test_in_process::h7e7b7c71c3324e0f
[INFO] [stdout]                                at /rustc/0e09125c6c3c2fd70d7de961bcf0e51575235fad/library/test/src/lib.rs:650:27
[INFO] [stdout]   33:     0x55e513a786a1 - test::run_test::{{closure}}::h1f509f28f5cf20b1
[INFO] [stdout]                                at /rustc/0e09125c6c3c2fd70d7de961bcf0e51575235fad/library/test/src/lib.rs:573:43
[INFO] [stdout]   34:     0x55e513a3f9d6 - test::run_test::{{closure}}::h1754218abf443f6d
[INFO] [stdout]                                at /rustc/0e09125c6c3c2fd70d7de961bcf0e51575235fad/library/test/src/lib.rs:601:41
[INFO] [stdout]   35:     0x55e513a3f9d6 - std::sys_common::backtrace::__rust_begin_short_backtrace::h2ee174b9d5954948
[INFO] [stdout]                                at /rustc/0e09125c6c3c2fd70d7de961bcf0e51575235fad/library/std/src/sys_common/backtrace.rs:155:18
[INFO] [stdout]   36:     0x55e513a44a37 - std::thread::Builder::spawn_unchecked_::{{closure}}::{{closure}}::hf60bee9c1a17ef09
[INFO] [stdout]                                at /rustc/0e09125c6c3c2fd70d7de961bcf0e51575235fad/library/std/src/thread/mod.rs:529:17
[INFO] [stdout]   37:     0x55e513a44a37 - <core::panic::unwind_safe::AssertUnwindSafe<F> as core::ops::function::FnOnce<()>>::call_once::h33d0dddec5216160
[INFO] [stdout]                                at /rustc/0e09125c6c3c2fd70d7de961bcf0e51575235fad/library/core/src/panic/unwind_safe.rs:272:9
[INFO] [stdout]   38:     0x55e513a44a37 - std::panicking::try::do_call::h144b3048b546f835
[INFO] [stdout]                                at /rustc/0e09125c6c3c2fd70d7de961bcf0e51575235fad/library/std/src/panicking.rs:552:40
[INFO] [stdout]   39:     0x55e513a44a37 - std::panicking::try::h978244d04646189f
[INFO] [stdout]                                at /rustc/0e09125c6c3c2fd70d7de961bcf0e51575235fad/library/std/src/panicking.rs:516:19
[INFO] [stdout]   40:     0x55e513a44a37 - std::panic::catch_unwind::hdf436369d188fe86
[INFO] [stdout]                                at /rustc/0e09125c6c3c2fd70d7de961bcf0e51575235fad/library/std/src/panic.rs:142:14
[INFO] [stdout]   41:     0x55e513a44a37 - std::thread::Builder::spawn_unchecked_::{{closure}}::h87329cbdd33c79ec
[INFO] [stdout]                                at /rustc/0e09125c6c3c2fd70d7de961bcf0e51575235fad/library/std/src/thread/mod.rs:528:30
[INFO] [stdout]   42:     0x55e513a44a37 - core::ops::function::FnOnce::call_once{{vtable.shim}}::h401abbe67897d450
[INFO] [stdout]                                at /rustc/0e09125c6c3c2fd70d7de961bcf0e51575235fad/library/core/src/ops/function.rs:250:5
[INFO] [stdout]   43:     0x55e513aa9425 - <alloc::boxed::Box<F,A> as core::ops::function::FnOnce<Args>>::call_once::h5d7c8f150ab9c84c
[INFO] [stdout]                                at /rustc/0e09125c6c3c2fd70d7de961bcf0e51575235fad/library/alloc/src/boxed.rs:2015:9
[INFO] [stdout]   44:     0x55e513aa9425 - <alloc::boxed::Box<F,A> as core::ops::function::FnOnce<Args>>::call_once::h570d5b005c242c15
[INFO] [stdout]                                at /rustc/0e09125c6c3c2fd70d7de961bcf0e51575235fad/library/alloc/src/boxed.rs:2015:9
[INFO] [stdout]   45:     0x55e513aa9425 - std::sys::unix::thread::Thread::new::thread_start::h36b0a20c0b2361ad
[INFO] [stdout]                                at /rustc/0e09125c6c3c2fd70d7de961bcf0e51575235fad/library/std/src/sys/unix/thread.rs:108:17
[INFO] [stdout]   46:     0x7ff8d46adac3 - <unknown>
[INFO] [stdout]   47:     0x7ff8d473ebf4 - __clone
[INFO] [stdout]   48:                0x0 - <unknown>
[INFO] [stdout] 
[INFO] [stdout] ---- canvas::canvas::tests::draw_projectile stdout ----
[INFO] [stdout] thread 'canvas::canvas::tests::draw_projectile' panicked at src/canvas/canvas.rs:45:40:
[INFO] [stdout] unable to write to file: Os { code: 30, kind: ReadOnlyFilesystem, message: "Read-only file system" }
[INFO] [stdout] stack backtrace:
[INFO] [stdout]    0:     0x55e513aa2806 - std::backtrace_rs::backtrace::libunwind::trace::h261606ad26a499c1
[INFO] [stdout]                                at /rustc/0e09125c6c3c2fd70d7de961bcf0e51575235fad/library/std/src/../../backtrace/src/backtrace/libunwind.rs:104:5
[INFO] [stdout]    1:     0x55e513aa2806 - std::backtrace_rs::backtrace::trace_unsynchronized::hd183f0625477fb28
[INFO] [stdout]                                at /rustc/0e09125c6c3c2fd70d7de961bcf0e51575235fad/library/std/src/../../backtrace/src/backtrace/mod.rs:66:5
[INFO] [stdout]    2:     0x55e513aa2806 - std::sys_common::backtrace::_print_fmt::hd7f8fef21b4eda67
[INFO] [stdout]                                at /rustc/0e09125c6c3c2fd70d7de961bcf0e51575235fad/library/std/src/sys_common/backtrace.rs:68:5
[INFO] [stdout]    3:     0x55e513aa2806 - <std::sys_common::backtrace::_print::DisplayBacktrace as core::fmt::Display>::fmt::h623d9b51f2f453f1
[INFO] [stdout]                                at /rustc/0e09125c6c3c2fd70d7de961bcf0e51575235fad/library/std/src/sys_common/backtrace.rs:44:22
[INFO] [stdout]    4:     0x55e513acba60 - core::fmt::rt::Argument::fmt::h9f417ac76a86f368
[INFO] [stdout]                                at /rustc/0e09125c6c3c2fd70d7de961bcf0e51575235fad/library/core/src/fmt/rt.rs:142:9
[INFO] [stdout]    5:     0x55e513acba60 - core::fmt::write::hc9b6faf4ac2aeff7
[INFO] [stdout]                                at /rustc/0e09125c6c3c2fd70d7de961bcf0e51575235fad/library/core/src/fmt/mod.rs:1120:17
[INFO] [stdout]    6:     0x55e513aa026f - std::io::Write::write_fmt::he04625a3a989fec3
[INFO] [stdout]                                at /rustc/0e09125c6c3c2fd70d7de961bcf0e51575235fad/library/std/src/io/mod.rs:1810:15
[INFO] [stdout]    7:     0x55e513aa25e4 - std::sys_common::backtrace::_print::hd5d66399c7df88a2
[INFO] [stdout]                                at /rustc/0e09125c6c3c2fd70d7de961bcf0e51575235fad/library/std/src/sys_common/backtrace.rs:47:5
[INFO] [stdout]    8:     0x55e513aa25e4 - std::sys_common::backtrace::print::he81ed2da642d37e5
[INFO] [stdout]                                at /rustc/0e09125c6c3c2fd70d7de961bcf0e51575235fad/library/std/src/sys_common/backtrace.rs:34:9
[INFO] [stdout]    9:     0x55e513aa4357 - std::panicking::default_hook::{{closure}}::h85773f4fa117163d
[INFO] [stdout]   10:     0x55e513aa403d - std::panicking::default_hook::h6a1694a91d09b278
[INFO] [stdout]                                at /rustc/0e09125c6c3c2fd70d7de961bcf0e51575235fad/library/std/src/panicking.rs:289:9
[INFO] [stdout]   11:     0x55e513a74047 - <alloc::boxed::Box<F,A> as core::ops::function::Fn<Args>>::call::h616ac37fa3cd6c8f
[INFO] [stdout]                                at /rustc/0e09125c6c3c2fd70d7de961bcf0e51575235fad/library/alloc/src/boxed.rs:2029:9
[INFO] [stdout]   12:     0x55e513a74047 - test::test_main::{{closure}}::h00d84697cefdcbb6
[INFO] [stdout]                                at /rustc/0e09125c6c3c2fd70d7de961bcf0e51575235fad/library/test/src/lib.rs:138:21
[INFO] [stdout]   13:     0x55e513aa4976 - <alloc::boxed::Box<F,A> as core::ops::function::Fn<Args>>::call::hcb3fe3b9bb537ba8
[INFO] [stdout]                                at /rustc/0e09125c6c3c2fd70d7de961bcf0e51575235fad/library/alloc/src/boxed.rs:2029:9
[INFO] [stdout]   14:     0x55e513aa4976 - std::panicking::rust_panic_with_hook::h0a7ad96e90f7145b
[INFO] [stdout]                                at /rustc/0e09125c6c3c2fd70d7de961bcf0e51575235fad/library/std/src/panicking.rs:783:13
[INFO] [stdout]   15:     0x55e513aa46c2 - std::panicking::begin_panic_handler::{{closure}}::h7919090525c6485e
[INFO] [stdout]                                at /rustc/0e09125c6c3c2fd70d7de961bcf0e51575235fad/library/std/src/panicking.rs:657:13
[INFO] [stdout]   16:     0x55e513aa2d06 - std::sys_common::backtrace::__rust_end_short_backtrace::hf3289479464f7dfe
[INFO] [stdout]                                at /rustc/0e09125c6c3c2fd70d7de961bcf0e51575235fad/library/std/src/sys_common/backtrace.rs:171:18
[INFO] [stdout]   17:     0x55e513aa4420 - rust_begin_unwind
[INFO] [stdout]                                at /rustc/0e09125c6c3c2fd70d7de961bcf0e51575235fad/library/std/src/panicking.rs:645:5
[INFO] [stdout]   18:     0x55e513a2acd5 - core::panicking::panic_fmt::hcc9f77c5c132af55
[INFO] [stdout]                                at /rustc/0e09125c6c3c2fd70d7de961bcf0e51575235fad/library/core/src/panicking.rs:72:14
[INFO] [stdout]   19:     0x55e513a2b273 - core::result::unwrap_failed::hbe14f498be1452f9
[INFO] [stdout]                                at /rustc/0e09125c6c3c2fd70d7de961bcf0e51575235fad/library/core/src/result.rs:1649:5
[INFO] [stdout]   20:     0x55e513a3713f - core::result::Result<T,E>::expect::h1dd39ef7f42fb9a9
[INFO] [stdout]                                at /rustc/0e09125c6c3c2fd70d7de961bcf0e51575235fad/library/core/src/result.rs:1030:23
[INFO] [stdout]   21:     0x55e513a389fc - the_ray_tracer_challenege::canvas::canvas::Canvas::save_to_ppm::h33baeb6cfb76dd3f
[INFO] [stdout]                                at /opt/rustwide/workdir/src/canvas/canvas.rs:45:9
[INFO] [stdout]   22:     0x55e513a3a29e - the_ray_tracer_challenege::canvas::canvas::tests::draw_projectile::hce44ed68b9701462
[INFO] [stdout]                                at /opt/rustwide/workdir/src/canvas/canvas.rs:98:9
[INFO] [stdout]   23:     0x55e513a39fc7 - the_ray_tracer_challenege::canvas::canvas::tests::draw_projectile::{{closure}}::h28d78644c99442cc
[INFO] [stdout]                                at /opt/rustwide/workdir/src/canvas/canvas.rs:76:25
[INFO] [stdout]   24:     0x55e513a359f6 - core::ops::function::FnOnce::call_once::h424fb15c4f4e282c
[INFO] [stdout]                                at /rustc/0e09125c6c3c2fd70d7de961bcf0e51575235fad/library/core/src/ops/function.rs:250:5
[INFO] [stdout]   25:     0x55e513a7991f - core::ops::function::FnOnce::call_once::hd64d26f405258157
[INFO] [stdout]                                at /rustc/0e09125c6c3c2fd70d7de961bcf0e51575235fad/library/core/src/ops/function.rs:250:5
[INFO] [stdout]   26:     0x55e513a7991f - test::__rust_begin_short_backtrace::he21b0b7a6d731bf9
[INFO] [stdout]                                at /rustc/0e09125c6c3c2fd70d7de961bcf0e51575235fad/library/test/src/lib.rs:627:18
[INFO] [stdout]   27:     0x55e513a786a1 - test::run_test_in_process::{{closure}}::hf5c73986d7bdfde2
[INFO] [stdout]                                at /rustc/0e09125c6c3c2fd70d7de961bcf0e51575235fad/library/test/src/lib.rs:650:60
[INFO] [stdout]   28:     0x55e513a786a1 - <core::panic::unwind_safe::AssertUnwindSafe<F> as core::ops::function::FnOnce<()>>::call_once::h330011ad032aadc0
[INFO] [stdout]                                at /rustc/0e09125c6c3c2fd70d7de961bcf0e51575235fad/library/core/src/panic/unwind_safe.rs:272:9
[INFO] [stdout]   29:     0x55e513a786a1 - std::panicking::try::do_call::he61b0a958b795a41
[INFO] [stdout]                                at /rustc/0e09125c6c3c2fd70d7de961bcf0e51575235fad/library/std/src/panicking.rs:552:40
[INFO] [stdout]   30:     0x55e513a786a1 - std::panicking::try::h7309da130f906eb7
[INFO] [stdout]                                at /rustc/0e09125c6c3c2fd70d7de961bcf0e51575235fad/library/std/src/panicking.rs:516:19
[INFO] [stdout]   31:     0x55e513a786a1 - std::panic::catch_unwind::hc5c3a06fdaf0a92a
[INFO] [stdout]                                at /rustc/0e09125c6c3c2fd70d7de961bcf0e51575235fad/library/std/src/panic.rs:142:14
[INFO] [stdout]   32:     0x55e513a786a1 - test::run_test_in_process::h7e7b7c71c3324e0f
[INFO] [stdout]                                at /rustc/0e09125c6c3c2fd70d7de961bcf0e51575235fad/library/test/src/lib.rs:650:27
[INFO] [stdout]   33:     0x55e513a786a1 - test::run_test::{{closure}}::h1f509f28f5cf20b1
[INFO] [stdout]                                at /rustc/0e09125c6c3c2fd70d7de961bcf0e51575235fad/library/test/src/lib.rs:573:43
[INFO] [stdout]   34:     0x55e513a3f9d6 - test::run_test::{{closure}}::h1754218abf443f6d
[INFO] [stdout]                                at /rustc/0e09125c6c3c2fd70d7de961bcf0e51575235fad/library/test/src/lib.rs:601:41
[INFO] [stdout]   35:     0x55e513a3f9d6 - std::sys_common::backtrace::__rust_begin_short_backtrace::h2ee174b9d5954948
[INFO] [stdout]                                at /rustc/0e09125c6c3c2fd70d7de961bcf0e51575235fad/library/std/src/sys_common/backtrace.rs:155:18
[INFO] [stdout]   36:     0x55e513a44a37 - std::thread::Builder::spawn_unchecked_::{{closure}}::{{closure}}::hf60bee9c1a17ef09
[INFO] [stdout]                                at /rustc/0e09125c6c3c2fd70d7de961bcf0e51575235fad/library/std/src/thread/mod.rs:529:17
[INFO] [stdout]   37:     0x55e513a44a37 - <core::panic::unwind_safe::AssertUnwindSafe<F> as core::ops::function::FnOnce<()>>::call_once::h33d0dddec5216160
[INFO] [stdout]                                at /rustc/0e09125c6c3c2fd70d7de961bcf0e51575235fad/library/core/src/panic/unwind_safe.rs:272:9
[INFO] [stdout]   38:     0x55e513a44a37 - std::panicking::try::do_call::h144b3048b546f835
[INFO] [stdout]                                at /rustc/0e09125c6c3c2fd70d7de961bcf0e51575235fad/library/std/src/panicking.rs:552:40
[INFO] [stdout]   39:     0x55e513a44a37 - std::panicking::try::h978244d04646189f
[INFO] [stdout]                                at /rustc/0e09125c6c3c2fd70d7de961bcf0e51575235fad/library/std/src/panicking.rs:516:19
[INFO] [stdout]   40:     0x55e513a44a37 - std::panic::catch_unwind::hdf436369d188fe86
[INFO] [stdout]                                at /rustc/0e09125c6c3c2fd70d7de961bcf0e51575235fad/library/std/src/panic.rs:142:14
[INFO] [stdout]   41:     0x55e513a44a37 - std::thread::Builder::spawn_unchecked_::{{closure}}::h87329cbdd33c79ec
[INFO] [stdout]                                at /rustc/0e09125c6c3c2fd70d7de961bcf0e51575235fad/library/std/src/thread/mod.rs:528:30
[INFO] [stdout]   42:     0x55e513a44a37 - core::ops::function::FnOnce::call_once{{vtable.shim}}::h401abbe67897d450
[INFO] [stdout]                                at /rustc/0e09125c6c3c2fd70d7de961bcf0e51575235fad/library/core/src/ops/function.rs:250:5
[INFO] [stdout]   43:     0x55e513aa9425 - <alloc::boxed::Box<F,A> as core::ops::function::FnOnce<Args>>::call_once::h5d7c8f150ab9c84c
[INFO] [stdout]                                at /rustc/0e09125c6c3c2fd70d7de961bcf0e51575235fad/library/alloc/src/boxed.rs:2015:9
[INFO] [stdout]   44:     0x55e513aa9425 - <alloc::boxed::Box<F,A> as core::ops::function::FnOnce<Args>>::call_once::h570d5b005c242c15
[INFO] [stdout]                                at /rustc/0e09125c6c3c2fd70d7de961bcf0e51575235fad/library/alloc/src/boxed.rs:2015:9
[INFO] [stdout]   45:     0x55e513aa9425 - std::sys::unix::thread::Thread::new::thread_start::h36b0a20c0b2361ad
[INFO] [stdout]                                at /rustc/0e09125c6c3c2fd70d7de961bcf0e51575235fad/library/std/src/sys/unix/thread.rs:108:17
[INFO] [stdout]   46:     0x7ff8d46adac3 - <unknown>
[INFO] [stdout]   47:     0x7ff8d473ebf4 - __clone
[INFO] [stdout]   48:                0x0 - <unknown>
[INFO] [stdout] 
[INFO] [stdout] 
[INFO] [stdout] failures:
[INFO] [stdout]     canvas::canvas::tests::draw_clock
[INFO] [stdout]     canvas::canvas::tests::draw_projectile
[INFO] [stdout] 
[INFO] [stdout] test result: FAILED. 69 passed; 2 failed; 0 ignored; 0 measured; 0 filtered out; finished in 0.39s
[INFO] [stdout] 
[INFO] running `Command { std: "docker" "inspect" "a0e1b0d3813fc1ef4b4e3a647b2b8689c4ad9ddda79b5101602eaf3dc392b1b3", kill_on_drop: false }`
[INFO] running `Command { std: "docker" "rm" "-f" "a0e1b0d3813fc1ef4b4e3a647b2b8689c4ad9ddda79b5101602eaf3dc392b1b3", kill_on_drop: false }`
[INFO] [stdout] a0e1b0d3813fc1ef4b4e3a647b2b8689c4ad9ddda79b5101602eaf3dc392b1b3
