[INFO] cloning repository https://github.com/Fahien/acs
[INFO] running `Command { std: "git" "-c" "credential.helper=" "-c" "credential.helper=/workspace/cargo-home/bin/git-credential-null" "clone" "--bare" "https://github.com/Fahien/acs" "/workspace/cache/git-repos/https%3A%2F%2Fgithub.com%2FFahien%2Facs", kill_on_drop: false }`
[INFO] [stderr] Cloning into bare repository '/workspace/cache/git-repos/https%3A%2F%2Fgithub.com%2FFahien%2Facs'...
[INFO] running `Command { std: "git" "rev-parse" "HEAD", kill_on_drop: false }`
[INFO] [stdout] c135d732efde072e0b06c20977b9f90c1dad64f4
[INFO] testing Fahien/acs against 1.75.0 for beta-1.76-1
[INFO] running `Command { std: "git" "clone" "/workspace/cache/git-repos/https%3A%2F%2Fgithub.com%2FFahien%2Facs" "/workspace/builds/worker-4-tc1/source", kill_on_drop: false }`
[INFO] [stderr] Cloning into '/workspace/builds/worker-4-tc1/source'...
[INFO] [stderr] done.
[INFO] validating manifest of git repo https://github.com/Fahien/acs on toolchain 1.75.0
[INFO] running `Command { std: CARGO_HOME="/workspace/cargo-home" RUSTUP_HOME="/workspace/rustup-home" "/workspace/cargo-home/bin/cargo" "+1.75.0" "metadata" "--manifest-path" "Cargo.toml" "--no-deps", kill_on_drop: false }`
[INFO] started tweaking git repo https://github.com/Fahien/acs
[INFO] removed 0 missing tests
[INFO] finished tweaking git repo https://github.com/Fahien/acs
[INFO] tweaked toml for git repo https://github.com/Fahien/acs written to /workspace/builds/worker-4-tc1/source/Cargo.toml
[INFO] crate git repo https://github.com/Fahien/acs already has a lockfile, it will not be regenerated
[INFO] running `Command { std: CARGO_HOME="/workspace/cargo-home" RUSTUP_HOME="/workspace/rustup-home" "/workspace/cargo-home/bin/cargo" "+1.75.0" "fetch" "--manifest-path" "Cargo.toml", kill_on_drop: false }`
[INFO] running `Command { std: "docker" "create" "-v" "/var/lib/crater-agent-workspace/builds/worker-4-tc1/target:/opt/rustwide/target:rw,Z" "-v" "/var/lib/crater-agent-workspace/builds/worker-4-tc1/source:/opt/rustwide/workdir:ro,Z" "-v" "/var/lib/crater-agent-workspace/cargo-home:/opt/rustwide/cargo-home:ro,Z" "-v" "/var/lib/crater-agent-workspace/rustup-home:/opt/rustwide/rustup-home:ro,Z" "-e" "SOURCE_DIR=/opt/rustwide/workdir" "-e" "CARGO_TARGET_DIR=/opt/rustwide/target" "-e" "CARGO_HOME=/opt/rustwide/cargo-home" "-e" "RUSTUP_HOME=/opt/rustwide/rustup-home" "-w" "/opt/rustwide/workdir" "-m" "1610612736" "--user" "0:0" "--network" "none" "ghcr.io/rust-lang/crates-build-env/linux@sha256:2788e3201cd34a07e3172128adcd8b3090168a8e3bcc40d7c032b9dda1df7d1c" "/opt/rustwide/cargo-home/bin/cargo" "+1.75.0" "metadata" "--no-deps" "--format-version=1", kill_on_drop: false }`
[INFO] [stdout] d8b8b6f12e792c062a51375e6363e14828266850767fc0efe601e0de2906a536
[INFO] running `Command { std: "docker" "start" "-a" "d8b8b6f12e792c062a51375e6363e14828266850767fc0efe601e0de2906a536", kill_on_drop: false }`
[INFO] running `Command { std: "docker" "inspect" "d8b8b6f12e792c062a51375e6363e14828266850767fc0efe601e0de2906a536", kill_on_drop: false }`
[INFO] running `Command { std: "docker" "rm" "-f" "d8b8b6f12e792c062a51375e6363e14828266850767fc0efe601e0de2906a536", kill_on_drop: false }`
[INFO] [stdout] d8b8b6f12e792c062a51375e6363e14828266850767fc0efe601e0de2906a536
[INFO] running `Command { std: "docker" "create" "-v" "/var/lib/crater-agent-workspace/builds/worker-4-tc1/target:/opt/rustwide/target:rw,Z" "-v" "/var/lib/crater-agent-workspace/builds/worker-4-tc1/source:/opt/rustwide/workdir:ro,Z" "-v" "/var/lib/crater-agent-workspace/cargo-home:/opt/rustwide/cargo-home:ro,Z" "-v" "/var/lib/crater-agent-workspace/rustup-home:/opt/rustwide/rustup-home:ro,Z" "-e" "SOURCE_DIR=/opt/rustwide/workdir" "-e" "CARGO_TARGET_DIR=/opt/rustwide/target" "-e" "CARGO_INCREMENTAL=0" "-e" "RUST_BACKTRACE=full" "-e" "RUSTFLAGS=--cap-lints=warn" "-e" "RUSTDOCFLAGS=--cap-lints=warn" "-e" "CARGO_HOME=/opt/rustwide/cargo-home" "-e" "RUSTUP_HOME=/opt/rustwide/rustup-home" "-w" "/opt/rustwide/workdir" "-m" "1610612736" "--user" "0:0" "--network" "none" "ghcr.io/rust-lang/crates-build-env/linux@sha256:2788e3201cd34a07e3172128adcd8b3090168a8e3bcc40d7c032b9dda1df7d1c" "/opt/rustwide/cargo-home/bin/cargo" "+1.75.0" "build" "--frozen" "--message-format=json", kill_on_drop: false }`
[INFO] [stdout] 10c153ab5172d9379d96559c3eaf0f3ce9c750e2684708585ab8e4312cc1ce3a
[INFO] running `Command { std: "docker" "start" "-a" "10c153ab5172d9379d96559c3eaf0f3ce9c750e2684708585ab8e4312cc1ce3a", kill_on_drop: false }`
[INFO] [stderr]    Compiling crc32fast v1.3.2
[INFO] [stderr]    Compiling cfg-if v1.0.0
[INFO] [stderr]    Compiling adler v1.0.2
[INFO] [stderr]    Compiling miniz_oxide v0.5.4
[INFO] [stderr]    Compiling flate2 v1.0.24
[INFO] [stderr]    Compiling png v0.17.6
[INFO] [stderr]    Compiling acs v0.8.21 (/opt/rustwide/workdir)
[INFO] [stdout] warning: ambiguous glob re-exports
[INFO] [stdout]   --> src/lib.rs:9:9
[INFO] [stdout]    |
[INFO] [stdout] 9  | pub use logic::*;
[INFO] [stdout]    |         ^^^^^^^^ the name `fast` in the type namespace is first re-exported here
[INFO] [stdout] ...
[INFO] [stdout] 13 | pub use arch::*;
[INFO] [stdout]    |         ------- but the name `fast` in the type namespace is also re-exported here
[INFO] [stdout]    |
[INFO] [stdout]    = note: `#[warn(ambiguous_glob_reexports)]` on by default
[INFO] [stdout] 
[INFO] [stdout] 
[INFO] [stdout] warning: unused import: `ram::*`
[INFO] [stdout]   --> src/mem/fast/mod.rs:10:9
[INFO] [stdout]    |
[INFO] [stdout] 10 | pub use ram::*;
[INFO] [stdout]    |         ^^^^^^
[INFO] [stdout]    |
[INFO] [stdout]    = note: `#[warn(unused_imports)]` on by default
[INFO] [stdout] 
[INFO] [stdout] 
[INFO] [stdout] warning: ambiguous glob re-exports
[INFO] [stdout]   --> src/lib.rs:15:9
[INFO] [stdout]    |
[INFO] [stdout] 15 | pub use asm::*;
[INFO] [stdout]    |         ^^^^^^ the name `instruction` in the type namespace is first re-exported here
[INFO] [stdout] 16 | pub mod vm;
[INFO] [stdout] 17 | pub use vm::*;
[INFO] [stdout]    |         ----- but the name `instruction` in the type namespace is also re-exported here
[INFO] [stdout] 
[INFO] [stdout] 
[INFO] [stdout] warning: 3 warnings emitted
[INFO] [stdout] 
[INFO] [stdout] 
[INFO] [stderr]     Finished dev [unoptimized + debuginfo] target(s) in 2.29s
[INFO] running `Command { std: "docker" "inspect" "10c153ab5172d9379d96559c3eaf0f3ce9c750e2684708585ab8e4312cc1ce3a", kill_on_drop: false }`
[INFO] running `Command { std: "docker" "rm" "-f" "10c153ab5172d9379d96559c3eaf0f3ce9c750e2684708585ab8e4312cc1ce3a", kill_on_drop: false }`
[INFO] [stdout] 10c153ab5172d9379d96559c3eaf0f3ce9c750e2684708585ab8e4312cc1ce3a
[INFO] running `Command { std: "docker" "create" "-v" "/var/lib/crater-agent-workspace/builds/worker-4-tc1/target:/opt/rustwide/target:rw,Z" "-v" "/var/lib/crater-agent-workspace/builds/worker-4-tc1/source:/opt/rustwide/workdir:ro,Z" "-v" "/var/lib/crater-agent-workspace/cargo-home:/opt/rustwide/cargo-home:ro,Z" "-v" "/var/lib/crater-agent-workspace/rustup-home:/opt/rustwide/rustup-home:ro,Z" "-e" "SOURCE_DIR=/opt/rustwide/workdir" "-e" "CARGO_TARGET_DIR=/opt/rustwide/target" "-e" "CARGO_INCREMENTAL=0" "-e" "RUST_BACKTRACE=full" "-e" "RUSTFLAGS=--cap-lints=warn" "-e" "RUSTDOCFLAGS=--cap-lints=warn" "-e" "CARGO_HOME=/opt/rustwide/cargo-home" "-e" "RUSTUP_HOME=/opt/rustwide/rustup-home" "-w" "/opt/rustwide/workdir" "-m" "1610612736" "--user" "0:0" "--network" "none" "ghcr.io/rust-lang/crates-build-env/linux@sha256:2788e3201cd34a07e3172128adcd8b3090168a8e3bcc40d7c032b9dda1df7d1c" "/opt/rustwide/cargo-home/bin/cargo" "+1.75.0" "test" "--frozen" "--no-run" "--message-format=json", kill_on_drop: false }`
[INFO] [stdout] 791b6934ac03c0c8d74cfeb0adc1193304e34c012a81d5f73aab10434154a9c2
[INFO] running `Command { std: "docker" "start" "-a" "791b6934ac03c0c8d74cfeb0adc1193304e34c012a81d5f73aab10434154a9c2", kill_on_drop: false }`
[INFO] [stdout] warning: ambiguous glob re-exports
[INFO] [stdout]   --> src/lib.rs:9:9
[INFO] [stdout]    |
[INFO] [stdout] 9  | pub use logic::*;
[INFO] [stdout]    |         ^^^^^^^^ the name `fast` in the type namespace is first re-exported here
[INFO] [stdout] ...
[INFO] [stdout] 13 | pub use arch::*;
[INFO] [stdout]    |         ------- but the name `fast` in the type namespace is also re-exported here
[INFO] [stdout]    |
[INFO] [stdout]    = note: `#[warn(ambiguous_glob_reexports)]` on by default
[INFO] [stdout] 
[INFO] [stdout] 
[INFO] [stderr]    Compiling acs v0.8.21 (/opt/rustwide/workdir)
[INFO] [stdout] warning: unused import: `ram::*`
[INFO] [stdout]   --> src/mem/fast/mod.rs:10:9
[INFO] [stdout]    |
[INFO] [stdout] 10 | pub use ram::*;
[INFO] [stdout]    |         ^^^^^^
[INFO] [stdout]    |
[INFO] [stdout]    = note: `#[warn(unused_imports)]` on by default
[INFO] [stdout] 
[INFO] [stdout] 
[INFO] [stdout] warning: ambiguous glob re-exports
[INFO] [stdout]   --> src/lib.rs:15:9
[INFO] [stdout]    |
[INFO] [stdout] 15 | pub use asm::*;
[INFO] [stdout]    |         ^^^^^^ the name `instruction` in the type namespace is first re-exported here
[INFO] [stdout] 16 | pub mod vm;
[INFO] [stdout] 17 | pub use vm::*;
[INFO] [stdout]    |         ----- but the name `instruction` in the type namespace is also re-exported here
[INFO] [stdout] 
[INFO] [stdout] 
[INFO] [stdout] warning: 3 warnings emitted
[INFO] [stdout] 
[INFO] [stdout] 
[INFO] [stdout] warning: ambiguous glob re-exports
[INFO] [stdout]   --> src/lib.rs:9:9
[INFO] [stdout]    |
[INFO] [stdout] 9  | pub use logic::*;
[INFO] [stdout]    |         ^^^^^^^^ the name `fast` in the type namespace is first re-exported here
[INFO] [stdout] ...
[INFO] [stdout] 13 | pub use arch::*;
[INFO] [stdout]    |         ------- but the name `fast` in the type namespace is also re-exported here
[INFO] [stdout]    |
[INFO] [stdout]    = note: `#[warn(ambiguous_glob_reexports)]` on by default
[INFO] [stdout] 
[INFO] [stdout] 
[INFO] [stdout] warning: unused import: `ram::*`
[INFO] [stdout]   --> src/mem/fast/mod.rs:10:9
[INFO] [stdout]    |
[INFO] [stdout] 10 | pub use ram::*;
[INFO] [stdout]    |         ^^^^^^
[INFO] [stdout]    |
[INFO] [stdout]    = note: `#[warn(unused_imports)]` on by default
[INFO] [stdout] 
[INFO] [stdout] 
[INFO] [stdout] warning: ambiguous glob re-exports
[INFO] [stdout]   --> src/lib.rs:15:9
[INFO] [stdout]    |
[INFO] [stdout] 15 | pub use asm::*;
[INFO] [stdout]    |         ^^^^^^ the name `instruction` in the type namespace is first re-exported here
[INFO] [stdout] 16 | pub mod vm;
[INFO] [stdout] 17 | pub use vm::*;
[INFO] [stdout]    |         ----- but the name `instruction` in the type namespace is also re-exported here
[INFO] [stdout] 
[INFO] [stdout] 
[INFO] [stdout] warning: 3 warnings emitted
[INFO] [stdout] 
[INFO] [stdout] 
[INFO] [stderr]     Finished test [unoptimized + debuginfo] target(s) in 1.37s
[INFO] running `Command { std: "docker" "inspect" "791b6934ac03c0c8d74cfeb0adc1193304e34c012a81d5f73aab10434154a9c2", kill_on_drop: false }`
[INFO] running `Command { std: "docker" "rm" "-f" "791b6934ac03c0c8d74cfeb0adc1193304e34c012a81d5f73aab10434154a9c2", kill_on_drop: false }`
[INFO] [stdout] 791b6934ac03c0c8d74cfeb0adc1193304e34c012a81d5f73aab10434154a9c2
[INFO] running `Command { std: "docker" "create" "-v" "/var/lib/crater-agent-workspace/builds/worker-4-tc1/target:/opt/rustwide/target:rw,Z" "-v" "/var/lib/crater-agent-workspace/builds/worker-4-tc1/source:/opt/rustwide/workdir:ro,Z" "-v" "/var/lib/crater-agent-workspace/cargo-home:/opt/rustwide/cargo-home:ro,Z" "-v" "/var/lib/crater-agent-workspace/rustup-home:/opt/rustwide/rustup-home:ro,Z" "-e" "SOURCE_DIR=/opt/rustwide/workdir" "-e" "CARGO_TARGET_DIR=/opt/rustwide/target" "-e" "CARGO_INCREMENTAL=0" "-e" "RUST_BACKTRACE=full" "-e" "RUSTFLAGS=--cap-lints=warn" "-e" "RUSTDOCFLAGS=--cap-lints=warn" "-e" "CARGO_HOME=/opt/rustwide/cargo-home" "-e" "RUSTUP_HOME=/opt/rustwide/rustup-home" "-w" "/opt/rustwide/workdir" "-m" "1610612736" "--user" "0:0" "--network" "none" "ghcr.io/rust-lang/crates-build-env/linux@sha256:2788e3201cd34a07e3172128adcd8b3090168a8e3bcc40d7c032b9dda1df7d1c" "/opt/rustwide/cargo-home/bin/cargo" "+1.75.0" "test" "--frozen", kill_on_drop: false }`
[INFO] [stdout] 6b16c710c130e48c661f72c82e3d34fcb6f7d30edc6fef94bfd41e4166b8e235
[INFO] running `Command { std: "docker" "start" "-a" "6b16c710c130e48c661f72c82e3d34fcb6f7d30edc6fef94bfd41e4166b8e235", kill_on_drop: false }`
[INFO] [stderr] warning: ambiguous glob re-exports
[INFO] [stderr]   --> src/lib.rs:9:9
[INFO] [stderr]    |
[INFO] [stderr] 9  | pub use logic::*;
[INFO] [stderr]    |         ^^^^^^^^ the name `fast` in the type namespace is first re-exported here
[INFO] [stderr] ...
[INFO] [stderr] 13 | pub use arch::*;
[INFO] [stderr]    |         ------- but the name `fast` in the type namespace is also re-exported here
[INFO] [stderr]    |
[INFO] [stderr]    = note: `#[warn(ambiguous_glob_reexports)]` on by default
[INFO] [stderr] 
[INFO] [stderr] warning: unused import: `ram::*`
[INFO] [stderr]   --> src/mem/fast/mod.rs:10:9
[INFO] [stderr]    |
[INFO] [stderr] 10 | pub use ram::*;
[INFO] [stderr]    |         ^^^^^^
[INFO] [stderr]    |
[INFO] [stderr]    = note: `#[warn(unused_imports)]` on by default
[INFO] [stderr] 
[INFO] [stderr] warning: ambiguous glob re-exports
[INFO] [stderr]   --> src/lib.rs:15:9
[INFO] [stderr]    |
[INFO] [stderr] 15 | pub use asm::*;
[INFO] [stderr]    |         ^^^^^^ the name `instruction` in the type namespace is first re-exported here
[INFO] [stderr] 16 | pub mod vm;
[INFO] [stderr] 17 | pub use vm::*;
[INFO] [stderr]    |         ----- but the name `instruction` in the type namespace is also re-exported here
[INFO] [stderr] 
[INFO] [stderr] warning: `acs` (lib) generated 3 warnings (run `cargo fix --lib -p acs` to apply 1 suggestion)
[INFO] [stderr] warning: `acs` (lib test) generated 3 warnings (3 duplicates)
[INFO] [stderr]     Finished test [unoptimized + debuginfo] target(s) in 0.01s
[INFO] [stderr]      Running unittests src/lib.rs (/opt/rustwide/target/debug/deps/acs-a90d3a99fda52619)
[INFO] [stdout] 
[INFO] [stdout] running 48 tests
[INFO] [stdout] test asm::assembler::test::add ... ok
[INFO] [stdout] test asm::assembler::test::max ... ok
[INFO] [stdout] test arch::screen::test::run ... FAILED
[INFO] [stdout] test asm::assembler::test::rect ... ok
[INFO] [stdout] test logic::and16::test::run ... ok
[INFO] [stdout] test logic::add16::test::run ... ok
[INFO] [stdout] test logic::and::test::run ... ok
[INFO] [stdout] test logic::demux4way::test::run ... ok
[INFO] [stdout] test logic::demux8way::test::run ... ok
[INFO] [stdout] test logic::demux::test::run ... ok
[INFO] [stdout] test logic::fast::alu::test::run ... ok
[INFO] [stdout] test logic::fulladder::test::run ... ok
[INFO] [stdout] test logic::halfadder::test::run ... ok
[INFO] [stdout] test logic::inc16::test::run ... ok
[INFO] [stdout] test logic::mux16::test::run ... ok
[INFO] [stdout] test logic::mux::test::run ... ok
[INFO] [stdout] test logic::nand16::test::run ... ok
[INFO] [stdout] test logic::nand::test::run ... ok
[INFO] [stdout] test logic::not16::test::run ... ok
[INFO] [stdout] test logic::mux4way16::test::run ... ok
[INFO] [stdout] test logic::not::test::run ... ok
[INFO] [stdout] test logic::or16way::test::run ... ok
[INFO] [stdout] test logic::or16::test::run ... ok
[INFO] [stdout] test logic::or8way::test::run ... ok
[INFO] [stdout] test logic::or::test::run ... ok
[INFO] [stdout] test logic::signal16::test::signal ... ok
[INFO] [stdout] test logic::signal16::test::fmt ... ok
[INFO] [stdout] test logic::signal::test::signal ... ok
[INFO] [stdout] test logic::signal2::test::run ... ok
[INFO] [stdout] test logic::xor::test::run ... ok
[INFO] [stdout] test logic::signal::test::fmt ... ok
[INFO] [stdout] test mem::bit::test::run ... ok
[INFO] [stdout] test mem::fast::counter::test::run ... ok
[INFO] [stdout] test mem::fast::ram512::test::run ... ok
[INFO] [stdout] test mem::fast::ram64::test::run ... ok
[INFO] [stdout] test mem::counter::test::run ... ok
[INFO] [stdout] test mem::fast::ram8::test::run ... ok
[INFO] [stdout] test mem::fast::register16::test::run ... ok
[INFO] [stdout] test logic::mux8way16::test::run ... ok
[INFO] [stdout] test mem::fast::ram4k::test::run ... ok
[INFO] [stdout] test mem::fast::ram16k::test::run ... ok
[INFO] [stdout] test mem::register16::test::run ... ok
[INFO] [stdout] test mem::ram16k::test::run ... ok
[INFO] [stdout] test mem::ram8::test::run ... ok
[INFO] [stdout] test mem::ram4k::test::run ... ok
[INFO] [stdout] test mem::ram64::test::run ... ok
[INFO] [stdout] test mem::ram512::test::run ... ok
[INFO] [stdout] test logic::alu::test::run ... ok
[INFO] [stdout] 
[INFO] [stdout] failures:
[INFO] [stdout] 
[INFO] [stdout] ---- arch::screen::test::run stdout ----
[INFO] [stdout] Error: Os { code: 2, kind: NotFound, message: "No such file or directory" }
[INFO] [stdout] 
[INFO] [stdout] 
[INFO] [stdout] failures:
[INFO] [stdout]     arch::screen::test::run
[INFO] [stdout] 
[INFO] [stdout] test result: FAILED. 47 passed; 1 failed; 0 ignored; 0 measured; 0 filtered out; finished in 0.01s
[INFO] [stdout] 
[INFO] [stderr] error: test failed, to rerun pass `--lib`
[INFO] running `Command { std: "docker" "inspect" "6b16c710c130e48c661f72c82e3d34fcb6f7d30edc6fef94bfd41e4166b8e235", kill_on_drop: false }`
[INFO] running `Command { std: "docker" "rm" "-f" "6b16c710c130e48c661f72c82e3d34fcb6f7d30edc6fef94bfd41e4166b8e235", kill_on_drop: false }`
[INFO] [stdout] 6b16c710c130e48c661f72c82e3d34fcb6f7d30edc6fef94bfd41e4166b8e235
[INFO] testing Fahien/acs against beta-2023-12-22 for beta-1.76-1
[INFO] running `Command { std: "git" "clone" "/workspace/cache/git-repos/https%3A%2F%2Fgithub.com%2FFahien%2Facs" "/workspace/builds/worker-4-tc2/source", kill_on_drop: false }`
[INFO] [stderr] Cloning into '/workspace/builds/worker-4-tc2/source'...
[INFO] [stderr] done.
[INFO] validating manifest of git repo https://github.com/Fahien/acs on toolchain beta-2023-12-22
[INFO] running `Command { std: CARGO_HOME="/workspace/cargo-home" RUSTUP_HOME="/workspace/rustup-home" "/workspace/cargo-home/bin/cargo" "+beta-2023-12-22" "metadata" "--manifest-path" "Cargo.toml" "--no-deps", kill_on_drop: false }`
[INFO] started tweaking git repo https://github.com/Fahien/acs
[INFO] removed 0 missing tests
[INFO] finished tweaking git repo https://github.com/Fahien/acs
[INFO] tweaked toml for git repo https://github.com/Fahien/acs written to /workspace/builds/worker-4-tc2/source/Cargo.toml
[INFO] crate git repo https://github.com/Fahien/acs already has a lockfile, it will not be regenerated
[INFO] running `Command { std: CARGO_HOME="/workspace/cargo-home" RUSTUP_HOME="/workspace/rustup-home" "/workspace/cargo-home/bin/cargo" "+beta-2023-12-22" "fetch" "--manifest-path" "Cargo.toml", kill_on_drop: false }`
[INFO] running `Command { std: "docker" "create" "-v" "/var/lib/crater-agent-workspace/builds/worker-4-tc2/target:/opt/rustwide/target:rw,Z" "-v" "/var/lib/crater-agent-workspace/builds/worker-4-tc2/source:/opt/rustwide/workdir:ro,Z" "-v" "/var/lib/crater-agent-workspace/cargo-home:/opt/rustwide/cargo-home:ro,Z" "-v" "/var/lib/crater-agent-workspace/rustup-home:/opt/rustwide/rustup-home:ro,Z" "-e" "SOURCE_DIR=/opt/rustwide/workdir" "-e" "CARGO_TARGET_DIR=/opt/rustwide/target" "-e" "CARGO_HOME=/opt/rustwide/cargo-home" "-e" "RUSTUP_HOME=/opt/rustwide/rustup-home" "-w" "/opt/rustwide/workdir" "-m" "1610612736" "--user" "0:0" "--network" "none" "ghcr.io/rust-lang/crates-build-env/linux@sha256:2788e3201cd34a07e3172128adcd8b3090168a8e3bcc40d7c032b9dda1df7d1c" "/opt/rustwide/cargo-home/bin/cargo" "+beta-2023-12-22" "metadata" "--no-deps" "--format-version=1", kill_on_drop: false }`
[INFO] [stdout] 509168d5c3b1852c6c6542ea34349a56f87dd718b2030a7e9c7070eb84fd6193
[INFO] running `Command { std: "docker" "start" "-a" "509168d5c3b1852c6c6542ea34349a56f87dd718b2030a7e9c7070eb84fd6193", kill_on_drop: false }`
[INFO] running `Command { std: "docker" "inspect" "509168d5c3b1852c6c6542ea34349a56f87dd718b2030a7e9c7070eb84fd6193", kill_on_drop: false }`
[INFO] running `Command { std: "docker" "rm" "-f" "509168d5c3b1852c6c6542ea34349a56f87dd718b2030a7e9c7070eb84fd6193", kill_on_drop: false }`
[INFO] [stdout] 509168d5c3b1852c6c6542ea34349a56f87dd718b2030a7e9c7070eb84fd6193
[INFO] running `Command { std: "docker" "create" "-v" "/var/lib/crater-agent-workspace/builds/worker-4-tc2/target:/opt/rustwide/target:rw,Z" "-v" "/var/lib/crater-agent-workspace/builds/worker-4-tc2/source:/opt/rustwide/workdir:ro,Z" "-v" "/var/lib/crater-agent-workspace/cargo-home:/opt/rustwide/cargo-home:ro,Z" "-v" "/var/lib/crater-agent-workspace/rustup-home:/opt/rustwide/rustup-home:ro,Z" "-e" "SOURCE_DIR=/opt/rustwide/workdir" "-e" "CARGO_TARGET_DIR=/opt/rustwide/target" "-e" "CARGO_INCREMENTAL=0" "-e" "RUST_BACKTRACE=full" "-e" "RUSTFLAGS=--cap-lints=warn" "-e" "RUSTDOCFLAGS=--cap-lints=warn" "-e" "CARGO_HOME=/opt/rustwide/cargo-home" "-e" "RUSTUP_HOME=/opt/rustwide/rustup-home" "-w" "/opt/rustwide/workdir" "-m" "1610612736" "--user" "0:0" "--network" "none" "ghcr.io/rust-lang/crates-build-env/linux@sha256:2788e3201cd34a07e3172128adcd8b3090168a8e3bcc40d7c032b9dda1df7d1c" "/opt/rustwide/cargo-home/bin/cargo" "+beta-2023-12-22" "build" "--frozen" "--message-format=json", kill_on_drop: false }`
[INFO] [stdout] 8b5ce3622e4aa2b73caf588451a9d15dbec4d6bd7154bab36aadb828c9c09363
[INFO] running `Command { std: "docker" "start" "-a" "8b5ce3622e4aa2b73caf588451a9d15dbec4d6bd7154bab36aadb828c9c09363", kill_on_drop: false }`
[INFO] [stderr]    Compiling crc32fast v1.3.2
[INFO] [stderr]    Compiling cfg-if v1.0.0
[INFO] [stderr]    Compiling adler v1.0.2
[INFO] [stderr]    Compiling miniz_oxide v0.5.4
[INFO] [stderr]    Compiling flate2 v1.0.24
[INFO] [stderr]    Compiling png v0.17.6
[INFO] [stderr]    Compiling acs v0.8.21 (/opt/rustwide/workdir)
[INFO] [stdout] warning: ambiguous glob re-exports
[INFO] [stdout]   --> src/lib.rs:9:9
[INFO] [stdout]    |
[INFO] [stdout] 9  | pub use logic::*;
[INFO] [stdout]    |         ^^^^^^^^ the name `fast` in the type namespace is first re-exported here
[INFO] [stdout] ...
[INFO] [stdout] 13 | pub use arch::*;
[INFO] [stdout]    |         ------- but the name `fast` in the type namespace is also re-exported here
[INFO] [stdout]    |
[INFO] [stdout]    = note: `#[warn(ambiguous_glob_reexports)]` on by default
[INFO] [stdout] 
[INFO] [stdout] 
[INFO] [stdout] warning: unused import: `ram::*`
[INFO] [stdout]   --> src/mem/fast/mod.rs:10:9
[INFO] [stdout]    |
[INFO] [stdout] 10 | pub use ram::*;
[INFO] [stdout]    |         ^^^^^^
[INFO] [stdout]    |
[INFO] [stdout]    = note: `#[warn(unused_imports)]` on by default
[INFO] [stdout] 
[INFO] [stdout] 
[INFO] [stdout] warning: ambiguous glob re-exports
[INFO] [stdout]   --> src/lib.rs:15:9
[INFO] [stdout]    |
[INFO] [stdout] 15 | pub use asm::*;
[INFO] [stdout]    |         ^^^^^^ the name `instruction` in the type namespace is first re-exported here
[INFO] [stdout] 16 | pub mod vm;
[INFO] [stdout] 17 | pub use vm::*;
[INFO] [stdout]    |         ----- but the name `instruction` in the type namespace is also re-exported here
[INFO] [stdout] 
[INFO] [stdout] 
[INFO] [stdout] warning: 3 warnings emitted
[INFO] [stdout] 
[INFO] [stdout] 
[INFO] [stderr]     Finished dev [unoptimized + debuginfo] target(s) in 2.21s
[INFO] running `Command { std: "docker" "inspect" "8b5ce3622e4aa2b73caf588451a9d15dbec4d6bd7154bab36aadb828c9c09363", kill_on_drop: false }`
[INFO] running `Command { std: "docker" "rm" "-f" "8b5ce3622e4aa2b73caf588451a9d15dbec4d6bd7154bab36aadb828c9c09363", kill_on_drop: false }`
[INFO] [stdout] 8b5ce3622e4aa2b73caf588451a9d15dbec4d6bd7154bab36aadb828c9c09363
[INFO] running `Command { std: "docker" "create" "-v" "/var/lib/crater-agent-workspace/builds/worker-4-tc2/target:/opt/rustwide/target:rw,Z" "-v" "/var/lib/crater-agent-workspace/builds/worker-4-tc2/source:/opt/rustwide/workdir:ro,Z" "-v" "/var/lib/crater-agent-workspace/cargo-home:/opt/rustwide/cargo-home:ro,Z" "-v" "/var/lib/crater-agent-workspace/rustup-home:/opt/rustwide/rustup-home:ro,Z" "-e" "SOURCE_DIR=/opt/rustwide/workdir" "-e" "CARGO_TARGET_DIR=/opt/rustwide/target" "-e" "CARGO_INCREMENTAL=0" "-e" "RUST_BACKTRACE=full" "-e" "RUSTFLAGS=--cap-lints=warn" "-e" "RUSTDOCFLAGS=--cap-lints=warn" "-e" "CARGO_HOME=/opt/rustwide/cargo-home" "-e" "RUSTUP_HOME=/opt/rustwide/rustup-home" "-w" "/opt/rustwide/workdir" "-m" "1610612736" "--user" "0:0" "--network" "none" "ghcr.io/rust-lang/crates-build-env/linux@sha256:2788e3201cd34a07e3172128adcd8b3090168a8e3bcc40d7c032b9dda1df7d1c" "/opt/rustwide/cargo-home/bin/cargo" "+beta-2023-12-22" "test" "--frozen" "--no-run" "--message-format=json", kill_on_drop: false }`
[INFO] [stdout] fccdcdf1de3e9e0e35d33dc32bfe0744a1aa3525d7154002977f02cc7a9a720f
[INFO] running `Command { std: "docker" "start" "-a" "fccdcdf1de3e9e0e35d33dc32bfe0744a1aa3525d7154002977f02cc7a9a720f", kill_on_drop: false }`
[INFO] [stdout] warning: ambiguous glob re-exports
[INFO] [stdout]   --> src/lib.rs:9:9
[INFO] [stdout]    |
[INFO] [stdout] 9  | pub use logic::*;
[INFO] [stdout]    |         ^^^^^^^^ the name `fast` in the type namespace is first re-exported here
[INFO] [stdout] ...
[INFO] [stdout] 13 | pub use arch::*;
[INFO] [stdout]    |         ------- but the name `fast` in the type namespace is also re-exported here
[INFO] [stdout]    |
[INFO] [stdout]    = note: `#[warn(ambiguous_glob_reexports)]` on by default
[INFO] [stdout] 
[INFO] [stdout] 
[INFO] [stdout] warning: unused import: `ram::*`
[INFO] [stdout]   --> src/mem/fast/mod.rs:10:9
[INFO] [stdout]    |
[INFO] [stdout] 10 | pub use ram::*;
[INFO] [stdout]    |         ^^^^^^
[INFO] [stdout]    |
[INFO] [stdout]    = note: `#[warn(unused_imports)]` on by default
[INFO] [stdout] 
[INFO] [stdout] 
[INFO] [stdout] warning: ambiguous glob re-exports
[INFO] [stdout]   --> src/lib.rs:15:9
[INFO] [stdout]    |
[INFO] [stdout] 15 | pub use asm::*;
[INFO] [stdout]    |         ^^^^^^ the name `instruction` in the type namespace is first re-exported here
[INFO] [stdout] 16 | pub mod vm;
[INFO] [stdout] 17 | pub use vm::*;
[INFO] [stdout]    |         ----- but the name `instruction` in the type namespace is also re-exported here
[INFO] [stdout] 
[INFO] [stdout] 
[INFO] [stderr]    Compiling acs v0.8.21 (/opt/rustwide/workdir)
[INFO] [stdout] warning: 3 warnings emitted
[INFO] [stdout] 
[INFO] [stdout] 
[INFO] [stdout] warning: ambiguous glob re-exports
[INFO] [stdout]   --> src/lib.rs:9:9
[INFO] [stdout]    |
[INFO] [stdout] 9  | pub use logic::*;
[INFO] [stdout]    |         ^^^^^^^^ the name `fast` in the type namespace is first re-exported here
[INFO] [stdout] ...
[INFO] [stdout] 13 | pub use arch::*;
[INFO] [stdout]    |         ------- but the name `fast` in the type namespace is also re-exported here
[INFO] [stdout]    |
[INFO] [stdout]    = note: `#[warn(ambiguous_glob_reexports)]` on by default
[INFO] [stdout] 
[INFO] [stdout] 
[INFO] [stdout] warning: unused import: `ram::*`
[INFO] [stdout]   --> src/mem/fast/mod.rs:10:9
[INFO] [stdout]    |
[INFO] [stdout] 10 | pub use ram::*;
[INFO] [stdout]    |         ^^^^^^
[INFO] [stdout]    |
[INFO] [stdout]    = note: `#[warn(unused_imports)]` on by default
[INFO] [stdout] 
[INFO] [stdout] 
[INFO] [stdout] warning: ambiguous glob re-exports
[INFO] [stdout]   --> src/lib.rs:15:9
[INFO] [stdout]    |
[INFO] [stdout] 15 | pub use asm::*;
[INFO] [stdout]    |         ^^^^^^ the name `instruction` in the type namespace is first re-exported here
[INFO] [stdout] 16 | pub mod vm;
[INFO] [stdout] 17 | pub use vm::*;
[INFO] [stdout]    |         ----- but the name `instruction` in the type namespace is also re-exported here
[INFO] [stdout] 
[INFO] [stdout] 
[INFO] [stdout] warning: 3 warnings emitted
[INFO] [stdout] 
[INFO] [stdout] 
[INFO] [stderr]     Finished test [unoptimized + debuginfo] target(s) in 1.12s
[INFO] running `Command { std: "docker" "inspect" "fccdcdf1de3e9e0e35d33dc32bfe0744a1aa3525d7154002977f02cc7a9a720f", kill_on_drop: false }`
[INFO] running `Command { std: "docker" "rm" "-f" "fccdcdf1de3e9e0e35d33dc32bfe0744a1aa3525d7154002977f02cc7a9a720f", kill_on_drop: false }`
[INFO] [stdout] fccdcdf1de3e9e0e35d33dc32bfe0744a1aa3525d7154002977f02cc7a9a720f
[INFO] running `Command { std: "docker" "create" "-v" "/var/lib/crater-agent-workspace/builds/worker-4-tc2/target:/opt/rustwide/target:rw,Z" "-v" "/var/lib/crater-agent-workspace/builds/worker-4-tc2/source:/opt/rustwide/workdir:ro,Z" "-v" "/var/lib/crater-agent-workspace/cargo-home:/opt/rustwide/cargo-home:ro,Z" "-v" "/var/lib/crater-agent-workspace/rustup-home:/opt/rustwide/rustup-home:ro,Z" "-e" "SOURCE_DIR=/opt/rustwide/workdir" "-e" "CARGO_TARGET_DIR=/opt/rustwide/target" "-e" "CARGO_INCREMENTAL=0" "-e" "RUST_BACKTRACE=full" "-e" "RUSTFLAGS=--cap-lints=warn" "-e" "RUSTDOCFLAGS=--cap-lints=warn" "-e" "CARGO_HOME=/opt/rustwide/cargo-home" "-e" "RUSTUP_HOME=/opt/rustwide/rustup-home" "-w" "/opt/rustwide/workdir" "-m" "1610612736" "--user" "0:0" "--network" "none" "ghcr.io/rust-lang/crates-build-env/linux@sha256:2788e3201cd34a07e3172128adcd8b3090168a8e3bcc40d7c032b9dda1df7d1c" "/opt/rustwide/cargo-home/bin/cargo" "+beta-2023-12-22" "test" "--frozen", kill_on_drop: false }`
[INFO] [stdout] 2849b2eb77e832652546f4cbc5692ee2ea5d7a1e2f979521aeebdb438ae4a069
[INFO] running `Command { std: "docker" "start" "-a" "2849b2eb77e832652546f4cbc5692ee2ea5d7a1e2f979521aeebdb438ae4a069", kill_on_drop: false }`
[INFO] [stderr] warning: ambiguous glob re-exports
[INFO] [stderr]   --> src/lib.rs:9:9
[INFO] [stderr]    |
[INFO] [stderr] 9  | pub use logic::*;
[INFO] [stderr]    |         ^^^^^^^^ the name `fast` in the type namespace is first re-exported here
[INFO] [stderr] ...
[INFO] [stderr] 13 | pub use arch::*;
[INFO] [stderr]    |         ------- but the name `fast` in the type namespace is also re-exported here
[INFO] [stderr]    |
[INFO] [stderr]    = note: `#[warn(ambiguous_glob_reexports)]` on by default
[INFO] [stderr] 
[INFO] [stderr] warning: unused import: `ram::*`
[INFO] [stderr]   --> src/mem/fast/mod.rs:10:9
[INFO] [stderr]    |
[INFO] [stderr] 10 | pub use ram::*;
[INFO] [stderr]    |         ^^^^^^
[INFO] [stderr]    |
[INFO] [stderr]    = note: `#[warn(unused_imports)]` on by default
[INFO] [stderr] 
[INFO] [stderr] warning: ambiguous glob re-exports
[INFO] [stderr]   --> src/lib.rs:15:9
[INFO] [stderr]    |
[INFO] [stderr] 15 | pub use asm::*;
[INFO] [stderr]    |         ^^^^^^ the name `instruction` in the type namespace is first re-exported here
[INFO] [stderr] 16 | pub mod vm;
[INFO] [stderr] 17 | pub use vm::*;
[INFO] [stderr]    |         ----- but the name `instruction` in the type namespace is also re-exported here
[INFO] [stderr] 
[INFO] [stderr] warning: `acs` (lib) generated 3 warnings (run `cargo fix --lib -p acs` to apply 1 suggestion)
[INFO] [stderr] warning: `acs` (lib test) generated 3 warnings (3 duplicates)
[INFO] [stderr]     Finished test [unoptimized + debuginfo] target(s) in 0.01s
[INFO] [stderr]      Running unittests src/lib.rs (/opt/rustwide/target/debug/deps/acs-effc25ab3a497979)
[INFO] [stdout] 
[INFO] [stdout] running 48 tests
[INFO] [stdout] test arch::screen::test::run ... FAILED
[INFO] [stdout] test asm::assembler::test::add ... ok
[INFO] [stdout] test asm::assembler::test::max ... ok
[INFO] [stdout] test asm::assembler::test::rect ... ok
[INFO] [stdout] test logic::add16::test::run ... ok
[INFO] [stdout] test logic::and::test::run ... ok
[INFO] [stdout] test logic::and16::test::run ... ok
[INFO] [stdout] test logic::demux4way::test::run ... ok
[INFO] [stdout] test logic::demux8way::test::run ... ok
[INFO] [stdout] test logic::demux::test::run ... ok
[INFO] [stdout] test logic::fulladder::test::run ... ok
[INFO] [stdout] test logic::fast::alu::test::run ... ok
[INFO] [stdout] test logic::halfadder::test::run ... ok
[INFO] [stdout] test logic::inc16::test::run ... ok
[INFO] [stdout] test logic::mux16::test::run ... ok
[INFO] [stdout] test logic::mux::test::run ... ok
[INFO] [stdout] test logic::nand16::test::run ... ok
[INFO] [stdout] test logic::not::test::run ... ok
[INFO] [stdout] test logic::not16::test::run ... ok
[INFO] [stdout] test logic::or16way::test::run ... ok
[INFO] [stdout] test logic::mux4way16::test::run ... ok
[INFO] [stdout] test logic::or8way::test::run ... ok
[INFO] [stdout] test logic::nand::test::run ... ok
[INFO] [stdout] test logic::or::test::run ... ok
[INFO] [stdout] test logic::or16::test::run ... ok
[INFO] [stdout] test logic::signal2::test::run ... ok
[INFO] [stdout] test logic::signal16::test::fmt ... ok
[INFO] [stdout] test logic::signal::test::fmt ... ok
[INFO] [stdout] test logic::signal::test::signal ... ok
[INFO] [stdout] test logic::signal16::test::signal ... ok
[INFO] [stdout] test logic::xor::test::run ... ok
[INFO] [stdout] test mem::bit::test::run ... ok
[INFO] [stdout] test mem::fast::counter::test::run ... ok
[INFO] [stdout] test mem::fast::ram4k::test::run ... ok
[INFO] [stdout] test mem::fast::ram512::test::run ... ok
[INFO] [stdout] test mem::counter::test::run ... ok
[INFO] [stdout] test mem::fast::ram64::test::run ... ok
[INFO] [stdout] test mem::fast::ram8::test::run ... ok
[INFO] [stdout] test mem::register16::test::run ... ok
[INFO] [stdout] test logic::mux8way16::test::run ... ok
[INFO] [stdout] test mem::fast::register16::test::run ... ok
[INFO] [stdout] test mem::fast::ram16k::test::run ... ok
[INFO] [stdout] test mem::ram16k::test::run ... ok
[INFO] [stdout] test mem::ram8::test::run ... ok
[INFO] [stdout] test mem::ram512::test::run ... ok
[INFO] [stdout] test mem::ram64::test::run ... ok
[INFO] [stdout] test mem::ram4k::test::run ... ok
[INFO] [stdout] test logic::alu::test::run ... ok
[INFO] [stdout] 
[INFO] [stdout] failures:
[INFO] [stdout] 
[INFO] [stdout] ---- arch::screen::test::run stdout ----
[INFO] [stdout] Error: Os { code: 2, kind: NotFound, message: "No such file or directory" }
[INFO] [stdout] 
[INFO] [stdout] 
[INFO] [stdout] failures:
[INFO] [stdout]     arch::screen::test::run
[INFO] [stdout] 
[INFO] [stdout] test result: FAILED. 47 passed; 1 failed; 0 ignored; 0 measured; 0 filtered out; finished in 0.01s
[INFO] [stdout] 
[INFO] [stderr] error: test failed, to rerun pass `--lib`
[INFO] running `Command { std: "docker" "inspect" "2849b2eb77e832652546f4cbc5692ee2ea5d7a1e2f979521aeebdb438ae4a069", kill_on_drop: false }`
[INFO] running `Command { std: "docker" "rm" "-f" "2849b2eb77e832652546f4cbc5692ee2ea5d7a1e2f979521aeebdb438ae4a069", kill_on_drop: false }`
[INFO] [stdout] 2849b2eb77e832652546f4cbc5692ee2ea5d7a1e2f979521aeebdb438ae4a069
