[INFO] cloning repository https://github.com/FSMaxB/rust-genealogy
[INFO] running `Command { std: "git" "-c" "credential.helper=" "-c" "credential.helper=/workspace/cargo-home/bin/git-credential-null" "clone" "--bare" "https://github.com/FSMaxB/rust-genealogy" "/workspace/cache/git-repos/https%3A%2F%2Fgithub.com%2FFSMaxB%2Frust-genealogy", kill_on_drop: false }`
[INFO] [stderr] Cloning into bare repository '/workspace/cache/git-repos/https%3A%2F%2Fgithub.com%2FFSMaxB%2Frust-genealogy'...
[INFO] running `Command { std: "git" "rev-parse" "HEAD", kill_on_drop: false }`
[INFO] [stdout] 1e4d35922ab14bb1c59af0f48c5f42397b121bd2
[INFO] testing FSMaxB/rust-genealogy against 1.75.0 for beta-1.76-1
[INFO] running `Command { std: "git" "clone" "/workspace/cache/git-repos/https%3A%2F%2Fgithub.com%2FFSMaxB%2Frust-genealogy" "/workspace/builds/worker-2-tc1/source", kill_on_drop: false }`
[INFO] [stderr] Cloning into '/workspace/builds/worker-2-tc1/source'...
[INFO] [stderr] done.
[INFO] validating manifest of git repo https://github.com/FSMaxB/rust-genealogy on toolchain 1.75.0
[INFO] running `Command { std: CARGO_HOME="/workspace/cargo-home" RUSTUP_HOME="/workspace/rustup-home" "/workspace/cargo-home/bin/cargo" "+1.75.0" "metadata" "--manifest-path" "Cargo.toml" "--no-deps", kill_on_drop: false }`
[INFO] started tweaking git repo https://github.com/FSMaxB/rust-genealogy
[INFO] finished tweaking git repo https://github.com/FSMaxB/rust-genealogy
[INFO] tweaked toml for git repo https://github.com/FSMaxB/rust-genealogy written to /workspace/builds/worker-2-tc1/source/Cargo.toml
[INFO] crate git repo https://github.com/FSMaxB/rust-genealogy already has a lockfile, it will not be regenerated
[INFO] running `Command { std: CARGO_HOME="/workspace/cargo-home" RUSTUP_HOME="/workspace/rustup-home" "/workspace/cargo-home/bin/cargo" "+1.75.0" "fetch" "--manifest-path" "Cargo.toml", kill_on_drop: false }`
[INFO] [stderr]  Downloading crates ...
[INFO] [stderr]   Downloaded serde v1.0.148
[INFO] [stderr]   Downloaded serde_derive v1.0.148
[INFO] [stderr]   Downloaded trybuild v1.0.72
[INFO] running `Command { std: "docker" "create" "-v" "/var/lib/crater-agent-workspace/builds/worker-2-tc1/target:/opt/rustwide/target:rw,Z" "-v" "/var/lib/crater-agent-workspace/builds/worker-2-tc1/source:/opt/rustwide/workdir:ro,Z" "-v" "/var/lib/crater-agent-workspace/cargo-home:/opt/rustwide/cargo-home:ro,Z" "-v" "/var/lib/crater-agent-workspace/rustup-home:/opt/rustwide/rustup-home:ro,Z" "-e" "SOURCE_DIR=/opt/rustwide/workdir" "-e" "CARGO_TARGET_DIR=/opt/rustwide/target" "-e" "CARGO_HOME=/opt/rustwide/cargo-home" "-e" "RUSTUP_HOME=/opt/rustwide/rustup-home" "-w" "/opt/rustwide/workdir" "-m" "1610612736" "--user" "0:0" "--network" "none" "ghcr.io/rust-lang/crates-build-env/linux@sha256:2788e3201cd34a07e3172128adcd8b3090168a8e3bcc40d7c032b9dda1df7d1c" "/opt/rustwide/cargo-home/bin/cargo" "+1.75.0" "metadata" "--no-deps" "--format-version=1", kill_on_drop: false }`
[INFO] [stdout] 93f20ce2cd21f07c876bd99cca2eba0b8d01a31153b4b4ba487fb066e4f8b4b3
[INFO] running `Command { std: "docker" "start" "-a" "93f20ce2cd21f07c876bd99cca2eba0b8d01a31153b4b4ba487fb066e4f8b4b3", kill_on_drop: false }`
[INFO] running `Command { std: "docker" "inspect" "93f20ce2cd21f07c876bd99cca2eba0b8d01a31153b4b4ba487fb066e4f8b4b3", kill_on_drop: false }`
[INFO] running `Command { std: "docker" "rm" "-f" "93f20ce2cd21f07c876bd99cca2eba0b8d01a31153b4b4ba487fb066e4f8b4b3", kill_on_drop: false }`
[INFO] [stdout] 93f20ce2cd21f07c876bd99cca2eba0b8d01a31153b4b4ba487fb066e4f8b4b3
[INFO] running `Command { std: "docker" "create" "-v" "/var/lib/crater-agent-workspace/builds/worker-2-tc1/target:/opt/rustwide/target:rw,Z" "-v" "/var/lib/crater-agent-workspace/builds/worker-2-tc1/source:/opt/rustwide/workdir:ro,Z" "-v" "/var/lib/crater-agent-workspace/cargo-home:/opt/rustwide/cargo-home:ro,Z" "-v" "/var/lib/crater-agent-workspace/rustup-home:/opt/rustwide/rustup-home:ro,Z" "-e" "SOURCE_DIR=/opt/rustwide/workdir" "-e" "CARGO_TARGET_DIR=/opt/rustwide/target" "-e" "CARGO_INCREMENTAL=0" "-e" "RUST_BACKTRACE=full" "-e" "RUSTFLAGS=--cap-lints=warn" "-e" "RUSTDOCFLAGS=--cap-lints=warn" "-e" "CARGO_HOME=/opt/rustwide/cargo-home" "-e" "RUSTUP_HOME=/opt/rustwide/rustup-home" "-w" "/opt/rustwide/workdir" "-m" "1610612736" "--user" "0:0" "--network" "none" "ghcr.io/rust-lang/crates-build-env/linux@sha256:2788e3201cd34a07e3172128adcd8b3090168a8e3bcc40d7c032b9dda1df7d1c" "/opt/rustwide/cargo-home/bin/cargo" "+1.75.0" "build" "--frozen" "--message-format=json", kill_on_drop: false }`
[INFO] [stdout] d1543682a9e38c41c5bcbcbafef8947d34934156d3ed411e9b133baad1d37d98
[INFO] running `Command { std: "docker" "start" "-a" "d1543682a9e38c41c5bcbcbafef8947d34934156d3ed411e9b133baad1d37d98", kill_on_drop: false }`
[INFO] [stderr]    Compiling proc-macro2 v1.0.47
[INFO] [stderr]    Compiling autocfg v1.1.0
[INFO] [stderr]    Compiling unicode-ident v1.0.5
[INFO] [stderr]    Compiling quote v1.0.21
[INFO] [stderr]    Compiling semver-parser v0.7.0
[INFO] [stderr]    Compiling syn v1.0.105
[INFO] [stderr]    Compiling libc v0.2.138
[INFO] [stderr]    Compiling tinyvec_macros v0.1.0
[INFO] [stderr]    Compiling futures-core v0.3.25
[INFO] [stderr]    Compiling memchr v2.5.0
[INFO] [stderr]    Compiling percent-encoding v2.2.0
[INFO] [stderr]    Compiling unicode-bidi v0.3.8
[INFO] [stderr]    Compiling parking v2.0.0
[INFO] [stderr]    Compiling regex-syntax v0.6.28
[INFO] [stderr]    Compiling pin-project-lite v0.2.9
[INFO] [stderr]    Compiling fastrand v1.8.0
[INFO] [stderr]    Compiling tinyvec v1.6.0
[INFO] [stderr]    Compiling iana-time-zone v0.1.53
[INFO] [stderr]    Compiling futures-io v0.3.25
[INFO] [stderr]    Compiling semver v0.9.0
[INFO] [stderr]    Compiling form_urlencoded v1.1.0
[INFO] [stderr]    Compiling waker-fn v1.1.0
[INFO] [stderr]    Compiling lazy_static v1.4.0
[INFO] [stderr]    Compiling rustc_version v0.2.3
[INFO] [stderr]    Compiling num-traits v0.2.15
[INFO] [stderr]    Compiling num-integer v0.1.45
[INFO] [stderr]    Compiling rustc_version_runtime v0.2.1
[INFO] [stderr]    Compiling futures-lite v1.12.0
[INFO] [stderr]    Compiling dirs-sys v0.3.7
[INFO] [stderr]    Compiling unicode-normalization v0.1.22
[INFO] [stderr]    Compiling dirs v4.0.0
[INFO] [stderr]    Compiling regex v1.7.0
[INFO] [stderr]    Compiling idna v0.3.0
[INFO] [stderr]    Compiling chrono v0.4.23
[INFO] [stderr]    Compiling url v2.3.1
[INFO] [stderr]    Compiling pin-project-internal v1.0.12
[INFO] [stderr]    Compiling genealogy-macros v0.1.0 (/opt/rustwide/workdir/genealogy-macros)
[INFO] [stderr]    Compiling pin-project v1.0.12
[INFO] [stderr]    Compiling genealogy-java-apis v0.1.0 (/opt/rustwide/workdir/genealogy-java-apis)
[INFO] [stdout] warning: use of deprecated associated function `chrono::Local::today`: use `Local::now()` instead
[INFO] [stdout]   --> genealogy-java-apis/src/time.rs:15:26
[INFO] [stdout]    |
[INFO] [stdout] 15 |         chrono::offset::Local::today().naive_local()
[INFO] [stdout]    |                                ^^^^^
[INFO] [stdout]    |
[INFO] [stdout]    = note: `#[warn(deprecated)]` on by default
[INFO] [stdout] 
[INFO] [stdout] 
[INFO] [stdout] warning: use of deprecated associated function `chrono::NaiveDate::from_ymd`: use `from_ymd_opt()` instead
[INFO] [stdout]   --> genealogy-java-apis/src/time.rs:19:14
[INFO] [stdout]    |
[INFO] [stdout] 19 |         NaiveDate::from_ymd(year, month as u32, day as u32)
[INFO] [stdout]    |                    ^^^^^^^^
[INFO] [stdout] 
[INFO] [stdout] 
[INFO] [stderr]    Compiling genealogy v0.1.0 (/opt/rustwide/workdir/genealogy)
[INFO] [stdout] warning: 2 warnings emitted
[INFO] [stdout] 
[INFO] [stdout] 
[INFO] [stderr]    Compiling genealogists v0.1.0 (/opt/rustwide/workdir/genealogists)
[INFO] [stderr]    Compiling genealogy-main v0.1.0 (/opt/rustwide/workdir/genealogy-main)
[INFO] [stderr]     Finished dev [unoptimized + debuginfo] target(s) in 6.46s
[INFO] running `Command { std: "docker" "inspect" "d1543682a9e38c41c5bcbcbafef8947d34934156d3ed411e9b133baad1d37d98", kill_on_drop: false }`
[INFO] running `Command { std: "docker" "rm" "-f" "d1543682a9e38c41c5bcbcbafef8947d34934156d3ed411e9b133baad1d37d98", kill_on_drop: false }`
[INFO] [stdout] d1543682a9e38c41c5bcbcbafef8947d34934156d3ed411e9b133baad1d37d98
[INFO] running `Command { std: "docker" "create" "-v" "/var/lib/crater-agent-workspace/builds/worker-2-tc1/target:/opt/rustwide/target:rw,Z" "-v" "/var/lib/crater-agent-workspace/builds/worker-2-tc1/source:/opt/rustwide/workdir:ro,Z" "-v" "/var/lib/crater-agent-workspace/cargo-home:/opt/rustwide/cargo-home:ro,Z" "-v" "/var/lib/crater-agent-workspace/rustup-home:/opt/rustwide/rustup-home:ro,Z" "-e" "SOURCE_DIR=/opt/rustwide/workdir" "-e" "CARGO_TARGET_DIR=/opt/rustwide/target" "-e" "CARGO_INCREMENTAL=0" "-e" "RUST_BACKTRACE=full" "-e" "RUSTFLAGS=--cap-lints=warn" "-e" "RUSTDOCFLAGS=--cap-lints=warn" "-e" "CARGO_HOME=/opt/rustwide/cargo-home" "-e" "RUSTUP_HOME=/opt/rustwide/rustup-home" "-w" "/opt/rustwide/workdir" "-m" "1610612736" "--user" "0:0" "--network" "none" "ghcr.io/rust-lang/crates-build-env/linux@sha256:2788e3201cd34a07e3172128adcd8b3090168a8e3bcc40d7c032b9dda1df7d1c" "/opt/rustwide/cargo-home/bin/cargo" "+1.75.0" "test" "--frozen" "--no-run" "--message-format=json", kill_on_drop: false }`
[INFO] [stdout] d8920e1a34db4192373e500ff60ef26dca693f710b787b514b27aafe057812a7
[INFO] running `Command { std: "docker" "start" "-a" "d8920e1a34db4192373e500ff60ef26dca693f710b787b514b27aafe057812a7", kill_on_drop: false }`
[INFO] [stderr]    Compiling proc-macro2 v1.0.47
[INFO] [stderr]    Compiling unicode-ident v1.0.5
[INFO] [stderr]    Compiling quote v1.0.21
[INFO] [stderr]    Compiling serde v1.0.148
[INFO] [stderr]    Compiling serde_derive v1.0.148
[INFO] [stderr]    Compiling serde_json v1.0.89
[INFO] [stderr]    Compiling ryu v1.0.11
[INFO] [stderr]    Compiling itoa v1.0.4
[INFO] [stderr]    Compiling trybuild v1.0.72
[INFO] [stderr]    Compiling glob v0.3.0
[INFO] [stderr]    Compiling once_cell v1.16.0
[INFO] [stderr]    Compiling termcolor v1.1.3
[INFO] [stderr]    Compiling syn v1.0.105
[INFO] [stderr]    Compiling toml v0.5.9
[INFO] [stderr]    Compiling genealogy-macros v0.1.0 (/opt/rustwide/workdir/genealogy-macros)
[INFO] [stderr]    Compiling pin-project-internal v1.0.12
[INFO] [stderr]    Compiling pin-project v1.0.12
[INFO] [stderr]    Compiling genealogy-java-apis v0.1.0 (/opt/rustwide/workdir/genealogy-java-apis)
[INFO] [stdout] warning: use of deprecated associated function `chrono::Local::today`: use `Local::now()` instead
[INFO] [stdout]   --> genealogy-java-apis/src/time.rs:15:26
[INFO] [stdout]    |
[INFO] [stdout] 15 |         chrono::offset::Local::today().naive_local()
[INFO] [stdout]    |                                ^^^^^
[INFO] [stdout]    |
[INFO] [stdout]    = note: `#[warn(deprecated)]` on by default
[INFO] [stdout] 
[INFO] [stdout] 
[INFO] [stdout] warning: use of deprecated associated function `chrono::NaiveDate::from_ymd`: use `from_ymd_opt()` instead
[INFO] [stdout]   --> genealogy-java-apis/src/time.rs:19:14
[INFO] [stdout]    |
[INFO] [stdout] 19 |         NaiveDate::from_ymd(year, month as u32, day as u32)
[INFO] [stdout]    |                    ^^^^^^^^
[INFO] [stdout] 
[INFO] [stdout] 
[INFO] [stdout] warning: use of deprecated associated function `chrono::Local::today`: use `Local::now()` instead
[INFO] [stdout]   --> genealogy-java-apis/src/time.rs:15:26
[INFO] [stdout]    |
[INFO] [stdout] 15 |         chrono::offset::Local::today().naive_local()
[INFO] [stdout]    |                                ^^^^^
[INFO] [stdout]    |
[INFO] [stdout]    = note: `#[warn(deprecated)]` on by default
[INFO] [stdout] 
[INFO] [stdout] 
[INFO] [stdout] warning: use of deprecated associated function `chrono::NaiveDate::from_ymd`: use `from_ymd_opt()` instead
[INFO] [stdout]   --> genealogy-java-apis/src/time.rs:19:14
[INFO] [stdout]    |
[INFO] [stdout] 19 |         NaiveDate::from_ymd(year, month as u32, day as u32)
[INFO] [stdout]    |                    ^^^^^^^^
[INFO] [stdout] 
[INFO] [stdout] 
[INFO] [stderr]    Compiling genealogy v0.1.0 (/opt/rustwide/workdir/genealogy)
[INFO] [stdout] warning: 2 warnings emitted
[INFO] [stdout] 
[INFO] [stdout] 
[INFO] [stderr]    Compiling genealogists v0.1.0 (/opt/rustwide/workdir/genealogists)
[INFO] [stdout] warning: 2 warnings emitted
[INFO] [stdout] 
[INFO] [stdout] 
[INFO] [stderr]    Compiling genealogy-main v0.1.0 (/opt/rustwide/workdir/genealogy-main)
[INFO] [stderr]     Finished test [unoptimized + debuginfo] target(s) in 10.71s
[INFO] running `Command { std: "docker" "inspect" "d8920e1a34db4192373e500ff60ef26dca693f710b787b514b27aafe057812a7", kill_on_drop: false }`
[INFO] running `Command { std: "docker" "rm" "-f" "d8920e1a34db4192373e500ff60ef26dca693f710b787b514b27aafe057812a7", kill_on_drop: false }`
[INFO] [stdout] d8920e1a34db4192373e500ff60ef26dca693f710b787b514b27aafe057812a7
[INFO] running `Command { std: "docker" "create" "-v" "/var/lib/crater-agent-workspace/builds/worker-2-tc1/target:/opt/rustwide/target:rw,Z" "-v" "/var/lib/crater-agent-workspace/builds/worker-2-tc1/source:/opt/rustwide/workdir:ro,Z" "-v" "/var/lib/crater-agent-workspace/cargo-home:/opt/rustwide/cargo-home:ro,Z" "-v" "/var/lib/crater-agent-workspace/rustup-home:/opt/rustwide/rustup-home:ro,Z" "-e" "SOURCE_DIR=/opt/rustwide/workdir" "-e" "CARGO_TARGET_DIR=/opt/rustwide/target" "-e" "CARGO_INCREMENTAL=0" "-e" "RUST_BACKTRACE=full" "-e" "RUSTFLAGS=--cap-lints=warn" "-e" "RUSTDOCFLAGS=--cap-lints=warn" "-e" "CARGO_HOME=/opt/rustwide/cargo-home" "-e" "RUSTUP_HOME=/opt/rustwide/rustup-home" "-w" "/opt/rustwide/workdir" "-m" "1610612736" "--user" "0:0" "--network" "none" "ghcr.io/rust-lang/crates-build-env/linux@sha256:2788e3201cd34a07e3172128adcd8b3090168a8e3bcc40d7c032b9dda1df7d1c" "/opt/rustwide/cargo-home/bin/cargo" "+1.75.0" "test" "--frozen", kill_on_drop: false }`
[INFO] [stdout] 065b0b6ca21272cc18b33b22a3b69e34c17061f84f74df0ddf474ecbbfeac851
[INFO] running `Command { std: "docker" "start" "-a" "065b0b6ca21272cc18b33b22a3b69e34c17061f84f74df0ddf474ecbbfeac851", kill_on_drop: false }`
[INFO] [stderr] warning: use of deprecated associated function `chrono::Local::today`: use `Local::now()` instead
[INFO] [stderr]   --> genealogy-java-apis/src/time.rs:15:26
[INFO] [stderr]    |
[INFO] [stderr] 15 |         chrono::offset::Local::today().naive_local()
[INFO] [stderr]    |                                ^^^^^
[INFO] [stderr]    |
[INFO] [stderr]    = note: `#[warn(deprecated)]` on by default
[INFO] [stderr] 
[INFO] [stderr] warning: use of deprecated associated function `chrono::NaiveDate::from_ymd`: use `from_ymd_opt()` instead
[INFO] [stderr]   --> genealogy-java-apis/src/time.rs:19:14
[INFO] [stderr]    |
[INFO] [stderr] 19 |         NaiveDate::from_ymd(year, month as u32, day as u32)
[INFO] [stderr]    |                    ^^^^^^^^
[INFO] [stderr] 
[INFO] [stderr] warning: `genealogy-java-apis` (lib) generated 2 warnings
[INFO] [stderr] warning: `genealogy-java-apis` (lib test) generated 2 warnings (2 duplicates)
[INFO] [stderr]     Finished test [unoptimized + debuginfo] target(s) in 0.06s
[INFO] [stderr]      Running unittests src/lib.rs (/opt/rustwide/target/debug/deps/genealogists-636460daa0695703)
[INFO] [stdout] 
[INFO] [stdout] running 0 tests
[INFO] [stdout] 
[INFO] [stdout] test result: ok. 0 passed; 0 failed; 0 ignored; 0 measured; 0 filtered out; finished in 0.00s
[INFO] [stdout] 
[INFO] [stderr]      Running unittests src/lib.rs (/opt/rustwide/target/debug/deps/genealogy-0c4ebfc7d8adc740)
[INFO] [stdout] 
[INFO] [stdout] running 36 tests
[INFO] [stdout] test genealogist::relation_type::test::empty_text__exception ... ok
[INFO] [stdout] test genealogy::weights::test::known_relation_type__returns_weight ... ok
[INFO] [stdout] test genealogy::test::other_genealogist__two_posts ... ok
[INFO] [stdout] test genealogy::relation::test::two_typed_relations__weight_one__averaged_score ... ok
[INFO] [stdout] test genealogy::weights::test::unknown_relation_type__returns_default_weight ... ok
[INFO] [stdout] test post::description::test::empty_text_exception ... ok
[INFO] [stdout] test genealogy::test::one_genealogist__three_posts ... ok
[INFO] [stdout] test genealogy::test::two_genealogists__three_posts ... ok
[INFO] [stdout] test post::repository::test::empty_text__exception ... ok
[INFO] [stdout] test post::slug::test::empty_text__exception ... ok
[INFO] [stdout] test post::factories::article_factory::test::create_from_front_matter__all_tags_correct__get_valid_article ... ok
[INFO] [stdout] test post::factories::article_factory::test::create_from_front_matter__multiple_colons__get_valid_article ... ok
[INFO] [stdout] test post::tag::test::multiple_elements_array_with_spaces_multiple__tags_without_spaces ... ok
[INFO] [stdout] test genealogy::relation::test::two_typed_relation__differing_weight__weighted_score ... ok
[INFO] [stdout] test post::tag::test::empty_element_array__empty_tag ... ok
[INFO] [stdout] test post::video_slug::test::empty_text__exception ... ok
[INFO] [stdout] test post::tag::test::multiple_elements_array_with_empty_tag__empty_tag_is_ignored ... ok
[INFO] [stdout] test post::title::test::quotation_tests ... ok
[INFO] [stdout] test post::tag::test::multiple_elements_array_with_just_spaces_tag__empty_tag_is_ignored ... ok
[INFO] [stdout] test post::factories::article_factory::test::creat_from_file_all_tags_correct_get_valid_article ... ok
[INFO] [stdout] test post::tag::test::single_element_array__single_tag ... ok
[INFO] [stdout] test recommendation::recommender::test::for_many_posts__two_relations_each ... ok
[INFO] [stdout] test genealogy::relation::test::single_typed_relation__weight_one__same_posts_and_score ... ok
[INFO] [stdout] test recommendation::recommender::test::for_one_post__two_relations ... ok
[INFO] [stdout] test post::description::test::quotation_tests ... ok
[INFO] [stdout] test genealogy::test::one_genealogist__two_posts ... ok
[INFO] [stdout] test utils::test::collect_equal_element::empty_stream__empty_optional ... ok
[INFO] [stdout] test post::tag::test::multiple_elements_array__multiple_tags ... ok
[INFO] [stdout] test post::title::test::empty_text_exception ... ok
[INFO] [stdout] test utils::test::collect_equal_element::equal_element_stream__optional_with_that_element ... ok
[INFO] [stdout] test utils::test::collect_equal_element::non_equal_element_stream__throws_exception ... ok
[INFO] [stdout] test utils::test::collect_equal_element::single_element_stream__optional_with_that_element ... ok
[INFO] [stdout] test recommendation::recommender::test::for_one_post__one_relation ... ok
[INFO] [stdout] test recommendation::recommender::test::for_many_posts__one_relation_each ... ok
[INFO] [stdout] test post::tag::test::multiple_elements_array_duplicate_tags_duplicate_tag_is_ignored ... ok
[INFO] [stdout] test utils::test::quotation_tests ... ok
[INFO] [stdout] 
[INFO] [stdout] test result: ok. 36 passed; 0 failed; 0 ignored; 0 measured; 0 filtered out; finished in 0.05s
[INFO] [stdout] 
[INFO] [stderr]      Running unittests src/lib.rs (/opt/rustwide/target/debug/deps/genealogy_java_apis-16aa1f195e1a7632)
[INFO] [stdout] 
[INFO] [stdout] running 3 tests
[INFO] [stdout] test map::test::map_of_one ... ok
[INFO] [stdout] test map::test::map_of_two ... ok
[INFO] [stdout] test map::test::map_of_none ... ok
[INFO] [stdout] 
[INFO] [stdout] test result: ok. 3 passed; 0 failed; 0 ignored; 0 measured; 0 filtered out; finished in 0.01s
[INFO] [stdout] 
[INFO] [stderr]      Running unittests src/lib.rs (/opt/rustwide/target/debug/deps/genealogy_macros-2331be5f4287526f)
[INFO] [stdout] 
[INFO] [stdout] running 0 tests
[INFO] [stdout] 
[INFO] [stdout] test result: ok. 0 passed; 0 failed; 0 ignored; 0 measured; 0 filtered out; finished in 0.00s
[INFO] [stdout] 
[INFO] [stderr]      Running tests/record.rs (/opt/rustwide/target/debug/deps/record-2340f03f1b64bcc3)
[INFO] [stdout] 
[INFO] [stdout] running 10 tests
[INFO] [stdout] test empty_record ... ok
[INFO] [stdout] test public_record_has_public_methods ... ok
[INFO] [stdout] test record_with_one_field ... ok
[INFO] [stdout] test record_with_derive ... ok
[INFO] [stdout] test record_with_two_fields ... ok
[INFO] [stdout] test record_with_omitted_accessor ... ok
[INFO] [stdout] test record_without_constructor ... ok
[INFO] [stdout] test empty_record_with_explicit_constructor ... ok
[INFO] [stdout] test record_with_two_fields_all_derives_manually_enabled ... ok
[INFO] [stderr]    Compiling proc-macro2 v1.0.47
[INFO] [stderr]    Compiling quote v1.0.21
[INFO] [stderr]    Compiling syn v1.0.105
[INFO] [stderr]    Compiling unicode-ident v1.0.5
[INFO] [stderr]    Compiling genealogy-macros v0.1.0 (/opt/rustwide/workdir/genealogy-macros)
[INFO] [stderr]     Checking genealogy-macros-tests v0.0.0 (/opt/rustwide/target/tests/genealogy-macros)
[INFO] [stderr]     Finished dev [unoptimized + debuginfo] target(s) in 4.77s
[INFO] [stderr] 
[INFO] [stderr] 
[INFO] [stderr] test tests/ui/empty_struct.rs ... ok
[INFO] [stderr] test tests/ui/field_missing_trait_implementations.rs ... mismatch
[INFO] [stderr] 
[INFO] [stderr] EXPECTED:
[INFO] [stderr] ┈┈┈┈┈┈┈┈┈┈┈┈┈┈┈┈┈┈┈┈┈┈┈┈┈┈┈┈┈┈┈┈┈┈┈┈┈┈┈┈┈┈┈┈┈┈┈┈┈┈┈┈┈┈┈┈┈┈┈┈
[INFO] [stderr] error[E0277]: the trait bound `Struct: Clone` is not satisfied
[INFO] [stderr]  --> tests/ui/field_missing_trait_implementations.rs:5:9
[INFO] [stderr]   |
[INFO] [stderr] 5 |     value: Struct,
[INFO] [stderr]   |            ^^^^^^ the trait `Clone` is not implemented for `Struct`
[INFO] [stderr]   |
[INFO] [stderr]   = help: see issue #48214
[INFO] [stderr] 
[INFO] [stderr] error[E0277]: `Struct` doesn't implement `Debug`
[INFO] [stderr]  --> tests/ui/field_missing_trait_implementations.rs:5:9
[INFO] [stderr]   |
[INFO] [stderr] 5 |     value: Struct,
[INFO] [stderr]   |            ^^^^^^ `Struct` cannot be formatted using `{:?}`
[INFO] [stderr]   |
[INFO] [stderr]   = help: the trait `Debug` is not implemented for `Struct`
[INFO] [stderr]   = note: add `#[derive(Debug)]` to `Struct` or manually `impl Debug for Struct`
[INFO] [stderr]   = help: see issue #48214
[INFO] [stderr] 
[INFO] [stderr] error[E0277]: can't compare `Struct` with `Struct`
[INFO] [stderr]  --> tests/ui/field_missing_trait_implementations.rs:5:9
[INFO] [stderr]   |
[INFO] [stderr] 5 |     value: Struct,
[INFO] [stderr]   |            ^^^^^^ no implementation for `Struct == Struct`
[INFO] [stderr]   |
[INFO] [stderr]   = help: the trait `PartialEq` is not implemented for `Struct`
[INFO] [stderr]   = help: see issue #48214
[INFO] [stderr] 
[INFO] [stderr] error[E0277]: the trait bound `Struct: Eq` is not satisfied
[INFO] [stderr]  --> tests/ui/field_missing_trait_implementations.rs:5:9
[INFO] [stderr]   |
[INFO] [stderr] 5 |     value: Struct,
[INFO] [stderr]   |            ^^^^^^ the trait `Eq` is not implemented for `Struct`
[INFO] [stderr]   |
[INFO] [stderr]   = help: see issue #48214
[INFO] [stderr] 
[INFO] [stderr] error[E0277]: the trait bound `Struct: Hash` is not satisfied
[INFO] [stderr]  --> tests/ui/field_missing_trait_implementations.rs:5:9
[INFO] [stderr]   |
[INFO] [stderr] 5 |     value: Struct,
[INFO] [stderr]   |            ^^^^^^ the trait `Hash` is not implemented for `Struct`
[INFO] [stderr]   |
[INFO] [stderr]   = help: see issue #48214
[INFO] [stderr] 
[INFO] [stderr] error[E0277]: `Struct` doesn't implement `std::fmt::Display`
[INFO] [stderr]  --> tests/ui/field_missing_trait_implementations.rs:5:9
[INFO] [stderr]   |
[INFO] [stderr] 5 |     value: Struct,
[INFO] [stderr]   |            ^^^^^^ `Struct` cannot be formatted with the default formatter
[INFO] [stderr]   |
[INFO] [stderr]   = help: the trait `std::fmt::Display` is not implemented for `Struct`
[INFO] [stderr]   = note: in format strings you may be able to use `{:?}` (or {:#?} for pretty-print) instead
[INFO] [stderr]   = help: see issue #48214
[INFO] [stderr] ┈┈┈┈┈┈┈┈┈┈┈┈┈┈┈┈┈┈┈┈┈┈┈┈┈┈┈┈┈┈┈┈┈┈┈┈┈┈┈┈┈┈┈┈┈┈┈┈┈┈┈┈┈┈┈┈┈┈┈┈
[INFO] [stderr] 
[INFO] [stderr] ACTUAL OUTPUT:
[INFO] [stderr] ┈┈┈┈┈┈┈┈┈┈┈┈┈┈┈┈┈┈┈┈┈┈┈┈┈┈┈┈┈┈┈┈┈┈┈┈┈┈┈┈┈┈┈┈┈┈┈┈┈┈┈┈┈┈┈┈┈┈┈┈
[INFO] [stderr] error[E0277]: the trait bound `Struct: Clone` is not satisfied
[INFO] [stderr]  --> tests/ui/field_missing_trait_implementations.rs:3:1
[INFO] [stderr]   |
[INFO] [stderr] 3 | #[record]
[INFO] [stderr]   | ^^^^^^^^^ the trait `Clone` is not implemented for `Struct`
[INFO] [stderr]   |
[INFO] [stderr]   = help: see issue #48214
[INFO] [stderr]   = note: this error originates in the attribute macro `record` (in Nightly builds, run with -Z macro-backtrace for more info)
[INFO] [stderr] help: consider annotating `Struct` with `#[derive(Clone)]`
[INFO] [stderr]   |
[INFO] [stderr] 8 + #[derive(Clone)]
[INFO] [stderr] 9 | struct Struct;
[INFO] [stderr]   |
[INFO] [stderr] 
[INFO] [stderr] error[E0277]: `Struct` doesn't implement `Debug`
[INFO] [stderr]  --> tests/ui/field_missing_trait_implementations.rs:3:1
[INFO] [stderr]   |
[INFO] [stderr] 3 | #[record]
[INFO] [stderr]   | ^^^^^^^^^ `Struct` cannot be formatted using `{:?}`
[INFO] [stderr]   |
[INFO] [stderr]   = help: the trait `Debug` is not implemented for `Struct`
[INFO] [stderr]   = note: add `#[derive(Debug)]` to `Struct` or manually `impl Debug for Struct`
[INFO] [stderr]   = help: see issue #48214
[INFO] [stderr]   = note: this error originates in the attribute macro `record` (in Nightly builds, run with -Z macro-backtrace for more info)
[INFO] [stderr] help: consider annotating `Struct` with `#[derive(Debug)]`
[INFO] [stderr]   |
[INFO] [stderr] 8 + #[derive(Debug)]
[INFO] [stderr] 9 | struct Struct;
[INFO] [stderr]   |
[INFO] [stderr] 
[INFO] [stderr] error[E0277]: can't compare `Struct` with `Struct`
[INFO] [stderr]  --> tests/ui/field_missing_trait_implementations.rs:3:1
[INFO] [stderr]   |
[INFO] [stderr] 3 | #[record]
[INFO] [stderr]   | ^^^^^^^^^ no implementation for `Struct == Struct`
[INFO] [stderr]   |
[INFO] [stderr]   = help: the trait `PartialEq` is not implemented for `Struct`
[INFO] [stderr]   = help: see issue #48214
[INFO] [stderr]   = note: this error originates in the attribute macro `record` (in Nightly builds, run with -Z macro-backtrace for more info)
[INFO] [stderr] help: consider annotating `Struct` with `#[derive(PartialEq)]`
[INFO] [stderr]   |
[INFO] [stderr] 8 + #[derive(PartialEq)]
[INFO] [stderr] 9 | struct Struct;
[INFO] [stderr]   |
[INFO] [stderr] 
[INFO] [stderr] error[E0277]: the trait bound `Struct: Eq` is not satisfied
[INFO] [stderr]  --> tests/ui/field_missing_trait_implementations.rs:3:1
[INFO] [stderr]   |
[INFO] [stderr] 3 | #[record]
[INFO] [stderr]   | ^^^^^^^^^ the trait `Eq` is not implemented for `Struct`
[INFO] [stderr]   |
[INFO] [stderr]   = help: see issue #48214
[INFO] [stderr]   = note: this error originates in the attribute macro `record` (in Nightly builds, run with -Z macro-backtrace for more info)
[INFO] [stderr] help: consider annotating `Struct` with `#[derive(Eq)]`
[INFO] [stderr]   |
[INFO] [stderr] 8 + #[derive(Eq)]
[INFO] [stderr] 9 | struct Struct;
[INFO] [stderr]   |
[INFO] [stderr] 
[INFO] [stderr] error[E0277]: the trait bound `Struct: Hash` is not satisfied
[INFO] [stderr]  --> tests/ui/field_missing_trait_implementations.rs:3:1
[INFO] [stderr]   |
[INFO] [stderr] 3 | #[record]
[INFO] [stderr]   | ^^^^^^^^^ the trait `Hash` is not implemented for `Struct`
[INFO] [stderr]   |
[INFO] [stderr]   = help: see issue #48214
[INFO] [stderr]   = note: this error originates in the attribute macro `record` (in Nightly builds, run with -Z macro-backtrace for more info)
[INFO] [stderr] help: consider annotating `Struct` with `#[derive(Hash)]`
[INFO] [stderr]   |
[INFO] [stderr] 8 + #[derive(Hash)]
[INFO] [stderr] 9 | struct Struct;
[INFO] [stderr]   |
[INFO] [stderr] 
[INFO] [stderr] error[E0277]: `Struct` doesn't implement `std::fmt::Display`
[INFO] [stderr]  --> tests/ui/field_missing_trait_implementations.rs:3:1
[INFO] [stderr]   |
[INFO] [stderr] 3 | #[record]
[INFO] [stderr]   | ^^^^^^^^^ `Struct` cannot be formatted with the default formatter
[INFO] [stderr]   |
[INFO] [stderr]   = help: the trait `std::fmt::Display` is not implemented for `Struct`
[INFO] [stderr]   = note: in format strings you may be able to use `{:?}` (or {:#?} for pretty-print) instead
[INFO] [stderr]   = help: see issue #48214
[INFO] [stderr]   = note: this error originates in the attribute macro `record` (in Nightly builds, run with -Z macro-backtrace for more info)
[INFO] [stderr] ┈┈┈┈┈┈┈┈┈┈┈┈┈┈┈┈┈┈┈┈┈┈┈┈┈┈┈┈┈┈┈┈┈┈┈┈┈┈┈┈┈┈┈┈┈┈┈┈┈┈┈┈┈┈┈┈┈┈┈┈
[INFO] [stderr] note: If the actual output is the correct output you can bless it by rerunning
[INFO] [stderr]       your test with the environment variable TRYBUILD=overwrite
[INFO] [stderr] 
[INFO] [stderr] test tests/ui/generics.rs ... ok
[INFO] [stderr] test tests/ui/invalid_atrribute.rs ... ok
[INFO] [stderr] test tests/ui/missing_derives.rs ... mismatch
[INFO] [stderr] 
[INFO] [stderr] EXPECTED:
[INFO] [stderr] ┈┈┈┈┈┈┈┈┈┈┈┈┈┈┈┈┈┈┈┈┈┈┈┈┈┈┈┈┈┈┈┈┈┈┈┈┈┈┈┈┈┈┈┈┈┈┈┈┈┈┈┈┈┈┈┈┈┈┈┈
[INFO] [stderr] error[E0369]: binary operation `==` cannot be applied to type `Record`
[INFO] [stderr]   --> tests/ui/missing_derives.rs:10:2
[INFO] [stderr]    |
[INFO] [stderr] 10 |     assert_eq!(record, record);
[INFO] [stderr]    |     ^^^^^^^^^^^^^^^^^^^^^^^^^^^
[INFO] [stderr]    |     |
[INFO] [stderr]    |     Record
[INFO] [stderr]    |     Record
[INFO] [stderr]    |
[INFO] [stderr]    = note: an implementation of `std::cmp::PartialEq` might be missing for `Record`
[INFO] [stderr]    = note: this error originates in the macro `assert_eq` (in Nightly builds, run with -Z macro-backtrace for more info)
[INFO] [stderr] 
[INFO] [stderr] error[E0277]: the trait bound `Record: Hash` is not satisfied
[INFO] [stderr]    --> tests/ui/missing_derives.rs:12:2
[INFO] [stderr]     |
[INFO] [stderr] 12  |     Hash::hash(&record, &mut hasher);
[INFO] [stderr]     |     ^^^^^^^^^^ the trait `Hash` is not implemented for `Record`
[INFO] [stderr]     |
[INFO] [stderr] note: required by a bound in `std::hash::Hash::hash`
[INFO] [stderr]    --> $RUST/core/src/hash/mod.rs
[INFO] [stderr]     |
[INFO] [stderr]     |     fn hash<H: Hasher>(&self, state: &mut H);
[INFO] [stderr]     |             ^ required by this bound in `std::hash::Hash::hash`
[INFO] [stderr] ┈┈┈┈┈┈┈┈┈┈┈┈┈┈┈┈┈┈┈┈┈┈┈┈┈┈┈┈┈┈┈┈┈┈┈┈┈┈┈┈┈┈┈┈┈┈┈┈┈┈┈┈┈┈┈┈┈┈┈┈
[INFO] [stderr] 
[INFO] [stderr] ACTUAL OUTPUT:
[INFO] [stderr] ┈┈┈┈┈┈┈┈┈┈┈┈┈┈┈┈┈┈┈┈┈┈┈┈┈┈┈┈┈┈┈┈┈┈┈┈┈┈┈┈┈┈┈┈┈┈┈┈┈┈┈┈┈┈┈┈┈┈┈┈
[INFO] [stderr] error[E0369]: binary operation `==` cannot be applied to type `Record`
[INFO] [stderr]   --> tests/ui/missing_derives.rs:10:2
[INFO] [stderr]    |
[INFO] [stderr] 10 |     assert_eq!(record, record);
[INFO] [stderr]    |     ^^^^^^^^^^^^^^^^^^^^^^^^^^
[INFO] [stderr]    |     |
[INFO] [stderr]    |     Record
[INFO] [stderr]    |     Record
[INFO] [stderr]    |
[INFO] [stderr] note: an implementation of `PartialEq` might be missing for `Record`
[INFO] [stderr]   --> tests/ui/missing_derives.rs:5:1
[INFO] [stderr]    |
[INFO] [stderr] 5  | #[record(equals = false, hash = false)]
[INFO] [stderr]    | ^^^^^^^^^^^^^^^^^^^^^^^^^^^^^^^^^^^^^^^ must implement `PartialEq`
[INFO] [stderr]    = note: this error originates in the macro `assert_eq` which comes from the expansion of the attribute macro `record` (in Nightly builds, run with -Z macro-backtrace for more info)
[INFO] [stderr] help: consider annotating `Record` with `#[derive(PartialEq)]`
[INFO] [stderr]    |
[INFO] [stderr] 5  + #[derive(PartialEq)]
[INFO] [stderr] 6  | #[record(equals = false, hash = false)]
[INFO] [stderr]    |
[INFO] [stderr] 
[INFO] [stderr] error[E0277]: the trait bound `Record: Hash` is not satisfied
[INFO] [stderr]   --> tests/ui/missing_derives.rs:12:13
[INFO] [stderr]    |
[INFO] [stderr] 12 |     Hash::hash(&record, &mut hasher);
[INFO] [stderr]    |     ---------- ^^^^^^^ the trait `Hash` is not implemented for `Record`
[INFO] [stderr]    |     |
[INFO] [stderr]    |     required by a bound introduced by this call
[INFO] [stderr]    |
[INFO] [stderr] help: consider annotating `Record` with `#[derive(Hash)]`
[INFO] [stderr]    |
[INFO] [stderr] 5  + #[derive(Hash)]
[INFO] [stderr] 6  | #[record(equals = false, hash = false)]
[INFO] [stderr]    |
[INFO] [stderr] ┈┈┈┈┈┈┈┈┈┈┈┈┈┈┈┈┈┈┈┈┈┈┈┈┈┈┈┈┈┈┈┈┈┈┈┈┈┈┈┈┈┈┈┈┈┈┈┈┈┈┈┈┈┈┈┈┈┈┈┈
[INFO] [stderr] note: If the actual output is the correct output you can bless it by rerunning
[INFO] [stderr]       your test with the environment variable TRYBUILD=overwrite
[INFO] [stderr] 
[INFO] [stderr] test tests/ui/private_fields.rs ... ok
[INFO] [stderr] test tests/ui/public_field.rs ... ok
[INFO] [stderr] test tests/ui/tuple_struct.rs ... ok
[INFO] [stderr] 
[INFO] [stderr] 
[INFO] [stdout] test record_fails_to_compile_if_invalid ... FAILED
[INFO] [stdout] 
[INFO] [stdout] failures:
[INFO] [stdout] 
[INFO] [stdout] ---- record_fails_to_compile_if_invalid stdout ----
[INFO] [stdout] thread 'record_fails_to_compile_if_invalid' panicked at /opt/rustwide/cargo-home/registry/src/index.crates.io-6f17d22bba15001f/trybuild-1.0.72/src/run.rs:101:13:
[INFO] [stdout] 2 of 8 tests failed
[INFO] [stdout] stack backtrace:
[INFO] [stdout]    0:     0x557badc7a98c - std::backtrace_rs::backtrace::libunwind::trace::ha637c64ce894333a
[INFO] [stdout]                                at /rustc/82e1608dfa6e0b5569232559e3d385fea5a93112/library/std/src/../../backtrace/src/backtrace/libunwind.rs:104:5
[INFO] [stdout]    1:     0x557badc7a98c - std::backtrace_rs::backtrace::trace_unsynchronized::h47f62dea28e0c88d
[INFO] [stdout]                                at /rustc/82e1608dfa6e0b5569232559e3d385fea5a93112/library/std/src/../../backtrace/src/backtrace/mod.rs:66:5
[INFO] [stdout]    2:     0x557badc7a98c - std::sys_common::backtrace::_print_fmt::h9eef0abe20ede486
[INFO] [stdout]                                at /rustc/82e1608dfa6e0b5569232559e3d385fea5a93112/library/std/src/sys_common/backtrace.rs:67:5
[INFO] [stdout]    3:     0x557badc7a98c - <std::sys_common::backtrace::_print::DisplayBacktrace as core::fmt::Display>::fmt::hed7f999df88cc644
[INFO] [stdout]                                at /rustc/82e1608dfa6e0b5569232559e3d385fea5a93112/library/std/src/sys_common/backtrace.rs:44:22
[INFO] [stdout]    4:     0x557badca6d70 - core::fmt::rt::Argument::fmt::h1539a9308b8d058d
[INFO] [stdout]                                at /rustc/82e1608dfa6e0b5569232559e3d385fea5a93112/library/core/src/fmt/rt.rs:142:9
[INFO] [stdout]    5:     0x557badca6d70 - core::fmt::write::h3a39390d8560d9c9
[INFO] [stdout]                                at /rustc/82e1608dfa6e0b5569232559e3d385fea5a93112/library/core/src/fmt/mod.rs:1120:17
[INFO] [stdout]    6:     0x557badc7783f - std::io::Write::write_fmt::h040b369f3a0f9cbc
[INFO] [stdout]                                at /rustc/82e1608dfa6e0b5569232559e3d385fea5a93112/library/std/src/io/mod.rs:1762:15
[INFO] [stdout]    7:     0x557badc7a774 - std::sys_common::backtrace::_print::h894006fb5c6f3d45
[INFO] [stdout]                                at /rustc/82e1608dfa6e0b5569232559e3d385fea5a93112/library/std/src/sys_common/backtrace.rs:47:5
[INFO] [stdout]    8:     0x557badc7a774 - std::sys_common::backtrace::print::h23a2d212c6fff936
[INFO] [stdout]                                at /rustc/82e1608dfa6e0b5569232559e3d385fea5a93112/library/std/src/sys_common/backtrace.rs:34:9
[INFO] [stdout]    9:     0x557badc7c437 - std::panicking::default_hook::{{closure}}::h8a1d2ee00185001a
[INFO] [stdout]   10:     0x557badc7c123 - std::panicking::default_hook::h6038f2eba384e475
[INFO] [stdout]                                at /rustc/82e1608dfa6e0b5569232559e3d385fea5a93112/library/std/src/panicking.rs:289:9
[INFO] [stdout]   11:     0x557badc4ac27 - <alloc::boxed::Box<F,A> as core::ops::function::Fn<Args>>::call::h0ad024c9bdc6d768
[INFO] [stdout]                                at /rustc/82e1608dfa6e0b5569232559e3d385fea5a93112/library/alloc/src/boxed.rs:2021:9
[INFO] [stdout]   12:     0x557badc4ac27 - test::test_main::{{closure}}::h7500b54257359db6
[INFO] [stdout]                                at /rustc/82e1608dfa6e0b5569232559e3d385fea5a93112/library/test/src/lib.rs:138:21
[INFO] [stdout]   13:     0x557badc7ca48 - <alloc::boxed::Box<F,A> as core::ops::function::Fn<Args>>::call::h1f8f335eaa9cfaee
[INFO] [stdout]                                at /rustc/82e1608dfa6e0b5569232559e3d385fea5a93112/library/alloc/src/boxed.rs:2021:9
[INFO] [stdout]   14:     0x557badc7ca48 - std::panicking::rust_panic_with_hook::h2b5517d590cab22e
[INFO] [stdout]                                at /rustc/82e1608dfa6e0b5569232559e3d385fea5a93112/library/std/src/panicking.rs:783:13
[INFO] [stdout]   15:     0x557badc7c79e - std::panicking::begin_panic_handler::{{closure}}::h233112c06e0ef43e
[INFO] [stdout]                                at /rustc/82e1608dfa6e0b5569232559e3d385fea5a93112/library/std/src/panicking.rs:657:13
[INFO] [stdout]   16:     0x557badc7ae56 - std::sys_common::backtrace::__rust_end_short_backtrace::h6e893f24d7ebbff8
[INFO] [stdout]                                at /rustc/82e1608dfa6e0b5569232559e3d385fea5a93112/library/std/src/sys_common/backtrace.rs:170:18
[INFO] [stdout]   17:     0x557badc7c502 - rust_begin_unwind
[INFO] [stdout]                                at /rustc/82e1608dfa6e0b5569232559e3d385fea5a93112/library/std/src/panicking.rs:645:5
[INFO] [stdout]   18:     0x557bada08fc5 - core::panicking::panic_fmt::hbf0e066aabfa482c
[INFO] [stdout]                                at /rustc/82e1608dfa6e0b5569232559e3d385fea5a93112/library/core/src/panicking.rs:72:14
[INFO] [stdout]   19:     0x557bada1f31b - trybuild::run::<impl trybuild::Runner>::run::h7ed53d1ede1d9905
[INFO] [stdout]                                at /opt/rustwide/cargo-home/registry/src/index.crates.io-6f17d22bba15001f/trybuild-1.0.72/src/run.rs:101:13
[INFO] [stdout]   20:     0x557bada249c8 - <trybuild::TestCases as core::ops::drop::Drop>::drop::hb2bcdd13c88f1711
[INFO] [stdout]                                at /opt/rustwide/cargo-home/registry/src/index.crates.io-6f17d22bba15001f/trybuild-1.0.72/src/lib.rs:312:13
[INFO] [stdout]   21:     0x557bada0a797 - core::ptr::drop_in_place<trybuild::TestCases>::ha9f09982cecae92b
[INFO] [stdout]                                at /rustc/82e1608dfa6e0b5569232559e3d385fea5a93112/library/core/src/ptr/mod.rs:498:1
[INFO] [stdout]   22:     0x557bada0da43 - record::record_fails_to_compile_if_invalid::he0efc2d9faa63565
[INFO] [stdout]                                at /opt/rustwide/workdir/genealogy-macros/tests/record.rs:143:1
[INFO] [stdout]   23:     0x557bada0d9d7 - record::record_fails_to_compile_if_invalid::{{closure}}::h84249a8e382dbcb5
[INFO] [stdout]                                at /opt/rustwide/workdir/genealogy-macros/tests/record.rs:140:40
[INFO] [stdout]   24:     0x557bada0a726 - core::ops::function::FnOnce::call_once::hf40093b8dc5a8a71
[INFO] [stdout]                                at /rustc/82e1608dfa6e0b5569232559e3d385fea5a93112/library/core/src/ops/function.rs:250:5
[INFO] [stdout]   25:     0x557badc5027f - core::ops::function::FnOnce::call_once::h2b5d431d5046312d
[INFO] [stdout]                                at /rustc/82e1608dfa6e0b5569232559e3d385fea5a93112/library/core/src/ops/function.rs:250:5
[INFO] [stdout]   26:     0x557badc5027f - test::__rust_begin_short_backtrace::h7714669af176e207
[INFO] [stdout]                                at /rustc/82e1608dfa6e0b5569232559e3d385fea5a93112/library/test/src/lib.rs:628:18
[INFO] [stdout]   27:     0x557badc4f295 - test::run_test_in_process::{{closure}}::h85218797dcbcec12
[INFO] [stdout]                                at /rustc/82e1608dfa6e0b5569232559e3d385fea5a93112/library/test/src/lib.rs:651:60
[INFO] [stdout]   28:     0x557badc4f295 - <core::panic::unwind_safe::AssertUnwindSafe<F> as core::ops::function::FnOnce<()>>::call_once::h76c106ea31c14d7b
[INFO] [stdout]                                at /rustc/82e1608dfa6e0b5569232559e3d385fea5a93112/library/core/src/panic/unwind_safe.rs:272:9
[INFO] [stdout]   29:     0x557badc4f295 - std::panicking::try::do_call::h3bd5d0f6620ee946
[INFO] [stdout]                                at /rustc/82e1608dfa6e0b5569232559e3d385fea5a93112/library/std/src/panicking.rs:552:40
[INFO] [stdout]   30:     0x557badc4f295 - std::panicking::try::h232e535e4744fe31
[INFO] [stdout]                                at /rustc/82e1608dfa6e0b5569232559e3d385fea5a93112/library/std/src/panicking.rs:516:19
[INFO] [stdout]   31:     0x557badc4f295 - std::panic::catch_unwind::h3ce3bd6ca8dbac68
[INFO] [stdout]                                at /rustc/82e1608dfa6e0b5569232559e3d385fea5a93112/library/std/src/panic.rs:142:14
[INFO] [stdout]   32:     0x557badc4f295 - test::run_test_in_process::hc97b257c9621286a
[INFO] [stdout]                                at /rustc/82e1608dfa6e0b5569232559e3d385fea5a93112/library/test/src/lib.rs:651:27
[INFO] [stdout]   33:     0x557badc4f295 - test::run_test::{{closure}}::h2aa798823a438d38
[INFO] [stdout]                                at /rustc/82e1608dfa6e0b5569232559e3d385fea5a93112/library/test/src/lib.rs:574:43
[INFO] [stdout]   34:     0x557badc17556 - test::run_test::{{closure}}::h87d231c78fb59832
[INFO] [stdout]                                at /rustc/82e1608dfa6e0b5569232559e3d385fea5a93112/library/test/src/lib.rs:602:41
[INFO] [stdout]   35:     0x557badc17556 - std::sys_common::backtrace::__rust_begin_short_backtrace::he6df152596625789
[INFO] [stdout]                                at /rustc/82e1608dfa6e0b5569232559e3d385fea5a93112/library/std/src/sys_common/backtrace.rs:154:18
[INFO] [stdout]   36:     0x557badc1c607 - std::thread::Builder::spawn_unchecked_::{{closure}}::{{closure}}::ha94be15d1e0acf36
[INFO] [stdout]                                at /rustc/82e1608dfa6e0b5569232559e3d385fea5a93112/library/std/src/thread/mod.rs:529:17
[INFO] [stdout]   37:     0x557badc1c607 - <core::panic::unwind_safe::AssertUnwindSafe<F> as core::ops::function::FnOnce<()>>::call_once::h9dc6bd6372f16606
[INFO] [stdout]                                at /rustc/82e1608dfa6e0b5569232559e3d385fea5a93112/library/core/src/panic/unwind_safe.rs:272:9
[INFO] [stdout]   38:     0x557badc1c607 - std::panicking::try::do_call::h9057517f80303cd4
[INFO] [stdout]                                at /rustc/82e1608dfa6e0b5569232559e3d385fea5a93112/library/std/src/panicking.rs:552:40
[INFO] [stdout]   39:     0x557badc1c607 - std::panicking::try::he3a30b11ee45340c
[INFO] [stdout]                                at /rustc/82e1608dfa6e0b5569232559e3d385fea5a93112/library/std/src/panicking.rs:516:19
[INFO] [stdout]   40:     0x557badc1c607 - std::panic::catch_unwind::h410458cfd3528b8b
[INFO] [stdout]                                at /rustc/82e1608dfa6e0b5569232559e3d385fea5a93112/library/std/src/panic.rs:142:14
[INFO] [stdout]   41:     0x557badc1c607 - std::thread::Builder::spawn_unchecked_::{{closure}}::h72ac3bdb567b737b
[INFO] [stdout]                                at /rustc/82e1608dfa6e0b5569232559e3d385fea5a93112/library/std/src/thread/mod.rs:528:30
[INFO] [stdout]   42:     0x557badc1c607 - core::ops::function::FnOnce::call_once{{vtable.shim}}::h38f34da3654a8344
[INFO] [stdout]                                at /rustc/82e1608dfa6e0b5569232559e3d385fea5a93112/library/core/src/ops/function.rs:250:5
[INFO] [stdout]   43:     0x557badc82625 - <alloc::boxed::Box<F,A> as core::ops::function::FnOnce<Args>>::call_once::hc7eafaff61e32df9
[INFO] [stdout]                                at /rustc/82e1608dfa6e0b5569232559e3d385fea5a93112/library/alloc/src/boxed.rs:2007:9
[INFO] [stdout]   44:     0x557badc82625 - <alloc::boxed::Box<F,A> as core::ops::function::FnOnce<Args>>::call_once::h6ba4a5de48dd2304
[INFO] [stdout]                                at /rustc/82e1608dfa6e0b5569232559e3d385fea5a93112/library/alloc/src/boxed.rs:2007:9
[INFO] [stdout]   45:     0x557badc82625 - std::sys::unix::thread::Thread::new::thread_start::he469335aef763e45
[INFO] [stdout]                                at /rustc/82e1608dfa6e0b5569232559e3d385fea5a93112/library/std/src/sys/unix/thread.rs:108:17
[INFO] [stdout]   46:     0x7fe55af50ac3 - <unknown>
[INFO] [stdout]   47:     0x7fe55afe1bf4 - __clone
[INFO] [stdout]   48:                0x0 - <unknown>
[INFO] [stdout] 
[INFO] [stdout] 
[INFO] [stdout] failures:
[INFO] [stdout]     record_fails_to_compile_if_invalid
[INFO] [stdout] 
[INFO] [stdout] test result: FAILED. 9 passed; 1 failed; 0 ignored; 0 measured; 0 filtered out; finished in 5.55s
[INFO] [stdout] 
[INFO] [stderr] error: test failed, to rerun pass `-p genealogy-macros --test record`
[INFO] running `Command { std: "docker" "inspect" "065b0b6ca21272cc18b33b22a3b69e34c17061f84f74df0ddf474ecbbfeac851", kill_on_drop: false }`
[INFO] running `Command { std: "docker" "rm" "-f" "065b0b6ca21272cc18b33b22a3b69e34c17061f84f74df0ddf474ecbbfeac851", kill_on_drop: false }`
[INFO] [stdout] 065b0b6ca21272cc18b33b22a3b69e34c17061f84f74df0ddf474ecbbfeac851
[INFO] testing FSMaxB/rust-genealogy against beta-2023-12-22 for beta-1.76-1
[INFO] running `Command { std: "git" "clone" "/workspace/cache/git-repos/https%3A%2F%2Fgithub.com%2FFSMaxB%2Frust-genealogy" "/workspace/builds/worker-2-tc2/source", kill_on_drop: false }`
[INFO] [stderr] Cloning into '/workspace/builds/worker-2-tc2/source'...
[INFO] [stderr] done.
[INFO] validating manifest of git repo https://github.com/FSMaxB/rust-genealogy on toolchain beta-2023-12-22
[INFO] running `Command { std: CARGO_HOME="/workspace/cargo-home" RUSTUP_HOME="/workspace/rustup-home" "/workspace/cargo-home/bin/cargo" "+beta-2023-12-22" "metadata" "--manifest-path" "Cargo.toml" "--no-deps", kill_on_drop: false }`
[INFO] started tweaking git repo https://github.com/FSMaxB/rust-genealogy
[INFO] finished tweaking git repo https://github.com/FSMaxB/rust-genealogy
[INFO] tweaked toml for git repo https://github.com/FSMaxB/rust-genealogy written to /workspace/builds/worker-2-tc2/source/Cargo.toml
[INFO] crate git repo https://github.com/FSMaxB/rust-genealogy already has a lockfile, it will not be regenerated
[INFO] running `Command { std: CARGO_HOME="/workspace/cargo-home" RUSTUP_HOME="/workspace/rustup-home" "/workspace/cargo-home/bin/cargo" "+beta-2023-12-22" "fetch" "--manifest-path" "Cargo.toml", kill_on_drop: false }`
[INFO] running `Command { std: "docker" "create" "-v" "/var/lib/crater-agent-workspace/builds/worker-2-tc2/target:/opt/rustwide/target:rw,Z" "-v" "/var/lib/crater-agent-workspace/builds/worker-2-tc2/source:/opt/rustwide/workdir:ro,Z" "-v" "/var/lib/crater-agent-workspace/cargo-home:/opt/rustwide/cargo-home:ro,Z" "-v" "/var/lib/crater-agent-workspace/rustup-home:/opt/rustwide/rustup-home:ro,Z" "-e" "SOURCE_DIR=/opt/rustwide/workdir" "-e" "CARGO_TARGET_DIR=/opt/rustwide/target" "-e" "CARGO_HOME=/opt/rustwide/cargo-home" "-e" "RUSTUP_HOME=/opt/rustwide/rustup-home" "-w" "/opt/rustwide/workdir" "-m" "1610612736" "--user" "0:0" "--network" "none" "ghcr.io/rust-lang/crates-build-env/linux@sha256:2788e3201cd34a07e3172128adcd8b3090168a8e3bcc40d7c032b9dda1df7d1c" "/opt/rustwide/cargo-home/bin/cargo" "+beta-2023-12-22" "metadata" "--no-deps" "--format-version=1", kill_on_drop: false }`
[INFO] [stdout] 20f208996b9954bf2553ae770014e3fbf31cb5f8bd0905e0fa621bbbaf23ae30
[INFO] running `Command { std: "docker" "start" "-a" "20f208996b9954bf2553ae770014e3fbf31cb5f8bd0905e0fa621bbbaf23ae30", kill_on_drop: false }`
[INFO] running `Command { std: "docker" "inspect" "20f208996b9954bf2553ae770014e3fbf31cb5f8bd0905e0fa621bbbaf23ae30", kill_on_drop: false }`
[INFO] running `Command { std: "docker" "rm" "-f" "20f208996b9954bf2553ae770014e3fbf31cb5f8bd0905e0fa621bbbaf23ae30", kill_on_drop: false }`
[INFO] [stdout] 20f208996b9954bf2553ae770014e3fbf31cb5f8bd0905e0fa621bbbaf23ae30
[INFO] running `Command { std: "docker" "create" "-v" "/var/lib/crater-agent-workspace/builds/worker-2-tc2/target:/opt/rustwide/target:rw,Z" "-v" "/var/lib/crater-agent-workspace/builds/worker-2-tc2/source:/opt/rustwide/workdir:ro,Z" "-v" "/var/lib/crater-agent-workspace/cargo-home:/opt/rustwide/cargo-home:ro,Z" "-v" "/var/lib/crater-agent-workspace/rustup-home:/opt/rustwide/rustup-home:ro,Z" "-e" "SOURCE_DIR=/opt/rustwide/workdir" "-e" "CARGO_TARGET_DIR=/opt/rustwide/target" "-e" "CARGO_INCREMENTAL=0" "-e" "RUST_BACKTRACE=full" "-e" "RUSTFLAGS=--cap-lints=warn" "-e" "RUSTDOCFLAGS=--cap-lints=warn" "-e" "CARGO_HOME=/opt/rustwide/cargo-home" "-e" "RUSTUP_HOME=/opt/rustwide/rustup-home" "-w" "/opt/rustwide/workdir" "-m" "1610612736" "--user" "0:0" "--network" "none" "ghcr.io/rust-lang/crates-build-env/linux@sha256:2788e3201cd34a07e3172128adcd8b3090168a8e3bcc40d7c032b9dda1df7d1c" "/opt/rustwide/cargo-home/bin/cargo" "+beta-2023-12-22" "build" "--frozen" "--message-format=json", kill_on_drop: false }`
[INFO] [stdout] c5f33365dab1fcafe15cc8015d174d116175d61475cdcfc00e3f97a9498cb734
[INFO] running `Command { std: "docker" "start" "-a" "c5f33365dab1fcafe15cc8015d174d116175d61475cdcfc00e3f97a9498cb734", kill_on_drop: false }`
[INFO] [stderr]    Compiling autocfg v1.1.0
[INFO] [stderr]    Compiling proc-macro2 v1.0.47
[INFO] [stderr]    Compiling quote v1.0.21
[INFO] [stderr]    Compiling unicode-ident v1.0.5
[INFO] [stderr]    Compiling semver-parser v0.7.0
[INFO] [stderr]    Compiling syn v1.0.105
[INFO] [stderr]    Compiling tinyvec_macros v0.1.0
[INFO] [stderr]    Compiling libc v0.2.138
[INFO] [stderr]    Compiling memchr v2.5.0
[INFO] [stderr]    Compiling futures-core v0.3.25
[INFO] [stderr]    Compiling percent-encoding v2.2.0
[INFO] [stderr]    Compiling unicode-bidi v0.3.8
[INFO] [stderr]    Compiling iana-time-zone v0.1.53
[INFO] [stderr]    Compiling parking v2.0.0
[INFO] [stderr]    Compiling regex-syntax v0.6.28
[INFO] [stderr]    Compiling pin-project-lite v0.2.9
[INFO] [stderr]    Compiling tinyvec v1.6.0
[INFO] [stderr]    Compiling fastrand v1.8.0
[INFO] [stderr]    Compiling waker-fn v1.1.0
[INFO] [stderr]    Compiling form_urlencoded v1.1.0
[INFO] [stderr]    Compiling semver v0.9.0
[INFO] [stderr]    Compiling futures-io v0.3.25
[INFO] [stderr]    Compiling lazy_static v1.4.0
[INFO] [stderr]    Compiling rustc_version v0.2.3
[INFO] [stderr]    Compiling num-traits v0.2.15
[INFO] [stderr]    Compiling num-integer v0.1.45
[INFO] [stderr]    Compiling rustc_version_runtime v0.2.1
[INFO] [stderr]    Compiling futures-lite v1.12.0
[INFO] [stderr]    Compiling dirs-sys v0.3.7
[INFO] [stderr]    Compiling unicode-normalization v0.1.22
[INFO] [stderr]    Compiling dirs v4.0.0
[INFO] [stderr]    Compiling regex v1.7.0
[INFO] [stderr]    Compiling idna v0.3.0
[INFO] [stderr]    Compiling chrono v0.4.23
[INFO] [stderr]    Compiling url v2.3.1
[INFO] [stderr]    Compiling pin-project-internal v1.0.12
[INFO] [stderr]    Compiling genealogy-macros v0.1.0 (/opt/rustwide/workdir/genealogy-macros)
[INFO] [stderr]    Compiling pin-project v1.0.12
[INFO] [stderr]    Compiling genealogy-java-apis v0.1.0 (/opt/rustwide/workdir/genealogy-java-apis)
[INFO] [stdout] warning: use of deprecated associated function `chrono::Local::today`: use `Local::now()` instead
[INFO] [stdout]   --> genealogy-java-apis/src/time.rs:15:26
[INFO] [stdout]    |
[INFO] [stdout] 15 |         chrono::offset::Local::today().naive_local()
[INFO] [stdout]    |                                ^^^^^
[INFO] [stdout]    |
[INFO] [stdout]    = note: `#[warn(deprecated)]` on by default
[INFO] [stdout] 
[INFO] [stdout] 
[INFO] [stdout] warning: use of deprecated associated function `chrono::NaiveDate::from_ymd`: use `from_ymd_opt()` instead
[INFO] [stdout]   --> genealogy-java-apis/src/time.rs:19:14
[INFO] [stdout]    |
[INFO] [stdout] 19 |         NaiveDate::from_ymd(year, month as u32, day as u32)
[INFO] [stdout]    |                    ^^^^^^^^
[INFO] [stdout] 
[INFO] [stdout] 
[INFO] [stderr]    Compiling genealogy v0.1.0 (/opt/rustwide/workdir/genealogy)
[INFO] [stdout] warning: 2 warnings emitted
[INFO] [stdout] 
[INFO] [stdout] 
[INFO] [stderr]    Compiling genealogists v0.1.0 (/opt/rustwide/workdir/genealogists)
[INFO] [stderr]    Compiling genealogy-main v0.1.0 (/opt/rustwide/workdir/genealogy-main)
[INFO] [stderr]     Finished dev [unoptimized + debuginfo] target(s) in 6.65s
[INFO] running `Command { std: "docker" "inspect" "c5f33365dab1fcafe15cc8015d174d116175d61475cdcfc00e3f97a9498cb734", kill_on_drop: false }`
[INFO] running `Command { std: "docker" "rm" "-f" "c5f33365dab1fcafe15cc8015d174d116175d61475cdcfc00e3f97a9498cb734", kill_on_drop: false }`
[INFO] [stdout] c5f33365dab1fcafe15cc8015d174d116175d61475cdcfc00e3f97a9498cb734
[INFO] running `Command { std: "docker" "create" "-v" "/var/lib/crater-agent-workspace/builds/worker-2-tc2/target:/opt/rustwide/target:rw,Z" "-v" "/var/lib/crater-agent-workspace/builds/worker-2-tc2/source:/opt/rustwide/workdir:ro,Z" "-v" "/var/lib/crater-agent-workspace/cargo-home:/opt/rustwide/cargo-home:ro,Z" "-v" "/var/lib/crater-agent-workspace/rustup-home:/opt/rustwide/rustup-home:ro,Z" "-e" "SOURCE_DIR=/opt/rustwide/workdir" "-e" "CARGO_TARGET_DIR=/opt/rustwide/target" "-e" "CARGO_INCREMENTAL=0" "-e" "RUST_BACKTRACE=full" "-e" "RUSTFLAGS=--cap-lints=warn" "-e" "RUSTDOCFLAGS=--cap-lints=warn" "-e" "CARGO_HOME=/opt/rustwide/cargo-home" "-e" "RUSTUP_HOME=/opt/rustwide/rustup-home" "-w" "/opt/rustwide/workdir" "-m" "1610612736" "--user" "0:0" "--network" "none" "ghcr.io/rust-lang/crates-build-env/linux@sha256:2788e3201cd34a07e3172128adcd8b3090168a8e3bcc40d7c032b9dda1df7d1c" "/opt/rustwide/cargo-home/bin/cargo" "+beta-2023-12-22" "test" "--frozen" "--no-run" "--message-format=json", kill_on_drop: false }`
[INFO] [stdout] 3faf56ffaec5c08b7b8e0485f1a3cb17f06753c59b9ba6f0d4bcb397e9276cd4
[INFO] running `Command { std: "docker" "start" "-a" "3faf56ffaec5c08b7b8e0485f1a3cb17f06753c59b9ba6f0d4bcb397e9276cd4", kill_on_drop: false }`
[INFO] [stderr]    Compiling proc-macro2 v1.0.47
[INFO] [stderr]    Compiling unicode-ident v1.0.5
[INFO] [stderr]    Compiling quote v1.0.21
[INFO] [stderr]    Compiling serde v1.0.148
[INFO] [stderr]    Compiling serde_derive v1.0.148
[INFO] [stderr]    Compiling serde_json v1.0.89
[INFO] [stderr]    Compiling itoa v1.0.4
[INFO] [stderr]    Compiling trybuild v1.0.72
[INFO] [stderr]    Compiling ryu v1.0.11
[INFO] [stderr]    Compiling termcolor v1.1.3
[INFO] [stderr]    Compiling glob v0.3.0
[INFO] [stderr]    Compiling once_cell v1.16.0
[INFO] [stderr]    Compiling syn v1.0.105
[INFO] [stderr]    Compiling toml v0.5.9
[INFO] [stderr]    Compiling genealogy-macros v0.1.0 (/opt/rustwide/workdir/genealogy-macros)
[INFO] [stderr]    Compiling pin-project-internal v1.0.12
[INFO] [stderr]    Compiling pin-project v1.0.12
[INFO] [stderr]    Compiling genealogy-java-apis v0.1.0 (/opt/rustwide/workdir/genealogy-java-apis)
[INFO] [stdout] warning: use of deprecated associated function `chrono::Local::today`: use `Local::now()` instead
[INFO] [stdout]   --> genealogy-java-apis/src/time.rs:15:26
[INFO] [stdout]    |
[INFO] [stdout] 15 |         chrono::offset::Local::today().naive_local()
[INFO] [stdout]    |                                ^^^^^
[INFO] [stdout]    |
[INFO] [stdout]    = note: `#[warn(deprecated)]` on by default
[INFO] [stdout] 
[INFO] [stdout] 
[INFO] [stdout] warning: use of deprecated associated function `chrono::NaiveDate::from_ymd`: use `from_ymd_opt()` instead
[INFO] [stdout]   --> genealogy-java-apis/src/time.rs:19:14
[INFO] [stdout]    |
[INFO] [stdout] 19 |         NaiveDate::from_ymd(year, month as u32, day as u32)
[INFO] [stdout]    |                    ^^^^^^^^
[INFO] [stdout] 
[INFO] [stdout] 
[INFO] [stdout] warning: use of deprecated associated function `chrono::Local::today`: use `Local::now()` instead
[INFO] [stdout]   --> genealogy-java-apis/src/time.rs:15:26
[INFO] [stdout]    |
[INFO] [stdout] 15 |         chrono::offset::Local::today().naive_local()
[INFO] [stdout]    |                                ^^^^^
[INFO] [stdout]    |
[INFO] [stdout]    = note: `#[warn(deprecated)]` on by default
[INFO] [stdout] 
[INFO] [stdout] 
[INFO] [stdout] warning: use of deprecated associated function `chrono::NaiveDate::from_ymd`: use `from_ymd_opt()` instead
[INFO] [stdout]   --> genealogy-java-apis/src/time.rs:19:14
[INFO] [stdout]    |
[INFO] [stdout] 19 |         NaiveDate::from_ymd(year, month as u32, day as u32)
[INFO] [stdout]    |                    ^^^^^^^^
[INFO] [stdout] 
[INFO] [stdout] 
[INFO] [stderr]    Compiling genealogy v0.1.0 (/opt/rustwide/workdir/genealogy)
[INFO] [stdout] warning: 2 warnings emitted
[INFO] [stdout] 
[INFO] [stdout] 
[INFO] [stdout] warning: 2 warnings emitted
[INFO] [stdout] 
[INFO] [stdout] 
[INFO] [stderr]    Compiling genealogists v0.1.0 (/opt/rustwide/workdir/genealogists)
[INFO] [stderr]    Compiling genealogy-main v0.1.0 (/opt/rustwide/workdir/genealogy-main)
[INFO] [stderr]     Finished test [unoptimized + debuginfo] target(s) in 8.11s
[INFO] running `Command { std: "docker" "inspect" "3faf56ffaec5c08b7b8e0485f1a3cb17f06753c59b9ba6f0d4bcb397e9276cd4", kill_on_drop: false }`
[INFO] running `Command { std: "docker" "rm" "-f" "3faf56ffaec5c08b7b8e0485f1a3cb17f06753c59b9ba6f0d4bcb397e9276cd4", kill_on_drop: false }`
[INFO] [stdout] 3faf56ffaec5c08b7b8e0485f1a3cb17f06753c59b9ba6f0d4bcb397e9276cd4
[INFO] running `Command { std: "docker" "create" "-v" "/var/lib/crater-agent-workspace/builds/worker-2-tc2/target:/opt/rustwide/target:rw,Z" "-v" "/var/lib/crater-agent-workspace/builds/worker-2-tc2/source:/opt/rustwide/workdir:ro,Z" "-v" "/var/lib/crater-agent-workspace/cargo-home:/opt/rustwide/cargo-home:ro,Z" "-v" "/var/lib/crater-agent-workspace/rustup-home:/opt/rustwide/rustup-home:ro,Z" "-e" "SOURCE_DIR=/opt/rustwide/workdir" "-e" "CARGO_TARGET_DIR=/opt/rustwide/target" "-e" "CARGO_INCREMENTAL=0" "-e" "RUST_BACKTRACE=full" "-e" "RUSTFLAGS=--cap-lints=warn" "-e" "RUSTDOCFLAGS=--cap-lints=warn" "-e" "CARGO_HOME=/opt/rustwide/cargo-home" "-e" "RUSTUP_HOME=/opt/rustwide/rustup-home" "-w" "/opt/rustwide/workdir" "-m" "1610612736" "--user" "0:0" "--network" "none" "ghcr.io/rust-lang/crates-build-env/linux@sha256:2788e3201cd34a07e3172128adcd8b3090168a8e3bcc40d7c032b9dda1df7d1c" "/opt/rustwide/cargo-home/bin/cargo" "+beta-2023-12-22" "test" "--frozen", kill_on_drop: false }`
[INFO] [stdout] 11b29fadbb8f50420a99f558d5bdef839b0a86118e54596d47a1d65fbdb609a1
[INFO] running `Command { std: "docker" "start" "-a" "11b29fadbb8f50420a99f558d5bdef839b0a86118e54596d47a1d65fbdb609a1", kill_on_drop: false }`
[INFO] [stderr] warning: use of deprecated associated function `chrono::Local::today`: use `Local::now()` instead
[INFO] [stderr]   --> genealogy-java-apis/src/time.rs:15:26
[INFO] [stderr]    |
[INFO] [stderr] 15 |         chrono::offset::Local::today().naive_local()
[INFO] [stderr]    |                                ^^^^^
[INFO] [stderr]    |
[INFO] [stderr]    = note: `#[warn(deprecated)]` on by default
[INFO] [stderr] 
[INFO] [stderr] warning: use of deprecated associated function `chrono::NaiveDate::from_ymd`: use `from_ymd_opt()` instead
[INFO] [stderr]   --> genealogy-java-apis/src/time.rs:19:14
[INFO] [stderr]    |
[INFO] [stderr] 19 |         NaiveDate::from_ymd(year, month as u32, day as u32)
[INFO] [stderr]    |                    ^^^^^^^^
[INFO] [stderr] 
[INFO] [stderr] warning: `genealogy-java-apis` (lib) generated 2 warnings
[INFO] [stderr] warning: `genealogy-java-apis` (lib test) generated 2 warnings (2 duplicates)
[INFO] [stderr]     Finished test [unoptimized + debuginfo] target(s) in 0.03s
[INFO] [stderr]      Running unittests src/lib.rs (/opt/rustwide/target/debug/deps/genealogists-e38822794d6cf06d)
[INFO] [stdout] 
[INFO] [stdout] running 0 tests
[INFO] [stdout] 
[INFO] [stdout] test result: ok. 0 passed; 0 failed; 0 ignored; 0 measured; 0 filtered out; finished in 0.00s
[INFO] [stdout] 
[INFO] [stderr]      Running unittests src/lib.rs (/opt/rustwide/target/debug/deps/genealogy-32a8d9a33000662c)
[INFO] [stdout] 
[INFO] [stdout] running 36 tests
[INFO] [stdout] test genealogist::relation_type::test::empty_text__exception ... ok
[INFO] [stdout] test genealogy::weights::test::known_relation_type__returns_weight ... ok
[INFO] [stdout] test genealogy::weights::test::unknown_relation_type__returns_default_weight ... ok
[INFO] [stdout] test genealogy::relation::test::single_typed_relation__weight_one__same_posts_and_score ... ok
[INFO] [stdout] test genealogy::relation::test::two_typed_relation__differing_weight__weighted_score ... ok
[INFO] [stdout] test genealogy::relation::test::two_typed_relations__weight_one__averaged_score ... ok
[INFO] [stdout] test genealogy::test::one_genealogist__two_posts ... ok
[INFO] [stdout] test genealogy::test::one_genealogist__three_posts ... ok
[INFO] [stdout] test genealogy::test::other_genealogist__two_posts ... ok
[INFO] [stdout] test genealogy::test::two_genealogists__three_posts ... ok
[INFO] [stdout] test post::description::test::empty_text_exception ... ok
[INFO] [stdout] test post::repository::test::empty_text__exception ... ok
[INFO] [stdout] test post::slug::test::empty_text__exception ... ok
[INFO] [stdout] test post::description::test::quotation_tests ... ok
[INFO] [stdout] test post::factories::article_factory::test::creat_from_file_all_tags_correct_get_valid_article ... ok
[INFO] [stdout] test post::tag::test::multiple_elements_array_with_empty_tag__empty_tag_is_ignored ... ok
[INFO] [stdout] test post::video_slug::test::empty_text__exception ... ok
[INFO] [stdout] test post::tag::test::multiple_elements_array_with_spaces_multiple__tags_without_spaces ... ok
[INFO] [stdout] test post::factories::article_factory::test::create_from_front_matter__multiple_colons__get_valid_article ... ok
[INFO] [stdout] test post::tag::test::multiple_elements_array_duplicate_tags_duplicate_tag_is_ignored ... ok
[INFO] [stdout] test post::factories::article_factory::test::create_from_front_matter__all_tags_correct__get_valid_article ... ok
[INFO] [stdout] test utils::test::collect_equal_element::empty_stream__empty_optional ... ok
[INFO] [stdout] test utils::test::collect_equal_element::equal_element_stream__optional_with_that_element ... ok
[INFO] [stdout] test post::tag::test::multiple_elements_array_with_just_spaces_tag__empty_tag_is_ignored ... ok
[INFO] [stdout] test post::tag::test::single_element_array__single_tag ... ok
[INFO] [stdout] test post::tag::test::empty_element_array__empty_tag ... ok
[INFO] [stdout] test post::tag::test::multiple_elements_array__multiple_tags ... ok
[INFO] [stdout] test post::title::test::quotation_tests ... ok
[INFO] [stdout] test post::title::test::empty_text_exception ... ok
[INFO] [stdout] test utils::test::collect_equal_element::single_element_stream__optional_with_that_element ... ok
[INFO] [stdout] test utils::test::collect_equal_element::non_equal_element_stream__throws_exception ... ok
[INFO] [stdout] test recommendation::recommender::test::for_one_post__two_relations ... ok
[INFO] [stdout] test utils::test::quotation_tests ... ok
[INFO] [stdout] test recommendation::recommender::test::for_many_posts__one_relation_each ... ok
[INFO] [stdout] test recommendation::recommender::test::for_many_posts__two_relations_each ... ok
[INFO] [stdout] test recommendation::recommender::test::for_one_post__one_relation ... ok
[INFO] [stdout] 
[INFO] [stdout] test result: ok. 36 passed; 0 failed; 0 ignored; 0 measured; 0 filtered out; finished in 0.01s
[INFO] [stdout] 
[INFO] [stderr]      Running unittests src/lib.rs (/opt/rustwide/target/debug/deps/genealogy_java_apis-b1c0f25aa5ae8554)
[INFO] [stdout] 
[INFO] [stdout] running 3 tests
[INFO] [stdout] test map::test::map_of_none ... ok
[INFO] [stdout] test map::test::map_of_one ... ok
[INFO] [stdout] test map::test::map_of_two ... ok
[INFO] [stdout] 
[INFO] [stdout] test result: ok. 3 passed; 0 failed; 0 ignored; 0 measured; 0 filtered out; finished in 0.00s
[INFO] [stdout] 
[INFO] [stderr]      Running unittests src/lib.rs (/opt/rustwide/target/debug/deps/genealogy_macros-f166d95d51781ea5)
[INFO] [stdout] 
[INFO] [stdout] running 0 tests
[INFO] [stdout] 
[INFO] [stdout] test result: ok. 0 passed; 0 failed; 0 ignored; 0 measured; 0 filtered out; finished in 0.00s
[INFO] [stdout] 
[INFO] [stderr]      Running tests/record.rs (/opt/rustwide/target/debug/deps/record-60906e2a941f5c13)
[INFO] [stdout] 
[INFO] [stdout] running 10 tests
[INFO] [stdout] test empty_record ... ok
[INFO] [stdout] test empty_record_with_explicit_constructor ... ok
[INFO] [stdout] test public_record_has_public_methods ... ok
[INFO] [stdout] test record_with_omitted_accessor ... ok
[INFO] [stdout] test record_with_derive ... ok
[INFO] [stdout] test record_with_one_field ... ok
[INFO] [stdout] test record_with_two_fields ... ok
[INFO] [stdout] test record_with_two_fields_all_derives_manually_enabled ... ok
[INFO] [stdout] test record_without_constructor ... ok
[INFO] [stderr]    Compiling proc-macro2 v1.0.47
[INFO] [stderr]    Compiling quote v1.0.21
[INFO] [stderr]    Compiling syn v1.0.105
[INFO] [stderr]    Compiling unicode-ident v1.0.5
[INFO] [stderr]    Compiling genealogy-macros v0.1.0 (/opt/rustwide/workdir/genealogy-macros)
[INFO] [stderr]     Checking genealogy-macros-tests v0.0.0 (/opt/rustwide/target/tests/genealogy-macros)
[INFO] [stderr]     Finished dev [unoptimized + debuginfo] target(s) in 4.62s
[INFO] [stderr] 
[INFO] [stderr] 
[INFO] [stderr] test tests/ui/empty_struct.rs ... ok
[INFO] [stderr] test tests/ui/field_missing_trait_implementations.rs ... mismatch
[INFO] [stderr] 
[INFO] [stderr] EXPECTED:
[INFO] [stderr] ┈┈┈┈┈┈┈┈┈┈┈┈┈┈┈┈┈┈┈┈┈┈┈┈┈┈┈┈┈┈┈┈┈┈┈┈┈┈┈┈┈┈┈┈┈┈┈┈┈┈┈┈┈┈┈┈┈┈┈┈
[INFO] [stderr] error[E0277]: the trait bound `Struct: Clone` is not satisfied
[INFO] [stderr]  --> tests/ui/field_missing_trait_implementations.rs:5:9
[INFO] [stderr]   |
[INFO] [stderr] 5 |     value: Struct,
[INFO] [stderr]   |            ^^^^^^ the trait `Clone` is not implemented for `Struct`
[INFO] [stderr]   |
[INFO] [stderr]   = help: see issue #48214
[INFO] [stderr] 
[INFO] [stderr] error[E0277]: `Struct` doesn't implement `Debug`
[INFO] [stderr]  --> tests/ui/field_missing_trait_implementations.rs:5:9
[INFO] [stderr]   |
[INFO] [stderr] 5 |     value: Struct,
[INFO] [stderr]   |            ^^^^^^ `Struct` cannot be formatted using `{:?}`
[INFO] [stderr]   |
[INFO] [stderr]   = help: the trait `Debug` is not implemented for `Struct`
[INFO] [stderr]   = note: add `#[derive(Debug)]` to `Struct` or manually `impl Debug for Struct`
[INFO] [stderr]   = help: see issue #48214
[INFO] [stderr] 
[INFO] [stderr] error[E0277]: can't compare `Struct` with `Struct`
[INFO] [stderr]  --> tests/ui/field_missing_trait_implementations.rs:5:9
[INFO] [stderr]   |
[INFO] [stderr] 5 |     value: Struct,
[INFO] [stderr]   |            ^^^^^^ no implementation for `Struct == Struct`
[INFO] [stderr]   |
[INFO] [stderr]   = help: the trait `PartialEq` is not implemented for `Struct`
[INFO] [stderr]   = help: see issue #48214
[INFO] [stderr] 
[INFO] [stderr] error[E0277]: the trait bound `Struct: Eq` is not satisfied
[INFO] [stderr]  --> tests/ui/field_missing_trait_implementations.rs:5:9
[INFO] [stderr]   |
[INFO] [stderr] 5 |     value: Struct,
[INFO] [stderr]   |            ^^^^^^ the trait `Eq` is not implemented for `Struct`
[INFO] [stderr]   |
[INFO] [stderr]   = help: see issue #48214
[INFO] [stderr] 
[INFO] [stderr] error[E0277]: the trait bound `Struct: Hash` is not satisfied
[INFO] [stderr]  --> tests/ui/field_missing_trait_implementations.rs:5:9
[INFO] [stderr]   |
[INFO] [stderr] 5 |     value: Struct,
[INFO] [stderr]   |            ^^^^^^ the trait `Hash` is not implemented for `Struct`
[INFO] [stderr]   |
[INFO] [stderr]   = help: see issue #48214
[INFO] [stderr] 
[INFO] [stderr] error[E0277]: `Struct` doesn't implement `std::fmt::Display`
[INFO] [stderr]  --> tests/ui/field_missing_trait_implementations.rs:5:9
[INFO] [stderr]   |
[INFO] [stderr] 5 |     value: Struct,
[INFO] [stderr]   |            ^^^^^^ `Struct` cannot be formatted with the default formatter
[INFO] [stderr]   |
[INFO] [stderr]   = help: the trait `std::fmt::Display` is not implemented for `Struct`
[INFO] [stderr]   = note: in format strings you may be able to use `{:?}` (or {:#?} for pretty-print) instead
[INFO] [stderr]   = help: see issue #48214
[INFO] [stderr] ┈┈┈┈┈┈┈┈┈┈┈┈┈┈┈┈┈┈┈┈┈┈┈┈┈┈┈┈┈┈┈┈┈┈┈┈┈┈┈┈┈┈┈┈┈┈┈┈┈┈┈┈┈┈┈┈┈┈┈┈
[INFO] [stderr] 
[INFO] [stderr] ACTUAL OUTPUT:
[INFO] [stderr] ┈┈┈┈┈┈┈┈┈┈┈┈┈┈┈┈┈┈┈┈┈┈┈┈┈┈┈┈┈┈┈┈┈┈┈┈┈┈┈┈┈┈┈┈┈┈┈┈┈┈┈┈┈┈┈┈┈┈┈┈
[INFO] [stderr] error[E0277]: the trait bound `Struct: Clone` is not satisfied
[INFO] [stderr]  --> tests/ui/field_missing_trait_implementations.rs:3:1
[INFO] [stderr]   |
[INFO] [stderr] 3 | #[record]
[INFO] [stderr]   | ^^^^^^^^^ the trait `Clone` is not implemented for `Struct`
[INFO] [stderr]   |
[INFO] [stderr]   = help: see issue #48214
[INFO] [stderr]   = note: this error originates in the attribute macro `record` (in Nightly builds, run with -Z macro-backtrace for more info)
[INFO] [stderr] help: consider annotating `Struct` with `#[derive(Clone)]`
[INFO] [stderr]   |
[INFO] [stderr] 8 + #[derive(Clone)]
[INFO] [stderr] 9 | struct Struct;
[INFO] [stderr]   |
[INFO] [stderr] 
[INFO] [stderr] error[E0277]: `Struct` doesn't implement `Debug`
[INFO] [stderr]  --> tests/ui/field_missing_trait_implementations.rs:3:1
[INFO] [stderr]   |
[INFO] [stderr] 3 | #[record]
[INFO] [stderr]   | ^^^^^^^^^ `Struct` cannot be formatted using `{:?}`
[INFO] [stderr]   |
[INFO] [stderr]   = help: the trait `Debug` is not implemented for `Struct`
[INFO] [stderr]   = note: add `#[derive(Debug)]` to `Struct` or manually `impl Debug for Struct`
[INFO] [stderr]   = help: see issue #48214
[INFO] [stderr]   = note: this error originates in the attribute macro `record` (in Nightly builds, run with -Z macro-backtrace for more info)
[INFO] [stderr] help: consider annotating `Struct` with `#[derive(Debug)]`
[INFO] [stderr]   |
[INFO] [stderr] 8 + #[derive(Debug)]
[INFO] [stderr] 9 | struct Struct;
[INFO] [stderr]   |
[INFO] [stderr] 
[INFO] [stderr] error[E0277]: can't compare `Struct` with `Struct`
[INFO] [stderr]  --> tests/ui/field_missing_trait_implementations.rs:3:1
[INFO] [stderr]   |
[INFO] [stderr] 3 | #[record]
[INFO] [stderr]   | ^^^^^^^^^ no implementation for `Struct == Struct`
[INFO] [stderr]   |
[INFO] [stderr]   = help: the trait `PartialEq` is not implemented for `Struct`
[INFO] [stderr]   = help: see issue #48214
[INFO] [stderr]   = note: this error originates in the attribute macro `record` (in Nightly builds, run with -Z macro-backtrace for more info)
[INFO] [stderr] help: consider annotating `Struct` with `#[derive(PartialEq)]`
[INFO] [stderr]   |
[INFO] [stderr] 8 + #[derive(PartialEq)]
[INFO] [stderr] 9 | struct Struct;
[INFO] [stderr]   |
[INFO] [stderr] 
[INFO] [stderr] error[E0277]: the trait bound `Struct: Eq` is not satisfied
[INFO] [stderr]  --> tests/ui/field_missing_trait_implementations.rs:3:1
[INFO] [stderr]   |
[INFO] [stderr] 3 | #[record]
[INFO] [stderr]   | ^^^^^^^^^ the trait `Eq` is not implemented for `Struct`
[INFO] [stderr]   |
[INFO] [stderr]   = help: see issue #48214
[INFO] [stderr]   = note: this error originates in the attribute macro `record` (in Nightly builds, run with -Z macro-backtrace for more info)
[INFO] [stderr] help: consider annotating `Struct` with `#[derive(Eq)]`
[INFO] [stderr]   |
[INFO] [stderr] 8 + #[derive(Eq)]
[INFO] [stderr] 9 | struct Struct;
[INFO] [stderr]   |
[INFO] [stderr] 
[INFO] [stderr] error[E0277]: the trait bound `Struct: Hash` is not satisfied
[INFO] [stderr]  --> tests/ui/field_missing_trait_implementations.rs:3:1
[INFO] [stderr]   |
[INFO] [stderr] 3 | #[record]
[INFO] [stderr]   | ^^^^^^^^^ the trait `Hash` is not implemented for `Struct`
[INFO] [stderr]   |
[INFO] [stderr]   = help: see issue #48214
[INFO] [stderr]   = note: this error originates in the attribute macro `record` (in Nightly builds, run with -Z macro-backtrace for more info)
[INFO] [stderr] help: consider annotating `Struct` with `#[derive(Hash)]`
[INFO] [stderr]   |
[INFO] [stderr] 8 + #[derive(Hash)]
[INFO] [stderr] 9 | struct Struct;
[INFO] [stderr]   |
[INFO] [stderr] 
[INFO] [stderr] error[E0277]: `Struct` doesn't implement `std::fmt::Display`
[INFO] [stderr]  --> tests/ui/field_missing_trait_implementations.rs:3:1
[INFO] [stderr]   |
[INFO] [stderr] 3 | #[record]
[INFO] [stderr]   | ^^^^^^^^^ `Struct` cannot be formatted with the default formatter
[INFO] [stderr]   |
[INFO] [stderr]   = help: the trait `std::fmt::Display` is not implemented for `Struct`
[INFO] [stderr]   = note: in format strings you may be able to use `{:?}` (or {:#?} for pretty-print) instead
[INFO] [stderr]   = help: see issue #48214
[INFO] [stderr]   = note: this error originates in the attribute macro `record` (in Nightly builds, run with -Z macro-backtrace for more info)
[INFO] [stderr] ┈┈┈┈┈┈┈┈┈┈┈┈┈┈┈┈┈┈┈┈┈┈┈┈┈┈┈┈┈┈┈┈┈┈┈┈┈┈┈┈┈┈┈┈┈┈┈┈┈┈┈┈┈┈┈┈┈┈┈┈
[INFO] [stderr] note: If the actual output is the correct output you can bless it by rerunning
[INFO] [stderr]       your test with the environment variable TRYBUILD=overwrite
[INFO] [stderr] 
[INFO] [stderr] test tests/ui/generics.rs ... ok
[INFO] [stderr] test tests/ui/invalid_atrribute.rs ... ok
[INFO] [stderr] test tests/ui/missing_derives.rs ... mismatch
[INFO] [stderr] 
[INFO] [stderr] EXPECTED:
[INFO] [stderr] ┈┈┈┈┈┈┈┈┈┈┈┈┈┈┈┈┈┈┈┈┈┈┈┈┈┈┈┈┈┈┈┈┈┈┈┈┈┈┈┈┈┈┈┈┈┈┈┈┈┈┈┈┈┈┈┈┈┈┈┈
[INFO] [stderr] error[E0369]: binary operation `==` cannot be applied to type `Record`
[INFO] [stderr]   --> tests/ui/missing_derives.rs:10:2
[INFO] [stderr]    |
[INFO] [stderr] 10 |     assert_eq!(record, record);
[INFO] [stderr]    |     ^^^^^^^^^^^^^^^^^^^^^^^^^^^
[INFO] [stderr]    |     |
[INFO] [stderr]    |     Record
[INFO] [stderr]    |     Record
[INFO] [stderr]    |
[INFO] [stderr]    = note: an implementation of `std::cmp::PartialEq` might be missing for `Record`
[INFO] [stderr]    = note: this error originates in the macro `assert_eq` (in Nightly builds, run with -Z macro-backtrace for more info)
[INFO] [stderr] 
[INFO] [stderr] error[E0277]: the trait bound `Record: Hash` is not satisfied
[INFO] [stderr]    --> tests/ui/missing_derives.rs:12:2
[INFO] [stderr]     |
[INFO] [stderr] 12  |     Hash::hash(&record, &mut hasher);
[INFO] [stderr]     |     ^^^^^^^^^^ the trait `Hash` is not implemented for `Record`
[INFO] [stderr]     |
[INFO] [stderr] note: required by a bound in `std::hash::Hash::hash`
[INFO] [stderr]    --> $RUST/core/src/hash/mod.rs
[INFO] [stderr]     |
[INFO] [stderr]     |     fn hash<H: Hasher>(&self, state: &mut H);
[INFO] [stderr]     |             ^ required by this bound in `std::hash::Hash::hash`
[INFO] [stderr] ┈┈┈┈┈┈┈┈┈┈┈┈┈┈┈┈┈┈┈┈┈┈┈┈┈┈┈┈┈┈┈┈┈┈┈┈┈┈┈┈┈┈┈┈┈┈┈┈┈┈┈┈┈┈┈┈┈┈┈┈
[INFO] [stderr] 
[INFO] [stderr] ACTUAL OUTPUT:
[INFO] [stderr] ┈┈┈┈┈┈┈┈┈┈┈┈┈┈┈┈┈┈┈┈┈┈┈┈┈┈┈┈┈┈┈┈┈┈┈┈┈┈┈┈┈┈┈┈┈┈┈┈┈┈┈┈┈┈┈┈┈┈┈┈
[INFO] [stderr] error[E0369]: binary operation `==` cannot be applied to type `Record`
[INFO] [stderr]   --> tests/ui/missing_derives.rs:10:2
[INFO] [stderr]    |
[INFO] [stderr] 10 |     assert_eq!(record, record);
[INFO] [stderr]    |     ^^^^^^^^^^^^^^^^^^^^^^^^^^
[INFO] [stderr]    |     |
[INFO] [stderr]    |     Record
[INFO] [stderr]    |     Record
[INFO] [stderr]    |
[INFO] [stderr] note: an implementation of `PartialEq` might be missing for `Record`
[INFO] [stderr]   --> tests/ui/missing_derives.rs:5:1
[INFO] [stderr]    |
[INFO] [stderr] 5  | #[record(equals = false, hash = false)]
[INFO] [stderr]    | ^^^^^^^^^^^^^^^^^^^^^^^^^^^^^^^^^^^^^^^ must implement `PartialEq`
[INFO] [stderr]    = note: this error originates in the macro `assert_eq` which comes from the expansion of the attribute macro `record` (in Nightly builds, run with -Z macro-backtrace for more info)
[INFO] [stderr] help: consider annotating `Record` with `#[derive(PartialEq)]`
[INFO] [stderr]    |
[INFO] [stderr] 5  + #[derive(PartialEq)]
[INFO] [stderr] 6  | #[record(equals = false, hash = false)]
[INFO] [stderr]    |
[INFO] [stderr] 
[INFO] [stderr] error[E0277]: the trait bound `Record: Hash` is not satisfied
[INFO] [stderr]   --> tests/ui/missing_derives.rs:12:13
[INFO] [stderr]    |
[INFO] [stderr] 12 |     Hash::hash(&record, &mut hasher);
[INFO] [stderr]    |     ---------- ^^^^^^^ the trait `Hash` is not implemented for `Record`
[INFO] [stderr]    |     |
[INFO] [stderr]    |     required by a bound introduced by this call
[INFO] [stderr]    |
[INFO] [stderr] help: consider annotating `Record` with `#[derive(Hash)]`
[INFO] [stderr]    |
[INFO] [stderr] 5  + #[derive(Hash)]
[INFO] [stderr] 6  | #[record(equals = false, hash = false)]
[INFO] [stderr]    |
[INFO] [stderr] ┈┈┈┈┈┈┈┈┈┈┈┈┈┈┈┈┈┈┈┈┈┈┈┈┈┈┈┈┈┈┈┈┈┈┈┈┈┈┈┈┈┈┈┈┈┈┈┈┈┈┈┈┈┈┈┈┈┈┈┈
[INFO] [stderr] note: If the actual output is the correct output you can bless it by rerunning
[INFO] [stderr]       your test with the environment variable TRYBUILD=overwrite
[INFO] [stderr] 
[INFO] [stderr] test tests/ui/private_fields.rs ... ok
[INFO] [stderr] test tests/ui/public_field.rs ... ok
[INFO] [stderr] test tests/ui/tuple_struct.rs ... ok
[INFO] [stderr] 
[INFO] [stderr] 
[INFO] [stdout] test record_fails_to_compile_if_invalid ... FAILED
[INFO] [stdout] 
[INFO] [stdout] failures:
[INFO] [stdout] 
[INFO] [stdout] ---- record_fails_to_compile_if_invalid stdout ----
[INFO] [stdout] thread 'record_fails_to_compile_if_invalid' panicked at /opt/rustwide/cargo-home/registry/src/index.crates.io-6f17d22bba15001f/trybuild-1.0.72/src/run.rs:101:13:
[INFO] [stdout] 2 of 8 tests failed
[INFO] [stdout] stack backtrace:
[INFO] [stdout]    0:     0x562cd717d4e6 - std::backtrace_rs::backtrace::libunwind::trace::h261606ad26a499c1
[INFO] [stdout]                                at /rustc/0e09125c6c3c2fd70d7de961bcf0e51575235fad/library/std/src/../../backtrace/src/backtrace/libunwind.rs:104:5
[INFO] [stdout]    1:     0x562cd717d4e6 - std::backtrace_rs::backtrace::trace_unsynchronized::hd183f0625477fb28
[INFO] [stdout]                                at /rustc/0e09125c6c3c2fd70d7de961bcf0e51575235fad/library/std/src/../../backtrace/src/backtrace/mod.rs:66:5
[INFO] [stdout]    2:     0x562cd717d4e6 - std::sys_common::backtrace::_print_fmt::hd7f8fef21b4eda67
[INFO] [stdout]                                at /rustc/0e09125c6c3c2fd70d7de961bcf0e51575235fad/library/std/src/sys_common/backtrace.rs:68:5
[INFO] [stdout]    3:     0x562cd717d4e6 - <std::sys_common::backtrace::_print::DisplayBacktrace as core::fmt::Display>::fmt::h623d9b51f2f453f1
[INFO] [stdout]                                at /rustc/0e09125c6c3c2fd70d7de961bcf0e51575235fad/library/std/src/sys_common/backtrace.rs:44:22
[INFO] [stdout]    4:     0x562cd71a8be0 - core::fmt::rt::Argument::fmt::h9f417ac76a86f368
[INFO] [stdout]                                at /rustc/0e09125c6c3c2fd70d7de961bcf0e51575235fad/library/core/src/fmt/rt.rs:142:9
[INFO] [stdout]    5:     0x562cd71a8be0 - core::fmt::write::hc9b6faf4ac2aeff7
[INFO] [stdout]                                at /rustc/0e09125c6c3c2fd70d7de961bcf0e51575235fad/library/core/src/fmt/mod.rs:1120:17
[INFO] [stdout]    6:     0x562cd717a4df - std::io::Write::write_fmt::he04625a3a989fec3
[INFO] [stdout]                                at /rustc/0e09125c6c3c2fd70d7de961bcf0e51575235fad/library/std/src/io/mod.rs:1810:15
[INFO] [stdout]    7:     0x562cd717d2c4 - std::sys_common::backtrace::_print::hd5d66399c7df88a2
[INFO] [stdout]                                at /rustc/0e09125c6c3c2fd70d7de961bcf0e51575235fad/library/std/src/sys_common/backtrace.rs:47:5
[INFO] [stdout]    8:     0x562cd717d2c4 - std::sys_common::backtrace::print::he81ed2da642d37e5
[INFO] [stdout]                                at /rustc/0e09125c6c3c2fd70d7de961bcf0e51575235fad/library/std/src/sys_common/backtrace.rs:34:9
[INFO] [stdout]    9:     0x562cd717f037 - std::panicking::default_hook::{{closure}}::h85773f4fa117163d
[INFO] [stdout]   10:     0x562cd717ed1d - std::panicking::default_hook::h6a1694a91d09b278
[INFO] [stdout]                                at /rustc/0e09125c6c3c2fd70d7de961bcf0e51575235fad/library/std/src/panicking.rs:289:9
[INFO] [stdout]   11:     0x562cd714cf27 - <alloc::boxed::Box<F,A> as core::ops::function::Fn<Args>>::call::h616ac37fa3cd6c8f
[INFO] [stdout]                                at /rustc/0e09125c6c3c2fd70d7de961bcf0e51575235fad/library/alloc/src/boxed.rs:2029:9
[INFO] [stdout]   12:     0x562cd714cf27 - test::test_main::{{closure}}::h00d84697cefdcbb6
[INFO] [stdout]                                at /rustc/0e09125c6c3c2fd70d7de961bcf0e51575235fad/library/test/src/lib.rs:138:21
[INFO] [stdout]   13:     0x562cd717f656 - <alloc::boxed::Box<F,A> as core::ops::function::Fn<Args>>::call::hcb3fe3b9bb537ba8
[INFO] [stdout]                                at /rustc/0e09125c6c3c2fd70d7de961bcf0e51575235fad/library/alloc/src/boxed.rs:2029:9
[INFO] [stdout]   14:     0x562cd717f656 - std::panicking::rust_panic_with_hook::h0a7ad96e90f7145b
[INFO] [stdout]                                at /rustc/0e09125c6c3c2fd70d7de961bcf0e51575235fad/library/std/src/panicking.rs:783:13
[INFO] [stdout]   15:     0x562cd717f3a2 - std::panicking::begin_panic_handler::{{closure}}::h7919090525c6485e
[INFO] [stdout]                                at /rustc/0e09125c6c3c2fd70d7de961bcf0e51575235fad/library/std/src/panicking.rs:657:13
[INFO] [stdout]   16:     0x562cd717d9e6 - std::sys_common::backtrace::__rust_end_short_backtrace::hf3289479464f7dfe
[INFO] [stdout]                                at /rustc/0e09125c6c3c2fd70d7de961bcf0e51575235fad/library/std/src/sys_common/backtrace.rs:171:18
[INFO] [stdout]   17:     0x562cd717f100 - rust_begin_unwind
[INFO] [stdout]                                at /rustc/0e09125c6c3c2fd70d7de961bcf0e51575235fad/library/std/src/panicking.rs:645:5
[INFO] [stdout]   18:     0x562cd6f03fc5 - core::panicking::panic_fmt::hcc9f77c5c132af55
[INFO] [stdout]                                at /rustc/0e09125c6c3c2fd70d7de961bcf0e51575235fad/library/core/src/panicking.rs:72:14
[INFO] [stdout]   19:     0x562cd6f30749 - trybuild::run::<impl trybuild::Runner>::run::h943dc89faa9630a5
[INFO] [stdout]                                at /opt/rustwide/cargo-home/registry/src/index.crates.io-6f17d22bba15001f/trybuild-1.0.72/src/run.rs:101:13
[INFO] [stdout]   20:     0x562cd6f35de8 - <trybuild::TestCases as core::ops::drop::Drop>::drop::h92a177d0a48d8ed3
[INFO] [stdout]                                at /opt/rustwide/cargo-home/registry/src/index.crates.io-6f17d22bba15001f/trybuild-1.0.72/src/lib.rs:312:13
[INFO] [stdout]   21:     0x562cd6f057a7 - core::ptr::drop_in_place<trybuild::TestCases>::hc9ec1b31049709d2
[INFO] [stdout]                                at /rustc/0e09125c6c3c2fd70d7de961bcf0e51575235fad/library/core/src/ptr/mod.rs:507:1
[INFO] [stdout]   22:     0x562cd6f08a23 - record::record_fails_to_compile_if_invalid::h40521288fab3aff3
[INFO] [stdout]                                at /opt/rustwide/workdir/genealogy-macros/tests/record.rs:143:1
[INFO] [stdout]   23:     0x562cd6f089b7 - record::record_fails_to_compile_if_invalid::{{closure}}::hce8c21814e843540
[INFO] [stdout]                                at /opt/rustwide/workdir/genealogy-macros/tests/record.rs:140:40
[INFO] [stdout]   24:     0x562cd6f05676 - core::ops::function::FnOnce::call_once::hb29f953cb55cc208
[INFO] [stdout]                                at /rustc/0e09125c6c3c2fd70d7de961bcf0e51575235fad/library/core/src/ops/function.rs:250:5
[INFO] [stdout]   25:     0x562cd71527ff - core::ops::function::FnOnce::call_once::hd64d26f405258157
[INFO] [stdout]                                at /rustc/0e09125c6c3c2fd70d7de961bcf0e51575235fad/library/core/src/ops/function.rs:250:5
[INFO] [stdout]   26:     0x562cd71527ff - test::__rust_begin_short_backtrace::he21b0b7a6d731bf9
[INFO] [stdout]                                at /rustc/0e09125c6c3c2fd70d7de961bcf0e51575235fad/library/test/src/lib.rs:627:18
[INFO] [stdout]   27:     0x562cd7151581 - test::run_test_in_process::{{closure}}::hf5c73986d7bdfde2
[INFO] [stdout]                                at /rustc/0e09125c6c3c2fd70d7de961bcf0e51575235fad/library/test/src/lib.rs:650:60
[INFO] [stdout]   28:     0x562cd7151581 - <core::panic::unwind_safe::AssertUnwindSafe<F> as core::ops::function::FnOnce<()>>::call_once::h330011ad032aadc0
[INFO] [stdout]                                at /rustc/0e09125c6c3c2fd70d7de961bcf0e51575235fad/library/core/src/panic/unwind_safe.rs:272:9
[INFO] [stdout]   29:     0x562cd7151581 - std::panicking::try::do_call::he61b0a958b795a41
[INFO] [stdout]                                at /rustc/0e09125c6c3c2fd70d7de961bcf0e51575235fad/library/std/src/panicking.rs:552:40
[INFO] [stdout]   30:     0x562cd7151581 - std::panicking::try::h7309da130f906eb7
[INFO] [stdout]                                at /rustc/0e09125c6c3c2fd70d7de961bcf0e51575235fad/library/std/src/panicking.rs:516:19
[INFO] [stdout]   31:     0x562cd7151581 - std::panic::catch_unwind::hc5c3a06fdaf0a92a
[INFO] [stdout]                                at /rustc/0e09125c6c3c2fd70d7de961bcf0e51575235fad/library/std/src/panic.rs:142:14
[INFO] [stdout]   32:     0x562cd7151581 - test::run_test_in_process::h7e7b7c71c3324e0f
[INFO] [stdout]                                at /rustc/0e09125c6c3c2fd70d7de961bcf0e51575235fad/library/test/src/lib.rs:650:27
[INFO] [stdout]   33:     0x562cd7151581 - test::run_test::{{closure}}::h1f509f28f5cf20b1
[INFO] [stdout]                                at /rustc/0e09125c6c3c2fd70d7de961bcf0e51575235fad/library/test/src/lib.rs:573:43
[INFO] [stdout]   34:     0x562cd71188b6 - test::run_test::{{closure}}::h1754218abf443f6d
[INFO] [stdout]                                at /rustc/0e09125c6c3c2fd70d7de961bcf0e51575235fad/library/test/src/lib.rs:601:41
[INFO] [stdout]   35:     0x562cd71188b6 - std::sys_common::backtrace::__rust_begin_short_backtrace::h2ee174b9d5954948
[INFO] [stdout]                                at /rustc/0e09125c6c3c2fd70d7de961bcf0e51575235fad/library/std/src/sys_common/backtrace.rs:155:18
[INFO] [stdout]   36:     0x562cd711d917 - std::thread::Builder::spawn_unchecked_::{{closure}}::{{closure}}::hf60bee9c1a17ef09
[INFO] [stdout]                                at /rustc/0e09125c6c3c2fd70d7de961bcf0e51575235fad/library/std/src/thread/mod.rs:529:17
[INFO] [stdout]   37:     0x562cd711d917 - <core::panic::unwind_safe::AssertUnwindSafe<F> as core::ops::function::FnOnce<()>>::call_once::h33d0dddec5216160
[INFO] [stdout]                                at /rustc/0e09125c6c3c2fd70d7de961bcf0e51575235fad/library/core/src/panic/unwind_safe.rs:272:9
[INFO] [stdout]   38:     0x562cd711d917 - std::panicking::try::do_call::h144b3048b546f835
[INFO] [stdout]                                at /rustc/0e09125c6c3c2fd70d7de961bcf0e51575235fad/library/std/src/panicking.rs:552:40
[INFO] [stdout]   39:     0x562cd711d917 - std::panicking::try::h978244d04646189f
[INFO] [stdout]                                at /rustc/0e09125c6c3c2fd70d7de961bcf0e51575235fad/library/std/src/panicking.rs:516:19
[INFO] [stdout]   40:     0x562cd711d917 - std::panic::catch_unwind::hdf436369d188fe86
[INFO] [stdout]                                at /rustc/0e09125c6c3c2fd70d7de961bcf0e51575235fad/library/std/src/panic.rs:142:14
[INFO] [stdout]   41:     0x562cd711d917 - std::thread::Builder::spawn_unchecked_::{{closure}}::h87329cbdd33c79ec
[INFO] [stdout]                                at /rustc/0e09125c6c3c2fd70d7de961bcf0e51575235fad/library/std/src/thread/mod.rs:528:30
[INFO] [stdout]   42:     0x562cd711d917 - core::ops::function::FnOnce::call_once{{vtable.shim}}::h401abbe67897d450
[INFO] [stdout]                                at /rustc/0e09125c6c3c2fd70d7de961bcf0e51575235fad/library/core/src/ops/function.rs:250:5
[INFO] [stdout]   43:     0x562cd7185285 - <alloc::boxed::Box<F,A> as core::ops::function::FnOnce<Args>>::call_once::h5d7c8f150ab9c84c
[INFO] [stdout]                                at /rustc/0e09125c6c3c2fd70d7de961bcf0e51575235fad/library/alloc/src/boxed.rs:2015:9
[INFO] [stdout]   44:     0x562cd7185285 - <alloc::boxed::Box<F,A> as core::ops::function::FnOnce<Args>>::call_once::h570d5b005c242c15
[INFO] [stdout]                                at /rustc/0e09125c6c3c2fd70d7de961bcf0e51575235fad/library/alloc/src/boxed.rs:2015:9
[INFO] [stdout]   45:     0x562cd7185285 - std::sys::unix::thread::Thread::new::thread_start::h36b0a20c0b2361ad
[INFO] [stdout]                                at /rustc/0e09125c6c3c2fd70d7de961bcf0e51575235fad/library/std/src/sys/unix/thread.rs:108:17
[INFO] [stdout]   46:     0x7f00d6933ac3 - <unknown>
[INFO] [stdout]   47:     0x7f00d69c4bf4 - __clone
[INFO] [stdout]   48:                0x0 - <unknown>
[INFO] [stdout] 
[INFO] [stdout] 
[INFO] [stdout] failures:
[INFO] [stdout]     record_fails_to_compile_if_invalid
[INFO] [stdout] 
[INFO] [stdout] test result: FAILED. 9 passed; 1 failed; 0 ignored; 0 measured; 0 filtered out; finished in 5.35s
[INFO] [stdout] 
[INFO] [stderr] error: test failed, to rerun pass `-p genealogy-macros --test record`
[INFO] running `Command { std: "docker" "inspect" "11b29fadbb8f50420a99f558d5bdef839b0a86118e54596d47a1d65fbdb609a1", kill_on_drop: false }`
[INFO] running `Command { std: "docker" "rm" "-f" "11b29fadbb8f50420a99f558d5bdef839b0a86118e54596d47a1d65fbdb609a1", kill_on_drop: false }`
[INFO] [stdout] 11b29fadbb8f50420a99f558d5bdef839b0a86118e54596d47a1d65fbdb609a1
