[INFO] cloning repository https://github.com/Euphrasiologist/nu_plugin_plot
[INFO] running `Command { std: "git" "-c" "credential.helper=" "-c" "credential.helper=/workspace/cargo-home/bin/git-credential-null" "clone" "--bare" "https://github.com/Euphrasiologist/nu_plugin_plot" "/workspace/cache/git-repos/https%3A%2F%2Fgithub.com%2FEuphrasiologist%2Fnu_plugin_plot", kill_on_drop: false }`
[INFO] [stderr] Cloning into bare repository '/workspace/cache/git-repos/https%3A%2F%2Fgithub.com%2FEuphrasiologist%2Fnu_plugin_plot'...
[INFO] running `Command { std: "git" "rev-parse" "HEAD", kill_on_drop: false }`
[INFO] [stdout] 3e633b4fc74e10a2b992de8d38130d8e7094a4d8
[INFO] testing Euphrasiologist/nu_plugin_plot against 1.75.0 for beta-1.76-1
[INFO] running `Command { std: "git" "clone" "/workspace/cache/git-repos/https%3A%2F%2Fgithub.com%2FEuphrasiologist%2Fnu_plugin_plot" "/workspace/builds/worker-0-tc1/source", kill_on_drop: false }`
[INFO] [stderr] Cloning into '/workspace/builds/worker-0-tc1/source'...
[INFO] [stderr] done.
[INFO] validating manifest of git repo https://github.com/Euphrasiologist/nu_plugin_plot on toolchain 1.75.0
[INFO] running `Command { std: CARGO_HOME="/workspace/cargo-home" RUSTUP_HOME="/workspace/rustup-home" "/workspace/cargo-home/bin/cargo" "+1.75.0" "metadata" "--manifest-path" "Cargo.toml" "--no-deps", kill_on_drop: false }`
[INFO] started tweaking git repo https://github.com/Euphrasiologist/nu_plugin_plot
[INFO] finished tweaking git repo https://github.com/Euphrasiologist/nu_plugin_plot
[INFO] tweaked toml for git repo https://github.com/Euphrasiologist/nu_plugin_plot written to /workspace/builds/worker-0-tc1/source/Cargo.toml
[INFO] crate git repo https://github.com/Euphrasiologist/nu_plugin_plot already has a lockfile, it will not be regenerated
[INFO] running `Command { std: CARGO_HOME="/workspace/cargo-home" RUSTUP_HOME="/workspace/rustup-home" "/workspace/cargo-home/bin/cargo" "+1.75.0" "fetch" "--manifest-path" "Cargo.toml", kill_on_drop: false }`
[INFO] [stderr]     Updating crates.io index
[INFO] [stderr]  Downloading crates ...
[INFO] [stderr]   Downloaded inventory v0.3.12
[INFO] [stderr]   Downloaded nu-path v0.87.1
[INFO] [stderr]   Downloaded sys-locale v0.3.1
[INFO] [stderr]   Downloaded nu-utils v0.87.1
[INFO] [stderr]   Downloaded omnipath v0.1.6
[INFO] [stderr]   Downloaded nu-glob v0.87.1
[INFO] [stderr]   Downloaded nu-plugin v0.87.1
[INFO] [stderr]   Downloaded nu-engine v0.87.1
[INFO] [stderr]   Downloaded supports-color v2.0.0
[INFO] [stderr]   Downloaded nu-protocol v0.87.1
[INFO] [stderr]   Downloaded chrono v0.4.28
[INFO] [stderr]   Downloaded pure-rust-locales v0.6.0
[INFO] [stderr]   Downloaded sysinfo v0.29.9
[INFO] [stderr]   Downloaded vte v0.11.1
[INFO] [stderr]   Downloaded byte-unit v4.0.19
[INFO] [stderr]   Downloaded strip-ansi-escapes v0.2.0
[INFO] [stderr]   Downloaded libproc v0.14.2
[INFO] [stderr]   Downloaded procfs v0.15.1
[INFO] [stderr]   Downloaded nu-system v0.87.1
[INFO] running `Command { std: "docker" "create" "-v" "/var/lib/crater-agent-workspace/builds/worker-0-tc1/target:/opt/rustwide/target:rw,Z" "-v" "/var/lib/crater-agent-workspace/builds/worker-0-tc1/source:/opt/rustwide/workdir:ro,Z" "-v" "/var/lib/crater-agent-workspace/cargo-home:/opt/rustwide/cargo-home:ro,Z" "-v" "/var/lib/crater-agent-workspace/rustup-home:/opt/rustwide/rustup-home:ro,Z" "-e" "SOURCE_DIR=/opt/rustwide/workdir" "-e" "CARGO_TARGET_DIR=/opt/rustwide/target" "-e" "CARGO_HOME=/opt/rustwide/cargo-home" "-e" "RUSTUP_HOME=/opt/rustwide/rustup-home" "-w" "/opt/rustwide/workdir" "-m" "1610612736" "--user" "0:0" "--network" "none" "ghcr.io/rust-lang/crates-build-env/linux@sha256:2788e3201cd34a07e3172128adcd8b3090168a8e3bcc40d7c032b9dda1df7d1c" "/opt/rustwide/cargo-home/bin/cargo" "+1.75.0" "metadata" "--no-deps" "--format-version=1", kill_on_drop: false }`
[INFO] [stdout] 7a9690d4019eb9cdb3fb6e3e94589fe255d3431bb2308796e679331276a1619a
[INFO] running `Command { std: "docker" "start" "-a" "7a9690d4019eb9cdb3fb6e3e94589fe255d3431bb2308796e679331276a1619a", kill_on_drop: false }`
[INFO] running `Command { std: "docker" "inspect" "7a9690d4019eb9cdb3fb6e3e94589fe255d3431bb2308796e679331276a1619a", kill_on_drop: false }`
[INFO] running `Command { std: "docker" "rm" "-f" "7a9690d4019eb9cdb3fb6e3e94589fe255d3431bb2308796e679331276a1619a", kill_on_drop: false }`
[INFO] [stdout] 7a9690d4019eb9cdb3fb6e3e94589fe255d3431bb2308796e679331276a1619a
[INFO] running `Command { std: "docker" "create" "-v" "/var/lib/crater-agent-workspace/builds/worker-0-tc1/target:/opt/rustwide/target:rw,Z" "-v" "/var/lib/crater-agent-workspace/builds/worker-0-tc1/source:/opt/rustwide/workdir:ro,Z" "-v" "/var/lib/crater-agent-workspace/cargo-home:/opt/rustwide/cargo-home:ro,Z" "-v" "/var/lib/crater-agent-workspace/rustup-home:/opt/rustwide/rustup-home:ro,Z" "-e" "SOURCE_DIR=/opt/rustwide/workdir" "-e" "CARGO_TARGET_DIR=/opt/rustwide/target" "-e" "CARGO_INCREMENTAL=0" "-e" "RUST_BACKTRACE=full" "-e" "RUSTFLAGS=--cap-lints=warn" "-e" "RUSTDOCFLAGS=--cap-lints=warn" "-e" "CARGO_HOME=/opt/rustwide/cargo-home" "-e" "RUSTUP_HOME=/opt/rustwide/rustup-home" "-w" "/opt/rustwide/workdir" "-m" "1610612736" "--user" "0:0" "--network" "none" "ghcr.io/rust-lang/crates-build-env/linux@sha256:2788e3201cd34a07e3172128adcd8b3090168a8e3bcc40d7c032b9dda1df7d1c" "/opt/rustwide/cargo-home/bin/cargo" "+1.75.0" "build" "--frozen" "--message-format=json", kill_on_drop: false }`
[INFO] [stdout] 75a35fb435c3e0cf08242be5be8f43f7a97b092e92449d1b457e79ffdc712d35
[INFO] running `Command { std: "docker" "start" "-a" "75a35fb435c3e0cf08242be5be8f43f7a97b092e92449d1b457e79ffdc712d35", kill_on_drop: false }`
[INFO] [stderr]    Compiling serde v1.0.188
[INFO] [stderr]    Compiling once_cell v1.18.0
[INFO] [stderr]    Compiling io-lifetimes v1.0.11
[INFO] [stderr]    Compiling num-traits v0.2.16
[INFO] [stderr]    Compiling ahash v0.8.6
[INFO] [stderr]    Compiling rustix v0.36.17
[INFO] [stderr]    Compiling iana-time-zone v0.1.57
[INFO] [stderr]    Compiling pure-rust-locales v0.6.0
[INFO] [stderr]    Compiling syn v2.0.31
[INFO] [stderr]    Compiling zerocopy v0.7.26
[INFO] [stderr]    Compiling vte_generate_state_changes v0.1.1
[INFO] [stderr]    Compiling miniz_oxide v0.7.1
[INFO] [stderr]    Compiling unicase v2.7.0
[INFO] [stderr]    Compiling itoa v1.0.9
[INFO] [stderr]    Compiling regex-syntax v0.7.5
[INFO] [stderr]    Compiling either v1.9.0
[INFO] [stderr]    Compiling procfs v0.15.1
[INFO] [stderr]    Compiling linux-raw-sys v0.1.4
[INFO] [stderr]    Compiling allocator-api2 v0.2.16
[INFO] [stderr]    Compiling rayon v1.7.0
[INFO] [stderr]    Compiling dirs-sys-next v0.1.2
[INFO] [stderr]    Compiling log v0.4.20
[INFO] [stderr]    Compiling serde_json v1.0.105
[INFO] [stderr]    Compiling arrayvec v0.7.4
[INFO] [stderr]    Compiling vte v0.11.1
[INFO] [stderr]    Compiling flate2 v1.0.28
[INFO] [stderr]    Compiling unicode-linebreak v0.1.5
[INFO] [stderr]    Compiling paste v1.0.14
[INFO] [stderr]    Compiling hashbrown v0.14.3
[INFO] [stderr]    Compiling smawk v0.3.1
[INFO] [stderr]    Compiling is_ci v1.1.1
[INFO] [stderr]    Compiling bit-vec v0.6.3
[INFO] [stderr]    Compiling nu-ansi-term v0.49.0
[INFO] [stderr]    Compiling supports-color v2.0.0
[INFO] [stderr]    Compiling textwrap v0.15.2
[INFO] [stderr]    Compiling num-format v0.4.4
[INFO] [stderr]    Compiling bit-set v0.5.3
[INFO] [stderr]    Compiling dirs-next v2.0.0
[INFO] [stderr]    Compiling lscolors v0.15.0
[INFO] [stderr]    Compiling supports-hyperlinks v2.1.0
[INFO] [stderr]    Compiling supports-unicode v2.0.0
[INFO] [stderr]    Compiling terminal_size v0.1.17
[INFO] [stderr]    Compiling nix v0.27.1
[INFO] [stderr]    Compiling inventory v0.3.12
[INFO] [stderr]    Compiling sys-locale v0.3.1
[INFO] [stderr]    Compiling ryu v1.0.15
[INFO] [stderr]    Compiling utf8-width v0.1.6
[INFO] [stderr]    Compiling nu-glob v0.87.1
[INFO] [stderr]    Compiling strip-ansi-escapes v0.2.0
[INFO] [stderr]    Compiling indexmap v2.1.0
[INFO] [stderr]    Compiling lru v0.12.1
[INFO] [stderr]    Compiling term_size v0.3.2
[INFO] [stderr]    Compiling nu-utils v0.87.1
[INFO] [stderr]    Compiling rmp v0.8.12
[INFO] [stderr]    Compiling regex-automata v0.3.8
[INFO] [stderr]    Compiling sysinfo v0.29.9
[INFO] [stderr]    Compiling serde_derive v1.0.188
[INFO] [stderr]    Compiling thiserror-impl v1.0.48
[INFO] [stderr]    Compiling miette-derive v5.10.0
[INFO] [stderr]    Compiling typetag-impl v0.2.13
[INFO] [stderr]    Compiling regex v1.9.5
[INFO] [stderr]    Compiling fancy-regex v0.11.0
[INFO] [stderr]    Compiling thiserror v1.0.48
[INFO] [stderr]    Compiling pwd v1.4.0
[INFO] [stderr]    Compiling miette v5.10.0
[INFO] [stderr]    Compiling nu-path v0.87.1
[INFO] [stderr]    Compiling chrono v0.4.28
[INFO] [stderr]    Compiling erased-serde v0.3.31
[INFO] [stderr]    Compiling byte-unit v4.0.19
[INFO] [stderr]    Compiling rmp-serde v1.1.2
[INFO] [stderr]    Compiling bincode v1.3.3
[INFO] [stderr]    Compiling typetag v0.2.13
[INFO] [stderr]    Compiling chrono-humanize v0.2.3
[INFO] [stderr]    Compiling nu-system v0.87.1
[INFO] [stderr]    Compiling nu-protocol v0.87.1
[INFO] [stderr]    Compiling nu-engine v0.87.1
[INFO] [stderr]    Compiling nu-plugin v0.87.1
[INFO] [stderr]    Compiling nu_plugin_plot v0.76.0 (/opt/rustwide/workdir)
[INFO] [stderr]     Finished dev [unoptimized + debuginfo] target(s) in 28.31s
[INFO] running `Command { std: "docker" "inspect" "75a35fb435c3e0cf08242be5be8f43f7a97b092e92449d1b457e79ffdc712d35", kill_on_drop: false }`
[INFO] running `Command { std: "docker" "rm" "-f" "75a35fb435c3e0cf08242be5be8f43f7a97b092e92449d1b457e79ffdc712d35", kill_on_drop: false }`
[INFO] [stdout] 75a35fb435c3e0cf08242be5be8f43f7a97b092e92449d1b457e79ffdc712d35
[INFO] running `Command { std: "docker" "create" "-v" "/var/lib/crater-agent-workspace/builds/worker-0-tc1/target:/opt/rustwide/target:rw,Z" "-v" "/var/lib/crater-agent-workspace/builds/worker-0-tc1/source:/opt/rustwide/workdir:ro,Z" "-v" "/var/lib/crater-agent-workspace/cargo-home:/opt/rustwide/cargo-home:ro,Z" "-v" "/var/lib/crater-agent-workspace/rustup-home:/opt/rustwide/rustup-home:ro,Z" "-e" "SOURCE_DIR=/opt/rustwide/workdir" "-e" "CARGO_TARGET_DIR=/opt/rustwide/target" "-e" "CARGO_INCREMENTAL=0" "-e" "RUST_BACKTRACE=full" "-e" "RUSTFLAGS=--cap-lints=warn" "-e" "RUSTDOCFLAGS=--cap-lints=warn" "-e" "CARGO_HOME=/opt/rustwide/cargo-home" "-e" "RUSTUP_HOME=/opt/rustwide/rustup-home" "-w" "/opt/rustwide/workdir" "-m" "1610612736" "--user" "0:0" "--network" "none" "ghcr.io/rust-lang/crates-build-env/linux@sha256:2788e3201cd34a07e3172128adcd8b3090168a8e3bcc40d7c032b9dda1df7d1c" "/opt/rustwide/cargo-home/bin/cargo" "+1.75.0" "test" "--frozen" "--no-run" "--message-format=json", kill_on_drop: false }`
[INFO] [stdout] 0c542ecfbfa6529996d50d68c332ccb2cd0b8aabe4331ec819b77fe432ae2835
[INFO] running `Command { std: "docker" "start" "-a" "0c542ecfbfa6529996d50d68c332ccb2cd0b8aabe4331ec819b77fe432ae2835", kill_on_drop: false }`
[INFO] [stderr]    Compiling nu_plugin_plot v0.76.0 (/opt/rustwide/workdir)
[INFO] [stderr]     Finished test [unoptimized + debuginfo] target(s) in 0.58s
[INFO] running `Command { std: "docker" "inspect" "0c542ecfbfa6529996d50d68c332ccb2cd0b8aabe4331ec819b77fe432ae2835", kill_on_drop: false }`
[INFO] running `Command { std: "docker" "rm" "-f" "0c542ecfbfa6529996d50d68c332ccb2cd0b8aabe4331ec819b77fe432ae2835", kill_on_drop: false }`
[INFO] [stdout] 0c542ecfbfa6529996d50d68c332ccb2cd0b8aabe4331ec819b77fe432ae2835
[INFO] running `Command { std: "docker" "create" "-v" "/var/lib/crater-agent-workspace/builds/worker-0-tc1/target:/opt/rustwide/target:rw,Z" "-v" "/var/lib/crater-agent-workspace/builds/worker-0-tc1/source:/opt/rustwide/workdir:ro,Z" "-v" "/var/lib/crater-agent-workspace/cargo-home:/opt/rustwide/cargo-home:ro,Z" "-v" "/var/lib/crater-agent-workspace/rustup-home:/opt/rustwide/rustup-home:ro,Z" "-e" "SOURCE_DIR=/opt/rustwide/workdir" "-e" "CARGO_TARGET_DIR=/opt/rustwide/target" "-e" "CARGO_INCREMENTAL=0" "-e" "RUST_BACKTRACE=full" "-e" "RUSTFLAGS=--cap-lints=warn" "-e" "RUSTDOCFLAGS=--cap-lints=warn" "-e" "CARGO_HOME=/opt/rustwide/cargo-home" "-e" "RUSTUP_HOME=/opt/rustwide/rustup-home" "-w" "/opt/rustwide/workdir" "-m" "1610612736" "--user" "0:0" "--network" "none" "ghcr.io/rust-lang/crates-build-env/linux@sha256:2788e3201cd34a07e3172128adcd8b3090168a8e3bcc40d7c032b9dda1df7d1c" "/opt/rustwide/cargo-home/bin/cargo" "+1.75.0" "test" "--frozen", kill_on_drop: false }`
[INFO] [stdout] 97fccc72ceced0b3d57cb7b42ea10e0f741a8143ef79d7b7513d3fbc22e37571
[INFO] running `Command { std: "docker" "start" "-a" "97fccc72ceced0b3d57cb7b42ea10e0f741a8143ef79d7b7513d3fbc22e37571", kill_on_drop: false }`
[INFO] [stderr]     Finished test [unoptimized + debuginfo] target(s) in 0.12s
[INFO] [stderr]      Running unittests src/lib.rs (/opt/rustwide/target/debug/deps/nu_plugin_plot-1a83ca4b5eb2b508)
[INFO] [stdout] 
[INFO] [stdout] running 0 tests
[INFO] [stdout] 
[INFO] [stdout] test result: ok. 0 passed; 0 failed; 0 ignored; 0 measured; 0 filtered out; finished in 0.00s
[INFO] [stdout] 
[INFO] [stderr]      Running unittests src/main.rs (/opt/rustwide/target/debug/deps/nu_plugin_plot-599fcaa6db22ff8a)
[INFO] [stdout] 
[INFO] [stdout] running 0 tests
[INFO] [stdout] 
[INFO] [stdout] test result: ok. 0 passed; 0 failed; 0 ignored; 0 measured; 0 filtered out; finished in 0.00s
[INFO] [stdout] 
[INFO] [stderr]    Doc-tests nu_plugin_plot
[INFO] [stdout] 
[INFO] [stdout] running 6 tests
[INFO] [stdout] test src/color_plot/drawille.rs - color_plot::drawille (line 12) ... FAILED
[INFO] [stdout] test src/color_plot/textplots/mod.rs - color_plot::textplots (line 38) ... FAILED
[INFO] [stdout] test src/color_plot/textplots/utils.rs - color_plot::textplots::utils::histogram (line 9) ... FAILED
[INFO] [stdout] test src/color_plot/textplots/scale.rs - color_plot::textplots::scale::Scale::linear (line 13) ... FAILED
[INFO] [stdout] test src/color_plot/textplots/scale.rs - color_plot::textplots::scale::Scale::inv_linear (line 24) ... FAILED
[INFO] [stdout] test src/color_plot/textplots/mod.rs - color_plot::textplots (line 21) ... FAILED
[INFO] [stdout] 
[INFO] [stdout] failures:
[INFO] [stdout] 
[INFO] [stdout] ---- src/color_plot/drawille.rs - color_plot::drawille (line 12) stdout ----
[INFO] [stdout] error[E0463]: can't find crate for `drawille`
[INFO] [stdout]  --> src/color_plot/drawille.rs:13:1
[INFO] [stdout]   |
[INFO] [stdout] 2 | extern crate drawille;
[INFO] [stdout]   | ^^^^^^^^^^^^^^^^^^^^^^ can't find crate
[INFO] [stdout] 
[INFO] [stdout] error: aborting due to previous error
[INFO] [stdout] 
[INFO] [stdout] For more information about this error, try `rustc --explain E0463`.
[INFO] [stdout] Couldn't compile the test.
[INFO] [stdout] ---- src/color_plot/textplots/mod.rs - color_plot::textplots (line 38) stdout ----
[INFO] [stdout] error[E0432]: unresolved import `textplots`
[INFO] [stdout]  --> src/color_plot/textplots/mod.rs:39:5
[INFO] [stdout]   |
[INFO] [stdout] 3 | use textplots::{Chart, Plot, Shape};
[INFO] [stdout]   |     ^^^^^^^^^ use of undeclared crate or module `textplots`
[INFO] [stdout] 
[INFO] [stdout] error: aborting due to previous error
[INFO] [stdout] 
[INFO] [stdout] For more information about this error, try `rustc --explain E0432`.
[INFO] [stdout] Couldn't compile the test.
[INFO] [stdout] ---- src/color_plot/textplots/utils.rs - color_plot::textplots::utils::histogram (line 9) stdout ----
[INFO] [stdout] error[E0433]: failed to resolve: use of undeclared crate or module `textplots`
[INFO] [stdout]  --> src/color_plot/textplots/utils.rs:10:5
[INFO] [stdout]   |
[INFO] [stdout] 3 | use textplots::utils::histogram;
[INFO] [stdout]   |     ^^^^^^^^^ use of undeclared crate or module `textplots`
[INFO] [stdout] 
[INFO] [stdout] error: aborting due to previous error
[INFO] [stdout] 
[INFO] [stdout] For more information about this error, try `rustc --explain E0433`.
[INFO] [stdout] Couldn't compile the test.
[INFO] [stdout] ---- src/color_plot/textplots/scale.rs - color_plot::textplots::scale::Scale::linear (line 13) stdout ----
[INFO] [stdout] error[E0433]: failed to resolve: use of undeclared crate or module `textplots`
[INFO] [stdout]  --> src/color_plot/textplots/scale.rs:14:5
[INFO] [stdout]   |
[INFO] [stdout] 3 | use textplots::scale::Scale;
[INFO] [stdout]   |     ^^^^^^^^^ use of undeclared crate or module `textplots`
[INFO] [stdout] 
[INFO] [stdout] error: aborting due to previous error
[INFO] [stdout] 
[INFO] [stdout] For more information about this error, try `rustc --explain E0433`.
[INFO] [stdout] Couldn't compile the test.
[INFO] [stdout] ---- src/color_plot/textplots/scale.rs - color_plot::textplots::scale::Scale::inv_linear (line 24) stdout ----
[INFO] [stdout] error[E0433]: failed to resolve: use of undeclared crate or module `textplots`
[INFO] [stdout]  --> src/color_plot/textplots/scale.rs:25:5
[INFO] [stdout]   |
[INFO] [stdout] 3 | use textplots::scale::Scale;
[INFO] [stdout]   |     ^^^^^^^^^ use of undeclared crate or module `textplots`
[INFO] [stdout] 
[INFO] [stdout] error: aborting due to previous error
[INFO] [stdout] 
[INFO] [stdout] For more information about this error, try `rustc --explain E0433`.
[INFO] [stdout] Couldn't compile the test.
[INFO] [stdout] ---- src/color_plot/textplots/mod.rs - color_plot::textplots (line 21) stdout ----
[INFO] [stdout] error[E0432]: unresolved import `textplots`
[INFO] [stdout]  --> src/color_plot/textplots/mod.rs:22:5
[INFO] [stdout]   |
[INFO] [stdout] 3 | use textplots::{Chart, Plot, Shape};
[INFO] [stdout]   |     ^^^^^^^^^ use of undeclared crate or module `textplots`
[INFO] [stdout] 
[INFO] [stdout] error: aborting due to previous error
[INFO] [stdout] 
[INFO] [stdout] For more information about this error, try `rustc --explain E0432`.
[INFO] [stdout] Couldn't compile the test.
[INFO] [stdout] 
[INFO] [stdout] failures:
[INFO] [stdout]     src/color_plot/drawille.rs - color_plot::drawille (line 12)
[INFO] [stdout]     src/color_plot/textplots/mod.rs - color_plot::textplots (line 21)
[INFO] [stdout]     src/color_plot/textplots/mod.rs - color_plot::textplots (line 38)
[INFO] [stdout]     src/color_plot/textplots/scale.rs - color_plot::textplots::scale::Scale::inv_linear (line 24)
[INFO] [stdout]     src/color_plot/textplots/scale.rs - color_plot::textplots::scale::Scale::linear (line 13)
[INFO] [stdout]     src/color_plot/textplots/utils.rs - color_plot::textplots::utils::histogram (line 9)
[INFO] [stdout] 
[INFO] [stdout] test result: FAILED. 0 passed; 6 failed; 0 ignored; 0 measured; 0 filtered out; finished in 0.11s
[INFO] [stdout] 
[INFO] [stderr] error: doctest failed, to rerun pass `--doc`
[INFO] running `Command { std: "docker" "inspect" "97fccc72ceced0b3d57cb7b42ea10e0f741a8143ef79d7b7513d3fbc22e37571", kill_on_drop: false }`
[INFO] running `Command { std: "docker" "rm" "-f" "97fccc72ceced0b3d57cb7b42ea10e0f741a8143ef79d7b7513d3fbc22e37571", kill_on_drop: false }`
[INFO] [stdout] 97fccc72ceced0b3d57cb7b42ea10e0f741a8143ef79d7b7513d3fbc22e37571
[INFO] testing Euphrasiologist/nu_plugin_plot against beta-2023-12-22 for beta-1.76-1
[INFO] running `Command { std: "git" "clone" "/workspace/cache/git-repos/https%3A%2F%2Fgithub.com%2FEuphrasiologist%2Fnu_plugin_plot" "/workspace/builds/worker-0-tc2/source", kill_on_drop: false }`
[INFO] [stderr] Cloning into '/workspace/builds/worker-0-tc2/source'...
[INFO] [stderr] done.
[INFO] validating manifest of git repo https://github.com/Euphrasiologist/nu_plugin_plot on toolchain beta-2023-12-22
[INFO] running `Command { std: CARGO_HOME="/workspace/cargo-home" RUSTUP_HOME="/workspace/rustup-home" "/workspace/cargo-home/bin/cargo" "+beta-2023-12-22" "metadata" "--manifest-path" "Cargo.toml" "--no-deps", kill_on_drop: false }`
[INFO] started tweaking git repo https://github.com/Euphrasiologist/nu_plugin_plot
[INFO] finished tweaking git repo https://github.com/Euphrasiologist/nu_plugin_plot
[INFO] tweaked toml for git repo https://github.com/Euphrasiologist/nu_plugin_plot written to /workspace/builds/worker-0-tc2/source/Cargo.toml
[INFO] crate git repo https://github.com/Euphrasiologist/nu_plugin_plot already has a lockfile, it will not be regenerated
[INFO] running `Command { std: CARGO_HOME="/workspace/cargo-home" RUSTUP_HOME="/workspace/rustup-home" "/workspace/cargo-home/bin/cargo" "+beta-2023-12-22" "fetch" "--manifest-path" "Cargo.toml", kill_on_drop: false }`
[INFO] running `Command { std: "docker" "create" "-v" "/var/lib/crater-agent-workspace/builds/worker-0-tc2/target:/opt/rustwide/target:rw,Z" "-v" "/var/lib/crater-agent-workspace/builds/worker-0-tc2/source:/opt/rustwide/workdir:ro,Z" "-v" "/var/lib/crater-agent-workspace/cargo-home:/opt/rustwide/cargo-home:ro,Z" "-v" "/var/lib/crater-agent-workspace/rustup-home:/opt/rustwide/rustup-home:ro,Z" "-e" "SOURCE_DIR=/opt/rustwide/workdir" "-e" "CARGO_TARGET_DIR=/opt/rustwide/target" "-e" "CARGO_HOME=/opt/rustwide/cargo-home" "-e" "RUSTUP_HOME=/opt/rustwide/rustup-home" "-w" "/opt/rustwide/workdir" "-m" "1610612736" "--user" "0:0" "--network" "none" "ghcr.io/rust-lang/crates-build-env/linux@sha256:2788e3201cd34a07e3172128adcd8b3090168a8e3bcc40d7c032b9dda1df7d1c" "/opt/rustwide/cargo-home/bin/cargo" "+beta-2023-12-22" "metadata" "--no-deps" "--format-version=1", kill_on_drop: false }`
[INFO] [stdout] eeac575f6e33e3f19a85a9c603de9762eabf3ce24a6bbef66b8ca04a53c4982e
[INFO] running `Command { std: "docker" "start" "-a" "eeac575f6e33e3f19a85a9c603de9762eabf3ce24a6bbef66b8ca04a53c4982e", kill_on_drop: false }`
[INFO] running `Command { std: "docker" "inspect" "eeac575f6e33e3f19a85a9c603de9762eabf3ce24a6bbef66b8ca04a53c4982e", kill_on_drop: false }`
[INFO] running `Command { std: "docker" "rm" "-f" "eeac575f6e33e3f19a85a9c603de9762eabf3ce24a6bbef66b8ca04a53c4982e", kill_on_drop: false }`
[INFO] [stdout] eeac575f6e33e3f19a85a9c603de9762eabf3ce24a6bbef66b8ca04a53c4982e
[INFO] running `Command { std: "docker" "create" "-v" "/var/lib/crater-agent-workspace/builds/worker-0-tc2/target:/opt/rustwide/target:rw,Z" "-v" "/var/lib/crater-agent-workspace/builds/worker-0-tc2/source:/opt/rustwide/workdir:ro,Z" "-v" "/var/lib/crater-agent-workspace/cargo-home:/opt/rustwide/cargo-home:ro,Z" "-v" "/var/lib/crater-agent-workspace/rustup-home:/opt/rustwide/rustup-home:ro,Z" "-e" "SOURCE_DIR=/opt/rustwide/workdir" "-e" "CARGO_TARGET_DIR=/opt/rustwide/target" "-e" "CARGO_INCREMENTAL=0" "-e" "RUST_BACKTRACE=full" "-e" "RUSTFLAGS=--cap-lints=warn" "-e" "RUSTDOCFLAGS=--cap-lints=warn" "-e" "CARGO_HOME=/opt/rustwide/cargo-home" "-e" "RUSTUP_HOME=/opt/rustwide/rustup-home" "-w" "/opt/rustwide/workdir" "-m" "1610612736" "--user" "0:0" "--network" "none" "ghcr.io/rust-lang/crates-build-env/linux@sha256:2788e3201cd34a07e3172128adcd8b3090168a8e3bcc40d7c032b9dda1df7d1c" "/opt/rustwide/cargo-home/bin/cargo" "+beta-2023-12-22" "build" "--frozen" "--message-format=json", kill_on_drop: false }`
[INFO] [stdout] ea6c50ad0754088759ad9fcd429382826fffaaebfee1071e91ac08ee688d8288
[INFO] running `Command { std: "docker" "start" "-a" "ea6c50ad0754088759ad9fcd429382826fffaaebfee1071e91ac08ee688d8288", kill_on_drop: false }`
[INFO] [stderr]    Compiling serde v1.0.188
[INFO] [stderr]    Compiling once_cell v1.18.0
[INFO] [stderr]    Compiling io-lifetimes v1.0.11
[INFO] [stderr]    Compiling num-traits v0.2.16
[INFO] [stderr]    Compiling ahash v0.8.6
[INFO] [stderr]    Compiling zerocopy v0.7.26
[INFO] [stderr]    Compiling iana-time-zone v0.1.57
[INFO] [stderr]    Compiling pure-rust-locales v0.6.0
[INFO] [stderr]    Compiling syn v2.0.31
[INFO] [stderr]    Compiling rustix v0.36.17
[INFO] [stderr]    Compiling vte_generate_state_changes v0.1.1
[INFO] [stderr]    Compiling miniz_oxide v0.7.1
[INFO] [stderr]    Compiling unicase v2.7.0
[INFO] [stderr]    Compiling itoa v1.0.9
[INFO] [stderr]    Compiling linux-raw-sys v0.1.4
[INFO] [stderr]    Compiling procfs v0.15.1
[INFO] [stderr]    Compiling allocator-api2 v0.2.16
[INFO] [stderr]    Compiling either v1.9.0
[INFO] [stderr]    Compiling regex-syntax v0.7.5
[INFO] [stderr]    Compiling dirs-sys-next v0.1.2
[INFO] [stderr]    Compiling rayon v1.7.0
[INFO] [stderr]    Compiling log v0.4.20
[INFO] [stderr]    Compiling is_ci v1.1.1
[INFO] [stderr]    Compiling vte v0.11.1
[INFO] [stderr]    Compiling unicode-linebreak v0.1.5
[INFO] [stderr]    Compiling arrayvec v0.7.4
[INFO] [stderr]    Compiling flate2 v1.0.28
[INFO] [stderr]    Compiling bit-vec v0.6.3
[INFO] [stderr]    Compiling hashbrown v0.14.3
[INFO] [stderr]    Compiling smawk v0.3.1
[INFO] [stderr]    Compiling nu-ansi-term v0.49.0
[INFO] [stderr]    Compiling paste v1.0.14
[INFO] [stderr]    Compiling serde_json v1.0.105
[INFO] [stderr]    Compiling textwrap v0.15.2
[INFO] [stderr]    Compiling bit-set v0.5.3
[INFO] [stderr]    Compiling num-format v0.4.4
[INFO] [stderr]    Compiling lscolors v0.15.0
[INFO] [stderr]    Compiling supports-color v2.0.0
[INFO] [stderr]    Compiling dirs-next v2.0.0
[INFO] [stderr]    Compiling supports-hyperlinks v2.1.0
[INFO] [stderr]    Compiling supports-unicode v2.0.0
[INFO] [stderr]    Compiling nix v0.27.1
[INFO] [stderr]    Compiling terminal_size v0.1.17
[INFO] [stderr]    Compiling ryu v1.0.15
[INFO] [stderr]    Compiling inventory v0.3.12
[INFO] [stderr]    Compiling utf8-width v0.1.6
[INFO] [stderr]    Compiling sys-locale v0.3.1
[INFO] [stderr]    Compiling indexmap v2.1.0
[INFO] [stderr]    Compiling lru v0.12.1
[INFO] [stderr]    Compiling strip-ansi-escapes v0.2.0
[INFO] [stderr]    Compiling nu-glob v0.87.1
[INFO] [stderr]    Compiling term_size v0.3.2
[INFO] [stderr]    Compiling nu-utils v0.87.1
[INFO] [stderr]    Compiling rmp v0.8.12
[INFO] [stderr]    Compiling regex-automata v0.3.8
[INFO] [stderr]    Compiling sysinfo v0.29.9
[INFO] [stderr]    Compiling serde_derive v1.0.188
[INFO] [stderr]    Compiling thiserror-impl v1.0.48
[INFO] [stderr]    Compiling typetag-impl v0.2.13
[INFO] [stderr]    Compiling miette-derive v5.10.0
[INFO] [stderr]    Compiling thiserror v1.0.48
[INFO] [stderr]    Compiling pwd v1.4.0
[INFO] [stderr]    Compiling nu-path v0.87.1
[INFO] [stderr]    Compiling miette v5.10.0
[INFO] [stderr]    Compiling regex v1.9.5
[INFO] [stderr]    Compiling fancy-regex v0.11.0
[INFO] [stderr]    Compiling chrono v0.4.28
[INFO] [stderr]    Compiling erased-serde v0.3.31
[INFO] [stderr]    Compiling byte-unit v4.0.19
[INFO] [stderr]    Compiling rmp-serde v1.1.2
[INFO] [stderr]    Compiling bincode v1.3.3
[INFO] [stderr]    Compiling typetag v0.2.13
[INFO] [stderr]    Compiling chrono-humanize v0.2.3
[INFO] [stderr]    Compiling nu-system v0.87.1
[INFO] [stderr]    Compiling nu-protocol v0.87.1
[INFO] [stderr]    Compiling nu-engine v0.87.1
[INFO] [stderr]    Compiling nu-plugin v0.87.1
[INFO] [stderr]    Compiling nu_plugin_plot v0.76.0 (/opt/rustwide/workdir)
[INFO] [stderr]     Finished dev [unoptimized + debuginfo] target(s) in 33.30s
[INFO] running `Command { std: "docker" "inspect" "ea6c50ad0754088759ad9fcd429382826fffaaebfee1071e91ac08ee688d8288", kill_on_drop: false }`
[INFO] running `Command { std: "docker" "rm" "-f" "ea6c50ad0754088759ad9fcd429382826fffaaebfee1071e91ac08ee688d8288", kill_on_drop: false }`
[INFO] [stdout] ea6c50ad0754088759ad9fcd429382826fffaaebfee1071e91ac08ee688d8288
[INFO] running `Command { std: "docker" "create" "-v" "/var/lib/crater-agent-workspace/builds/worker-0-tc2/target:/opt/rustwide/target:rw,Z" "-v" "/var/lib/crater-agent-workspace/builds/worker-0-tc2/source:/opt/rustwide/workdir:ro,Z" "-v" "/var/lib/crater-agent-workspace/cargo-home:/opt/rustwide/cargo-home:ro,Z" "-v" "/var/lib/crater-agent-workspace/rustup-home:/opt/rustwide/rustup-home:ro,Z" "-e" "SOURCE_DIR=/opt/rustwide/workdir" "-e" "CARGO_TARGET_DIR=/opt/rustwide/target" "-e" "CARGO_INCREMENTAL=0" "-e" "RUST_BACKTRACE=full" "-e" "RUSTFLAGS=--cap-lints=warn" "-e" "RUSTDOCFLAGS=--cap-lints=warn" "-e" "CARGO_HOME=/opt/rustwide/cargo-home" "-e" "RUSTUP_HOME=/opt/rustwide/rustup-home" "-w" "/opt/rustwide/workdir" "-m" "1610612736" "--user" "0:0" "--network" "none" "ghcr.io/rust-lang/crates-build-env/linux@sha256:2788e3201cd34a07e3172128adcd8b3090168a8e3bcc40d7c032b9dda1df7d1c" "/opt/rustwide/cargo-home/bin/cargo" "+beta-2023-12-22" "test" "--frozen" "--no-run" "--message-format=json", kill_on_drop: false }`
[INFO] [stdout] 4187334be7c3f337133e325ac7460861a8b4c5fb4470362c710c3697b335f1cc
[INFO] running `Command { std: "docker" "start" "-a" "4187334be7c3f337133e325ac7460861a8b4c5fb4470362c710c3697b335f1cc", kill_on_drop: false }`
[INFO] [stderr]    Compiling nu_plugin_plot v0.76.0 (/opt/rustwide/workdir)
[INFO] [stderr]     Finished test [unoptimized + debuginfo] target(s) in 0.60s
[INFO] running `Command { std: "docker" "inspect" "4187334be7c3f337133e325ac7460861a8b4c5fb4470362c710c3697b335f1cc", kill_on_drop: false }`
[INFO] running `Command { std: "docker" "rm" "-f" "4187334be7c3f337133e325ac7460861a8b4c5fb4470362c710c3697b335f1cc", kill_on_drop: false }`
[INFO] [stdout] 4187334be7c3f337133e325ac7460861a8b4c5fb4470362c710c3697b335f1cc
[INFO] running `Command { std: "docker" "create" "-v" "/var/lib/crater-agent-workspace/builds/worker-0-tc2/target:/opt/rustwide/target:rw,Z" "-v" "/var/lib/crater-agent-workspace/builds/worker-0-tc2/source:/opt/rustwide/workdir:ro,Z" "-v" "/var/lib/crater-agent-workspace/cargo-home:/opt/rustwide/cargo-home:ro,Z" "-v" "/var/lib/crater-agent-workspace/rustup-home:/opt/rustwide/rustup-home:ro,Z" "-e" "SOURCE_DIR=/opt/rustwide/workdir" "-e" "CARGO_TARGET_DIR=/opt/rustwide/target" "-e" "CARGO_INCREMENTAL=0" "-e" "RUST_BACKTRACE=full" "-e" "RUSTFLAGS=--cap-lints=warn" "-e" "RUSTDOCFLAGS=--cap-lints=warn" "-e" "CARGO_HOME=/opt/rustwide/cargo-home" "-e" "RUSTUP_HOME=/opt/rustwide/rustup-home" "-w" "/opt/rustwide/workdir" "-m" "1610612736" "--user" "0:0" "--network" "none" "ghcr.io/rust-lang/crates-build-env/linux@sha256:2788e3201cd34a07e3172128adcd8b3090168a8e3bcc40d7c032b9dda1df7d1c" "/opt/rustwide/cargo-home/bin/cargo" "+beta-2023-12-22" "test" "--frozen", kill_on_drop: false }`
[INFO] [stdout] f3d4139a4ef9c41560fe915b8f499c3faa22b92d8e7b8c142f7b60296d9871c1
[INFO] running `Command { std: "docker" "start" "-a" "f3d4139a4ef9c41560fe915b8f499c3faa22b92d8e7b8c142f7b60296d9871c1", kill_on_drop: false }`
[INFO] [stderr]     Finished test [unoptimized + debuginfo] target(s) in 0.07s
[INFO] [stderr]      Running unittests src/lib.rs (/opt/rustwide/target/debug/deps/nu_plugin_plot-6f1c1c6d2eb68c0b)
[INFO] [stdout] 
[INFO] [stdout] running 0 tests
[INFO] [stdout] 
[INFO] [stdout] test result: ok. 0 passed; 0 failed; 0 ignored; 0 measured; 0 filtered out; finished in 0.00s
[INFO] [stdout] 
[INFO] [stderr]      Running unittests src/main.rs (/opt/rustwide/target/debug/deps/nu_plugin_plot-8b30a8218bb666b4)
[INFO] [stdout] 
[INFO] [stdout] running 0 tests
[INFO] [stdout] 
[INFO] [stdout] test result: ok. 0 passed; 0 failed; 0 ignored; 0 measured; 0 filtered out; finished in 0.00s
[INFO] [stdout] 
[INFO] [stderr]    Doc-tests nu_plugin_plot
[INFO] [stdout] 
[INFO] [stdout] running 6 tests
[INFO] [stdout] test src/color_plot/drawille.rs - color_plot::drawille (line 12) ... FAILED
[INFO] [stdout] test src/color_plot/textplots/scale.rs - color_plot::textplots::scale::Scale::inv_linear (line 24) ... FAILED
[INFO] [stdout] test src/color_plot/textplots/scale.rs - color_plot::textplots::scale::Scale::linear (line 13) ... FAILED
[INFO] [stdout] test src/color_plot/textplots/utils.rs - color_plot::textplots::utils::histogram (line 9) ... FAILED
[INFO] [stdout] test src/color_plot/textplots/mod.rs - color_plot::textplots (line 21) ... FAILED
[INFO] [stdout] test src/color_plot/textplots/mod.rs - color_plot::textplots (line 38) ... FAILED
[INFO] [stdout] 
[INFO] [stdout] failures:
[INFO] [stdout] 
[INFO] [stdout] ---- src/color_plot/drawille.rs - color_plot::drawille (line 12) stdout ----
[INFO] [stdout] error[E0463]: can't find crate for `drawille`
[INFO] [stdout]  --> src/color_plot/drawille.rs:13:1
[INFO] [stdout]   |
[INFO] [stdout] 2 | extern crate drawille;
[INFO] [stdout]   | ^^^^^^^^^^^^^^^^^^^^^^ can't find crate
[INFO] [stdout] 
[INFO] [stdout] error: aborting due to 1 previous error
[INFO] [stdout] 
[INFO] [stdout] For more information about this error, try `rustc --explain E0463`.
[INFO] [stdout] Couldn't compile the test.
[INFO] [stdout] ---- src/color_plot/textplots/scale.rs - color_plot::textplots::scale::Scale::inv_linear (line 24) stdout ----
[INFO] [stdout] error[E0433]: failed to resolve: use of undeclared crate or module `textplots`
[INFO] [stdout]  --> src/color_plot/textplots/scale.rs:25:5
[INFO] [stdout]   |
[INFO] [stdout] 3 | use textplots::scale::Scale;
[INFO] [stdout]   |     ^^^^^^^^^ use of undeclared crate or module `textplots`
[INFO] [stdout] 
[INFO] [stdout] error: aborting due to 1 previous error
[INFO] [stdout] 
[INFO] [stdout] For more information about this error, try `rustc --explain E0433`.
[INFO] [stdout] Couldn't compile the test.
[INFO] [stdout] ---- src/color_plot/textplots/scale.rs - color_plot::textplots::scale::Scale::linear (line 13) stdout ----
[INFO] [stdout] error[E0433]: failed to resolve: use of undeclared crate or module `textplots`
[INFO] [stdout]  --> src/color_plot/textplots/scale.rs:14:5
[INFO] [stdout]   |
[INFO] [stdout] 3 | use textplots::scale::Scale;
[INFO] [stdout]   |     ^^^^^^^^^ use of undeclared crate or module `textplots`
[INFO] [stdout] 
[INFO] [stdout] error: aborting due to 1 previous error
[INFO] [stdout] 
[INFO] [stdout] For more information about this error, try `rustc --explain E0433`.
[INFO] [stdout] Couldn't compile the test.
[INFO] [stdout] ---- src/color_plot/textplots/utils.rs - color_plot::textplots::utils::histogram (line 9) stdout ----
[INFO] [stdout] error[E0433]: failed to resolve: use of undeclared crate or module `textplots`
[INFO] [stdout]  --> src/color_plot/textplots/utils.rs:10:5
[INFO] [stdout]   |
[INFO] [stdout] 3 | use textplots::utils::histogram;
[INFO] [stdout]   |     ^^^^^^^^^ use of undeclared crate or module `textplots`
[INFO] [stdout] 
[INFO] [stdout] error: aborting due to 1 previous error
[INFO] [stdout] 
[INFO] [stdout] For more information about this error, try `rustc --explain E0433`.
[INFO] [stdout] Couldn't compile the test.
[INFO] [stdout] ---- src/color_plot/textplots/mod.rs - color_plot::textplots (line 21) stdout ----
[INFO] [stdout] error[E0432]: unresolved import `textplots`
[INFO] [stdout]  --> src/color_plot/textplots/mod.rs:22:5
[INFO] [stdout]   |
[INFO] [stdout] 3 | use textplots::{Chart, Plot, Shape};
[INFO] [stdout]   |     ^^^^^^^^^ use of undeclared crate or module `textplots`
[INFO] [stdout] 
[INFO] [stdout] error: aborting due to 1 previous error
[INFO] [stdout] 
[INFO] [stdout] For more information about this error, try `rustc --explain E0432`.
[INFO] [stdout] Couldn't compile the test.
[INFO] [stdout] ---- src/color_plot/textplots/mod.rs - color_plot::textplots (line 38) stdout ----
[INFO] [stdout] error[E0432]: unresolved import `textplots`
[INFO] [stdout]  --> src/color_plot/textplots/mod.rs:39:5
[INFO] [stdout]   |
[INFO] [stdout] 3 | use textplots::{Chart, Plot, Shape};
[INFO] [stdout]   |     ^^^^^^^^^ use of undeclared crate or module `textplots`
[INFO] [stdout] 
[INFO] [stdout] error: aborting due to 1 previous error
[INFO] [stdout] 
[INFO] [stdout] For more information about this error, try `rustc --explain E0432`.
[INFO] [stdout] Couldn't compile the test.
[INFO] [stdout] 
[INFO] [stdout] failures:
[INFO] [stdout]     src/color_plot/drawille.rs - color_plot::drawille (line 12)
[INFO] [stdout]     src/color_plot/textplots/mod.rs - color_plot::textplots (line 21)
[INFO] [stdout]     src/color_plot/textplots/mod.rs - color_plot::textplots (line 38)
[INFO] [stdout]     src/color_plot/textplots/scale.rs - color_plot::textplots::scale::Scale::inv_linear (line 24)
[INFO] [stdout]     src/color_plot/textplots/scale.rs - color_plot::textplots::scale::Scale::linear (line 13)
[INFO] [stdout]     src/color_plot/textplots/utils.rs - color_plot::textplots::utils::histogram (line 9)
[INFO] [stdout] 
[INFO] [stdout] test result: FAILED. 0 passed; 6 failed; 0 ignored; 0 measured; 0 filtered out; finished in 0.06s
[INFO] [stdout] 
[INFO] [stderr] error: doctest failed, to rerun pass `--doc`
[INFO] running `Command { std: "docker" "inspect" "f3d4139a4ef9c41560fe915b8f499c3faa22b92d8e7b8c142f7b60296d9871c1", kill_on_drop: false }`
[INFO] running `Command { std: "docker" "rm" "-f" "f3d4139a4ef9c41560fe915b8f499c3faa22b92d8e7b8c142f7b60296d9871c1", kill_on_drop: false }`
[INFO] [stdout] f3d4139a4ef9c41560fe915b8f499c3faa22b92d8e7b8c142f7b60296d9871c1
