[INFO] cloning repository https://github.com/ElementalCognition/arrow-bug
[INFO] running `Command { std: "git" "-c" "credential.helper=" "-c" "credential.helper=/workspace/cargo-home/bin/git-credential-null" "clone" "--bare" "https://github.com/ElementalCognition/arrow-bug" "/workspace/cache/git-repos/https%3A%2F%2Fgithub.com%2FElementalCognition%2Farrow-bug", kill_on_drop: false }`
[INFO] [stderr] Cloning into bare repository '/workspace/cache/git-repos/https%3A%2F%2Fgithub.com%2FElementalCognition%2Farrow-bug'...
[INFO] running `Command { std: "git" "rev-parse" "HEAD", kill_on_drop: false }`
[INFO] [stdout] 610ea3efcfbaa983831fcc3671a1aebccdea30b6
[INFO] testing ElementalCognition/arrow-bug against 1.75.0 for beta-1.76-1
[INFO] running `Command { std: "git" "clone" "/workspace/cache/git-repos/https%3A%2F%2Fgithub.com%2FElementalCognition%2Farrow-bug" "/workspace/builds/worker-2-tc1/source", kill_on_drop: false }`
[INFO] [stderr] Cloning into '/workspace/builds/worker-2-tc1/source'...
[INFO] [stderr] done.
[INFO] validating manifest of git repo https://github.com/ElementalCognition/arrow-bug on toolchain 1.75.0
[INFO] running `Command { std: CARGO_HOME="/workspace/cargo-home" RUSTUP_HOME="/workspace/rustup-home" "/workspace/cargo-home/bin/cargo" "+1.75.0" "metadata" "--manifest-path" "Cargo.toml" "--no-deps", kill_on_drop: false }`
[INFO] started tweaking git repo https://github.com/ElementalCognition/arrow-bug
[INFO] finished tweaking git repo https://github.com/ElementalCognition/arrow-bug
[INFO] tweaked toml for git repo https://github.com/ElementalCognition/arrow-bug written to /workspace/builds/worker-2-tc1/source/Cargo.toml
[INFO] crate git repo https://github.com/ElementalCognition/arrow-bug already has a lockfile, it will not be regenerated
[INFO] running `Command { std: CARGO_HOME="/workspace/cargo-home" RUSTUP_HOME="/workspace/rustup-home" "/workspace/cargo-home/bin/cargo" "+1.75.0" "fetch" "--manifest-path" "Cargo.toml", kill_on_drop: false }`
[INFO] [stderr]  Downloading crates ...
[INFO] [stderr]   Downloaded flatbuffers v23.1.21
[INFO] [stderr]   Downloaded arrow-csv v40.0.0
[INFO] [stderr]   Downloaded arrow-row v40.0.0
[INFO] [stderr]   Downloaded arrow-select v40.0.0
[INFO] [stderr]   Downloaded arrow-buffer v40.0.0
[INFO] [stderr]   Downloaded arrow-json v40.0.0
[INFO] [stderr]   Downloaded arrow-data v40.0.0
[INFO] [stderr]   Downloaded arrow-cast v40.0.0
[INFO] [stderr]   Downloaded arrow-ord v40.0.0
[INFO] [stderr]   Downloaded arrow-ipc v40.0.0
[INFO] [stderr]   Downloaded arrow v40.0.0
[INFO] [stderr]   Downloaded arrow-schema v40.0.0
[INFO] [stderr]   Downloaded arrow-string v40.0.0
[INFO] [stderr]   Downloaded arrow-array v40.0.0
[INFO] [stderr]   Downloaded arrow-arith v40.0.0
[INFO] running `Command { std: "docker" "create" "-v" "/var/lib/crater-agent-workspace/builds/worker-2-tc1/target:/opt/rustwide/target:rw,Z" "-v" "/var/lib/crater-agent-workspace/builds/worker-2-tc1/source:/opt/rustwide/workdir:ro,Z" "-v" "/var/lib/crater-agent-workspace/cargo-home:/opt/rustwide/cargo-home:ro,Z" "-v" "/var/lib/crater-agent-workspace/rustup-home:/opt/rustwide/rustup-home:ro,Z" "-e" "SOURCE_DIR=/opt/rustwide/workdir" "-e" "CARGO_TARGET_DIR=/opt/rustwide/target" "-e" "CARGO_HOME=/opt/rustwide/cargo-home" "-e" "RUSTUP_HOME=/opt/rustwide/rustup-home" "-w" "/opt/rustwide/workdir" "-m" "1610612736" "--user" "0:0" "--network" "none" "ghcr.io/rust-lang/crates-build-env/linux@sha256:2788e3201cd34a07e3172128adcd8b3090168a8e3bcc40d7c032b9dda1df7d1c" "/opt/rustwide/cargo-home/bin/cargo" "+1.75.0" "metadata" "--no-deps" "--format-version=1", kill_on_drop: false }`
[INFO] [stdout] ddacee3944ba6cb6c6af2b39672ed54dddf4067c2744f029197ddef8ccce1915
[INFO] running `Command { std: "docker" "start" "-a" "ddacee3944ba6cb6c6af2b39672ed54dddf4067c2744f029197ddef8ccce1915", kill_on_drop: false }`
[INFO] running `Command { std: "docker" "inspect" "ddacee3944ba6cb6c6af2b39672ed54dddf4067c2744f029197ddef8ccce1915", kill_on_drop: false }`
[INFO] running `Command { std: "docker" "rm" "-f" "ddacee3944ba6cb6c6af2b39672ed54dddf4067c2744f029197ddef8ccce1915", kill_on_drop: false }`
[INFO] [stdout] ddacee3944ba6cb6c6af2b39672ed54dddf4067c2744f029197ddef8ccce1915
[INFO] running `Command { std: "docker" "create" "-v" "/var/lib/crater-agent-workspace/builds/worker-2-tc1/target:/opt/rustwide/target:rw,Z" "-v" "/var/lib/crater-agent-workspace/builds/worker-2-tc1/source:/opt/rustwide/workdir:ro,Z" "-v" "/var/lib/crater-agent-workspace/cargo-home:/opt/rustwide/cargo-home:ro,Z" "-v" "/var/lib/crater-agent-workspace/rustup-home:/opt/rustwide/rustup-home:ro,Z" "-e" "SOURCE_DIR=/opt/rustwide/workdir" "-e" "CARGO_TARGET_DIR=/opt/rustwide/target" "-e" "CARGO_INCREMENTAL=0" "-e" "RUST_BACKTRACE=full" "-e" "RUSTFLAGS=--cap-lints=warn" "-e" "RUSTDOCFLAGS=--cap-lints=warn" "-e" "CARGO_HOME=/opt/rustwide/cargo-home" "-e" "RUSTUP_HOME=/opt/rustwide/rustup-home" "-w" "/opt/rustwide/workdir" "-m" "1610612736" "--user" "0:0" "--network" "none" "ghcr.io/rust-lang/crates-build-env/linux@sha256:2788e3201cd34a07e3172128adcd8b3090168a8e3bcc40d7c032b9dda1df7d1c" "/opt/rustwide/cargo-home/bin/cargo" "+1.75.0" "build" "--frozen" "--message-format=json", kill_on_drop: false }`
[INFO] [stdout] dba461b08cef5d62743ac41567f1d2cbdce29622cb03a6696c164940f88c73cb
[INFO] running `Command { std: "docker" "start" "-a" "dba461b08cef5d62743ac41567f1d2cbdce29622cb03a6696c164940f88c73cb", kill_on_drop: false }`
[INFO] [stderr]    Compiling arrow-bug v0.1.0 (/opt/rustwide/workdir)
[INFO] [stderr]     Finished dev [unoptimized + debuginfo] target(s) in 0.36s
[INFO] running `Command { std: "docker" "inspect" "dba461b08cef5d62743ac41567f1d2cbdce29622cb03a6696c164940f88c73cb", kill_on_drop: false }`
[INFO] running `Command { std: "docker" "rm" "-f" "dba461b08cef5d62743ac41567f1d2cbdce29622cb03a6696c164940f88c73cb", kill_on_drop: false }`
[INFO] [stdout] dba461b08cef5d62743ac41567f1d2cbdce29622cb03a6696c164940f88c73cb
[INFO] running `Command { std: "docker" "create" "-v" "/var/lib/crater-agent-workspace/builds/worker-2-tc1/target:/opt/rustwide/target:rw,Z" "-v" "/var/lib/crater-agent-workspace/builds/worker-2-tc1/source:/opt/rustwide/workdir:ro,Z" "-v" "/var/lib/crater-agent-workspace/cargo-home:/opt/rustwide/cargo-home:ro,Z" "-v" "/var/lib/crater-agent-workspace/rustup-home:/opt/rustwide/rustup-home:ro,Z" "-e" "SOURCE_DIR=/opt/rustwide/workdir" "-e" "CARGO_TARGET_DIR=/opt/rustwide/target" "-e" "CARGO_INCREMENTAL=0" "-e" "RUST_BACKTRACE=full" "-e" "RUSTFLAGS=--cap-lints=warn" "-e" "RUSTDOCFLAGS=--cap-lints=warn" "-e" "CARGO_HOME=/opt/rustwide/cargo-home" "-e" "RUSTUP_HOME=/opt/rustwide/rustup-home" "-w" "/opt/rustwide/workdir" "-m" "1610612736" "--user" "0:0" "--network" "none" "ghcr.io/rust-lang/crates-build-env/linux@sha256:2788e3201cd34a07e3172128adcd8b3090168a8e3bcc40d7c032b9dda1df7d1c" "/opt/rustwide/cargo-home/bin/cargo" "+1.75.0" "test" "--frozen" "--no-run" "--message-format=json", kill_on_drop: false }`
[INFO] [stdout] 2f8252862d5d03be5139a5ad506682f6862032e3cb1f569b7e087d9c8baf9ef4
[INFO] running `Command { std: "docker" "start" "-a" "2f8252862d5d03be5139a5ad506682f6862032e3cb1f569b7e087d9c8baf9ef4", kill_on_drop: false }`
[INFO] [stderr]    Compiling libm v0.2.7
[INFO] [stderr]    Compiling num-traits v0.2.15
[INFO] [stderr]    Compiling once_cell v1.17.2
[INFO] [stderr]    Compiling num-integer v0.1.45
[INFO] [stderr]    Compiling num-bigint v0.4.3
[INFO] [stderr]    Compiling libc v0.2.144
[INFO] [stderr]    Compiling num-iter v0.1.43
[INFO] [stderr]    Compiling num-rational v0.4.1
[INFO] [stderr]    Compiling iana-time-zone v0.1.56
[INFO] [stderr]    Compiling arrow-schema v40.0.0
[INFO] [stderr]    Compiling hashbrown v0.13.2
[INFO] [stderr]    Compiling static_assertions v1.1.0
[INFO] [stderr]    Compiling semver v1.0.17
[INFO] [stderr]    Compiling ahash v0.8.3
[INFO] [stderr]    Compiling serde v1.0.163
[INFO] [stderr]    Compiling ryu v1.0.13
[INFO] [stderr]    Compiling lexical-util v0.8.5
[INFO] [stderr]    Compiling tracing-core v0.1.31
[INFO] [stderr]    Compiling itoa v1.0.6
[INFO] [stderr]    Compiling thread_local v1.1.7
[INFO] [stderr]    Compiling aho-corasick v1.0.1
[INFO] [stderr]    Compiling sharded-slab v0.1.4
[INFO] [stderr]    Compiling indexmap v1.9.3
[INFO] [stderr]    Compiling lexical-write-integer v0.8.5
[INFO] [stderr]    Compiling lexical-parse-integer v0.8.6
[INFO] [stderr]    Compiling cc v1.0.79
[INFO] [stderr]    Compiling lexical-parse-float v0.8.5
[INFO] [stderr]    Compiling serde_json v1.0.96
[INFO] [stderr]    Compiling lexical-write-float v0.8.5
[INFO] [stderr]    Compiling rustc_version v0.4.0
[INFO] [stderr]    Compiling regex-syntax v0.7.2
[INFO] [stderr]    Compiling tracing v0.1.37
[INFO] [stderr]    Compiling csv-core v0.1.10
[INFO] [stderr]    Compiling gimli v0.27.2
[INFO] [stderr]    Compiling adler v1.0.2
[INFO] [stderr]    Compiling eyre v0.6.8
[INFO] [stderr]    Compiling miniz_oxide v0.6.2
[INFO] [stderr]    Compiling tracing-subscriber v0.3.17
[INFO] [stderr]    Compiling object v0.30.3
[INFO] [stderr]    Compiling flatbuffers v23.1.21
[INFO] [stderr]    Compiling lexical-core v0.8.5
[INFO] [stderr]    Compiling owo-colors v3.5.0
[INFO] [stderr]    Compiling indenter v0.3.3
[INFO] [stderr]    Compiling rustc-demangle v0.1.23
[INFO] [stderr]    Compiling getrandom v0.2.9
[INFO] [stderr]    Compiling backtrace v0.3.67
[INFO] [stderr]    Compiling num-complex v0.4.3
[INFO] [stderr]    Compiling half v2.2.1
[INFO] [stderr]    Compiling chrono v0.4.26
[INFO] [stderr]    Compiling tracing-error v0.2.0
[INFO] [stderr]    Compiling color-spantrace v0.2.0
[INFO] [stderr]    Compiling regex v1.8.3
[INFO] [stderr]    Compiling addr2line v0.19.0
[INFO] [stderr]    Compiling num v0.4.0
[INFO] [stderr]    Compiling arrow-buffer v40.0.0
[INFO] [stderr]    Compiling csv v1.2.2
[INFO] [stderr]    Compiling arrow-data v40.0.0
[INFO] [stderr]    Compiling color-eyre v0.6.2
[INFO] [stderr]    Compiling arrow-array v40.0.0
[INFO] [stderr]    Compiling arrow-select v40.0.0
[INFO] [stderr]    Compiling arrow-row v40.0.0
[INFO] [stderr]    Compiling arrow-arith v40.0.0
[INFO] [stderr]    Compiling arrow-cast v40.0.0
[INFO] [stderr]    Compiling arrow-string v40.0.0
[INFO] [stderr]    Compiling arrow-ord v40.0.0
[INFO] [stderr]    Compiling arrow-ipc v40.0.0
[INFO] [stderr]    Compiling arrow-csv v40.0.0
[INFO] [stderr]    Compiling arrow-json v40.0.0
[INFO] [stderr]    Compiling arrow v40.0.0
[INFO] [stderr]    Compiling arrow-bug v0.1.0 (/opt/rustwide/workdir)
[INFO] [stderr]     Finished test [unoptimized + debuginfo] target(s) in 48.92s
[INFO] running `Command { std: "docker" "inspect" "2f8252862d5d03be5139a5ad506682f6862032e3cb1f569b7e087d9c8baf9ef4", kill_on_drop: false }`
[INFO] running `Command { std: "docker" "rm" "-f" "2f8252862d5d03be5139a5ad506682f6862032e3cb1f569b7e087d9c8baf9ef4", kill_on_drop: false }`
[INFO] [stdout] 2f8252862d5d03be5139a5ad506682f6862032e3cb1f569b7e087d9c8baf9ef4
[INFO] running `Command { std: "docker" "create" "-v" "/var/lib/crater-agent-workspace/builds/worker-2-tc1/target:/opt/rustwide/target:rw,Z" "-v" "/var/lib/crater-agent-workspace/builds/worker-2-tc1/source:/opt/rustwide/workdir:ro,Z" "-v" "/var/lib/crater-agent-workspace/cargo-home:/opt/rustwide/cargo-home:ro,Z" "-v" "/var/lib/crater-agent-workspace/rustup-home:/opt/rustwide/rustup-home:ro,Z" "-e" "SOURCE_DIR=/opt/rustwide/workdir" "-e" "CARGO_TARGET_DIR=/opt/rustwide/target" "-e" "CARGO_INCREMENTAL=0" "-e" "RUST_BACKTRACE=full" "-e" "RUSTFLAGS=--cap-lints=warn" "-e" "RUSTDOCFLAGS=--cap-lints=warn" "-e" "CARGO_HOME=/opt/rustwide/cargo-home" "-e" "RUSTUP_HOME=/opt/rustwide/rustup-home" "-w" "/opt/rustwide/workdir" "-m" "1610612736" "--user" "0:0" "--network" "none" "ghcr.io/rust-lang/crates-build-env/linux@sha256:2788e3201cd34a07e3172128adcd8b3090168a8e3bcc40d7c032b9dda1df7d1c" "/opt/rustwide/cargo-home/bin/cargo" "+1.75.0" "test" "--frozen", kill_on_drop: false }`
[INFO] [stdout] 14347847078be27e0f903af3f85c7e66d9490273606040d99439fb21c36cc551
[INFO] running `Command { std: "docker" "start" "-a" "14347847078be27e0f903af3f85c7e66d9490273606040d99439fb21c36cc551", kill_on_drop: false }`
[INFO] [stderr]     Finished test [unoptimized + debuginfo] target(s) in 0.17s
[INFO] [stderr]      Running unittests src/main.rs (/opt/rustwide/target/debug/deps/arrow_bug-4feaadda1c92a953)
[INFO] [stdout] 
[INFO] [stdout] running 0 tests
[INFO] [stdout] 
[INFO] [stdout] test result: ok. 0 passed; 0 failed; 0 ignored; 0 measured; 0 filtered out; finished in 0.00s
[INFO] [stdout] 
[INFO] [stderr]      Running tests/concat.rs (/opt/rustwide/target/debug/deps/concat-0810d2d5c310cf46)
[INFO] [stdout] 
[INFO] [stdout] running 1 test
[INFO] [stdout] test concat_test ... FAILED
[INFO] [stdout] 
[INFO] [stdout] failures:
[INFO] [stdout] 
[INFO] [stdout] ---- concat_test stdout ----
[INFO] [stdout] thread 'concat_test' panicked at /opt/rustwide/cargo-home/registry/src/index.crates.io-6f17d22bba15001f/arrow-buffer-40.0.0/src/buffer/boolean.rs:55:9:
[INFO] [stdout] assertion failed: total_len <= bit_len
[INFO] [stdout] stack backtrace:
[INFO] [stdout]    0:     0x5601f7e5cd0c - std::backtrace_rs::backtrace::libunwind::trace::ha637c64ce894333a
[INFO] [stdout]                                at /rustc/82e1608dfa6e0b5569232559e3d385fea5a93112/library/std/src/../../backtrace/src/backtrace/libunwind.rs:104:5
[INFO] [stdout]    1:     0x5601f7e5cd0c - std::backtrace_rs::backtrace::trace_unsynchronized::h47f62dea28e0c88d
[INFO] [stdout]                                at /rustc/82e1608dfa6e0b5569232559e3d385fea5a93112/library/std/src/../../backtrace/src/backtrace/mod.rs:66:5
[INFO] [stdout]    2:     0x5601f7e5cd0c - std::sys_common::backtrace::_print_fmt::h9eef0abe20ede486
[INFO] [stdout]                                at /rustc/82e1608dfa6e0b5569232559e3d385fea5a93112/library/std/src/sys_common/backtrace.rs:67:5
[INFO] [stdout]    3:     0x5601f7e5cd0c - <std::sys_common::backtrace::_print::DisplayBacktrace as core::fmt::Display>::fmt::hed7f999df88cc644
[INFO] [stdout]                                at /rustc/82e1608dfa6e0b5569232559e3d385fea5a93112/library/std/src/sys_common/backtrace.rs:44:22
[INFO] [stdout]    4:     0x5601f7e89820 - core::fmt::rt::Argument::fmt::h1539a9308b8d058d
[INFO] [stdout]                                at /rustc/82e1608dfa6e0b5569232559e3d385fea5a93112/library/core/src/fmt/rt.rs:142:9
[INFO] [stdout]    5:     0x5601f7e89820 - core::fmt::write::h3a39390d8560d9c9
[INFO] [stdout]                                at /rustc/82e1608dfa6e0b5569232559e3d385fea5a93112/library/core/src/fmt/mod.rs:1120:17
[INFO] [stdout]    6:     0x5601f7e5a53f - std::io::Write::write_fmt::h040b369f3a0f9cbc
[INFO] [stdout]                                at /rustc/82e1608dfa6e0b5569232559e3d385fea5a93112/library/std/src/io/mod.rs:1762:15
[INFO] [stdout]    7:     0x5601f7e5caf4 - std::sys_common::backtrace::_print::h894006fb5c6f3d45
[INFO] [stdout]                                at /rustc/82e1608dfa6e0b5569232559e3d385fea5a93112/library/std/src/sys_common/backtrace.rs:47:5
[INFO] [stdout]    8:     0x5601f7e5caf4 - std::sys_common::backtrace::print::h23a2d212c6fff936
[INFO] [stdout]                                at /rustc/82e1608dfa6e0b5569232559e3d385fea5a93112/library/std/src/sys_common/backtrace.rs:34:9
[INFO] [stdout]    9:     0x5601f7e5e7b7 - std::panicking::default_hook::{{closure}}::h8a1d2ee00185001a
[INFO] [stdout]   10:     0x5601f7e5e4a3 - std::panicking::default_hook::h6038f2eba384e475
[INFO] [stdout]                                at /rustc/82e1608dfa6e0b5569232559e3d385fea5a93112/library/std/src/panicking.rs:289:9
[INFO] [stdout]   11:     0x5601f776c5c7 - <alloc::boxed::Box<F,A> as core::ops::function::Fn<Args>>::call::h0ad024c9bdc6d768
[INFO] [stdout]                                at /rustc/82e1608dfa6e0b5569232559e3d385fea5a93112/library/alloc/src/boxed.rs:2021:9
[INFO] [stdout]   12:     0x5601f776c5c7 - test::test_main::{{closure}}::h7500b54257359db6
[INFO] [stdout]                                at /rustc/82e1608dfa6e0b5569232559e3d385fea5a93112/library/test/src/lib.rs:138:21
[INFO] [stdout]   13:     0x5601f7e5edc8 - <alloc::boxed::Box<F,A> as core::ops::function::Fn<Args>>::call::h1f8f335eaa9cfaee
[INFO] [stdout]                                at /rustc/82e1608dfa6e0b5569232559e3d385fea5a93112/library/alloc/src/boxed.rs:2021:9
[INFO] [stdout]   14:     0x5601f7e5edc8 - std::panicking::rust_panic_with_hook::h2b5517d590cab22e
[INFO] [stdout]                                at /rustc/82e1608dfa6e0b5569232559e3d385fea5a93112/library/std/src/panicking.rs:783:13
[INFO] [stdout]   15:     0x5601f7e5eae9 - std::panicking::begin_panic_handler::{{closure}}::h233112c06e0ef43e
[INFO] [stdout]                                at /rustc/82e1608dfa6e0b5569232559e3d385fea5a93112/library/std/src/panicking.rs:649:13
[INFO] [stdout]   16:     0x5601f7e5d1d6 - std::sys_common::backtrace::__rust_end_short_backtrace::h6e893f24d7ebbff8
[INFO] [stdout]                                at /rustc/82e1608dfa6e0b5569232559e3d385fea5a93112/library/std/src/sys_common/backtrace.rs:170:18
[INFO] [stdout]   17:     0x5601f7e5e882 - rust_begin_unwind
[INFO] [stdout]                                at /rustc/82e1608dfa6e0b5569232559e3d385fea5a93112/library/std/src/panicking.rs:645:5
[INFO] [stdout]   18:     0x5601f7725d85 - core::panicking::panic_fmt::hbf0e066aabfa482c
[INFO] [stdout]                                at /rustc/82e1608dfa6e0b5569232559e3d385fea5a93112/library/core/src/panicking.rs:72:14
[INFO] [stdout]   19:     0x5601f7725e23 - core::panicking::panic::h195fc2a96298d4c3
[INFO] [stdout]                                at /rustc/82e1608dfa6e0b5569232559e3d385fea5a93112/library/core/src/panicking.rs:127:5
[INFO] [stdout]   20:     0x5601f7e10b7c - arrow_buffer::buffer::boolean::BooleanBuffer::new::h3d28f8900d655c3b
[INFO] [stdout]                                at /opt/rustwide/cargo-home/registry/src/index.crates.io-6f17d22bba15001f/arrow-buffer-40.0.0/src/buffer/boolean.rs:55:9
[INFO] [stdout]   21:     0x5601f7dd1984 - arrow_data::transform::_MutableArrayData::freeze::{{closure}}::ha90a2f2b037825cf
[INFO] [stdout]                                at /opt/rustwide/cargo-home/registry/src/index.crates.io-6f17d22bba15001f/arrow-data-40.0.0/src/transform/mod.rs:81:25
[INFO] [stdout]   22:     0x5601f7db8bca - core::bool::<impl bool>::then::h3c9f7aeda80e22fe
[INFO] [stdout]                                at /rustc/82e1608dfa6e0b5569232559e3d385fea5a93112/library/core/src/bool.rs:60:24
[INFO] [stdout]   23:     0x5601f7dd1439 - arrow_data::transform::_MutableArrayData::freeze::h0757645eff72c675
[INFO] [stdout]                                at /opt/rustwide/cargo-home/registry/src/index.crates.io-6f17d22bba15001f/arrow-data-40.0.0/src/transform/mod.rs:80:21
[INFO] [stdout]   24:     0x5601f7dd614e - arrow_data::transform::MutableArrayData::freeze::h76e1b1f91a9f6a7e
[INFO] [stdout]                                at /opt/rustwide/cargo-home/registry/src/index.crates.io-6f17d22bba15001f/arrow-data-40.0.0/src/transform/mod.rs:656:18
[INFO] [stdout]   25:     0x5601f7dd15c0 - arrow_data::transform::_MutableArrayData::freeze::h0757645eff72c675
[INFO] [stdout]                                at /opt/rustwide/cargo-home/registry/src/index.crates.io-6f17d22bba15001f/arrow-data-40.0.0/src/transform/mod.rs:74:37
[INFO] [stdout]   26:     0x5601f7dd614e - arrow_data::transform::MutableArrayData::freeze::h76e1b1f91a9f6a7e
[INFO] [stdout]                                at /opt/rustwide/cargo-home/registry/src/index.crates.io-6f17d22bba15001f/arrow-data-40.0.0/src/transform/mod.rs:656:18
[INFO] [stdout]   27:     0x5601f7dd15c0 - arrow_data::transform::_MutableArrayData::freeze::h0757645eff72c675
[INFO] [stdout]                                at /opt/rustwide/cargo-home/registry/src/index.crates.io-6f17d22bba15001f/arrow-data-40.0.0/src/transform/mod.rs:74:37
[INFO] [stdout]   28:     0x5601f7dd614e - arrow_data::transform::MutableArrayData::freeze::h76e1b1f91a9f6a7e
[INFO] [stdout]                                at /opt/rustwide/cargo-home/registry/src/index.crates.io-6f17d22bba15001f/arrow-data-40.0.0/src/transform/mod.rs:656:18
[INFO] [stdout]   29:     0x5601f7dd15c0 - arrow_data::transform::_MutableArrayData::freeze::h0757645eff72c675
[INFO] [stdout]                                at /opt/rustwide/cargo-home/registry/src/index.crates.io-6f17d22bba15001f/arrow-data-40.0.0/src/transform/mod.rs:74:37
[INFO] [stdout]   30:     0x5601f7dd614e - arrow_data::transform::MutableArrayData::freeze::h76e1b1f91a9f6a7e
[INFO] [stdout]                                at /opt/rustwide/cargo-home/registry/src/index.crates.io-6f17d22bba15001f/arrow-data-40.0.0/src/transform/mod.rs:656:18
[INFO] [stdout]   31:     0x5601f7c7f033 - arrow_select::concat::concat::haa72e40054be0afc
[INFO] [stdout]                                at /opt/rustwide/cargo-home/registry/src/index.crates.io-6f17d22bba15001f/arrow-select-40.0.0/src/concat.rs:92:19
[INFO] [stdout]   32:     0x5601f772777b - arrow_select::concat::concat_batches::h4de3aabb25a8df6f
[INFO] [stdout]                                at /opt/rustwide/cargo-home/registry/src/index.crates.io-6f17d22bba15001f/arrow-select-40.0.0/src/concat.rs:121:21
[INFO] [stdout]   33:     0x5601f772c8c4 - concat::concat_test::h3e04b9c97dde5568
[INFO] [stdout]                                at /opt/rustwide/workdir/tests/concat.rs:30:9
[INFO] [stdout]   34:     0x5601f772c5d7 - concat::concat_test::{{closure}}::hde1a83463ef64d1e
[INFO] [stdout]                                at /opt/rustwide/workdir/tests/concat.rs:8:21
[INFO] [stdout]   35:     0x5601f77284d6 - core::ops::function::FnOnce::call_once::h3b37c3fb717c370b
[INFO] [stdout]                                at /rustc/82e1608dfa6e0b5569232559e3d385fea5a93112/library/core/src/ops/function.rs:250:5
[INFO] [stdout]   36:     0x5601f7771c1f - core::ops::function::FnOnce::call_once::h2b5d431d5046312d
[INFO] [stdout]                                at /rustc/82e1608dfa6e0b5569232559e3d385fea5a93112/library/core/src/ops/function.rs:250:5
[INFO] [stdout]   37:     0x5601f7771c1f - test::__rust_begin_short_backtrace::h7714669af176e207
[INFO] [stdout]                                at /rustc/82e1608dfa6e0b5569232559e3d385fea5a93112/library/test/src/lib.rs:628:18
[INFO] [stdout]   38:     0x5601f7770c35 - test::run_test_in_process::{{closure}}::h85218797dcbcec12
[INFO] [stdout]                                at /rustc/82e1608dfa6e0b5569232559e3d385fea5a93112/library/test/src/lib.rs:651:60
[INFO] [stdout]   39:     0x5601f7770c35 - <core::panic::unwind_safe::AssertUnwindSafe<F> as core::ops::function::FnOnce<()>>::call_once::h76c106ea31c14d7b
[INFO] [stdout]                                at /rustc/82e1608dfa6e0b5569232559e3d385fea5a93112/library/core/src/panic/unwind_safe.rs:272:9
[INFO] [stdout]   40:     0x5601f7770c35 - std::panicking::try::do_call::h3bd5d0f6620ee946
[INFO] [stdout]                                at /rustc/82e1608dfa6e0b5569232559e3d385fea5a93112/library/std/src/panicking.rs:552:40
[INFO] [stdout]   41:     0x5601f7770c35 - std::panicking::try::h232e535e4744fe31
[INFO] [stdout]                                at /rustc/82e1608dfa6e0b5569232559e3d385fea5a93112/library/std/src/panicking.rs:516:19
[INFO] [stdout]   42:     0x5601f7770c35 - std::panic::catch_unwind::h3ce3bd6ca8dbac68
[INFO] [stdout]                                at /rustc/82e1608dfa6e0b5569232559e3d385fea5a93112/library/std/src/panic.rs:142:14
[INFO] [stdout]   43:     0x5601f7770c35 - test::run_test_in_process::hc97b257c9621286a
[INFO] [stdout]                                at /rustc/82e1608dfa6e0b5569232559e3d385fea5a93112/library/test/src/lib.rs:651:27
[INFO] [stdout]   44:     0x5601f7770c35 - test::run_test::{{closure}}::h2aa798823a438d38
[INFO] [stdout]                                at /rustc/82e1608dfa6e0b5569232559e3d385fea5a93112/library/test/src/lib.rs:574:43
[INFO] [stdout]   45:     0x5601f7738ef6 - test::run_test::{{closure}}::h87d231c78fb59832
[INFO] [stdout]                                at /rustc/82e1608dfa6e0b5569232559e3d385fea5a93112/library/test/src/lib.rs:602:41
[INFO] [stdout]   46:     0x5601f7738ef6 - std::sys_common::backtrace::__rust_begin_short_backtrace::he6df152596625789
[INFO] [stdout]                                at /rustc/82e1608dfa6e0b5569232559e3d385fea5a93112/library/std/src/sys_common/backtrace.rs:154:18
[INFO] [stdout]   47:     0x5601f773dfa7 - std::thread::Builder::spawn_unchecked_::{{closure}}::{{closure}}::ha94be15d1e0acf36
[INFO] [stdout]                                at /rustc/82e1608dfa6e0b5569232559e3d385fea5a93112/library/std/src/thread/mod.rs:529:17
[INFO] [stdout]   48:     0x5601f773dfa7 - <core::panic::unwind_safe::AssertUnwindSafe<F> as core::ops::function::FnOnce<()>>::call_once::h9dc6bd6372f16606
[INFO] [stdout]                                at /rustc/82e1608dfa6e0b5569232559e3d385fea5a93112/library/core/src/panic/unwind_safe.rs:272:9
[INFO] [stdout]   49:     0x5601f773dfa7 - std::panicking::try::do_call::h9057517f80303cd4
[INFO] [stdout]                                at /rustc/82e1608dfa6e0b5569232559e3d385fea5a93112/library/std/src/panicking.rs:552:40
[INFO] [stdout]   50:     0x5601f773dfa7 - std::panicking::try::he3a30b11ee45340c
[INFO] [stdout]                                at /rustc/82e1608dfa6e0b5569232559e3d385fea5a93112/library/std/src/panicking.rs:516:19
[INFO] [stdout]   51:     0x5601f773dfa7 - std::panic::catch_unwind::h410458cfd3528b8b
[INFO] [stdout]                                at /rustc/82e1608dfa6e0b5569232559e3d385fea5a93112/library/std/src/panic.rs:142:14
[INFO] [stdout]   52:     0x5601f773dfa7 - std::thread::Builder::spawn_unchecked_::{{closure}}::h72ac3bdb567b737b
[INFO] [stdout]                                at /rustc/82e1608dfa6e0b5569232559e3d385fea5a93112/library/std/src/thread/mod.rs:528:30
[INFO] [stdout]   53:     0x5601f773dfa7 - core::ops::function::FnOnce::call_once{{vtable.shim}}::h38f34da3654a8344
[INFO] [stdout]                                at /rustc/82e1608dfa6e0b5569232559e3d385fea5a93112/library/core/src/ops/function.rs:250:5
[INFO] [stdout]   54:     0x5601f7e63cd5 - <alloc::boxed::Box<F,A> as core::ops::function::FnOnce<Args>>::call_once::hc7eafaff61e32df9
[INFO] [stdout]                                at /rustc/82e1608dfa6e0b5569232559e3d385fea5a93112/library/alloc/src/boxed.rs:2007:9
[INFO] [stdout]   55:     0x5601f7e63cd5 - <alloc::boxed::Box<F,A> as core::ops::function::FnOnce<Args>>::call_once::h6ba4a5de48dd2304
[INFO] [stdout]                                at /rustc/82e1608dfa6e0b5569232559e3d385fea5a93112/library/alloc/src/boxed.rs:2007:9
[INFO] [stdout]   56:     0x5601f7e63cd5 - std::sys::unix::thread::Thread::new::thread_start::he469335aef763e45
[INFO] [stdout]                                at /rustc/82e1608dfa6e0b5569232559e3d385fea5a93112/library/std/src/sys/unix/thread.rs:108:17
[INFO] [stdout]   57:     0x7f90a81a3ac3 - <unknown>
[INFO] [stdout]   58:     0x7f90a8234bf4 - __clone
[INFO] [stdout]   59:                0x0 - <unknown>
[INFO] [stdout] 
[INFO] [stdout] 
[INFO] [stdout] failures:
[INFO] [stdout]     concat_test
[INFO] [stdout] 
[INFO] [stdout] test result: FAILED. 0 passed; 1 failed; 0 ignored; 0 measured; 0 filtered out; finished in 0.10s
[INFO] [stdout] 
[INFO] [stderr] error: test failed, to rerun pass `--test concat`
[INFO] running `Command { std: "docker" "inspect" "14347847078be27e0f903af3f85c7e66d9490273606040d99439fb21c36cc551", kill_on_drop: false }`
[INFO] running `Command { std: "docker" "rm" "-f" "14347847078be27e0f903af3f85c7e66d9490273606040d99439fb21c36cc551", kill_on_drop: false }`
[INFO] [stdout] 14347847078be27e0f903af3f85c7e66d9490273606040d99439fb21c36cc551
[INFO] testing ElementalCognition/arrow-bug against beta-2023-12-22 for beta-1.76-1
[INFO] running `Command { std: "git" "clone" "/workspace/cache/git-repos/https%3A%2F%2Fgithub.com%2FElementalCognition%2Farrow-bug" "/workspace/builds/worker-2-tc2/source", kill_on_drop: false }`
[INFO] [stderr] Cloning into '/workspace/builds/worker-2-tc2/source'...
[INFO] [stderr] done.
[INFO] validating manifest of git repo https://github.com/ElementalCognition/arrow-bug on toolchain beta-2023-12-22
[INFO] running `Command { std: CARGO_HOME="/workspace/cargo-home" RUSTUP_HOME="/workspace/rustup-home" "/workspace/cargo-home/bin/cargo" "+beta-2023-12-22" "metadata" "--manifest-path" "Cargo.toml" "--no-deps", kill_on_drop: false }`
[INFO] started tweaking git repo https://github.com/ElementalCognition/arrow-bug
[INFO] finished tweaking git repo https://github.com/ElementalCognition/arrow-bug
[INFO] tweaked toml for git repo https://github.com/ElementalCognition/arrow-bug written to /workspace/builds/worker-2-tc2/source/Cargo.toml
[INFO] crate git repo https://github.com/ElementalCognition/arrow-bug already has a lockfile, it will not be regenerated
[INFO] running `Command { std: CARGO_HOME="/workspace/cargo-home" RUSTUP_HOME="/workspace/rustup-home" "/workspace/cargo-home/bin/cargo" "+beta-2023-12-22" "fetch" "--manifest-path" "Cargo.toml", kill_on_drop: false }`
[INFO] running `Command { std: "docker" "create" "-v" "/var/lib/crater-agent-workspace/builds/worker-2-tc2/target:/opt/rustwide/target:rw,Z" "-v" "/var/lib/crater-agent-workspace/builds/worker-2-tc2/source:/opt/rustwide/workdir:ro,Z" "-v" "/var/lib/crater-agent-workspace/cargo-home:/opt/rustwide/cargo-home:ro,Z" "-v" "/var/lib/crater-agent-workspace/rustup-home:/opt/rustwide/rustup-home:ro,Z" "-e" "SOURCE_DIR=/opt/rustwide/workdir" "-e" "CARGO_TARGET_DIR=/opt/rustwide/target" "-e" "CARGO_HOME=/opt/rustwide/cargo-home" "-e" "RUSTUP_HOME=/opt/rustwide/rustup-home" "-w" "/opt/rustwide/workdir" "-m" "1610612736" "--user" "0:0" "--network" "none" "ghcr.io/rust-lang/crates-build-env/linux@sha256:2788e3201cd34a07e3172128adcd8b3090168a8e3bcc40d7c032b9dda1df7d1c" "/opt/rustwide/cargo-home/bin/cargo" "+beta-2023-12-22" "metadata" "--no-deps" "--format-version=1", kill_on_drop: false }`
[INFO] [stdout] a7517bc94d86c824bd2446044c5288ea0a1478d405127435f590abdc917f9699
[INFO] running `Command { std: "docker" "start" "-a" "a7517bc94d86c824bd2446044c5288ea0a1478d405127435f590abdc917f9699", kill_on_drop: false }`
[INFO] running `Command { std: "docker" "inspect" "a7517bc94d86c824bd2446044c5288ea0a1478d405127435f590abdc917f9699", kill_on_drop: false }`
[INFO] running `Command { std: "docker" "rm" "-f" "a7517bc94d86c824bd2446044c5288ea0a1478d405127435f590abdc917f9699", kill_on_drop: false }`
[INFO] [stdout] a7517bc94d86c824bd2446044c5288ea0a1478d405127435f590abdc917f9699
[INFO] running `Command { std: "docker" "create" "-v" "/var/lib/crater-agent-workspace/builds/worker-2-tc2/target:/opt/rustwide/target:rw,Z" "-v" "/var/lib/crater-agent-workspace/builds/worker-2-tc2/source:/opt/rustwide/workdir:ro,Z" "-v" "/var/lib/crater-agent-workspace/cargo-home:/opt/rustwide/cargo-home:ro,Z" "-v" "/var/lib/crater-agent-workspace/rustup-home:/opt/rustwide/rustup-home:ro,Z" "-e" "SOURCE_DIR=/opt/rustwide/workdir" "-e" "CARGO_TARGET_DIR=/opt/rustwide/target" "-e" "CARGO_INCREMENTAL=0" "-e" "RUST_BACKTRACE=full" "-e" "RUSTFLAGS=--cap-lints=warn" "-e" "RUSTDOCFLAGS=--cap-lints=warn" "-e" "CARGO_HOME=/opt/rustwide/cargo-home" "-e" "RUSTUP_HOME=/opt/rustwide/rustup-home" "-w" "/opt/rustwide/workdir" "-m" "1610612736" "--user" "0:0" "--network" "none" "ghcr.io/rust-lang/crates-build-env/linux@sha256:2788e3201cd34a07e3172128adcd8b3090168a8e3bcc40d7c032b9dda1df7d1c" "/opt/rustwide/cargo-home/bin/cargo" "+beta-2023-12-22" "build" "--frozen" "--message-format=json", kill_on_drop: false }`
[INFO] [stdout] 7596d303e734b1d27115d6d6d60dc8a704ce45b9983ab2b751f2923a4499af78
[INFO] running `Command { std: "docker" "start" "-a" "7596d303e734b1d27115d6d6d60dc8a704ce45b9983ab2b751f2923a4499af78", kill_on_drop: false }`
[INFO] [stderr]    Compiling arrow-bug v0.1.0 (/opt/rustwide/workdir)
[INFO] [stderr]     Finished dev [unoptimized + debuginfo] target(s) in 0.29s
[INFO] running `Command { std: "docker" "inspect" "7596d303e734b1d27115d6d6d60dc8a704ce45b9983ab2b751f2923a4499af78", kill_on_drop: false }`
[INFO] running `Command { std: "docker" "rm" "-f" "7596d303e734b1d27115d6d6d60dc8a704ce45b9983ab2b751f2923a4499af78", kill_on_drop: false }`
[INFO] [stdout] 7596d303e734b1d27115d6d6d60dc8a704ce45b9983ab2b751f2923a4499af78
[INFO] running `Command { std: "docker" "create" "-v" "/var/lib/crater-agent-workspace/builds/worker-2-tc2/target:/opt/rustwide/target:rw,Z" "-v" "/var/lib/crater-agent-workspace/builds/worker-2-tc2/source:/opt/rustwide/workdir:ro,Z" "-v" "/var/lib/crater-agent-workspace/cargo-home:/opt/rustwide/cargo-home:ro,Z" "-v" "/var/lib/crater-agent-workspace/rustup-home:/opt/rustwide/rustup-home:ro,Z" "-e" "SOURCE_DIR=/opt/rustwide/workdir" "-e" "CARGO_TARGET_DIR=/opt/rustwide/target" "-e" "CARGO_INCREMENTAL=0" "-e" "RUST_BACKTRACE=full" "-e" "RUSTFLAGS=--cap-lints=warn" "-e" "RUSTDOCFLAGS=--cap-lints=warn" "-e" "CARGO_HOME=/opt/rustwide/cargo-home" "-e" "RUSTUP_HOME=/opt/rustwide/rustup-home" "-w" "/opt/rustwide/workdir" "-m" "1610612736" "--user" "0:0" "--network" "none" "ghcr.io/rust-lang/crates-build-env/linux@sha256:2788e3201cd34a07e3172128adcd8b3090168a8e3bcc40d7c032b9dda1df7d1c" "/opt/rustwide/cargo-home/bin/cargo" "+beta-2023-12-22" "test" "--frozen" "--no-run" "--message-format=json", kill_on_drop: false }`
[INFO] [stdout] c18eebe485c7a4a584184bfc0ac0d0ece0af50692e68361b1b2a35685a00a669
[INFO] running `Command { std: "docker" "start" "-a" "c18eebe485c7a4a584184bfc0ac0d0ece0af50692e68361b1b2a35685a00a669", kill_on_drop: false }`
[INFO] [stderr]    Compiling libm v0.2.7
[INFO] [stderr]    Compiling num-traits v0.2.15
[INFO] [stderr]    Compiling once_cell v1.17.2
[INFO] [stderr]    Compiling num-integer v0.1.45
[INFO] [stderr]    Compiling num-bigint v0.4.3
[INFO] [stderr]    Compiling libc v0.2.144
[INFO] [stderr]    Compiling num-iter v0.1.43
[INFO] [stderr]    Compiling num-rational v0.4.1
[INFO] [stderr]    Compiling arrow-schema v40.0.0
[INFO] [stderr]    Compiling iana-time-zone v0.1.56
[INFO] [stderr]    Compiling hashbrown v0.13.2
[INFO] [stderr]    Compiling static_assertions v1.1.0
[INFO] [stderr]    Compiling semver v1.0.17
[INFO] [stderr]    Compiling ahash v0.8.3
[INFO] [stderr]    Compiling serde v1.0.163
[INFO] [stderr]    Compiling itoa v1.0.6
[INFO] [stderr]    Compiling lexical-util v0.8.5
[INFO] [stderr]    Compiling ryu v1.0.13
[INFO] [stderr]    Compiling tracing-core v0.1.31
[INFO] [stderr]    Compiling thread_local v1.1.7
[INFO] [stderr]    Compiling sharded-slab v0.1.4
[INFO] [stderr]    Compiling aho-corasick v1.0.1
[INFO] [stderr]    Compiling indexmap v1.9.3
[INFO] [stderr]    Compiling regex-syntax v0.7.2
[INFO] [stderr]    Compiling serde_json v1.0.96
[INFO] [stderr]    Compiling lexical-parse-integer v0.8.6
[INFO] [stderr]    Compiling lexical-write-integer v0.8.5
[INFO] [stderr]    Compiling rustc_version v0.4.0
[INFO] [stderr]    Compiling cc v1.0.79
[INFO] [stderr]    Compiling csv-core v0.1.10
[INFO] [stderr]    Compiling adler v1.0.2
[INFO] [stderr]    Compiling tracing v0.1.37
[INFO] [stderr]    Compiling lexical-write-float v0.8.5
[INFO] [stderr]    Compiling lexical-parse-float v0.8.5
[INFO] [stderr]    Compiling gimli v0.27.2
[INFO] [stderr]    Compiling flatbuffers v23.1.21
[INFO] [stderr]    Compiling tracing-subscriber v0.3.17
[INFO] [stderr]    Compiling getrandom v0.2.9
[INFO] [stderr]    Compiling eyre v0.6.8
[INFO] [stderr]    Compiling miniz_oxide v0.6.2
[INFO] [stderr]    Compiling object v0.30.3
[INFO] [stderr]    Compiling rustc-demangle v0.1.23
[INFO] [stderr]    Compiling indenter v0.3.3
[INFO] [stderr]    Compiling owo-colors v3.5.0
[INFO] [stderr]    Compiling backtrace v0.3.67
[INFO] [stderr]    Compiling lexical-core v0.8.5
[INFO] [stderr]    Compiling tracing-error v0.2.0
[INFO] [stderr]    Compiling color-spantrace v0.2.0
[INFO] [stderr]    Compiling num-complex v0.4.3
[INFO] [stderr]    Compiling half v2.2.1
[INFO] [stderr]    Compiling chrono v0.4.26
[INFO] [stderr]    Compiling regex v1.8.3
[INFO] [stderr]    Compiling addr2line v0.19.0
[INFO] [stderr]    Compiling csv v1.2.2
[INFO] [stderr]    Compiling num v0.4.0
[INFO] [stderr]    Compiling arrow-buffer v40.0.0
[INFO] [stderr]    Compiling arrow-data v40.0.0
[INFO] [stderr]    Compiling color-eyre v0.6.2
[INFO] [stderr]    Compiling arrow-array v40.0.0
[INFO] [stderr]    Compiling arrow-select v40.0.0
[INFO] [stderr]    Compiling arrow-row v40.0.0
[INFO] [stderr]    Compiling arrow-arith v40.0.0
[INFO] [stderr]    Compiling arrow-cast v40.0.0
[INFO] [stderr]    Compiling arrow-ord v40.0.0
[INFO] [stderr]    Compiling arrow-string v40.0.0
[INFO] [stderr]    Compiling arrow-ipc v40.0.0
[INFO] [stderr]    Compiling arrow-json v40.0.0
[INFO] [stderr]    Compiling arrow-csv v40.0.0
[INFO] [stderr]    Compiling arrow v40.0.0
[INFO] [stderr]    Compiling arrow-bug v0.1.0 (/opt/rustwide/workdir)
[INFO] [stderr]     Finished test [unoptimized + debuginfo] target(s) in 31.35s
[INFO] running `Command { std: "docker" "inspect" "c18eebe485c7a4a584184bfc0ac0d0ece0af50692e68361b1b2a35685a00a669", kill_on_drop: false }`
[INFO] running `Command { std: "docker" "rm" "-f" "c18eebe485c7a4a584184bfc0ac0d0ece0af50692e68361b1b2a35685a00a669", kill_on_drop: false }`
[INFO] [stdout] c18eebe485c7a4a584184bfc0ac0d0ece0af50692e68361b1b2a35685a00a669
[INFO] running `Command { std: "docker" "create" "-v" "/var/lib/crater-agent-workspace/builds/worker-2-tc2/target:/opt/rustwide/target:rw,Z" "-v" "/var/lib/crater-agent-workspace/builds/worker-2-tc2/source:/opt/rustwide/workdir:ro,Z" "-v" "/var/lib/crater-agent-workspace/cargo-home:/opt/rustwide/cargo-home:ro,Z" "-v" "/var/lib/crater-agent-workspace/rustup-home:/opt/rustwide/rustup-home:ro,Z" "-e" "SOURCE_DIR=/opt/rustwide/workdir" "-e" "CARGO_TARGET_DIR=/opt/rustwide/target" "-e" "CARGO_INCREMENTAL=0" "-e" "RUST_BACKTRACE=full" "-e" "RUSTFLAGS=--cap-lints=warn" "-e" "RUSTDOCFLAGS=--cap-lints=warn" "-e" "CARGO_HOME=/opt/rustwide/cargo-home" "-e" "RUSTUP_HOME=/opt/rustwide/rustup-home" "-w" "/opt/rustwide/workdir" "-m" "1610612736" "--user" "0:0" "--network" "none" "ghcr.io/rust-lang/crates-build-env/linux@sha256:2788e3201cd34a07e3172128adcd8b3090168a8e3bcc40d7c032b9dda1df7d1c" "/opt/rustwide/cargo-home/bin/cargo" "+beta-2023-12-22" "test" "--frozen", kill_on_drop: false }`
[INFO] [stdout] 1a05fbe95ccf597f581d2d458bec334791392741fe51c76c6c1c70f4cb5869e6
[INFO] running `Command { std: "docker" "start" "-a" "1a05fbe95ccf597f581d2d458bec334791392741fe51c76c6c1c70f4cb5869e6", kill_on_drop: false }`
[INFO] [stderr]     Finished test [unoptimized + debuginfo] target(s) in 0.16s
[INFO] [stderr]      Running unittests src/main.rs (/opt/rustwide/target/debug/deps/arrow_bug-11491e80ec27d081)
[INFO] [stdout] 
[INFO] [stdout] running 0 tests
[INFO] [stdout] 
[INFO] [stdout] test result: ok. 0 passed; 0 failed; 0 ignored; 0 measured; 0 filtered out; finished in 0.00s
[INFO] [stdout] 
[INFO] [stderr]      Running tests/concat.rs (/opt/rustwide/target/debug/deps/concat-5660001ae21f7a87)
[INFO] [stdout] 
[INFO] [stdout] running 1 test
[INFO] [stdout] test concat_test ... FAILED
[INFO] [stdout] 
[INFO] [stdout] failures:
[INFO] [stdout] 
[INFO] [stdout] ---- concat_test stdout ----
[INFO] [stdout] thread 'concat_test' panicked at /opt/rustwide/cargo-home/registry/src/index.crates.io-6f17d22bba15001f/arrow-buffer-40.0.0/src/buffer/boolean.rs:55:9:
[INFO] [stdout] assertion failed: total_len <= bit_len
[INFO] [stdout] stack backtrace:
[INFO] [stdout]    0:     0x555f9d444806 - std::backtrace_rs::backtrace::libunwind::trace::h261606ad26a499c1
[INFO] [stdout]                                at /rustc/0e09125c6c3c2fd70d7de961bcf0e51575235fad/library/std/src/../../backtrace/src/backtrace/libunwind.rs:104:5
[INFO] [stdout]    1:     0x555f9d444806 - std::backtrace_rs::backtrace::trace_unsynchronized::hd183f0625477fb28
[INFO] [stdout]                                at /rustc/0e09125c6c3c2fd70d7de961bcf0e51575235fad/library/std/src/../../backtrace/src/backtrace/mod.rs:66:5
[INFO] [stdout]    2:     0x555f9d444806 - std::sys_common::backtrace::_print_fmt::hd7f8fef21b4eda67
[INFO] [stdout]                                at /rustc/0e09125c6c3c2fd70d7de961bcf0e51575235fad/library/std/src/sys_common/backtrace.rs:68:5
[INFO] [stdout]    3:     0x555f9d444806 - <std::sys_common::backtrace::_print::DisplayBacktrace as core::fmt::Display>::fmt::h623d9b51f2f453f1
[INFO] [stdout]                                at /rustc/0e09125c6c3c2fd70d7de961bcf0e51575235fad/library/std/src/sys_common/backtrace.rs:44:22
[INFO] [stdout]    4:     0x555f9d470600 - core::fmt::rt::Argument::fmt::h9f417ac76a86f368
[INFO] [stdout]                                at /rustc/0e09125c6c3c2fd70d7de961bcf0e51575235fad/library/core/src/fmt/rt.rs:142:9
[INFO] [stdout]    5:     0x555f9d470600 - core::fmt::write::hc9b6faf4ac2aeff7
[INFO] [stdout]                                at /rustc/0e09125c6c3c2fd70d7de961bcf0e51575235fad/library/core/src/fmt/mod.rs:1120:17
[INFO] [stdout]    6:     0x555f9d4420ef - std::io::Write::write_fmt::he04625a3a989fec3
[INFO] [stdout]                                at /rustc/0e09125c6c3c2fd70d7de961bcf0e51575235fad/library/std/src/io/mod.rs:1810:15
[INFO] [stdout]    7:     0x555f9d4445e4 - std::sys_common::backtrace::_print::hd5d66399c7df88a2
[INFO] [stdout]                                at /rustc/0e09125c6c3c2fd70d7de961bcf0e51575235fad/library/std/src/sys_common/backtrace.rs:47:5
[INFO] [stdout]    8:     0x555f9d4445e4 - std::sys_common::backtrace::print::he81ed2da642d37e5
[INFO] [stdout]                                at /rustc/0e09125c6c3c2fd70d7de961bcf0e51575235fad/library/std/src/sys_common/backtrace.rs:34:9
[INFO] [stdout]    9:     0x555f9d446357 - std::panicking::default_hook::{{closure}}::h85773f4fa117163d
[INFO] [stdout]   10:     0x555f9d44603d - std::panicking::default_hook::h6a1694a91d09b278
[INFO] [stdout]                                at /rustc/0e09125c6c3c2fd70d7de961bcf0e51575235fad/library/std/src/panicking.rs:289:9
[INFO] [stdout]   11:     0x555f9cd55627 - <alloc::boxed::Box<F,A> as core::ops::function::Fn<Args>>::call::h616ac37fa3cd6c8f
[INFO] [stdout]                                at /rustc/0e09125c6c3c2fd70d7de961bcf0e51575235fad/library/alloc/src/boxed.rs:2029:9
[INFO] [stdout]   12:     0x555f9cd55627 - test::test_main::{{closure}}::h00d84697cefdcbb6
[INFO] [stdout]                                at /rustc/0e09125c6c3c2fd70d7de961bcf0e51575235fad/library/test/src/lib.rs:138:21
[INFO] [stdout]   13:     0x555f9d446976 - <alloc::boxed::Box<F,A> as core::ops::function::Fn<Args>>::call::hcb3fe3b9bb537ba8
[INFO] [stdout]                                at /rustc/0e09125c6c3c2fd70d7de961bcf0e51575235fad/library/alloc/src/boxed.rs:2029:9
[INFO] [stdout]   14:     0x555f9d446976 - std::panicking::rust_panic_with_hook::h0a7ad96e90f7145b
[INFO] [stdout]                                at /rustc/0e09125c6c3c2fd70d7de961bcf0e51575235fad/library/std/src/panicking.rs:783:13
[INFO] [stdout]   15:     0x555f9d446689 - std::panicking::begin_panic_handler::{{closure}}::h7919090525c6485e
[INFO] [stdout]                                at /rustc/0e09125c6c3c2fd70d7de961bcf0e51575235fad/library/std/src/panicking.rs:649:13
[INFO] [stdout]   16:     0x555f9d444d06 - std::sys_common::backtrace::__rust_end_short_backtrace::hf3289479464f7dfe
[INFO] [stdout]                                at /rustc/0e09125c6c3c2fd70d7de961bcf0e51575235fad/library/std/src/sys_common/backtrace.rs:171:18
[INFO] [stdout]   17:     0x555f9d446420 - rust_begin_unwind
[INFO] [stdout]                                at /rustc/0e09125c6c3c2fd70d7de961bcf0e51575235fad/library/std/src/panicking.rs:645:5
[INFO] [stdout]   18:     0x555f9cd0dd75 - core::panicking::panic_fmt::hcc9f77c5c132af55
[INFO] [stdout]                                at /rustc/0e09125c6c3c2fd70d7de961bcf0e51575235fad/library/core/src/panicking.rs:72:14
[INFO] [stdout]   19:     0x555f9cd0de33 - core::panicking::panic::h5a1259c1164bd480
[INFO] [stdout]                                at /rustc/0e09125c6c3c2fd70d7de961bcf0e51575235fad/library/core/src/panicking.rs:144:5
[INFO] [stdout]   20:     0x555f9d3fdf7c - arrow_buffer::buffer::boolean::BooleanBuffer::new::hb5ea109e9221b504
[INFO] [stdout]                                at /opt/rustwide/cargo-home/registry/src/index.crates.io-6f17d22bba15001f/arrow-buffer-40.0.0/src/buffer/boolean.rs:55:9
[INFO] [stdout]   21:     0x555f9d3c0334 - arrow_data::transform::_MutableArrayData::freeze::{{closure}}::hce773aea9c4adddf
[INFO] [stdout]                                at /opt/rustwide/cargo-home/registry/src/index.crates.io-6f17d22bba15001f/arrow-data-40.0.0/src/transform/mod.rs:81:25
[INFO] [stdout]   22:     0x555f9d3a185a - core::bool::<impl bool>::then::h924d1c732492bc3f
[INFO] [stdout]                                at /rustc/0e09125c6c3c2fd70d7de961bcf0e51575235fad/library/core/src/bool.rs:60:24
[INFO] [stdout]   23:     0x555f9d3bfde7 - arrow_data::transform::_MutableArrayData::freeze::h060e9d9eb2fe1bd6
[INFO] [stdout]                                at /opt/rustwide/cargo-home/registry/src/index.crates.io-6f17d22bba15001f/arrow-data-40.0.0/src/transform/mod.rs:80:21
[INFO] [stdout]   24:     0x555f9d3c4b42 - arrow_data::transform::MutableArrayData::freeze::h333d504dbd0552a4
[INFO] [stdout]                                at /opt/rustwide/cargo-home/registry/src/index.crates.io-6f17d22bba15001f/arrow-data-40.0.0/src/transform/mod.rs:656:18
[INFO] [stdout]   25:     0x555f9d3bff72 - arrow_data::transform::_MutableArrayData::freeze::h060e9d9eb2fe1bd6
[INFO] [stdout]                                at /opt/rustwide/cargo-home/registry/src/index.crates.io-6f17d22bba15001f/arrow-data-40.0.0/src/transform/mod.rs:74:37
[INFO] [stdout]   26:     0x555f9d3c4b42 - arrow_data::transform::MutableArrayData::freeze::h333d504dbd0552a4
[INFO] [stdout]                                at /opt/rustwide/cargo-home/registry/src/index.crates.io-6f17d22bba15001f/arrow-data-40.0.0/src/transform/mod.rs:656:18
[INFO] [stdout]   27:     0x555f9d3bff72 - arrow_data::transform::_MutableArrayData::freeze::h060e9d9eb2fe1bd6
[INFO] [stdout]                                at /opt/rustwide/cargo-home/registry/src/index.crates.io-6f17d22bba15001f/arrow-data-40.0.0/src/transform/mod.rs:74:37
[INFO] [stdout]   28:     0x555f9d3c4b42 - arrow_data::transform::MutableArrayData::freeze::h333d504dbd0552a4
[INFO] [stdout]                                at /opt/rustwide/cargo-home/registry/src/index.crates.io-6f17d22bba15001f/arrow-data-40.0.0/src/transform/mod.rs:656:18
[INFO] [stdout]   29:     0x555f9d3bff72 - arrow_data::transform::_MutableArrayData::freeze::h060e9d9eb2fe1bd6
[INFO] [stdout]                                at /opt/rustwide/cargo-home/registry/src/index.crates.io-6f17d22bba15001f/arrow-data-40.0.0/src/transform/mod.rs:74:37
[INFO] [stdout]   30:     0x555f9d3c4b42 - arrow_data::transform::MutableArrayData::freeze::h333d504dbd0552a4
[INFO] [stdout]                                at /opt/rustwide/cargo-home/registry/src/index.crates.io-6f17d22bba15001f/arrow-data-40.0.0/src/transform/mod.rs:656:18
[INFO] [stdout]   31:     0x555f9d2684cb - arrow_select::concat::concat::hfaea2adaa5fce578
[INFO] [stdout]                                at /opt/rustwide/cargo-home/registry/src/index.crates.io-6f17d22bba15001f/arrow-select-40.0.0/src/concat.rs:92:19
[INFO] [stdout]   32:     0x555f9cd0f97f - arrow_select::concat::concat_batches::ha1c923f48bcc4c6c
[INFO] [stdout]                                at /opt/rustwide/cargo-home/registry/src/index.crates.io-6f17d22bba15001f/arrow-select-40.0.0/src/concat.rs:121:21
[INFO] [stdout]   33:     0x555f9cd14d04 - concat::concat_test::he7137aa7560f9854
[INFO] [stdout]                                at /opt/rustwide/workdir/tests/concat.rs:30:9
[INFO] [stdout]   34:     0x555f9cd14a17 - concat::concat_test::{{closure}}::hb7a106f50b059abc
[INFO] [stdout]                                at /opt/rustwide/workdir/tests/concat.rs:8:21
[INFO] [stdout]   35:     0x555f9cd15e16 - core::ops::function::FnOnce::call_once::h03f555826c5bae40
[INFO] [stdout]                                at /rustc/0e09125c6c3c2fd70d7de961bcf0e51575235fad/library/core/src/ops/function.rs:250:5
[INFO] [stdout]   36:     0x555f9cd5aeff - core::ops::function::FnOnce::call_once::hd64d26f405258157
[INFO] [stdout]                                at /rustc/0e09125c6c3c2fd70d7de961bcf0e51575235fad/library/core/src/ops/function.rs:250:5
[INFO] [stdout]   37:     0x555f9cd5aeff - test::__rust_begin_short_backtrace::he21b0b7a6d731bf9
[INFO] [stdout]                                at /rustc/0e09125c6c3c2fd70d7de961bcf0e51575235fad/library/test/src/lib.rs:627:18
[INFO] [stdout]   38:     0x555f9cd59c81 - test::run_test_in_process::{{closure}}::hf5c73986d7bdfde2
[INFO] [stdout]                                at /rustc/0e09125c6c3c2fd70d7de961bcf0e51575235fad/library/test/src/lib.rs:650:60
[INFO] [stdout]   39:     0x555f9cd59c81 - <core::panic::unwind_safe::AssertUnwindSafe<F> as core::ops::function::FnOnce<()>>::call_once::h330011ad032aadc0
[INFO] [stdout]                                at /rustc/0e09125c6c3c2fd70d7de961bcf0e51575235fad/library/core/src/panic/unwind_safe.rs:272:9
[INFO] [stdout]   40:     0x555f9cd59c81 - std::panicking::try::do_call::he61b0a958b795a41
[INFO] [stdout]                                at /rustc/0e09125c6c3c2fd70d7de961bcf0e51575235fad/library/std/src/panicking.rs:552:40
[INFO] [stdout]   41:     0x555f9cd59c81 - std::panicking::try::h7309da130f906eb7
[INFO] [stdout]                                at /rustc/0e09125c6c3c2fd70d7de961bcf0e51575235fad/library/std/src/panicking.rs:516:19
[INFO] [stdout]   42:     0x555f9cd59c81 - std::panic::catch_unwind::hc5c3a06fdaf0a92a
[INFO] [stdout]                                at /rustc/0e09125c6c3c2fd70d7de961bcf0e51575235fad/library/std/src/panic.rs:142:14
[INFO] [stdout]   43:     0x555f9cd59c81 - test::run_test_in_process::h7e7b7c71c3324e0f
[INFO] [stdout]                                at /rustc/0e09125c6c3c2fd70d7de961bcf0e51575235fad/library/test/src/lib.rs:650:27
[INFO] [stdout]   44:     0x555f9cd59c81 - test::run_test::{{closure}}::h1f509f28f5cf20b1
[INFO] [stdout]                                at /rustc/0e09125c6c3c2fd70d7de961bcf0e51575235fad/library/test/src/lib.rs:573:43
[INFO] [stdout]   45:     0x555f9cd20fb6 - test::run_test::{{closure}}::h1754218abf443f6d
[INFO] [stdout]                                at /rustc/0e09125c6c3c2fd70d7de961bcf0e51575235fad/library/test/src/lib.rs:601:41
[INFO] [stdout]   46:     0x555f9cd20fb6 - std::sys_common::backtrace::__rust_begin_short_backtrace::h2ee174b9d5954948
[INFO] [stdout]                                at /rustc/0e09125c6c3c2fd70d7de961bcf0e51575235fad/library/std/src/sys_common/backtrace.rs:155:18
[INFO] [stdout]   47:     0x555f9cd26017 - std::thread::Builder::spawn_unchecked_::{{closure}}::{{closure}}::hf60bee9c1a17ef09
[INFO] [stdout]                                at /rustc/0e09125c6c3c2fd70d7de961bcf0e51575235fad/library/std/src/thread/mod.rs:529:17
[INFO] [stdout]   48:     0x555f9cd26017 - <core::panic::unwind_safe::AssertUnwindSafe<F> as core::ops::function::FnOnce<()>>::call_once::h33d0dddec5216160
[INFO] [stdout]                                at /rustc/0e09125c6c3c2fd70d7de961bcf0e51575235fad/library/core/src/panic/unwind_safe.rs:272:9
[INFO] [stdout]   49:     0x555f9cd26017 - std::panicking::try::do_call::h144b3048b546f835
[INFO] [stdout]                                at /rustc/0e09125c6c3c2fd70d7de961bcf0e51575235fad/library/std/src/panicking.rs:552:40
[INFO] [stdout]   50:     0x555f9cd26017 - std::panicking::try::h978244d04646189f
[INFO] [stdout]                                at /rustc/0e09125c6c3c2fd70d7de961bcf0e51575235fad/library/std/src/panicking.rs:516:19
[INFO] [stdout]   51:     0x555f9cd26017 - std::panic::catch_unwind::hdf436369d188fe86
[INFO] [stdout]                                at /rustc/0e09125c6c3c2fd70d7de961bcf0e51575235fad/library/std/src/panic.rs:142:14
[INFO] [stdout]   52:     0x555f9cd26017 - std::thread::Builder::spawn_unchecked_::{{closure}}::h87329cbdd33c79ec
[INFO] [stdout]                                at /rustc/0e09125c6c3c2fd70d7de961bcf0e51575235fad/library/std/src/thread/mod.rs:528:30
[INFO] [stdout]   53:     0x555f9cd26017 - core::ops::function::FnOnce::call_once{{vtable.shim}}::h401abbe67897d450
[INFO] [stdout]                                at /rustc/0e09125c6c3c2fd70d7de961bcf0e51575235fad/library/core/src/ops/function.rs:250:5
[INFO] [stdout]   54:     0x555f9d44b8a5 - <alloc::boxed::Box<F,A> as core::ops::function::FnOnce<Args>>::call_once::h5d7c8f150ab9c84c
[INFO] [stdout]                                at /rustc/0e09125c6c3c2fd70d7de961bcf0e51575235fad/library/alloc/src/boxed.rs:2015:9
[INFO] [stdout]   55:     0x555f9d44b8a5 - <alloc::boxed::Box<F,A> as core::ops::function::FnOnce<Args>>::call_once::h570d5b005c242c15
[INFO] [stdout]                                at /rustc/0e09125c6c3c2fd70d7de961bcf0e51575235fad/library/alloc/src/boxed.rs:2015:9
[INFO] [stdout]   56:     0x555f9d44b8a5 - std::sys::unix::thread::Thread::new::thread_start::h36b0a20c0b2361ad
[INFO] [stdout]                                at /rustc/0e09125c6c3c2fd70d7de961bcf0e51575235fad/library/std/src/sys/unix/thread.rs:108:17
[INFO] [stdout]   57:     0x7f365e958ac3 - <unknown>
[INFO] [stdout]   58:     0x7f365e9e9bf4 - __clone
[INFO] [stdout]   59:                0x0 - <unknown>
[INFO] [stdout] 
[INFO] [stdout] 
[INFO] [stdout] failures:
[INFO] [stdout]     concat_test
[INFO] [stdout] 
[INFO] [stdout] test result: FAILED. 0 passed; 1 failed; 0 ignored; 0 measured; 0 filtered out; finished in 0.08s
[INFO] [stdout] 
[INFO] [stderr] error: test failed, to rerun pass `--test concat`
[INFO] running `Command { std: "docker" "inspect" "1a05fbe95ccf597f581d2d458bec334791392741fe51c76c6c1c70f4cb5869e6", kill_on_drop: false }`
[INFO] running `Command { std: "docker" "rm" "-f" "1a05fbe95ccf597f581d2d458bec334791392741fe51c76c6c1c70f4cb5869e6", kill_on_drop: false }`
[INFO] [stdout] 1a05fbe95ccf597f581d2d458bec334791392741fe51c76c6c1c70f4cb5869e6
