[INFO] cloning repository https://github.com/DioxusLabs/collect-assets
[INFO] running `Command { std: "git" "-c" "credential.helper=" "-c" "credential.helper=/workspace/cargo-home/bin/git-credential-null" "clone" "--bare" "https://github.com/DioxusLabs/collect-assets" "/workspace/cache/git-repos/https%3A%2F%2Fgithub.com%2FDioxusLabs%2Fcollect-assets", kill_on_drop: false }`
[INFO] [stderr] Cloning into bare repository '/workspace/cache/git-repos/https%3A%2F%2Fgithub.com%2FDioxusLabs%2Fcollect-assets'...
[INFO] running `Command { std: "git" "rev-parse" "HEAD", kill_on_drop: false }`
[INFO] [stdout] 94ea6f728b3d135b5160f2c119c6e797049e4b2c
[INFO] testing DioxusLabs/collect-assets against 1.75.0 for beta-1.76-1
[INFO] running `Command { std: "git" "clone" "/workspace/cache/git-repos/https%3A%2F%2Fgithub.com%2FDioxusLabs%2Fcollect-assets" "/workspace/builds/worker-0-tc1/source", kill_on_drop: false }`
[INFO] [stderr] Cloning into '/workspace/builds/worker-0-tc1/source'...
[INFO] [stderr] done.
[INFO] validating manifest of git repo https://github.com/DioxusLabs/collect-assets on toolchain 1.75.0
[INFO] running `Command { std: CARGO_HOME="/workspace/cargo-home" RUSTUP_HOME="/workspace/rustup-home" "/workspace/cargo-home/bin/cargo" "+1.75.0" "metadata" "--manifest-path" "Cargo.toml" "--no-deps", kill_on_drop: false }`
[INFO] started tweaking git repo https://github.com/DioxusLabs/collect-assets
[INFO] finished tweaking git repo https://github.com/DioxusLabs/collect-assets
[INFO] tweaked toml for git repo https://github.com/DioxusLabs/collect-assets written to /workspace/builds/worker-0-tc1/source/Cargo.toml
[INFO] crate git repo https://github.com/DioxusLabs/collect-assets already has a lockfile, it will not be regenerated
[INFO] running `Command { std: CARGO_HOME="/workspace/cargo-home" RUSTUP_HOME="/workspace/rustup-home" "/workspace/cargo-home/bin/cargo" "+1.75.0" "fetch" "--manifest-path" "Cargo.toml", kill_on_drop: false }`
[INFO] [stderr]     Updating crates.io index
[INFO] [stderr]     Updating git repository `https://github.com/DioxusLabs/dioxus`
[INFO] [stderr]  Downloading crates ...
[INFO] [stderr]   Downloaded rust_hawktracer_normal_macro v0.4.1
[INFO] [stderr]   Downloaded base64-simd v0.7.0
[INFO] [stderr]   Downloaded av-metrics v0.9.0
[INFO] [stderr]   Downloaded parcel_sourcemap v2.1.1
[INFO] [stderr]   Downloaded dashmap v5.5.0
[INFO] [stderr]   Downloaded arg_enum_proc_macro v0.3.2
[INFO] [stderr]   Downloaded simd_helpers v0.1.0
[INFO] [stderr]   Downloaded ivf v0.1.1
[INFO] [stderr]   Downloaded noop_proc_macro v0.3.0
[INFO] [stderr]   Downloaded const-str-proc-macro v0.3.2
[INFO] [stderr]   Downloaded interpolate_name v0.2.3
[INFO] [stderr]   Downloaded loop9 v0.1.3
[INFO] [stderr]   Downloaded infer v0.11.0
[INFO] [stderr]   Downloaded avif-serialize v0.8.1
[INFO] [stderr]   Downloaded cargo-lock v9.0.0
[INFO] [stderr]   Downloaded imgref v1.9.4
[INFO] [stderr]   Downloaded railwind v0.1.5
[INFO] [stderr]   Downloaded rav1e v0.6.6
[INFO] [stderr]   Downloaded mozjpeg-sys v1.1.0
[INFO] [stderr]   Downloaded imagequant v4.2.0
[INFO] [stderr]   Downloaded libfuzzer-sys v0.3.5
[INFO] [stderr]   Downloaded cargo_toml v0.16.3
[INFO] [stderr]   Downloaded cargo-lock v8.0.3
[INFO] [stderr]   Downloaded ravif v0.11.2
[INFO] [stderr]   Downloaded clap_complete v4.0.7
[INFO] [stderr]   Downloaded simd-abstraction v0.7.1
[INFO] [stderr]   Downloaded v_frame v0.3.6
[INFO] [stderr]   Downloaded nasm-rs v0.2.5
[INFO] [stderr]   Downloaded y4m v0.8.0
[INFO] [stderr]   Downloaded mozjpeg v0.9.6
[INFO] [stderr]   Downloaded built v0.5.2
[INFO] [stderr]   Downloaded av1-grain v0.2.2
[INFO] [stderr]   Downloaded outref v0.1.0
[INFO] [stderr]   Downloaded rust_hawktracer_proc_macro v0.4.1
[INFO] [stderr]   Downloaded rust_hawktracer v0.7.0
[INFO] [stderr]   Downloaded reqwest v0.11.19
[INFO] [stderr]   Downloaded const-str v0.3.2
[INFO] [stderr]   Downloaded lightningcss v1.0.0-alpha.45
[INFO] [stderr]   Downloaded parcel_selectors v0.26.1
[INFO] running `Command { std: "docker" "create" "-v" "/var/lib/crater-agent-workspace/builds/worker-0-tc1/target:/opt/rustwide/target:rw,Z" "-v" "/var/lib/crater-agent-workspace/builds/worker-0-tc1/source:/opt/rustwide/workdir:ro,Z" "-v" "/var/lib/crater-agent-workspace/cargo-home:/opt/rustwide/cargo-home:ro,Z" "-v" "/var/lib/crater-agent-workspace/rustup-home:/opt/rustwide/rustup-home:ro,Z" "-e" "SOURCE_DIR=/opt/rustwide/workdir" "-e" "CARGO_TARGET_DIR=/opt/rustwide/target" "-e" "CARGO_HOME=/opt/rustwide/cargo-home" "-e" "RUSTUP_HOME=/opt/rustwide/rustup-home" "-w" "/opt/rustwide/workdir" "-m" "1610612736" "--user" "0:0" "--network" "none" "ghcr.io/rust-lang/crates-build-env/linux@sha256:2788e3201cd34a07e3172128adcd8b3090168a8e3bcc40d7c032b9dda1df7d1c" "/opt/rustwide/cargo-home/bin/cargo" "+1.75.0" "metadata" "--no-deps" "--format-version=1", kill_on_drop: false }`
[INFO] [stdout] 45dae6b32478ea7b75b7fccf4e0eba9e893bcc6547a33098c52b1f3ff5c06fc9
[INFO] running `Command { std: "docker" "start" "-a" "45dae6b32478ea7b75b7fccf4e0eba9e893bcc6547a33098c52b1f3ff5c06fc9", kill_on_drop: false }`
[INFO] running `Command { std: "docker" "inspect" "45dae6b32478ea7b75b7fccf4e0eba9e893bcc6547a33098c52b1f3ff5c06fc9", kill_on_drop: false }`
[INFO] running `Command { std: "docker" "rm" "-f" "45dae6b32478ea7b75b7fccf4e0eba9e893bcc6547a33098c52b1f3ff5c06fc9", kill_on_drop: false }`
[INFO] [stdout] 45dae6b32478ea7b75b7fccf4e0eba9e893bcc6547a33098c52b1f3ff5c06fc9
[INFO] running `Command { std: "docker" "create" "-v" "/var/lib/crater-agent-workspace/builds/worker-0-tc1/target:/opt/rustwide/target:rw,Z" "-v" "/var/lib/crater-agent-workspace/builds/worker-0-tc1/source:/opt/rustwide/workdir:ro,Z" "-v" "/var/lib/crater-agent-workspace/cargo-home:/opt/rustwide/cargo-home:ro,Z" "-v" "/var/lib/crater-agent-workspace/rustup-home:/opt/rustwide/rustup-home:ro,Z" "-e" "SOURCE_DIR=/opt/rustwide/workdir" "-e" "CARGO_TARGET_DIR=/opt/rustwide/target" "-e" "CARGO_INCREMENTAL=0" "-e" "RUST_BACKTRACE=full" "-e" "RUSTFLAGS=--cap-lints=warn" "-e" "RUSTDOCFLAGS=--cap-lints=warn" "-e" "CARGO_HOME=/opt/rustwide/cargo-home" "-e" "RUSTUP_HOME=/opt/rustwide/rustup-home" "-w" "/opt/rustwide/workdir" "-m" "1610612736" "--user" "0:0" "--network" "none" "ghcr.io/rust-lang/crates-build-env/linux@sha256:2788e3201cd34a07e3172128adcd8b3090168a8e3bcc40d7c032b9dda1df7d1c" "/opt/rustwide/cargo-home/bin/cargo" "+1.75.0" "build" "--frozen" "--message-format=json", kill_on_drop: false }`
[INFO] [stdout] 27dec5ec326cdbe05b9ecbbf9bdcb8fa4d37038cee545010b174810e24e6a177
[INFO] running `Command { std: "docker" "start" "-a" "27dec5ec326cdbe05b9ecbbf9bdcb8fa4d37038cee545010b174810e24e6a177", kill_on_drop: false }`
[INFO] [stderr]    Compiling proc-macro2 v1.0.66
[INFO] [stderr]    Compiling unicode-ident v1.0.11
[INFO] [stderr]    Compiling libc v0.2.147
[INFO] [stderr]    Compiling cfg-if v1.0.0
[INFO] [stderr]    Compiling serde v1.0.185
[INFO] [stderr]    Compiling once_cell v1.18.0
[INFO] [stderr]    Compiling scopeguard v1.2.0
[INFO] [stderr]    Compiling crossbeam-utils v0.8.16
[INFO] [stderr]    Compiling memoffset v0.9.0
[INFO] [stderr]    Compiling crossbeam-epoch v0.9.15
[INFO] [stderr]    Compiling syn v1.0.109
[INFO] [stderr]    Compiling rayon-core v1.11.0
[INFO] [stderr]    Compiling either v1.9.0
[INFO] [stderr]    Compiling tinyvec_macros v0.1.1
[INFO] [stderr]    Compiling itoa v1.0.9
[INFO] [stderr]    Compiling tinyvec v1.6.0
[INFO] [stderr]    Compiling futures-core v0.3.28
[INFO] [stderr]    Compiling percent-encoding v2.3.0
[INFO] [stderr]    Compiling hashbrown v0.14.0
[INFO] [stderr]    Compiling ahash v0.7.6
[INFO] [stderr]    Compiling form_urlencoded v1.2.0
[INFO] [stderr]    Compiling semver v1.0.18
[INFO] [stderr]    Compiling crossbeam-channel v0.5.8
[INFO] [stderr]    Compiling quote v1.0.33
[INFO] [stderr]    Compiling crossbeam-deque v0.8.3
[INFO] [stderr]    Compiling syn v2.0.29
[INFO] [stderr]    Compiling unicode-bidi v0.3.13
[INFO] [stderr]    Compiling getrandom v0.2.10
[INFO] [stderr]    Compiling num_cpus v1.16.0
[INFO] [stderr]    Compiling jobserver v0.1.26
[INFO] [stderr]    Compiling pkg-config v0.3.27
[INFO] [stderr]    Compiling cc v1.0.83
[INFO] [stderr]    Compiling unicode-normalization v0.1.22
[INFO] [stderr]    Compiling rand_core v0.6.4
[INFO] [stderr]    Compiling equivalent v1.0.1
[INFO] [stderr]    Compiling log v0.4.20
[INFO] [stderr]    Compiling rayon v1.7.0
[INFO] [stderr]    Compiling ppv-lite86 v0.2.17
[INFO] [stderr]    Compiling pin-project-lite v0.2.12
[INFO] [stderr]    Compiling idna v0.4.0
[INFO] [stderr]    Compiling vcpkg v0.2.15
[INFO] [stderr]    Compiling rand_chacha v0.3.1
[INFO] [stderr]    Compiling hashbrown v0.12.3
[INFO] [stderr]    Compiling num-traits v0.2.16
[INFO] [stderr]    Compiling siphasher v0.3.10
[INFO] [stderr]    Compiling bytes v1.4.0
[INFO] [stderr]    Compiling phf_shared v0.10.0
[INFO] [stderr]    Compiling openssl-sys v0.9.91
[INFO] [stderr]    Compiling rand v0.8.5
[INFO] [stderr]    Compiling fnv v1.0.7
[INFO] [stderr]    Compiling futures-sink v0.3.28
[INFO] [stderr]    Compiling socket2 v0.5.3
[INFO] [stderr]    Compiling mio v0.8.8
[INFO] [stderr]    Compiling indexmap v1.9.3
[INFO] [stderr]    Compiling phf_generator v0.10.0
[INFO] [stderr]    Compiling lock_api v0.4.10
[INFO] [stderr]    Compiling slab v0.4.8
[INFO] [stderr]    Compiling simd-adler32 v0.3.7
[INFO] [stderr]    Compiling futures-task v0.3.28
[INFO] [stderr]    Compiling nasm-rs v0.2.5
[INFO] [stderr]    Compiling bitflags v1.3.2
[INFO] [stderr]    Compiling num-integer v0.1.45
[INFO] [stderr]    Compiling tokio v1.32.0
[INFO] [stderr]    Compiling tracing-core v0.1.31
[INFO] [stderr]    Compiling ryu v1.0.15
[INFO] [stderr]    Compiling openssl v0.10.56
[INFO] [stderr]    Compiling smallvec v1.11.0
[INFO] [stderr]    Compiling anyhow v1.0.75
[INFO] [stderr]    Compiling foreign-types-shared v0.1.1
[INFO] [stderr]    Compiling byteorder v1.4.3
[INFO] [stderr]    Compiling futures-util v0.3.28
[INFO] [stderr]    Compiling proc-macro-hack v0.5.20+deprecated
[INFO] [stderr]    Compiling winnow v0.5.14
[INFO] [stderr]    Compiling foreign-types v0.3.2
[INFO] [stderr]    Compiling num-bigint v0.4.3
[INFO] [stderr]    Compiling http v0.2.9
[INFO] [stderr]    Compiling num-rational v0.4.1
[INFO] [stderr]    Compiling futures-channel v0.3.28
[INFO] [stderr]    Compiling paste v1.0.14
[INFO] [stderr]    Compiling adler v1.0.2
[INFO] [stderr]    Compiling rust_hawktracer_normal_macro v0.4.1
[INFO] [stderr]    Compiling thiserror v1.0.47
[INFO] [stderr]    Compiling crc32fast v1.3.2
[INFO] [stderr]    Compiling pin-utils v0.1.0
[INFO] [stderr]    Compiling bytemuck v1.13.1
[INFO] [stderr]    Compiling futures-io v0.3.28
[INFO] [stderr]    Compiling rust_hawktracer_proc_macro v0.4.1
[INFO] [stderr]    Compiling native-tls v0.2.11
[INFO] [stderr]    Compiling miniz_oxide v0.7.1
[INFO] [stderr]    Compiling httparse v1.8.0
[INFO] [stderr]    Compiling rust_hawktracer v0.7.0
[INFO] [stderr]    Compiling itertools v0.10.5
[INFO] [stderr]    Compiling serde_json v1.0.105
[INFO] [stderr]    Compiling openssl-probe v0.1.5
[INFO] [stderr]    Compiling noop_proc_macro v0.3.0
[INFO] [stderr]    Compiling serde_derive v1.0.185
[INFO] [stderr]    Compiling tracing-attributes v0.1.26
[INFO] [stderr]    Compiling openssl-macros v0.1.1
[INFO] [stderr]    Compiling thiserror-impl v1.0.47
[INFO] [stderr]    Compiling num-derive v0.4.0
[INFO] [stderr]    Compiling matches v0.1.10
[INFO] [stderr]    Compiling try-lock v0.2.4
[INFO] [stderr]    Compiling minimal-lexical v0.2.1
[INFO] [stderr]    Compiling nom v7.1.3
[INFO] [stderr]    Compiling want v0.3.1
[INFO] [stderr]    Compiling tracing v0.1.37
[INFO] [stderr]    Compiling v_frame v0.3.6
[INFO] [stderr]    Compiling ptr_meta_derive v0.1.4
[INFO] [stderr]    Compiling phf_macros v0.10.0
[INFO] [stderr]    Compiling tokio-util v0.7.8
[INFO] [stderr]    Compiling cssparser v0.29.6
[INFO] [stderr]    Compiling pin-project-internal v1.1.3
[INFO] [stderr]    Compiling h2 v0.3.21
[INFO] [stderr]    Compiling rgb v0.8.36
[INFO] [stderr]    Compiling http-body v0.4.5
[INFO] [stderr]    Compiling phf_codegen v0.10.0
[INFO] [stderr]    Compiling socket2 v0.4.9
[INFO] [stderr]    Compiling aho-corasick v1.0.4
[INFO] [stderr]    Compiling dunce v1.0.4
[INFO] [stderr]    Compiling base64 v0.21.5
[INFO] [stderr]    Compiling parking_lot_core v0.9.8
[INFO] [stderr]    Compiling regex-syntax v0.7.4
[INFO] [stderr]    Compiling outref v0.1.0
[INFO] [stderr]    Compiling httpdate v1.0.3
[INFO] [stderr]    Compiling tower-service v0.3.2
[INFO] [stderr]    Compiling rkyv v0.7.42
[INFO] [stderr]    Compiling dtoa v1.0.9
[INFO] [stderr]    Compiling dtoa-short v0.3.4
[INFO] [stderr]    Compiling simd-abstraction v0.7.1
[INFO] [stderr]    Compiling tokio-native-tls v0.3.1
[INFO] [stderr]    Compiling pin-project v1.1.3
[INFO] [stderr]    Compiling mozjpeg-sys v1.1.0
[INFO] [stderr]    Compiling parcel_selectors v0.26.1
[INFO] [stderr]    Compiling phf v0.10.1
[INFO] [stderr]    Compiling flate2 v1.0.27
[INFO] [stderr]    Compiling ptr_meta v0.1.4
[INFO] [stderr]    Compiling rkyv_derive v0.7.42
[INFO] [stderr]    Compiling arg_enum_proc_macro v0.3.2
[INFO] [stderr]    Compiling num-derive v0.3.3
[INFO] [stderr]    Compiling cssparser-macros v0.6.1
[INFO] [stderr]    Compiling hyper v0.14.27
[INFO] [stderr]    Compiling regex-automata v0.3.6
[INFO] [stderr]    Compiling spin v0.9.8
[INFO] [stderr]    Compiling maybe-rayon v0.1.1
[INFO] [stderr]    Compiling nanorand v0.7.0
[INFO] [stderr]    Compiling simd_helpers v0.1.0
[INFO] [stderr]    Compiling weezl v0.1.7
[INFO] [stderr]    Compiling seahash v4.1.0
[INFO] [stderr]    Compiling imgref v1.9.4
[INFO] [stderr]    Compiling bitstream-io v1.7.0
[INFO] [stderr]    Compiling new_debug_unreachable v1.0.4
[INFO] [stderr]    Compiling camino v1.1.6
[INFO] [stderr]    Compiling uuid v1.4.1
[INFO] [stderr]    Compiling loop9 v0.1.3
[INFO] [stderr]    Compiling flume v0.10.14
[INFO] [stderr]    Compiling indexmap v2.0.0
[INFO] [stderr]    Compiling url v2.4.0
[INFO] [stderr]    Compiling toml v0.5.11
[INFO] [stderr]    Compiling serde_spanned v0.6.3
[INFO] [stderr]    Compiling toml_datetime v0.6.3
[INFO] [stderr]    Compiling arrayvec v0.7.4
[INFO] [stderr]    Compiling rustc_version v0.4.0
[INFO] [stderr]    Compiling bitflags v2.4.0
[INFO] [stderr]    Compiling toml_edit v0.19.14
[INFO] [stderr]    Compiling av1-grain v0.2.2
[INFO] [stderr]    Compiling avif-serialize v0.8.1
[INFO] [stderr]    Compiling regex v1.9.3
[INFO] [stderr]    Compiling cargo-lock v8.0.3
[INFO] [stderr]    Compiling toml_edit v0.20.2
[INFO] [stderr]    Compiling hyper-tls v0.5.0
[INFO] [stderr]    Compiling built v0.5.2
[INFO] [stderr]    Compiling serde_urlencoded v0.7.1
[INFO] [stderr]    Compiling cfb v0.7.3
[INFO] [stderr]    Compiling toml v0.7.6
[INFO] [stderr]    Compiling base64-simd v0.7.0
[INFO] [stderr]    Compiling data-url v0.1.1
[INFO] [stderr]    Compiling const-str-proc-macro v0.3.2
[INFO] [stderr]    Compiling fxhash v0.2.1
[INFO] [stderr]    Compiling jpeg-decoder v0.3.0
[INFO] [stderr]    Compiling fdeflate v0.3.0
[INFO] [stderr]    Compiling zune-inflate v0.2.54
[INFO] [stderr]    Compiling rav1e v0.6.6
[INFO] [stderr]    Compiling encoding_rs v0.8.32
[INFO] [stderr]    Compiling ipnet v2.8.0
[INFO] [stderr]    Compiling color_quant v1.1.0
[INFO] [stderr]    Compiling fixedbitset v0.4.2
[INFO] [stderr]    Compiling precomputed-hash v0.1.1
[INFO] [stderr]    Compiling quick-error v2.0.1
[INFO] [stderr]    Compiling lebe v0.5.2
[INFO] [stderr]    Compiling half v2.2.1
[INFO] [stderr]    Compiling bit_field v0.10.2
[INFO] [stderr]    Compiling mime v0.3.17
[INFO] [stderr]    Compiling vlq v0.5.1
[INFO] [stderr]    Compiling lazy_static v1.4.0
[INFO] [stderr]    Compiling parcel_sourcemap v2.1.1
[INFO] [stderr]    Compiling exr v1.7.0
[INFO] [stderr]    Compiling petgraph v0.6.4
[INFO] [stderr]    Compiling reqwest v0.11.19
[INFO] [stderr]    Compiling const-str v0.3.2
[INFO] [stderr]    Compiling tiff v0.9.0
[INFO] [stderr]    Compiling gif v0.12.0
[INFO] [stderr]    Compiling png v0.17.10
[INFO] [stderr]    Compiling toml v0.8.2
[INFO] [stderr]    Compiling dashmap v5.5.0
[INFO] [stderr]    Compiling infer v0.11.0
[INFO] [stderr]    Compiling serde_regex v1.1.0
[INFO] [stderr]    Compiling ron v0.8.1
[INFO] [stderr]    Compiling cargo-platform v0.1.3
[INFO] [stderr]    Compiling qoi v0.4.1
[INFO] [stderr]    Compiling thread_local v1.1.7
[INFO] [stderr]    Compiling home v0.5.5
[INFO] [stderr]    Compiling data-encoding v2.4.0
[INFO] [stderr]    Compiling hex v0.4.3
[INFO] [stderr]    Compiling pathdiff v0.2.1
[INFO] [stderr]    Compiling line-col v0.2.1
[INFO] [stderr]    Compiling manganis-common v0.1.0 (/opt/rustwide/workdir/common)
[INFO] [stderr]    Compiling imagequant v4.2.0
[INFO] [stderr]    Compiling lightningcss v1.0.0-alpha.45
[INFO] [stderr]    Compiling railwind v0.1.5
[INFO] [stderr]    Compiling cargo_metadata v0.17.0
[INFO] [stderr]    Compiling cargo-lock v9.0.0
[INFO] [stderr]    Compiling cargo_toml v0.16.3
[INFO] [stderr]    Compiling rustc-hash v1.1.0
[INFO] [stderr]    Compiling mozjpeg v0.9.6
[INFO] [stderr]    Compiling ravif v0.11.2
[INFO] [stderr]    Compiling image v0.24.7
[INFO] [stderr]    Compiling manganis-cli-support v0.1.0 (/opt/rustwide/workdir/cli-support)
[INFO] [stdout] warning: unused import: `tailwind::*`
[INFO] [stdout]   --> cli-support/src/lib.rs:13:9
[INFO] [stdout]    |
[INFO] [stdout] 13 | pub use tailwind::*;
[INFO] [stdout]    |         ^^^^^^^^^^^
[INFO] [stdout]    |
[INFO] [stdout]    = note: `#[warn(unused_imports)]` on by default
[INFO] [stdout] 
[INFO] [stdout] 
[INFO] [stdout] warning: 1 warning emitted
[INFO] [stdout] 
[INFO] [stdout] 
[INFO] [stderr]    Compiling manganis-macro v0.0.1 (/opt/rustwide/workdir/macro)
[INFO] [stderr]    Compiling manganis v0.1.0 (/opt/rustwide/workdir)
[INFO] [stderr]     Finished dev [unoptimized + debuginfo] target(s) in 1m 01s
[INFO] running `Command { std: "docker" "inspect" "27dec5ec326cdbe05b9ecbbf9bdcb8fa4d37038cee545010b174810e24e6a177", kill_on_drop: false }`
[INFO] running `Command { std: "docker" "rm" "-f" "27dec5ec326cdbe05b9ecbbf9bdcb8fa4d37038cee545010b174810e24e6a177", kill_on_drop: false }`
[INFO] [stdout] 27dec5ec326cdbe05b9ecbbf9bdcb8fa4d37038cee545010b174810e24e6a177
[INFO] running `Command { std: "docker" "create" "-v" "/var/lib/crater-agent-workspace/builds/worker-0-tc1/target:/opt/rustwide/target:rw,Z" "-v" "/var/lib/crater-agent-workspace/builds/worker-0-tc1/source:/opt/rustwide/workdir:ro,Z" "-v" "/var/lib/crater-agent-workspace/cargo-home:/opt/rustwide/cargo-home:ro,Z" "-v" "/var/lib/crater-agent-workspace/rustup-home:/opt/rustwide/rustup-home:ro,Z" "-e" "SOURCE_DIR=/opt/rustwide/workdir" "-e" "CARGO_TARGET_DIR=/opt/rustwide/target" "-e" "CARGO_INCREMENTAL=0" "-e" "RUST_BACKTRACE=full" "-e" "RUSTFLAGS=--cap-lints=warn" "-e" "RUSTDOCFLAGS=--cap-lints=warn" "-e" "CARGO_HOME=/opt/rustwide/cargo-home" "-e" "RUSTUP_HOME=/opt/rustwide/rustup-home" "-w" "/opt/rustwide/workdir" "-m" "1610612736" "--user" "0:0" "--network" "none" "ghcr.io/rust-lang/crates-build-env/linux@sha256:2788e3201cd34a07e3172128adcd8b3090168a8e3bcc40d7c032b9dda1df7d1c" "/opt/rustwide/cargo-home/bin/cargo" "+1.75.0" "test" "--frozen" "--no-run" "--message-format=json", kill_on_drop: false }`
[INFO] [stdout] be58c235eb8695a555f3804ffe30019e1c35f4aa00f046aaf9cd35d38ceccb93
[INFO] running `Command { std: "docker" "start" "-a" "be58c235eb8695a555f3804ffe30019e1c35f4aa00f046aaf9cd35d38ceccb93", kill_on_drop: false }`
[INFO] [stdout] warning: unused import: `tailwind::*`
[INFO] [stdout]   --> cli-support/src/lib.rs:13:9
[INFO] [stdout]    |
[INFO] [stdout] 13 | pub use tailwind::*;
[INFO] [stdout]    |         ^^^^^^^^^^^
[INFO] [stdout]    |
[INFO] [stdout]    = note: `#[warn(unused_imports)]` on by default
[INFO] [stdout] 
[INFO] [stdout] 
[INFO] [stdout] warning: 1 warning emitted
[INFO] [stdout] 
[INFO] [stdout] 
[INFO] [stderr]    Compiling manganis v0.1.0 (/opt/rustwide/workdir)
[INFO] [stderr]     Finished test [unoptimized + debuginfo] target(s) in 0.54s
[INFO] running `Command { std: "docker" "inspect" "be58c235eb8695a555f3804ffe30019e1c35f4aa00f046aaf9cd35d38ceccb93", kill_on_drop: false }`
[INFO] running `Command { std: "docker" "rm" "-f" "be58c235eb8695a555f3804ffe30019e1c35f4aa00f046aaf9cd35d38ceccb93", kill_on_drop: false }`
[INFO] [stdout] be58c235eb8695a555f3804ffe30019e1c35f4aa00f046aaf9cd35d38ceccb93
[INFO] running `Command { std: "docker" "create" "-v" "/var/lib/crater-agent-workspace/builds/worker-0-tc1/target:/opt/rustwide/target:rw,Z" "-v" "/var/lib/crater-agent-workspace/builds/worker-0-tc1/source:/opt/rustwide/workdir:ro,Z" "-v" "/var/lib/crater-agent-workspace/cargo-home:/opt/rustwide/cargo-home:ro,Z" "-v" "/var/lib/crater-agent-workspace/rustup-home:/opt/rustwide/rustup-home:ro,Z" "-e" "SOURCE_DIR=/opt/rustwide/workdir" "-e" "CARGO_TARGET_DIR=/opt/rustwide/target" "-e" "CARGO_INCREMENTAL=0" "-e" "RUST_BACKTRACE=full" "-e" "RUSTFLAGS=--cap-lints=warn" "-e" "RUSTDOCFLAGS=--cap-lints=warn" "-e" "CARGO_HOME=/opt/rustwide/cargo-home" "-e" "RUSTUP_HOME=/opt/rustwide/rustup-home" "-w" "/opt/rustwide/workdir" "-m" "1610612736" "--user" "0:0" "--network" "none" "ghcr.io/rust-lang/crates-build-env/linux@sha256:2788e3201cd34a07e3172128adcd8b3090168a8e3bcc40d7c032b9dda1df7d1c" "/opt/rustwide/cargo-home/bin/cargo" "+1.75.0" "test" "--frozen", kill_on_drop: false }`
[INFO] [stdout] fe17206538857ee3f096170a93c655c5ff8ddc016615f656d794088dda5ee366
[INFO] running `Command { std: "docker" "start" "-a" "fe17206538857ee3f096170a93c655c5ff8ddc016615f656d794088dda5ee366", kill_on_drop: false }`
[INFO] [stderr] warning: unused import: `tailwind::*`
[INFO] [stderr]   --> cli-support/src/lib.rs:13:9
[INFO] [stderr]    |
[INFO] [stderr] 13 | pub use tailwind::*;
[INFO] [stderr]    |         ^^^^^^^^^^^
[INFO] [stderr]    |
[INFO] [stderr]    = note: `#[warn(unused_imports)]` on by default
[INFO] [stderr] 
[INFO] [stderr] warning: `manganis-cli-support` (lib) generated 1 warning (run `cargo fix --lib -p manganis-cli-support` to apply 1 suggestion)
[INFO] [stderr]     Finished test [unoptimized + debuginfo] target(s) in 0.22s
[INFO] [stderr]      Running unittests src/lib.rs (/opt/rustwide/target/debug/deps/manganis-1da3eefc8f4bb1ff)
[INFO] [stdout] 
[INFO] [stdout] running 0 tests
[INFO] [stdout] 
[INFO] [stdout] test result: ok. 0 passed; 0 failed; 0 ignored; 0 measured; 0 filtered out; finished in 0.00s
[INFO] [stdout] 
[INFO] [stderr]    Doc-tests manganis
[INFO] [stdout] 
[INFO] [stdout] running 20 tests
[INFO] [stdout] test src/lib.rs - (line 12) ... FAILED
[INFO] [stdout] test src/lib.rs - (line 6) ... FAILED
[INFO] [stdout] test src/lib.rs - ImageAssetBuilder::format (line 102) ... FAILED
[INFO] [stdout] test src/lib.rs - FontAssetBuilder::weights (line 214) ... FAILED
[INFO] [stdout] test src/lib.rs - ImageAssetBuilder::low_quality_preview (line 130) ... FAILED
[INFO] [stdout] test src/lib.rs - FontAssetBuilder::families (line 202) ... FAILED
[INFO] [stdout] test src/lib.rs - FontAssetBuilder::text (line 226) ... FAILED
[INFO] [stdout] test src/lib.rs - FontAssetBuilder::display (line 238) ... FAILED
[INFO] [stdout] test src/lib.rs - file (line 273) ... FAILED
[INFO] [stdout] test src/lib.rs - ImageAssetBuilder::preload (line 144) ... FAILED
[INFO] [stdout] test src/lib.rs - image (line 172) ... FAILED
[INFO] [stdout] test src/lib.rs - image (line 176) ... FAILED
[INFO] [stdout] test src/lib.rs - ImageAssetBuilder::size (line 116) ... FAILED
[INFO] [stdout] test src/lib.rs - image (line 180) ... FAILED
[INFO] [stdout] test src/lib.rs - image (line 184) ... FAILED
[INFO] [stdout] test src/lib.rs - file (line 277) ... FAILED
[INFO] [stdout] test src/lib.rs - ImageAssetBuilder::url_encoded (line 158) ... FAILED
[INFO] [stdout] test src/lib.rs - font (line 256) ... FAILED
[INFO] [stdout] test src/lib.rs - font (line 260) ... FAILED
[INFO] [stderr] error: doctest failed, to rerun pass `--doc`
[INFO] [stdout] test src/lib.rs - font (line 252) ... FAILED
[INFO] [stdout] 
[INFO] [stdout] failures:
[INFO] [stdout] 
[INFO] [stdout] ---- src/lib.rs - (line 12) stdout ----
[INFO] [stdout] error: proc macro panicked
[INFO] [stdout]  --> src/lib.rs:15:32
[INFO] [stdout]   |
[INFO] [stdout] 6 | const TAILWIND_CLASSES: &str = manganis::classes!("flex flex-col p-5");
[INFO] [stdout]   |                                ^^^^^^^^^^^^^^^^^^^^^^^^^^^^^^^^^^^^^^^
[INFO] [stdout]   |
[INFO] [stdout]   = help: message: called `Result::unwrap()` on an `Err` value: Os { code: 30, kind: ReadOnlyFilesystem, message: "Read-only file system" }
[INFO] [stdout] 
[INFO] [stdout] error[E0433]: failed to resolve: could not find `file` in `manganis`
[INFO] [stdout]  --> src/lib.rs:18:27
[INFO] [stdout]   |
[INFO] [stdout] 9 | const _: &str = manganis::file!("./src/asset.txt");
[INFO] [stdout]   |                           ^^^^ could not find `file` in `manganis`
[INFO] [stdout]   |
[INFO] [stdout] help: manganis::file is not a macro, but a function, try to remove `!`
[INFO] [stdout]   |
[INFO] [stdout] 9 - const _: &str = manganis::file!("./src/asset.txt");
[INFO] [stdout] 9 + const _: &str = manganis::file("./src/asset.txt");
[INFO] [stdout]   |
[INFO] [stdout] 
[INFO] [stdout] error[E0433]: failed to resolve: could not find `file` in `manganis`
[INFO] [stdout]   --> src/lib.rs:20:27
[INFO] [stdout]    |
[INFO] [stdout] 11 | const _: &str = manganis::file!("https://rustacean.net/assets/rustacean-flat-happy.png");
[INFO] [stdout]    |                           ^^^^ could not find `file` in `manganis`
[INFO] [stdout]    |
[INFO] [stdout] help: manganis::file is not a macro, but a function, try to remove `!`
[INFO] [stdout]    |
[INFO] [stdout] 11 - const _: &str = manganis::file!("https://rustacean.net/assets/rustacean-flat-happy.png");
[INFO] [stdout] 11 + const _: &str = manganis::file("https://rustacean.net/assets/rustacean-flat-happy.png");
[INFO] [stdout]    |
[INFO] [stdout] 
[INFO] [stdout] error[E0433]: failed to resolve: could not find `image` in `manganis`
[INFO] [stdout]   --> src/lib.rs:23:27
[INFO] [stdout]    |
[INFO] [stdout] 14 | const _: &str = manganis::image!("./rustacean-flat-gesture.png");
[INFO] [stdout]    |                           ^^^^^ could not find `image` in `manganis`
[INFO] [stdout]    |
[INFO] [stdout] help: manganis::image is not a macro, but a function, try to remove `!`
[INFO] [stdout]    |
[INFO] [stdout] 14 - const _: &str = manganis::image!("./rustacean-flat-gesture.png");
[INFO] [stdout] 14 + const _: &str = manganis::image("./rustacean-flat-gesture.png");
[INFO] [stdout]    |
[INFO] [stdout] 
[INFO] [stdout] error[E0433]: failed to resolve: could not find `image` in `manganis`
[INFO] [stdout]   --> src/lib.rs:25:27
[INFO] [stdout]    |
[INFO] [stdout] 16 | const _: &str = manganis::image!("./rustacean-flat-gesture.png", { size: (52, 52) });
[INFO] [stdout]    |                           ^^^^^ could not find `image` in `manganis`
[INFO] [stdout]    |
[INFO] [stdout] help: manganis::image is not a macro, but a function, try to remove `!`
[INFO] [stdout]    |
[INFO] [stdout] 16 - const _: &str = manganis::image!("./rustacean-flat-gesture.png", { size: (52, 52) });
[INFO] [stdout] 16 + const _: &str = manganis::image("./rustacean-flat-gesture.png", { size: (52, 52) });
[INFO] [stdout]    |
[INFO] [stdout] 
[INFO] [stdout] error[E0433]: failed to resolve: could not find `image` in `manganis`
[INFO] [stdout]   --> src/lib.rs:27:27
[INFO] [stdout]    |
[INFO] [stdout] 18 | const _: &str = manganis::image!("./rustacean-flat-gesture.png", { format: avif, size: (52, 52) });
[INFO] [stdout]    |                           ^^^^^ could not find `image` in `manganis`
[INFO] [stdout]    |
[INFO] [stdout] help: manganis::image is not a macro, but a function, try to remove `!`
[INFO] [stdout]    |
[INFO] [stdout] 18 - const _: &str = manganis::image!("./rustacean-flat-gesture.png", { format: avif, size: (52, 52) });
[INFO] [stdout] 18 + const _: &str = manganis::image("./rustacean-flat-gesture.png", { format: avif, size: (52, 52) });
[INFO] [stdout]    |
[INFO] [stdout] 
[INFO] [stdout] error[E0433]: failed to resolve: could not find `font` in `manganis`
[INFO] [stdout]   --> src/lib.rs:30:27
[INFO] [stdout]    |
[INFO] [stdout] 21 | const _: &str = manganis::font!({ families: ["Roboto"] });
[INFO] [stdout]    |                           ^^^^ could not find `font` in `manganis`
[INFO] [stdout]    |
[INFO] [stdout] help: manganis::font is not a macro, but a function, try to remove `!`
[INFO] [stdout]    |
[INFO] [stdout] 21 - const _: &str = manganis::font!({ families: ["Roboto"] });
[INFO] [stdout] 21 + const _: &str = manganis::font({ families: ["Roboto"] });
[INFO] [stdout]    |
[INFO] [stdout] 
[INFO] [stdout] error[E0433]: failed to resolve: could not find `font` in `manganis`
[INFO] [stdout]   --> src/lib.rs:32:27
[INFO] [stdout]    |
[INFO] [stdout] 23 | const _: &str = manganis::font!({ families: ["Comfortaa"], weights: [300] });
[INFO] [stdout]    |                           ^^^^ could not find `font` in `manganis`
[INFO] [stdout]    |
[INFO] [stdout] help: manganis::font is not a macro, but a function, try to remove `!`
[INFO] [stdout]    |
[INFO] [stdout] 23 - const _: &str = manganis::font!({ families: ["Comfortaa"], weights: [300] });
[INFO] [stdout] 23 + const _: &str = manganis::font({ families: ["Comfortaa"], weights: [300] });
[INFO] [stdout]    |
[INFO] [stdout] 
[INFO] [stdout] error[E0433]: failed to resolve: could not find `font` in `manganis`
[INFO] [stdout]   --> src/lib.rs:34:27
[INFO] [stdout]    |
[INFO] [stdout] 25 | const _: &str = manganis::font!({ families: ["Roboto"], weights: [200], text: "light font" });
[INFO] [stdout]    |                           ^^^^ could not find `font` in `manganis`
[INFO] [stdout]    |
[INFO] [stdout] help: manganis::font is not a macro, but a function, try to remove `!`
[INFO] [stdout]    |
[INFO] [stdout] 25 - const _: &str = manganis::font!({ families: ["Roboto"], weights: [200], text: "light font" });
[INFO] [stdout] 25 + const _: &str = manganis::font({ families: ["Roboto"], weights: [200], text: "light font" });
[INFO] [stdout]    |
[INFO] [stdout] 
[INFO] [stdout] error: aborting due to 9 previous errors
[INFO] [stdout] 
[INFO] [stdout] For more information about this error, try `rustc --explain E0433`.
[INFO] [stdout] Couldn't compile the test.
[INFO] [stdout] ---- src/lib.rs - (line 6) stdout ----
[INFO] [stdout] error[E0433]: failed to resolve: could not find `file` in `manganis`
[INFO] [stdout]  --> src/lib.rs:8:36
[INFO] [stdout]   |
[INFO] [stdout] 5 | const AVIF_ASSET: &str = manganis::file!("./rustacean-flat-gesture.png");
[INFO] [stdout]   |                                    ^^^^ could not find `file` in `manganis`
[INFO] [stdout]   |
[INFO] [stdout] help: manganis::file is not a macro, but a function, try to remove `!`
[INFO] [stdout]   |
[INFO] [stdout] 5 - const AVIF_ASSET: &str = manganis::file!("./rustacean-flat-gesture.png");
[INFO] [stdout] 5 + const AVIF_ASSET: &str = manganis::file("./rustacean-flat-gesture.png");
[INFO] [stdout]   |
[INFO] [stdout] 
[INFO] [stdout] error: aborting due to previous error
[INFO] [stdout] 
[INFO] [stdout] For more information about this error, try `rustc --explain E0433`.
[INFO] [stdout] Couldn't compile the test.
[INFO] [stdout] ---- src/lib.rs - ImageAssetBuilder::format (line 102) stdout ----
[INFO] [stdout] error: proc macro panicked
[INFO] [stdout]  --> src/lib.rs:104:17
[INFO] [stdout]   |
[INFO] [stdout] 5 | const _: &str = manganis::mg!(image("https://avatars.githubusercontent.com/u/79236386?s=48&v=4").format(ImageType::Webp));
[INFO] [stdout]   |                 ^^^^^^^^^^^^^^^^^^^^^^^^^^^^^^^^^^^^^^^^^^^^^^^^^^^^^^^^^^^^^^^^^^^^^^^^^^^^^^^^^^^^^^^^^^^^^^^^^^^^^^^^^
[INFO] [stdout]   |
[INFO] [stdout]   = help: message: called `Result::unwrap()` on an `Err` value: Os { code: 30, kind: ReadOnlyFilesystem, message: "Read-only file system" }
[INFO] [stdout] 
[INFO] [stdout] error: aborting due to previous error
[INFO] [stdout] 
[INFO] [stdout] Couldn't compile the test.
[INFO] [stdout] ---- src/lib.rs - FontAssetBuilder::weights (line 214) stdout ----
[INFO] [stdout] error: proc macro panicked
[INFO] [stdout]  --> src/lib.rs:216:17
[INFO] [stdout]   |
[INFO] [stdout] 5 | const _: &str = manganis::mg!(font().families(["Roboto"]).weights([200]));
[INFO] [stdout]   |                 ^^^^^^^^^^^^^^^^^^^^^^^^^^^^^^^^^^^^^^^^^^^^^^^^^^^^^^^^^
[INFO] [stdout]   |
[INFO] [stdout]   = help: message: called `Result::unwrap()` on an `Err` value: Os { code: 30, kind: ReadOnlyFilesystem, message: "Read-only file system" }
[INFO] [stdout] 
[INFO] [stdout] error: aborting due to previous error
[INFO] [stdout] 
[INFO] [stdout] Couldn't compile the test.
[INFO] [stdout] ---- src/lib.rs - ImageAssetBuilder::low_quality_preview (line 130) stdout ----
[INFO] [stdout] error: proc macro panicked
[INFO] [stdout]  --> src/lib.rs:132:17
[INFO] [stdout]   |
[INFO] [stdout] 5 | const _: &str = manganis::mg!(image("https://avatars.githubusercontent.com/u/79236386?s=48&v=4").low_quality_preview());
[INFO] [stdout]   |                 ^^^^^^^^^^^^^^^^^^^^^^^^^^^^^^^^^^^^^^^^^^^^^^^^^^^^^^^^^^^^^^^^^^^^^^^^^^^^^^^^^^^^^^^^^^^^^^^^^^^^^^^
[INFO] [stdout]   |
[INFO] [stdout]   = help: message: called `Result::unwrap()` on an `Err` value: Os { code: 30, kind: ReadOnlyFilesystem, message: "Read-only file system" }
[INFO] [stdout] 
[INFO] [stdout] error: aborting due to previous error
[INFO] [stdout] 
[INFO] [stdout] Couldn't compile the test.
[INFO] [stdout] ---- src/lib.rs - FontAssetBuilder::families (line 202) stdout ----
[INFO] [stdout] error: proc macro panicked
[INFO] [stdout]  --> src/lib.rs:204:17
[INFO] [stdout]   |
[INFO] [stdout] 5 | const _: &str = manganis::mg!(font().families(["Roboto"]));
[INFO] [stdout]   |                 ^^^^^^^^^^^^^^^^^^^^^^^^^^^^^^^^^^^^^^^^^^
[INFO] [stdout]   |
[INFO] [stdout]   = help: message: called `Result::unwrap()` on an `Err` value: Os { code: 30, kind: ReadOnlyFilesystem, message: "Read-only file system" }
[INFO] [stdout] 
[INFO] [stdout] error: aborting due to previous error
[INFO] [stdout] 
[INFO] [stdout] Couldn't compile the test.
[INFO] [stdout] ---- src/lib.rs - FontAssetBuilder::text (line 226) stdout ----
[INFO] [stdout] error: proc macro panicked
[INFO] [stdout]  --> src/lib.rs:228:17
[INFO] [stdout]   |
[INFO] [stdout] 5 | const _: &str = manganis::mg!(font().families(["Roboto"]).weights([200]).text("Hello, world!"));
[INFO] [stdout]   |                 ^^^^^^^^^^^^^^^^^^^^^^^^^^^^^^^^^^^^^^^^^^^^^^^^^^^^^^^^^^^^^^^^^^^^^^^^^^^^^^^
[INFO] [stdout]   |
[INFO] [stdout]   = help: message: called `Result::unwrap()` on an `Err` value: Os { code: 30, kind: ReadOnlyFilesystem, message: "Read-only file system" }
[INFO] [stdout] 
[INFO] [stdout] error: aborting due to previous error
[INFO] [stdout] 
[INFO] [stdout] Couldn't compile the test.
[INFO] [stdout] ---- src/lib.rs - FontAssetBuilder::display (line 238) stdout ----
[INFO] [stdout] error: proc macro panicked
[INFO] [stdout]  --> src/lib.rs:240:17
[INFO] [stdout]   |
[INFO] [stdout] 5 | const _: &str = manganis::mg!(font().families(["Roboto"]).weights([200]).text("Hello, world!").display("swap"));
[INFO] [stdout]   |                 ^^^^^^^^^^^^^^^^^^^^^^^^^^^^^^^^^^^^^^^^^^^^^^^^^^^^^^^^^^^^^^^^^^^^^^^^^^^^^^^^^^^^^^^^^^^^^^^
[INFO] [stdout]   |
[INFO] [stdout]   = help: message: called `Result::unwrap()` on an `Err` value: Os { code: 30, kind: ReadOnlyFilesystem, message: "Read-only file system" }
[INFO] [stdout] 
[INFO] [stdout] error: aborting due to previous error
[INFO] [stdout] 
[INFO] [stdout] Couldn't compile the test.
[INFO] [stdout] ---- src/lib.rs - file (line 273) stdout ----
[INFO] [stdout] error: Expected an image, font or file asset
[INFO] [stdout]  --> src/lib.rs:275:17
[INFO] [stdout]   |
[INFO] [stdout] 5 | const _: &str = manganis::mg!(file("./src/asset.txt"));
[INFO] [stdout]   |                 ^^^^^^^^^^^^^^^^^^^^^^^^^^^^^^^^^^^^^^
[INFO] [stdout]   |
[INFO] [stdout]   = note: this error originates in the macro `manganis::mg` (in Nightly builds, run with -Z macro-backtrace for more info)
[INFO] [stdout] 
[INFO] [stdout] error: aborting due to previous error
[INFO] [stdout] 
[INFO] [stdout] Couldn't compile the test.
[INFO] [stdout] ---- src/lib.rs - ImageAssetBuilder::preload (line 144) stdout ----
[INFO] [stdout] error: proc macro panicked
[INFO] [stdout]  --> src/lib.rs:146:17
[INFO] [stdout]   |
[INFO] [stdout] 5 | const _: &str = manganis::mg!(image("https://avatars.githubusercontent.com/u/79236386?s=48&v=4").preload());
[INFO] [stdout]   |                 ^^^^^^^^^^^^^^^^^^^^^^^^^^^^^^^^^^^^^^^^^^^^^^^^^^^^^^^^^^^^^^^^^^^^^^^^^^^^^^^^^^^^^^^^^^^
[INFO] [stdout]   |
[INFO] [stdout]   = help: message: called `Result::unwrap()` on an `Err` value: Os { code: 30, kind: ReadOnlyFilesystem, message: "Read-only file system" }
[INFO] [stdout] 
[INFO] [stdout] error: aborting due to previous error
[INFO] [stdout] 
[INFO] [stdout] Couldn't compile the test.
[INFO] [stdout] ---- src/lib.rs - image (line 172) stdout ----
[INFO] [stdout] error: Expected an image, font or file asset
[INFO] [stdout]  --> src/lib.rs:174:17
[INFO] [stdout]   |
[INFO] [stdout] 5 | const _: &str = manganis::mg!(image("./rustacean-flat-gesture.png"));
[INFO] [stdout]   |                 ^^^^^^^^^^^^^^^^^^^^^^^^^^^^^^^^^^^^^^^^^^^^^^^^^^^^
[INFO] [stdout]   |
[INFO] [stdout]   = note: this error originates in the macro `manganis::mg` (in Nightly builds, run with -Z macro-backtrace for more info)
[INFO] [stdout] 
[INFO] [stdout] error: aborting due to previous error
[INFO] [stdout] 
[INFO] [stdout] Couldn't compile the test.
[INFO] [stdout] ---- src/lib.rs - image (line 176) stdout ----
[INFO] [stdout] error: Expected an image, font or file asset
[INFO] [stdout]  --> src/lib.rs:178:17
[INFO] [stdout]   |
[INFO] [stdout] 5 | const _: &str = manganis::mg!(image("./rustacean-flat-gesture.png").size(52, 52));
[INFO] [stdout]   |                 ^^^^^^^^^^^^^^^^^^^^^^^^^^^^^^^^^^^^^^^^^^^^^^^^^^^^^^^^^^^^^^^^^
[INFO] [stdout]   |
[INFO] [stdout]   = note: this error originates in the macro `manganis::mg` (in Nightly builds, run with -Z macro-backtrace for more info)
[INFO] [stdout] 
[INFO] [stdout] error: aborting due to previous error
[INFO] [stdout] 
[INFO] [stdout] Couldn't compile the test.
[INFO] [stdout] ---- src/lib.rs - ImageAssetBuilder::size (line 116) stdout ----
[INFO] [stdout] error: proc macro panicked
[INFO] [stdout]  --> src/lib.rs:118:17
[INFO] [stdout]   |
[INFO] [stdout] 5 | const _: &str = manganis::mg!(image("https://avatars.githubusercontent.com/u/79236386?s=48&v=4").size(512, 512));
[INFO] [stdout]   |                 ^^^^^^^^^^^^^^^^^^^^^^^^^^^^^^^^^^^^^^^^^^^^^^^^^^^^^^^^^^^^^^^^^^^^^^^^^^^^^^^^^^^^^^^^^^^^^^^^
[INFO] [stdout]   |
[INFO] [stdout]   = help: message: called `Result::unwrap()` on an `Err` value: Os { code: 30, kind: ReadOnlyFilesystem, message: "Read-only file system" }
[INFO] [stdout] 
[INFO] [stdout] error: aborting due to previous error
[INFO] [stdout] 
[INFO] [stdout] Couldn't compile the test.
[INFO] [stdout] ---- src/lib.rs - image (line 180) stdout ----
[INFO] [stdout] error: Expected an image, font or file asset
[INFO] [stdout]  --> src/lib.rs:182:17
[INFO] [stdout]   |
[INFO] [stdout] 5 | const _: &str = manganis::mg!(image("./rustacean-flat-gesture.png").format(ImageFormat::Avif).size(52, 52));
[INFO] [stdout]   |                 ^^^^^^^^^^^^^^^^^^^^^^^^^^^^^^^^^^^^^^^^^^^^^^^^^^^^^^^^^^^^^^^^^^^^^^^^^^^^^^^^^^^^^^^^^^^
[INFO] [stdout]   |
[INFO] [stdout]   = note: this error originates in the macro `manganis::mg` (in Nightly builds, run with -Z macro-backtrace for more info)
[INFO] [stdout] 
[INFO] [stdout] error[E0433]: failed to resolve: use of undeclared type `ImageFormat`
[INFO] [stdout]  --> src/lib.rs:182:76
[INFO] [stdout]   |
[INFO] [stdout] 5 | const _: &str = manganis::mg!(image("./rustacean-flat-gesture.png").format(ImageFormat::Avif).size(52, 52));
[INFO] [stdout]   |                                                                            ^^^^^^^^^^^ use of undeclared type `ImageFormat`
[INFO] [stdout] 
[INFO] [stdout] error: aborting due to 2 previous errors
[INFO] [stdout] 
[INFO] [stdout] For more information about this error, try `rustc --explain E0433`.
[INFO] [stdout] Couldn't compile the test.
[INFO] [stdout] ---- src/lib.rs - image (line 184) stdout ----
[INFO] [stdout] error: Expected an image, font or file asset
[INFO] [stdout]  --> src/lib.rs:186:17
[INFO] [stdout]   |
[INFO] [stdout] 5 | const _: &str = manganis::mg!(image("./rustacean-flat-gesture.png").preload());
[INFO] [stdout]   |                 ^^^^^^^^^^^^^^^^^^^^^^^^^^^^^^^^^^^^^^^^^^^^^^^^^^^^^^^^^^^^^^
[INFO] [stdout]   |
[INFO] [stdout]   = note: this error originates in the macro `manganis::mg` (in Nightly builds, run with -Z macro-backtrace for more info)
[INFO] [stdout] 
[INFO] [stdout] error: aborting due to previous error
[INFO] [stdout] 
[INFO] [stdout] Couldn't compile the test.
[INFO] [stdout] ---- src/lib.rs - file (line 277) stdout ----
[INFO] [stdout] error: proc macro panicked
[INFO] [stdout]  --> src/lib.rs:279:17
[INFO] [stdout]   |
[INFO] [stdout] 5 | const _: &str = manganis::mg!(file("https://rustacean.net/assets/rustacean-flat-happy.png"));
[INFO] [stdout]   |                 ^^^^^^^^^^^^^^^^^^^^^^^^^^^^^^^^^^^^^^^^^^^^^^^^^^^^^^^^^^^^^^^^^^^^^^^^^^^^
[INFO] [stdout]   |
[INFO] [stdout]   = help: message: called `Result::unwrap()` on an `Err` value: Os { code: 30, kind: ReadOnlyFilesystem, message: "Read-only file system" }
[INFO] [stdout] 
[INFO] [stdout] error: aborting due to previous error
[INFO] [stdout] 
[INFO] [stdout] Couldn't compile the test.
[INFO] [stdout] ---- src/lib.rs - ImageAssetBuilder::url_encoded (line 158) stdout ----
[INFO] [stdout] error: proc macro panicked
[INFO] [stdout]  --> src/lib.rs:160:17
[INFO] [stdout]   |
[INFO] [stdout] 5 | const _: &str = manganis::mg!(image("https://avatars.githubusercontent.com/u/79236386?s=48&v=4").url_encoded());
[INFO] [stdout]   |                 ^^^^^^^^^^^^^^^^^^^^^^^^^^^^^^^^^^^^^^^^^^^^^^^^^^^^^^^^^^^^^^^^^^^^^^^^^^^^^^^^^^^^^^^^^^^^^^^
[INFO] [stdout]   |
[INFO] [stdout]   = help: message: called `Result::unwrap()` on an `Err` value: Os { code: 30, kind: ReadOnlyFilesystem, message: "Read-only file system" }
[INFO] [stdout] 
[INFO] [stdout] error: aborting due to previous error
[INFO] [stdout] 
[INFO] [stdout] Couldn't compile the test.
[INFO] [stdout] ---- src/lib.rs - font (line 256) stdout ----
[INFO] [stdout] error: proc macro panicked
[INFO] [stdout]  --> src/lib.rs:258:17
[INFO] [stdout]   |
[INFO] [stdout] 5 | const _: &str = manganis::mg!(font().families(["Roboto"]).weights([200]));
[INFO] [stdout]   |                 ^^^^^^^^^^^^^^^^^^^^^^^^^^^^^^^^^^^^^^^^^^^^^^^^^^^^^^^^^
[INFO] [stdout]   |
[INFO] [stdout]   = help: message: called `Result::unwrap()` on an `Err` value: Os { code: 30, kind: ReadOnlyFilesystem, message: "Read-only file system" }
[INFO] [stdout] 
[INFO] [stdout] error: aborting due to previous error
[INFO] [stdout] 
[INFO] [stdout] Couldn't compile the test.
[INFO] [stdout] ---- src/lib.rs - font (line 260) stdout ----
[INFO] [stdout] error: proc macro panicked
[INFO] [stdout]  --> src/lib.rs:262:17
[INFO] [stdout]   |
[INFO] [stdout] 5 | const _: &str = manganis::mg!(font().families(["Roboto"]).weights([200]).text("Hello, world!"));
[INFO] [stdout]   |                 ^^^^^^^^^^^^^^^^^^^^^^^^^^^^^^^^^^^^^^^^^^^^^^^^^^^^^^^^^^^^^^^^^^^^^^^^^^^^^^^
[INFO] [stdout]   |
[INFO] [stdout]   = help: message: called `Result::unwrap()` on an `Err` value: Os { code: 30, kind: ReadOnlyFilesystem, message: "Read-only file system" }
[INFO] [stdout] 
[INFO] [stdout] error: aborting due to previous error
[INFO] [stdout] 
[INFO] [stdout] Couldn't compile the test.
[INFO] [stdout] ---- src/lib.rs - font (line 252) stdout ----
[INFO] [stdout] error: proc macro panicked
[INFO] [stdout]  --> src/lib.rs:254:17
[INFO] [stdout]   |
[INFO] [stdout] 5 | const _: &str = manganis::mg!(font().families(["Roboto"]));
[INFO] [stdout]   |                 ^^^^^^^^^^^^^^^^^^^^^^^^^^^^^^^^^^^^^^^^^^
[INFO] [stdout]   |
[INFO] [stdout]   = help: message: called `Result::unwrap()` on an `Err` value: Os { code: 30, kind: ReadOnlyFilesystem, message: "Read-only file system" }
[INFO] [stdout] 
[INFO] [stdout] error: aborting due to previous error
[INFO] [stdout] 
[INFO] [stdout] Couldn't compile the test.
[INFO] [stdout] 
[INFO] [stdout] failures:
[INFO] [stdout]     src/lib.rs - (line 12)
[INFO] [stdout]     src/lib.rs - (line 6)
[INFO] [stdout]     src/lib.rs - FontAssetBuilder::display (line 238)
[INFO] [stdout]     src/lib.rs - FontAssetBuilder::families (line 202)
[INFO] [stdout]     src/lib.rs - FontAssetBuilder::text (line 226)
[INFO] [stdout]     src/lib.rs - FontAssetBuilder::weights (line 214)
[INFO] [stdout]     src/lib.rs - ImageAssetBuilder::format (line 102)
[INFO] [stdout]     src/lib.rs - ImageAssetBuilder::low_quality_preview (line 130)
[INFO] [stdout]     src/lib.rs - ImageAssetBuilder::preload (line 144)
[INFO] [stdout]     src/lib.rs - ImageAssetBuilder::size (line 116)
[INFO] [stdout]     src/lib.rs - ImageAssetBuilder::url_encoded (line 158)
[INFO] [stdout]     src/lib.rs - file (line 273)
[INFO] [stdout]     src/lib.rs - file (line 277)
[INFO] [stdout]     src/lib.rs - font (line 252)
[INFO] [stdout]     src/lib.rs - font (line 256)
[INFO] [stdout]     src/lib.rs - font (line 260)
[INFO] [stdout]     src/lib.rs - image (line 172)
[INFO] [stdout]     src/lib.rs - image (line 176)
[INFO] [stdout]     src/lib.rs - image (line 180)
[INFO] [stdout]     src/lib.rs - image (line 184)
[INFO] [stdout] 
[INFO] [stdout] test result: FAILED. 0 passed; 20 failed; 0 ignored; 0 measured; 0 filtered out; finished in 0.86s
[INFO] [stdout] 
[INFO] running `Command { std: "docker" "inspect" "fe17206538857ee3f096170a93c655c5ff8ddc016615f656d794088dda5ee366", kill_on_drop: false }`
[INFO] running `Command { std: "docker" "rm" "-f" "fe17206538857ee3f096170a93c655c5ff8ddc016615f656d794088dda5ee366", kill_on_drop: false }`
[INFO] [stdout] fe17206538857ee3f096170a93c655c5ff8ddc016615f656d794088dda5ee366
