[INFO] cloning repository https://github.com/Davidflogar/phpl
[INFO] running `Command { std: "git" "-c" "credential.helper=" "-c" "credential.helper=/workspace/cargo-home/bin/git-credential-null" "clone" "--bare" "https://github.com/Davidflogar/phpl" "/workspace/cache/git-repos/https%3A%2F%2Fgithub.com%2FDavidflogar%2Fphpl", kill_on_drop: false }`
[INFO] [stderr] Cloning into bare repository '/workspace/cache/git-repos/https%3A%2F%2Fgithub.com%2FDavidflogar%2Fphpl'...
[INFO] running `Command { std: "git" "rev-parse" "HEAD", kill_on_drop: false }`
[INFO] [stdout] dab21365b215ad05329e061431379a666c739a85
[INFO] testing Davidflogar/phpl against 1.75.0 for beta-1.76-1
[INFO] running `Command { std: "git" "clone" "/workspace/cache/git-repos/https%3A%2F%2Fgithub.com%2FDavidflogar%2Fphpl" "/workspace/builds/worker-4-tc1/source", kill_on_drop: false }`
[INFO] [stderr] Cloning into '/workspace/builds/worker-4-tc1/source'...
[INFO] [stderr] done.
[INFO] validating manifest of git repo https://github.com/Davidflogar/phpl on toolchain 1.75.0
[INFO] running `Command { std: CARGO_HOME="/workspace/cargo-home" RUSTUP_HOME="/workspace/rustup-home" "/workspace/cargo-home/bin/cargo" "+1.75.0" "metadata" "--manifest-path" "Cargo.toml" "--no-deps", kill_on_drop: false }`
[INFO] started tweaking git repo https://github.com/Davidflogar/phpl
[INFO] finished tweaking git repo https://github.com/Davidflogar/phpl
[INFO] tweaked toml for git repo https://github.com/Davidflogar/phpl written to /workspace/builds/worker-4-tc1/source/Cargo.toml
[INFO] crate git repo https://github.com/Davidflogar/phpl already has a lockfile, it will not be regenerated
[INFO] running `Command { std: CARGO_HOME="/workspace/cargo-home" RUSTUP_HOME="/workspace/rustup-home" "/workspace/cargo-home/bin/cargo" "+1.75.0" "fetch" "--manifest-path" "Cargo.toml", kill_on_drop: false }`
[INFO] [stderr] warning: virtual workspace defaulting to `resolver = "1"` despite one or more workspace members being on edition 2021 which implies `resolver = "2"`
[INFO] [stderr] note: to keep the current resolver, specify `workspace.resolver = "1"` in the workspace root's manifest
[INFO] [stderr] note: to use the edition 2021 resolver, specify `workspace.resolver = "2"` in the workspace root's manifest
[INFO] [stderr] note: for more details see https://doc.rust-lang.org/cargo/reference/resolver.html#resolver-versions
[INFO] [stderr]  Downloading crates ...
[INFO] [stderr]   Downloaded ariadne v0.1.5
[INFO] running `Command { std: "docker" "create" "-v" "/var/lib/crater-agent-workspace/builds/worker-4-tc1/target:/opt/rustwide/target:rw,Z" "-v" "/var/lib/crater-agent-workspace/builds/worker-4-tc1/source:/opt/rustwide/workdir:ro,Z" "-v" "/var/lib/crater-agent-workspace/cargo-home:/opt/rustwide/cargo-home:ro,Z" "-v" "/var/lib/crater-agent-workspace/rustup-home:/opt/rustwide/rustup-home:ro,Z" "-e" "SOURCE_DIR=/opt/rustwide/workdir" "-e" "CARGO_TARGET_DIR=/opt/rustwide/target" "-e" "CARGO_HOME=/opt/rustwide/cargo-home" "-e" "RUSTUP_HOME=/opt/rustwide/rustup-home" "-w" "/opt/rustwide/workdir" "-m" "1610612736" "--user" "0:0" "--network" "none" "ghcr.io/rust-lang/crates-build-env/linux@sha256:2788e3201cd34a07e3172128adcd8b3090168a8e3bcc40d7c032b9dda1df7d1c" "/opt/rustwide/cargo-home/bin/cargo" "+1.75.0" "metadata" "--no-deps" "--format-version=1", kill_on_drop: false }`
[INFO] [stdout] 8b5b5d7b315037567ef7b35ed2622b625b4bc84edf432eb3c1fa46ebb933d2f2
[INFO] running `Command { std: "docker" "start" "-a" "8b5b5d7b315037567ef7b35ed2622b625b4bc84edf432eb3c1fa46ebb933d2f2", kill_on_drop: false }`
[INFO] running `Command { std: "docker" "inspect" "8b5b5d7b315037567ef7b35ed2622b625b4bc84edf432eb3c1fa46ebb933d2f2", kill_on_drop: false }`
[INFO] running `Command { std: "docker" "rm" "-f" "8b5b5d7b315037567ef7b35ed2622b625b4bc84edf432eb3c1fa46ebb933d2f2", kill_on_drop: false }`
[INFO] [stdout] 8b5b5d7b315037567ef7b35ed2622b625b4bc84edf432eb3c1fa46ebb933d2f2
[INFO] running `Command { std: "docker" "create" "-v" "/var/lib/crater-agent-workspace/builds/worker-4-tc1/target:/opt/rustwide/target:rw,Z" "-v" "/var/lib/crater-agent-workspace/builds/worker-4-tc1/source:/opt/rustwide/workdir:ro,Z" "-v" "/var/lib/crater-agent-workspace/cargo-home:/opt/rustwide/cargo-home:ro,Z" "-v" "/var/lib/crater-agent-workspace/rustup-home:/opt/rustwide/rustup-home:ro,Z" "-e" "SOURCE_DIR=/opt/rustwide/workdir" "-e" "CARGO_TARGET_DIR=/opt/rustwide/target" "-e" "CARGO_INCREMENTAL=0" "-e" "RUST_BACKTRACE=full" "-e" "RUSTFLAGS=--cap-lints=warn" "-e" "RUSTDOCFLAGS=--cap-lints=warn" "-e" "CARGO_HOME=/opt/rustwide/cargo-home" "-e" "RUSTUP_HOME=/opt/rustwide/rustup-home" "-w" "/opt/rustwide/workdir" "-m" "1610612736" "--user" "0:0" "--network" "none" "ghcr.io/rust-lang/crates-build-env/linux@sha256:2788e3201cd34a07e3172128adcd8b3090168a8e3bcc40d7c032b9dda1df7d1c" "/opt/rustwide/cargo-home/bin/cargo" "+1.75.0" "build" "--frozen" "--message-format=json", kill_on_drop: false }`
[INFO] [stdout] c6f3dd48e8622b829988b0d82e5c208caf47b97d10e721bc6bbc1a6c0f95aff7
[INFO] running `Command { std: "docker" "start" "-a" "c6f3dd48e8622b829988b0d82e5c208caf47b97d10e721bc6bbc1a6c0f95aff7", kill_on_drop: false }`
[INFO] [stderr] warning: virtual workspace defaulting to `resolver = "1"` despite one or more workspace members being on edition 2021 which implies `resolver = "2"`
[INFO] [stderr] note: to keep the current resolver, specify `workspace.resolver = "1"` in the workspace root's manifest
[INFO] [stderr] note: to use the edition 2021 resolver, specify `workspace.resolver = "2"` in the workspace root's manifest
[INFO] [stderr] note: for more details see https://doc.rust-lang.org/cargo/reference/resolver.html#resolver-versions
[INFO] [stderr]    Compiling proc-macro2 v1.0.69
[INFO] [stderr]    Compiling unicode-ident v1.0.12
[INFO] [stderr]    Compiling syn v1.0.109
[INFO] [stderr]    Compiling serde v1.0.190
[INFO] [stderr]    Compiling utf8parse v0.2.1
[INFO] [stderr]    Compiling anstyle-query v1.0.0
[INFO] [stderr]    Compiling serde_json v1.0.108
[INFO] [stderr]    Compiling colorchoice v1.0.0
[INFO] [stderr]    Compiling anstyle v1.0.4
[INFO] [stderr]    Compiling heck v0.4.1
[INFO] [stderr]    Compiling schemars v0.8.15
[INFO] [stderr]    Compiling ryu v1.0.15
[INFO] [stderr]    Compiling clap_lex v0.6.0
[INFO] [stderr]    Compiling itoa v1.0.9
[INFO] [stderr]    Compiling strsim v0.10.0
[INFO] [stderr]    Compiling yansi v0.5.1
[INFO] [stderr]    Compiling anstyle-parse v0.2.2
[INFO] [stderr]    Compiling dyn-clone v1.0.16
[INFO] [stderr]    Compiling ariadne v0.1.5
[INFO] [stderr]    Compiling anstream v0.6.4
[INFO] [stderr]    Compiling clap_builder v4.4.7
[INFO] [stderr]    Compiling quote v1.0.33
[INFO] [stderr]    Compiling syn v2.0.38
[INFO] [stderr]    Compiling serde_derive_internals v0.26.0
[INFO] [stderr]    Compiling schemars_derive v0.8.15
[INFO] [stderr]    Compiling serde_derive v1.0.190
[INFO] [stderr]    Compiling clap_derive v4.4.7
[INFO] [stderr]    Compiling clap v4.4.7
[INFO] [stderr]    Compiling php-parser-rs v0.1.3 (/opt/rustwide/workdir/php-parser)
[INFO] [stderr]    Compiling evaluator v0.1.0 (/opt/rustwide/workdir/evaluator)
[INFO] [stdout] warning: unused variable: `env`
[INFO] [stdout]    --> evaluator/src/php_value.rs:522:9
[INFO] [stdout]     |
[INFO] [stdout] 522 |         env: Environment,
[INFO] [stdout]     |         ^^^ help: if this is intentional, prefix it with an underscore: `_env`
[INFO] [stdout]     |
[INFO] [stdout]     = note: `#[warn(unused_variables)]` on by default
[INFO] [stdout] 
[INFO] [stdout] 
[INFO] [stdout] warning: unused variable: `arguments`
[INFO] [stdout]    --> evaluator/src/php_value.rs:523:9
[INFO] [stdout]     |
[INFO] [stdout] 523 |         arguments: HashMap<&str, PhpValue>,
[INFO] [stdout]     |         ^^^^^^^^^ help: if this is intentional, prefix it with an underscore: `_arguments`
[INFO] [stdout] 
[INFO] [stdout] 
[INFO] [stdout] warning: method `is_iterable` is never used
[INFO] [stdout]    --> evaluator/src/php_value.rs:291:12
[INFO] [stdout]     |
[INFO] [stdout] 94  | impl PhpValue {
[INFO] [stdout]     | ------------- method in this implementation
[INFO] [stdout] ...
[INFO] [stdout] 291 |     pub fn is_iterable(&self) -> bool {
[INFO] [stdout]     |            ^^^^^^^^^^^
[INFO] [stdout]     |
[INFO] [stdout]     = note: `#[warn(dead_code)]` on by default
[INFO] [stdout] 
[INFO] [stdout] 
[INFO] [stdout] warning: 3 warnings emitted
[INFO] [stdout] 
[INFO] [stdout] 
[INFO] [stderr]    Compiling phpl v0.1.0 (/opt/rustwide/workdir/phpl)
[INFO] [stderr]     Finished dev [unoptimized + debuginfo] target(s) in 19.05s
[INFO] running `Command { std: "docker" "inspect" "c6f3dd48e8622b829988b0d82e5c208caf47b97d10e721bc6bbc1a6c0f95aff7", kill_on_drop: false }`
[INFO] running `Command { std: "docker" "rm" "-f" "c6f3dd48e8622b829988b0d82e5c208caf47b97d10e721bc6bbc1a6c0f95aff7", kill_on_drop: false }`
[INFO] [stdout] c6f3dd48e8622b829988b0d82e5c208caf47b97d10e721bc6bbc1a6c0f95aff7
[INFO] running `Command { std: "docker" "create" "-v" "/var/lib/crater-agent-workspace/builds/worker-4-tc1/target:/opt/rustwide/target:rw,Z" "-v" "/var/lib/crater-agent-workspace/builds/worker-4-tc1/source:/opt/rustwide/workdir:ro,Z" "-v" "/var/lib/crater-agent-workspace/cargo-home:/opt/rustwide/cargo-home:ro,Z" "-v" "/var/lib/crater-agent-workspace/rustup-home:/opt/rustwide/rustup-home:ro,Z" "-e" "SOURCE_DIR=/opt/rustwide/workdir" "-e" "CARGO_TARGET_DIR=/opt/rustwide/target" "-e" "CARGO_INCREMENTAL=0" "-e" "RUST_BACKTRACE=full" "-e" "RUSTFLAGS=--cap-lints=warn" "-e" "RUSTDOCFLAGS=--cap-lints=warn" "-e" "CARGO_HOME=/opt/rustwide/cargo-home" "-e" "RUSTUP_HOME=/opt/rustwide/rustup-home" "-w" "/opt/rustwide/workdir" "-m" "1610612736" "--user" "0:0" "--network" "none" "ghcr.io/rust-lang/crates-build-env/linux@sha256:2788e3201cd34a07e3172128adcd8b3090168a8e3bcc40d7c032b9dda1df7d1c" "/opt/rustwide/cargo-home/bin/cargo" "+1.75.0" "test" "--frozen" "--no-run" "--message-format=json", kill_on_drop: false }`
[INFO] [stdout] eeaf3780e256b0f754a0656516fe2160f124115b01f6cad47c45d5c9cce9a5f3
[INFO] running `Command { std: "docker" "start" "-a" "eeaf3780e256b0f754a0656516fe2160f124115b01f6cad47c45d5c9cce9a5f3", kill_on_drop: false }`
[INFO] [stderr] warning: virtual workspace defaulting to `resolver = "1"` despite one or more workspace members being on edition 2021 which implies `resolver = "2"`
[INFO] [stderr] note: to keep the current resolver, specify `workspace.resolver = "1"` in the workspace root's manifest
[INFO] [stderr] note: to use the edition 2021 resolver, specify `workspace.resolver = "2"` in the workspace root's manifest
[INFO] [stderr] note: for more details see https://doc.rust-lang.org/cargo/reference/resolver.html#resolver-versions
[INFO] [stderr]    Compiling php-parser-rs v0.1.3 (/opt/rustwide/workdir/php-parser)
[INFO] [stdout] warning: unused variable: `env`
[INFO] [stdout]    --> evaluator/src/php_value.rs:522:9
[INFO] [stdout]     |
[INFO] [stdout] 522 |         env: Environment,
[INFO] [stdout]     |         ^^^ help: if this is intentional, prefix it with an underscore: `_env`
[INFO] [stdout]     |
[INFO] [stdout]     = note: `#[warn(unused_variables)]` on by default
[INFO] [stdout] 
[INFO] [stdout] 
[INFO] [stdout] warning: unused variable: `arguments`
[INFO] [stdout]    --> evaluator/src/php_value.rs:523:9
[INFO] [stdout]     |
[INFO] [stdout] 523 |         arguments: HashMap<&str, PhpValue>,
[INFO] [stdout]     |         ^^^^^^^^^ help: if this is intentional, prefix it with an underscore: `_arguments`
[INFO] [stdout] 
[INFO] [stdout] 
[INFO] [stderr]    Compiling evaluator v0.1.0 (/opt/rustwide/workdir/evaluator)
[INFO] [stdout] warning: method `is_iterable` is never used
[INFO] [stdout]    --> evaluator/src/php_value.rs:291:12
[INFO] [stdout]     |
[INFO] [stdout] 94  | impl PhpValue {
[INFO] [stdout]     | ------------- method in this implementation
[INFO] [stdout] ...
[INFO] [stdout] 291 |     pub fn is_iterable(&self) -> bool {
[INFO] [stdout]     |            ^^^^^^^^^^^
[INFO] [stdout]     |
[INFO] [stdout]     = note: `#[warn(dead_code)]` on by default
[INFO] [stdout] 
[INFO] [stdout] 
[INFO] [stderr]    Compiling phpl v0.1.0 (/opt/rustwide/workdir/phpl)
[INFO] [stdout] warning: 3 warnings emitted
[INFO] [stdout] 
[INFO] [stdout] 
[INFO] [stdout] warning: unused variable: `env`
[INFO] [stdout]    --> evaluator/src/php_value.rs:522:9
[INFO] [stdout]     |
[INFO] [stdout] 522 |         env: Environment,
[INFO] [stdout]     |         ^^^ help: if this is intentional, prefix it with an underscore: `_env`
[INFO] [stdout]     |
[INFO] [stdout]     = note: `#[warn(unused_variables)]` on by default
[INFO] [stdout] 
[INFO] [stdout] 
[INFO] [stdout] warning: unused variable: `arguments`
[INFO] [stdout]    --> evaluator/src/php_value.rs:523:9
[INFO] [stdout]     |
[INFO] [stdout] 523 |         arguments: HashMap<&str, PhpValue>,
[INFO] [stdout]     |         ^^^^^^^^^ help: if this is intentional, prefix it with an underscore: `_arguments`
[INFO] [stdout] 
[INFO] [stdout] 
[INFO] [stdout] warning: method `is_iterable` is never used
[INFO] [stdout]    --> evaluator/src/php_value.rs:291:12
[INFO] [stdout]     |
[INFO] [stdout] 94  | impl PhpValue {
[INFO] [stdout]     | ------------- method in this implementation
[INFO] [stdout] ...
[INFO] [stdout] 291 |     pub fn is_iterable(&self) -> bool {
[INFO] [stdout]     |            ^^^^^^^^^^^
[INFO] [stdout]     |
[INFO] [stdout]     = note: `#[warn(dead_code)]` on by default
[INFO] [stdout] 
[INFO] [stdout] 
[INFO] [stdout] warning: 3 warnings emitted
[INFO] [stdout] 
[INFO] [stdout] 
[INFO] [stderr]     Finished test [unoptimized + debuginfo] target(s) in 8.01s
[INFO] running `Command { std: "docker" "inspect" "eeaf3780e256b0f754a0656516fe2160f124115b01f6cad47c45d5c9cce9a5f3", kill_on_drop: false }`
[INFO] running `Command { std: "docker" "rm" "-f" "eeaf3780e256b0f754a0656516fe2160f124115b01f6cad47c45d5c9cce9a5f3", kill_on_drop: false }`
[INFO] [stdout] eeaf3780e256b0f754a0656516fe2160f124115b01f6cad47c45d5c9cce9a5f3
[INFO] running `Command { std: "docker" "create" "-v" "/var/lib/crater-agent-workspace/builds/worker-4-tc1/target:/opt/rustwide/target:rw,Z" "-v" "/var/lib/crater-agent-workspace/builds/worker-4-tc1/source:/opt/rustwide/workdir:ro,Z" "-v" "/var/lib/crater-agent-workspace/cargo-home:/opt/rustwide/cargo-home:ro,Z" "-v" "/var/lib/crater-agent-workspace/rustup-home:/opt/rustwide/rustup-home:ro,Z" "-e" "SOURCE_DIR=/opt/rustwide/workdir" "-e" "CARGO_TARGET_DIR=/opt/rustwide/target" "-e" "CARGO_INCREMENTAL=0" "-e" "RUST_BACKTRACE=full" "-e" "RUSTFLAGS=--cap-lints=warn" "-e" "RUSTDOCFLAGS=--cap-lints=warn" "-e" "CARGO_HOME=/opt/rustwide/cargo-home" "-e" "RUSTUP_HOME=/opt/rustwide/rustup-home" "-w" "/opt/rustwide/workdir" "-m" "1610612736" "--user" "0:0" "--network" "none" "ghcr.io/rust-lang/crates-build-env/linux@sha256:2788e3201cd34a07e3172128adcd8b3090168a8e3bcc40d7c032b9dda1df7d1c" "/opt/rustwide/cargo-home/bin/cargo" "+1.75.0" "test" "--frozen", kill_on_drop: false }`
[INFO] [stdout] 91bf4e868e3ef36e1ecff2d98eeb7198003fffad45f11751e852161e7ea6d332
[INFO] running `Command { std: "docker" "start" "-a" "91bf4e868e3ef36e1ecff2d98eeb7198003fffad45f11751e852161e7ea6d332", kill_on_drop: false }`
[INFO] [stderr] warning: virtual workspace defaulting to `resolver = "1"` despite one or more workspace members being on edition 2021 which implies `resolver = "2"`
[INFO] [stderr] note: to keep the current resolver, specify `workspace.resolver = "1"` in the workspace root's manifest
[INFO] [stderr] note: to use the edition 2021 resolver, specify `workspace.resolver = "2"` in the workspace root's manifest
[INFO] [stderr] note: for more details see https://doc.rust-lang.org/cargo/reference/resolver.html#resolver-versions
[INFO] [stderr] warning: unused variable: `env`
[INFO] [stderr]    --> evaluator/src/php_value.rs:522:9
[INFO] [stderr]     |
[INFO] [stderr] 522 |         env: Environment,
[INFO] [stderr]     |         ^^^ help: if this is intentional, prefix it with an underscore: `_env`
[INFO] [stderr]     |
[INFO] [stderr]     = note: `#[warn(unused_variables)]` on by default
[INFO] [stderr] 
[INFO] [stderr] warning: unused variable: `arguments`
[INFO] [stderr]    --> evaluator/src/php_value.rs:523:9
[INFO] [stderr]     |
[INFO] [stderr] 523 |         arguments: HashMap<&str, PhpValue>,
[INFO] [stderr]     |         ^^^^^^^^^ help: if this is intentional, prefix it with an underscore: `_arguments`
[INFO] [stderr] 
[INFO] [stderr] warning: method `is_iterable` is never used
[INFO] [stderr]    --> evaluator/src/php_value.rs:291:12
[INFO] [stderr]     |
[INFO] [stderr] 94  | impl PhpValue {
[INFO] [stderr]     | ------------- method in this implementation
[INFO] [stderr] ...
[INFO] [stderr] 291 |     pub fn is_iterable(&self) -> bool {
[INFO] [stderr]     |            ^^^^^^^^^^^
[INFO] [stderr]     |
[INFO] [stderr]     = note: `#[warn(dead_code)]` on by default
[INFO] [stderr] 
[INFO] [stderr] warning: `evaluator` (lib) generated 3 warnings (run `cargo fix --lib -p evaluator` to apply 2 suggestions)
[INFO] [stderr] warning: `evaluator` (lib test) generated 3 warnings (3 duplicates)
[INFO] [stderr]     Finished test [unoptimized + debuginfo] target(s) in 0.02s
[INFO] [stderr]      Running unittests src/lib.rs (/opt/rustwide/target/debug/deps/evaluator-7de1d8022870065b)
[INFO] [stdout] 
[INFO] [stdout] running 0 tests
[INFO] [stdout] 
[INFO] [stdout] test result: ok. 0 passed; 0 failed; 0 ignored; 0 measured; 0 filtered out; finished in 0.00s
[INFO] [stdout] 
[INFO] [stderr]      Running unittests src/lib.rs (/opt/rustwide/target/debug/deps/php_parser_rs-7f39cd2d0f374bd6)
[INFO] [stdout] 
[INFO] [stdout] running 1 test
[INFO] [stdout] test lexer::byte_string::tests::test_byte_string_debug ... ok
[INFO] [stdout] 
[INFO] [stdout] test result: ok. 1 passed; 0 failed; 0 ignored; 0 measured; 0 filtered out; finished in 0.00s
[INFO] [stdout] 
[INFO] [stderr]      Running unittests src/main.rs (/opt/rustwide/target/debug/deps/phpl-d78eec6ffc61e433)
[INFO] [stdout] 
[INFO] [stdout] running 0 tests
[INFO] [stdout] 
[INFO] [stdout] test result: ok. 0 passed; 0 failed; 0 ignored; 0 measured; 0 filtered out; finished in 0.00s
[INFO] [stdout] 
[INFO] [stderr]    Doc-tests evaluator
[INFO] [stdout] 
[INFO] [stdout] running 0 tests
[INFO] [stdout] 
[INFO] [stdout] test result: ok. 0 passed; 0 failed; 0 ignored; 0 measured; 0 filtered out; finished in 0.00s
[INFO] [stdout] 
[INFO] [stderr]    Doc-tests php-parser-rs
[INFO] [stdout] 
[INFO] [stdout] running 2 tests
[INFO] [stdout] test php-parser/src/printer.rs - printer::print (line 11) ... FAILED
[INFO] [stdout] test php-parser/src/lexer/stream.rs - lexer::stream::TokenStream (line 12) ... FAILED
[INFO] [stdout] 
[INFO] [stdout] failures:
[INFO] [stdout] 
[INFO] [stdout] ---- php-parser/src/printer.rs - printer::print (line 11) stdout ----
[INFO] [stdout] error[E0432]: unresolved import `pretty_assertions`
[INFO] [stdout]  --> php-parser/src/printer.rs:13:5
[INFO] [stdout]   |
[INFO] [stdout] 5 | use pretty_assertions::assert_str_eq;
[INFO] [stdout]   |     ^^^^^^^^^^^^^^^^^ maybe a missing crate `pretty_assertions`?
[INFO] [stdout]   |
[INFO] [stdout]   = help: consider adding `extern crate pretty_assertions` to use the `pretty_assertions` crate
[INFO] [stdout] 
[INFO] [stdout] error: cannot determine resolution for the macro `assert_str_eq`
[INFO] [stdout]   --> php-parser/src/printer.rs:29:1
[INFO] [stdout]    |
[INFO] [stdout] 21 | assert_str_eq!(print(&tokens), code);
[INFO] [stdout]    | ^^^^^^^^^^^^^
[INFO] [stdout]    |
[INFO] [stdout]    = note: import resolution is stuck, try simplifying macro imports
[INFO] [stdout] 
[INFO] [stdout] error: aborting due to 2 previous errors
[INFO] [stdout] 
[INFO] [stdout] For more information about this error, try `rustc --explain E0432`.
[INFO] [stdout] Couldn't compile the test.
[INFO] [stdout] ---- php-parser/src/lexer/stream.rs - lexer::stream::TokenStream (line 12) stdout ----
[INFO] [stdout] error[E0618]: expected function, found `TokenKind`
[INFO] [stdout]   --> php-parser/src/lexer/stream.rs:19:19
[INFO] [stdout]    |
[INFO] [stdout] 10 |     Token { kind: TokenKind::SingleLineComment("// some class".into()), span: (1, 1) },
[INFO] [stdout]    |                   ^^^^^^^^^^^^^^^^^^^^^^^^^^^^------------------------
[INFO] [stdout]    |                   |
[INFO] [stdout]    |                   call expression requires function
[INFO] [stdout] 
[INFO] [stdout] error[E0063]: missing field `value` in initializer of `Token`
[INFO] [stdout]   --> php-parser/src/lexer/stream.rs:19:5
[INFO] [stdout]    |
[INFO] [stdout] 10 |     Token { kind: TokenKind::SingleLineComment("// some class".into()), span: (1, 1) },
[INFO] [stdout]    |     ^^^^^ missing `value`
[INFO] [stdout] 
[INFO] [stdout] error[E0063]: missing field `value` in initializer of `Token`
[INFO] [stdout]   --> php-parser/src/lexer/stream.rs:20:5
[INFO] [stdout]    |
[INFO] [stdout] 11 |     Token { kind: TokenKind::Readonly, span: (2, 1) },
[INFO] [stdout]    |     ^^^^^ missing `value`
[INFO] [stdout] 
[INFO] [stdout] error[E0063]: missing field `value` in initializer of `Token`
[INFO] [stdout]   --> php-parser/src/lexer/stream.rs:21:5
[INFO] [stdout]    |
[INFO] [stdout] 12 |     Token { kind: TokenKind::Class, span: (2, 10) },
[INFO] [stdout]    |     ^^^^^ missing `value`
[INFO] [stdout] 
[INFO] [stdout] error[E0063]: missing field `value` in initializer of `Token`
[INFO] [stdout]   --> php-parser/src/lexer/stream.rs:22:5
[INFO] [stdout]    |
[INFO] [stdout] 13 |     Token { kind: TokenKind::Enum, span: (2, 16) },
[INFO] [stdout]    |     ^^^^^ missing `value`
[INFO] [stdout] 
[INFO] [stdout] error[E0063]: missing field `value` in initializer of `Token`
[INFO] [stdout]   --> php-parser/src/lexer/stream.rs:23:5
[INFO] [stdout]    |
[INFO] [stdout] 14 |     Token { kind: TokenKind::LeftBrace, span: (2, 21) },
[INFO] [stdout]    |     ^^^^^ missing `value`
[INFO] [stdout] 
[INFO] [stdout] error[E0618]: expected function, found `TokenKind`
[INFO] [stdout]   --> php-parser/src/lexer/stream.rs:24:19
[INFO] [stdout]    |
[INFO] [stdout] 15 |     Token { kind: TokenKind::SingleLineComment("// empty body!".into()), span: (3, 1) },
[INFO] [stdout]    |                   ^^^^^^^^^^^^^^^^^^^^^^^^^^^^-------------------------
[INFO] [stdout]    |                   |
[INFO] [stdout]    |                   call expression requires function
[INFO] [stdout] 
[INFO] [stdout] error[E0063]: missing field `value` in initializer of `Token`
[INFO] [stdout]   --> php-parser/src/lexer/stream.rs:24:5
[INFO] [stdout]    |
[INFO] [stdout] 15 |     Token { kind: TokenKind::SingleLineComment("// empty body!".into()), span: (3, 1) },
[INFO] [stdout]    |     ^^^^^ missing `value`
[INFO] [stdout] 
[INFO] [stdout] error[E0063]: missing field `value` in initializer of `Token`
[INFO] [stdout]   --> php-parser/src/lexer/stream.rs:25:5
[INFO] [stdout]    |
[INFO] [stdout] 16 |     Token { kind: TokenKind::RightBrace, span: (4, 1) },
[INFO] [stdout]    |     ^^^^^ missing `value`
[INFO] [stdout] 
[INFO] [stdout] error[E0063]: missing field `value` in initializer of `Token`
[INFO] [stdout]   --> php-parser/src/lexer/stream.rs:26:5
[INFO] [stdout]    |
[INFO] [stdout] 17 |     Token { kind: TokenKind::Eof, span: (0, 0) },
[INFO] [stdout]    |     ^^^^^ missing `value`
[INFO] [stdout] 
[INFO] [stdout] error[E0308]: mismatched types
[INFO] [stdout]   --> php-parser/src/lexer/stream.rs:29:35
[INFO] [stdout]    |
[INFO] [stdout] 20 | let mut stream = TokenStream::new(tokens);
[INFO] [stdout]    |                  ---------------- ^^^^^^ expected `&[Token]`, found `Vec<Token>`
[INFO] [stdout]    |                  |
[INFO] [stdout]    |                  arguments to this function are incorrect
[INFO] [stdout]    |
[INFO] [stdout]    = note: expected reference `&[Token]`
[INFO] [stdout]                  found struct `Vec<Token>`
[INFO] [stdout] note: associated function defined here
[INFO] [stdout]   --> /opt/rustwide/workdir/php-parser/src/lexer/stream.rs:68:12
[INFO] [stdout]    |
[INFO] [stdout] 68 |     pub fn new(tokens: &'a [Token]) -> TokenStream {
[INFO] [stdout]    |            ^^^
[INFO] [stdout] help: consider borrowing here
[INFO] [stdout]    |
[INFO] [stdout] 20 | let mut stream = TokenStream::new(&tokens);
[INFO] [stdout]    |                                   +
[INFO] [stdout] 
[INFO] [stdout] error[E0618]: expected function, found `TokenKind`
[INFO] [stdout]   --> php-parser/src/lexer/stream.rs:55:19
[INFO] [stdout]    |
[INFO] [stdout] 46 |     Token { kind: TokenKind::SingleLineComment("// some class".into()), span: (1, 1) },
[INFO] [stdout]    |                   ^^^^^^^^^^^^^^^^^^^^^^^^^^^^------------------------
[INFO] [stdout]    |                   |
[INFO] [stdout]    |                   call expression requires function
[INFO] [stdout] 
[INFO] [stdout] error[E0063]: missing field `value` in initializer of `Token`
[INFO] [stdout]   --> php-parser/src/lexer/stream.rs:55:5
[INFO] [stdout]    |
[INFO] [stdout] 46 |     Token { kind: TokenKind::SingleLineComment("// some class".into()), span: (1, 1) },
[INFO] [stdout]    |     ^^^^^ missing `value`
[INFO] [stdout] 
[INFO] [stdout] error[E0618]: expected function, found `TokenKind`
[INFO] [stdout]   --> php-parser/src/lexer/stream.rs:56:19
[INFO] [stdout]    |
[INFO] [stdout] 47 |     Token { kind: TokenKind::SingleLineComment("// empty body!".into()), span: (3, 1) },
[INFO] [stdout]    |                   ^^^^^^^^^^^^^^^^^^^^^^^^^^^^-------------------------
[INFO] [stdout]    |                   |
[INFO] [stdout]    |                   call expression requires function
[INFO] [stdout] 
[INFO] [stdout] error[E0063]: missing field `value` in initializer of `Token`
[INFO] [stdout]   --> php-parser/src/lexer/stream.rs:56:5
[INFO] [stdout]    |
[INFO] [stdout] 47 |     Token { kind: TokenKind::SingleLineComment("// empty body!".into()), span: (3, 1) },
[INFO] [stdout]    |     ^^^^^ missing `value`
[INFO] [stdout] 
[INFO] [stdout] error[E0308]: mismatched types
[INFO] [stdout]   --> php-parser/src/lexer/stream.rs:54:31
[INFO] [stdout]    |
[INFO] [stdout] 45 |   assert_eq!(stream.comments(), vec![
[INFO] [stdout]    |  _______________________________^
[INFO] [stdout] 46 | |     Token { kind: TokenKind::SingleLineComment("// some class".into()), span: (1, 1) },
[INFO] [stdout] 47 | |     Token { kind: TokenKind::SingleLineComment("// empty body!".into()), span: (3, 1) },
[INFO] [stdout] 48 | | ]);
[INFO] [stdout]    | |_^ expected `CommentGroup`, found `Vec<Token>`
[INFO] [stdout]    |
[INFO] [stdout]    = note: expected struct `CommentGroup`
[INFO] [stdout]               found struct `Vec<Token>`
[INFO] [stdout]    = note: this error originates in the macro `vec` (in Nightly builds, run with -Z macro-backtrace for more info)
[INFO] [stdout] 
[INFO] [stdout] error[E0308]: mismatched types
[INFO] [stdout]   --> php-parser/src/lexer/stream.rs:19:79
[INFO] [stdout]    |
[INFO] [stdout] 10 |     Token { kind: TokenKind::SingleLineComment("// some class".into()), span: (1, 1) },
[INFO] [stdout]    |                                                                               ^^^^^^ expected `Span`, found `({integer}, {integer})`
[INFO] [stdout]    |
[INFO] [stdout]    = note: expected struct `Span`
[INFO] [stdout]                found tuple `({integer}, {integer})`
[INFO] [stdout] 
[INFO] [stdout] error[E0308]: mismatched types
[INFO] [stdout]   --> php-parser/src/lexer/stream.rs:20:46
[INFO] [stdout]    |
[INFO] [stdout] 11 |     Token { kind: TokenKind::Readonly, span: (2, 1) },
[INFO] [stdout]    |                                              ^^^^^^ expected `Span`, found `({integer}, {integer})`
[INFO] [stdout]    |
[INFO] [stdout]    = note: expected struct `Span`
[INFO] [stdout]                found tuple `({integer}, {integer})`
[INFO] [stdout] 
[INFO] [stdout] error[E0308]: mismatched types
[INFO] [stdout]   --> php-parser/src/lexer/stream.rs:21:43
[INFO] [stdout]    |
[INFO] [stdout] 12 |     Token { kind: TokenKind::Class, span: (2, 10) },
[INFO] [stdout]    |                                           ^^^^^^^ expected `Span`, found `({integer}, {integer})`
[INFO] [stdout]    |
[INFO] [stdout]    = note: expected struct `Span`
[INFO] [stdout]                found tuple `({integer}, {integer})`
[INFO] [stdout] 
[INFO] [stdout] error[E0308]: mismatched types
[INFO] [stdout]   --> php-parser/src/lexer/stream.rs:22:42
[INFO] [stdout]    |
[INFO] [stdout] 13 |     Token { kind: TokenKind::Enum, span: (2, 16) },
[INFO] [stdout]    |                                          ^^^^^^^ expected `Span`, found `({integer}, {integer})`
[INFO] [stdout]    |
[INFO] [stdout]    = note: expected struct `Span`
[INFO] [stdout]                found tuple `({integer}, {integer})`
[INFO] [stdout] 
[INFO] [stdout] error[E0308]: mismatched types
[INFO] [stdout]   --> php-parser/src/lexer/stream.rs:23:47
[INFO] [stdout]    |
[INFO] [stdout] 14 |     Token { kind: TokenKind::LeftBrace, span: (2, 21) },
[INFO] [stdout]    |                                               ^^^^^^^ expected `Span`, found `({integer}, {integer})`
[INFO] [stdout]    |
[INFO] [stdout]    = note: expected struct `Span`
[INFO] [stdout]                found tuple `({integer}, {integer})`
[INFO] [stdout] 
[INFO] [stdout] error[E0308]: mismatched types
[INFO] [stdout]   --> php-parser/src/lexer/stream.rs:24:80
[INFO] [stdout]    |
[INFO] [stdout] 15 |     Token { kind: TokenKind::SingleLineComment("// empty body!".into()), span: (3, 1) },
[INFO] [stdout]    |                                                                                ^^^^^^ expected `Span`, found `({integer}, {integer})`
[INFO] [stdout]    |
[INFO] [stdout]    = note: expected struct `Span`
[INFO] [stdout]                found tuple `({integer}, {integer})`
[INFO] [stdout] 
[INFO] [stdout] error[E0308]: mismatched types
[INFO] [stdout]   --> php-parser/src/lexer/stream.rs:25:48
[INFO] [stdout]    |
[INFO] [stdout] 16 |     Token { kind: TokenKind::RightBrace, span: (4, 1) },
[INFO] [stdout]    |                                                ^^^^^^ expected `Span`, found `({integer}, {integer})`
[INFO] [stdout]    |
[INFO] [stdout]    = note: expected struct `Span`
[INFO] [stdout]                found tuple `({integer}, {integer})`
[INFO] [stdout] 
[INFO] [stdout] error[E0308]: mismatched types
[INFO] [stdout]   --> php-parser/src/lexer/stream.rs:26:41
[INFO] [stdout]    |
[INFO] [stdout] 17 |     Token { kind: TokenKind::Eof, span: (0, 0) },
[INFO] [stdout]    |                                         ^^^^^^ expected `Span`, found `({integer}, {integer})`
[INFO] [stdout]    |
[INFO] [stdout]    = note: expected struct `Span`
[INFO] [stdout]                found tuple `({integer}, {integer})`
[INFO] [stdout] 
[INFO] [stdout] error[E0308]: mismatched types
[INFO] [stdout]   --> php-parser/src/lexer/stream.rs:55:79
[INFO] [stdout]    |
[INFO] [stdout] 46 |     Token { kind: TokenKind::SingleLineComment("// some class".into()), span: (1, 1) },
[INFO] [stdout]    |                                                                               ^^^^^^ expected `Span`, found `({integer}, {integer})`
[INFO] [stdout]    |
[INFO] [stdout]    = note: expected struct `Span`
[INFO] [stdout]                found tuple `({integer}, {integer})`
[INFO] [stdout] 
[INFO] [stdout] error[E0308]: mismatched types
[INFO] [stdout]   --> php-parser/src/lexer/stream.rs:56:80
[INFO] [stdout]    |
[INFO] [stdout] 47 |     Token { kind: TokenKind::SingleLineComment("// empty body!".into()), span: (3, 1) },
[INFO] [stdout]    |                                                                                ^^^^^^ expected `Span`, found `({integer}, {integer})`
[INFO] [stdout]    |
[INFO] [stdout]    = note: expected struct `Span`
[INFO] [stdout]                found tuple `({integer}, {integer})`
[INFO] [stdout] 
[INFO] [stdout] error: aborting due to 26 previous errors
[INFO] [stdout] 
[INFO] [stdout] Some errors have detailed explanations: E0063, E0308, E0618.
[INFO] [stdout] For more information about an error, try `rustc --explain E0063`.
[INFO] [stdout] Couldn't compile the test.
[INFO] [stdout] 
[INFO] [stdout] failures:
[INFO] [stdout]     php-parser/src/lexer/stream.rs - lexer::stream::TokenStream (line 12)
[INFO] [stdout]     php-parser/src/printer.rs - printer::print (line 11)
[INFO] [stdout] 
[INFO] [stdout] test result: FAILED. 0 passed; 2 failed; 0 ignored; 0 measured; 0 filtered out; finished in 0.06s
[INFO] [stdout] 
[INFO] [stderr] error: doctest failed, to rerun pass `-p php-parser-rs --doc`
[INFO] running `Command { std: "docker" "inspect" "91bf4e868e3ef36e1ecff2d98eeb7198003fffad45f11751e852161e7ea6d332", kill_on_drop: false }`
[INFO] running `Command { std: "docker" "rm" "-f" "91bf4e868e3ef36e1ecff2d98eeb7198003fffad45f11751e852161e7ea6d332", kill_on_drop: false }`
[INFO] [stdout] 91bf4e868e3ef36e1ecff2d98eeb7198003fffad45f11751e852161e7ea6d332
