[INFO] cloning repository https://github.com/DavidS/egads
[INFO] running `Command { std: "git" "-c" "credential.helper=" "-c" "credential.helper=/workspace/cargo-home/bin/git-credential-null" "clone" "--bare" "https://github.com/DavidS/egads" "/workspace/cache/git-repos/https%3A%2F%2Fgithub.com%2FDavidS%2Fegads", kill_on_drop: false }`
[INFO] [stderr] Cloning into bare repository '/workspace/cache/git-repos/https%3A%2F%2Fgithub.com%2FDavidS%2Fegads'...
[INFO] running `Command { std: "git" "rev-parse" "HEAD", kill_on_drop: false }`
[INFO] [stdout] 7924a50a935729d028ca629a811dd2489e9c2079
[INFO] testing DavidS/egads against 1.75.0 for beta-1.76-1
[INFO] running `Command { std: "git" "clone" "/workspace/cache/git-repos/https%3A%2F%2Fgithub.com%2FDavidS%2Fegads" "/workspace/builds/worker-4-tc1/source", kill_on_drop: false }`
[INFO] [stderr] Cloning into '/workspace/builds/worker-4-tc1/source'...
[INFO] [stderr] done.
[INFO] validating manifest of git repo https://github.com/DavidS/egads on toolchain 1.75.0
[INFO] running `Command { std: CARGO_HOME="/workspace/cargo-home" RUSTUP_HOME="/workspace/rustup-home" "/workspace/cargo-home/bin/cargo" "+1.75.0" "metadata" "--manifest-path" "Cargo.toml" "--no-deps", kill_on_drop: false }`
[INFO] started tweaking git repo https://github.com/DavidS/egads
[INFO] finished tweaking git repo https://github.com/DavidS/egads
[INFO] tweaked toml for git repo https://github.com/DavidS/egads written to /workspace/builds/worker-4-tc1/source/Cargo.toml
[INFO] crate git repo https://github.com/DavidS/egads already has a lockfile, it will not be regenerated
[INFO] running `Command { std: CARGO_HOME="/workspace/cargo-home" RUSTUP_HOME="/workspace/rustup-home" "/workspace/cargo-home/bin/cargo" "+1.75.0" "fetch" "--manifest-path" "Cargo.toml", kill_on_drop: false }`
[INFO] [stderr]     Updating crates.io index
[INFO] [stderr]  Downloading crates ...
[INFO] [stderr]   Downloaded reqwest-middleware v0.1.6
[INFO] [stderr]   Downloaded reqwest-retry v0.1.5
[INFO] [stderr]   Downloaded tonic v0.6.2
[INFO] [stderr]   Downloaded retry-policies v0.1.1
[INFO] [stderr]   Downloaded tonic-build v0.6.2
[INFO] [stderr]   Downloaded tracing-subscriber v0.3.14
[INFO] [stderr]   Downloaded opentelemetry-otlp v0.10.0
[INFO] [stderr]   Downloaded prost-build v0.9.0
[INFO] [stderr]   Downloaded opentelemetry_api v0.1.0
[INFO] running `Command { std: "docker" "create" "-v" "/var/lib/crater-agent-workspace/builds/worker-4-tc1/target:/opt/rustwide/target:rw,Z" "-v" "/var/lib/crater-agent-workspace/builds/worker-4-tc1/source:/opt/rustwide/workdir:ro,Z" "-v" "/var/lib/crater-agent-workspace/cargo-home:/opt/rustwide/cargo-home:ro,Z" "-v" "/var/lib/crater-agent-workspace/rustup-home:/opt/rustwide/rustup-home:ro,Z" "-e" "SOURCE_DIR=/opt/rustwide/workdir" "-e" "CARGO_TARGET_DIR=/opt/rustwide/target" "-e" "CARGO_HOME=/opt/rustwide/cargo-home" "-e" "RUSTUP_HOME=/opt/rustwide/rustup-home" "-w" "/opt/rustwide/workdir" "-m" "1610612736" "--user" "0:0" "--network" "none" "ghcr.io/rust-lang/crates-build-env/linux@sha256:2788e3201cd34a07e3172128adcd8b3090168a8e3bcc40d7c032b9dda1df7d1c" "/opt/rustwide/cargo-home/bin/cargo" "+1.75.0" "metadata" "--no-deps" "--format-version=1", kill_on_drop: false }`
[INFO] [stdout] 340ed0dcfd93eb1cc00fbe7482deff80f2db1bb103e6d3e374b3155cff0f97e5
[INFO] running `Command { std: "docker" "start" "-a" "340ed0dcfd93eb1cc00fbe7482deff80f2db1bb103e6d3e374b3155cff0f97e5", kill_on_drop: false }`
[INFO] running `Command { std: "docker" "inspect" "340ed0dcfd93eb1cc00fbe7482deff80f2db1bb103e6d3e374b3155cff0f97e5", kill_on_drop: false }`
[INFO] running `Command { std: "docker" "rm" "-f" "340ed0dcfd93eb1cc00fbe7482deff80f2db1bb103e6d3e374b3155cff0f97e5", kill_on_drop: false }`
[INFO] [stdout] 340ed0dcfd93eb1cc00fbe7482deff80f2db1bb103e6d3e374b3155cff0f97e5
[INFO] running `Command { std: "docker" "create" "-v" "/var/lib/crater-agent-workspace/builds/worker-4-tc1/target:/opt/rustwide/target:rw,Z" "-v" "/var/lib/crater-agent-workspace/builds/worker-4-tc1/source:/opt/rustwide/workdir:ro,Z" "-v" "/var/lib/crater-agent-workspace/cargo-home:/opt/rustwide/cargo-home:ro,Z" "-v" "/var/lib/crater-agent-workspace/rustup-home:/opt/rustwide/rustup-home:ro,Z" "-e" "SOURCE_DIR=/opt/rustwide/workdir" "-e" "CARGO_TARGET_DIR=/opt/rustwide/target" "-e" "CARGO_INCREMENTAL=0" "-e" "RUST_BACKTRACE=full" "-e" "RUSTFLAGS=--cap-lints=warn" "-e" "RUSTDOCFLAGS=--cap-lints=warn" "-e" "CARGO_HOME=/opt/rustwide/cargo-home" "-e" "RUSTUP_HOME=/opt/rustwide/rustup-home" "-w" "/opt/rustwide/workdir" "-m" "1610612736" "--user" "0:0" "--network" "none" "ghcr.io/rust-lang/crates-build-env/linux@sha256:2788e3201cd34a07e3172128adcd8b3090168a8e3bcc40d7c032b9dda1df7d1c" "/opt/rustwide/cargo-home/bin/cargo" "+1.75.0" "build" "--frozen" "--message-format=json", kill_on_drop: false }`
[INFO] [stdout] 812497df6170125f625f9f756ed64fa7a9d2623c868c38df316323ee1b087516
[INFO] running `Command { std: "docker" "start" "-a" "812497df6170125f625f9f756ed64fa7a9d2623c868c38df316323ee1b087516", kill_on_drop: false }`
[INFO] [stderr]    Compiling proc-macro2 v1.0.39
[INFO] [stderr]    Compiling unicode-ident v1.0.0
[INFO] [stderr]    Compiling syn v1.0.95
[INFO] [stderr]    Compiling libc v0.2.126
[INFO] [stderr]    Compiling log v0.4.17
[INFO] [stderr]    Compiling once_cell v1.13.0
[INFO] [stderr]    Compiling futures-channel v0.3.21
[INFO] [stderr]    Compiling futures-task v0.3.21
[INFO] [stderr]    Compiling openssl-sys v0.9.73
[INFO] [stderr]    Compiling autocfg v0.1.8
[INFO] [stderr]    Compiling rand_core v0.4.2
[INFO] [stderr]    Compiling futures-util v0.3.21
[INFO] [stderr]    Compiling itoa v1.0.2
[INFO] [stderr]    Compiling futures-io v0.3.21
[INFO] [stderr]    Compiling serde_derive v1.0.137
[INFO] [stderr]    Compiling openssl v0.10.40
[INFO] [stderr]    Compiling serde v1.0.137
[INFO] [stderr]    Compiling httparse v1.7.1
[INFO] [stderr]    Compiling http v0.2.8
[INFO] [stderr]    Compiling tracing-core v0.1.28
[INFO] [stderr]    Compiling tinyvec v1.6.0
[INFO] [stderr]    Compiling rand_core v0.3.1
[INFO] [stderr]    Compiling num-traits v0.2.15
[INFO] [stderr]    Compiling num-integer v0.1.45
[INFO] [stderr]    Compiling anyhow v1.0.57
[INFO] [stderr]    Compiling serde_json v1.0.81
[INFO] [stderr]    Compiling unicode-bidi v0.3.8
[INFO] [stderr]    Compiling want v0.3.0
[INFO] [stderr]    Compiling ryu v1.0.10
[INFO] [stderr]    Compiling rand_chacha v0.1.1
[INFO] [stderr]    Compiling rand_pcg v0.1.2
[INFO] [stderr]    Compiling ppv-lite86 v0.2.16
[INFO] [stderr]    Compiling async-trait v0.1.53
[INFO] [stderr]    Compiling mime_guess v2.0.4
[INFO] [stderr]    Compiling rand v0.6.5
[INFO] [stderr]    Compiling native-tls v0.2.10
[INFO] [stderr]    Compiling rand_isaac v0.1.1
[INFO] [stderr]    Compiling rand_xorshift v0.1.1
[INFO] [stderr]    Compiling quote v1.0.18
[INFO] [stderr]    Compiling rand_hc v0.1.0
[INFO] [stderr]    Compiling rand_jitter v0.1.4
[INFO] [stderr]    Compiling socket2 v0.4.4
[INFO] [stderr]    Compiling mio v0.8.3
[INFO] [stderr]    Compiling http-body v0.4.5
[INFO] [stderr]    Compiling getrandom v0.2.6
[INFO] [stderr]    Compiling rand_os v0.1.3
[INFO] [stderr]    Compiling unicode-normalization v0.1.19
[INFO] [stderr]    Compiling rand_core v0.6.3
[INFO] [stderr]    Compiling rand_chacha v0.3.1
[INFO] [stderr]    Compiling tokio v1.18.2
[INFO] [stderr]    Compiling rand v0.8.5
[INFO] [stderr]    Compiling chrono v0.4.19
[INFO] [stderr]    Compiling idna v0.2.3
[INFO] [stderr]    Compiling opentelemetry_api v0.1.0
[INFO] [stderr]    Compiling url v2.2.2
[INFO] [stderr]    Compiling retry-policies v0.1.1
[INFO] [stderr]    Compiling task-local-extensions v0.1.1
[INFO] [stderr]    Compiling futures-macro v0.3.21
[INFO] [stderr]    Compiling tracing-attributes v0.1.21
[INFO] [stderr]    Compiling openssl-macros v0.1.0
[INFO] [stderr]    Compiling thiserror-impl v1.0.31
[INFO] [stderr]    Compiling tracing v0.1.35
[INFO] [stderr]    Compiling thiserror v1.0.31
[INFO] [stderr]    Compiling tokio-util v0.7.2
[INFO] [stderr]    Compiling tokio-native-tls v0.3.0
[INFO] [stderr]    Compiling h2 v0.3.13
[INFO] [stderr]    Compiling futures-executor v0.3.21
[INFO] [stderr]    Compiling futures v0.3.21
[INFO] [stderr]    Compiling serde_urlencoded v0.7.1
[INFO] [stderr]    Compiling hyper v0.14.18
[INFO] [stderr]    Compiling hyper-tls v0.5.0
[INFO] [stderr]    Compiling reqwest v0.11.10
[INFO] [stderr]    Compiling reqwest-middleware v0.1.6
[INFO] [stderr]    Compiling reqwest-retry v0.1.5
[INFO] [stderr]    Compiling egads v0.10.1 (/opt/rustwide/workdir)
[INFO] [stderr]     Finished dev [unoptimized + debuginfo] target(s) in 14.41s
[INFO] running `Command { std: "docker" "inspect" "812497df6170125f625f9f756ed64fa7a9d2623c868c38df316323ee1b087516", kill_on_drop: false }`
[INFO] running `Command { std: "docker" "rm" "-f" "812497df6170125f625f9f756ed64fa7a9d2623c868c38df316323ee1b087516", kill_on_drop: false }`
[INFO] [stdout] 812497df6170125f625f9f756ed64fa7a9d2623c868c38df316323ee1b087516
[INFO] running `Command { std: "docker" "create" "-v" "/var/lib/crater-agent-workspace/builds/worker-4-tc1/target:/opt/rustwide/target:rw,Z" "-v" "/var/lib/crater-agent-workspace/builds/worker-4-tc1/source:/opt/rustwide/workdir:ro,Z" "-v" "/var/lib/crater-agent-workspace/cargo-home:/opt/rustwide/cargo-home:ro,Z" "-v" "/var/lib/crater-agent-workspace/rustup-home:/opt/rustwide/rustup-home:ro,Z" "-e" "SOURCE_DIR=/opt/rustwide/workdir" "-e" "CARGO_TARGET_DIR=/opt/rustwide/target" "-e" "CARGO_INCREMENTAL=0" "-e" "RUST_BACKTRACE=full" "-e" "RUSTFLAGS=--cap-lints=warn" "-e" "RUSTDOCFLAGS=--cap-lints=warn" "-e" "CARGO_HOME=/opt/rustwide/cargo-home" "-e" "RUSTUP_HOME=/opt/rustwide/rustup-home" "-w" "/opt/rustwide/workdir" "-m" "1610612736" "--user" "0:0" "--network" "none" "ghcr.io/rust-lang/crates-build-env/linux@sha256:2788e3201cd34a07e3172128adcd8b3090168a8e3bcc40d7c032b9dda1df7d1c" "/opt/rustwide/cargo-home/bin/cargo" "+1.75.0" "test" "--frozen" "--no-run" "--message-format=json", kill_on_drop: false }`
[INFO] [stdout] 24a36c925b45a4dab27cc63a2c090c751cf617a9af82022702f9b5c2bec95cdd
[INFO] running `Command { std: "docker" "start" "-a" "24a36c925b45a4dab27cc63a2c090c751cf617a9af82022702f9b5c2bec95cdd", kill_on_drop: false }`
[INFO] [stderr]    Compiling log v0.4.17
[INFO] [stderr]    Compiling parking_lot_core v0.9.3
[INFO] [stderr]    Compiling tracing-core v0.1.28
[INFO] [stderr]    Compiling either v1.7.0
[INFO] [stderr]    Compiling num_cpus v1.13.1
[INFO] [stderr]    Compiling signal-hook-registry v1.4.0
[INFO] [stderr]    Compiling tokio-macros v1.7.0
[INFO] [stderr]    Compiling rand v0.8.5
[INFO] [stderr]    Compiling indexmap v1.8.1
[INFO] [stderr]    Compiling futures-executor v0.3.21
[INFO] [stderr]    Compiling pin-project-internal v1.0.11
[INFO] [stderr]    Compiling bytes v1.1.0
[INFO] [stderr]    Compiling aho-corasick v0.7.18
[INFO] [stderr]    Compiling fixedbitset v0.4.2
[INFO] [stderr]    Compiling regex-syntax v0.6.27
[INFO] [stderr]    Compiling crossbeam-utils v0.8.10
[INFO] [stderr]    Compiling itertools v0.10.3
[INFO] [stderr]    Compiling which v4.2.5
[INFO] [stderr]    Compiling unicode-segmentation v1.9.0
[INFO] [stderr]    Compiling mio v0.8.3
[INFO] [stderr]    Compiling tracing v0.1.35
[INFO] [stderr]    Compiling want v0.3.0
[INFO] [stderr]    Compiling parking_lot v0.12.0
[INFO] [stderr]    Compiling prost-build v0.9.0
[INFO] [stderr]    Compiling native-tls v0.2.10
[INFO] [stderr]    Compiling fastrand v1.7.0
[INFO] [stderr]    Compiling remove_dir_all v0.5.3
[INFO] [stderr]    Compiling heck v0.3.3
[INFO] [stderr]    Compiling multimap v0.8.3
[INFO] [stderr]    Compiling tempfile v3.3.0
[INFO] [stderr]    Compiling futures v0.3.21
[INFO] [stderr]    Compiling async-stream-impl v0.3.3
[INFO] [stderr]    Compiling tower-layer v0.3.1
[INFO] [stderr]    Compiling retry-policies v0.1.1
[INFO] [stderr]    Compiling tracing-log v0.1.3
[INFO] [stderr]    Compiling thread_local v1.1.4
[INFO] [stderr]    Compiling petgraph v0.6.2
[INFO] [stderr]    Compiling ansi_term v0.12.1
[INFO] [stderr]    Compiling tracing-subscriber v0.3.14
[INFO] [stderr]    Compiling tokio v1.18.2
[INFO] [stderr]    Compiling crossbeam-channel v0.5.5
[INFO] [stderr]    Compiling prost-derive v0.9.0
[INFO] [stderr]    Compiling async-stream v0.3.3
[INFO] [stderr]    Compiling pin-project v1.0.11
[INFO] [stderr]    Compiling tracing-futures v0.2.5
[INFO] [stderr]    Compiling regex v1.6.0
[INFO] [stderr]    Compiling prost v0.9.0
[INFO] [stderr]    Compiling prost-types v0.9.0
[INFO] [stderr]    Compiling tonic-build v0.6.2
[INFO] [stderr]    Compiling tokio-util v0.7.2
[INFO] [stderr]    Compiling tokio-native-tls v0.3.0
[INFO] [stderr]    Compiling tokio-stream v0.1.9
[INFO] [stderr]    Compiling task-local-extensions v0.1.1
[INFO] [stderr]    Compiling tokio-io-timeout v1.2.0
[INFO] [stderr]    Compiling tokio-util v0.6.10
[INFO] [stderr]    Compiling opentelemetry v0.17.0
[INFO] [stderr]    Compiling h2 v0.3.13
[INFO] [stderr]    Compiling tower v0.4.13
[INFO] [stderr]    Compiling opentelemetry-otlp v0.10.0
[INFO] [stderr]    Compiling tracing-opentelemetry v0.17.4
[INFO] [stderr]    Compiling hyper v0.14.18
[INFO] [stderr]    Compiling hyper-tls v0.5.0
[INFO] [stderr]    Compiling hyper-timeout v0.4.1
[INFO] [stderr]    Compiling tonic v0.6.2
[INFO] [stderr]    Compiling reqwest v0.11.10
[INFO] [stderr]    Compiling reqwest-middleware v0.1.6
[INFO] [stderr]    Compiling reqwest-retry v0.1.5
[INFO] [stderr]    Compiling egads v0.10.1 (/opt/rustwide/workdir)
[INFO] [stderr]     Finished test [unoptimized + debuginfo] target(s) in 18.30s
[INFO] running `Command { std: "docker" "inspect" "24a36c925b45a4dab27cc63a2c090c751cf617a9af82022702f9b5c2bec95cdd", kill_on_drop: false }`
[INFO] running `Command { std: "docker" "rm" "-f" "24a36c925b45a4dab27cc63a2c090c751cf617a9af82022702f9b5c2bec95cdd", kill_on_drop: false }`
[INFO] [stdout] 24a36c925b45a4dab27cc63a2c090c751cf617a9af82022702f9b5c2bec95cdd
[INFO] running `Command { std: "docker" "create" "-v" "/var/lib/crater-agent-workspace/builds/worker-4-tc1/target:/opt/rustwide/target:rw,Z" "-v" "/var/lib/crater-agent-workspace/builds/worker-4-tc1/source:/opt/rustwide/workdir:ro,Z" "-v" "/var/lib/crater-agent-workspace/cargo-home:/opt/rustwide/cargo-home:ro,Z" "-v" "/var/lib/crater-agent-workspace/rustup-home:/opt/rustwide/rustup-home:ro,Z" "-e" "SOURCE_DIR=/opt/rustwide/workdir" "-e" "CARGO_TARGET_DIR=/opt/rustwide/target" "-e" "CARGO_INCREMENTAL=0" "-e" "RUST_BACKTRACE=full" "-e" "RUSTFLAGS=--cap-lints=warn" "-e" "RUSTDOCFLAGS=--cap-lints=warn" "-e" "CARGO_HOME=/opt/rustwide/cargo-home" "-e" "RUSTUP_HOME=/opt/rustwide/rustup-home" "-w" "/opt/rustwide/workdir" "-m" "1610612736" "--user" "0:0" "--network" "none" "ghcr.io/rust-lang/crates-build-env/linux@sha256:2788e3201cd34a07e3172128adcd8b3090168a8e3bcc40d7c032b9dda1df7d1c" "/opt/rustwide/cargo-home/bin/cargo" "+1.75.0" "test" "--frozen", kill_on_drop: false }`
[INFO] [stdout] 4303a42b76882b289aa9a702afe61c924847d9e1d5bfdf9ebf027a3f59f3e79f
[INFO] running `Command { std: "docker" "start" "-a" "4303a42b76882b289aa9a702afe61c924847d9e1d5bfdf9ebf027a3f59f3e79f", kill_on_drop: false }`
[INFO] [stderr]     Finished test [unoptimized + debuginfo] target(s) in 0.13s
[INFO] [stderr]      Running unittests src/lib.rs (/opt/rustwide/target/debug/deps/egads-3c92e4f4874e5c98)
[INFO] [stdout] 
[INFO] [stdout] running 0 tests
[INFO] [stdout] 
[INFO] [stdout] test result: ok. 0 passed; 0 failed; 0 ignored; 0 measured; 0 filtered out; finished in 0.00s
[INFO] [stdout] 
[INFO] [stderr]    Doc-tests egads
[INFO] [stdout] 
[INFO] [stdout] running 1 test
[INFO] [stdout] test src/list.rs - list::fetch (line 64) ... FAILED
[INFO] [stdout] 
[INFO] [stdout] failures:
[INFO] [stdout] 
[INFO] [stdout] ---- src/list.rs - list::fetch (line 64) stdout ----
[INFO] [stdout] error[E0425]: cannot find function `fetch` in this scope
[INFO] [stdout]  --> src/list.rs:65:1
[INFO] [stdout]   |
[INFO] [stdout] 3 | fetch(client);
[INFO] [stdout]   | ^^^^^ not found in this scope
[INFO] [stdout]   |
[INFO] [stdout] help: consider importing this function
[INFO] [stdout]   |
[INFO] [stdout] 2 + use egads::list::fetch;
[INFO] [stdout]   |
[INFO] [stdout] 
[INFO] [stdout] error[E0425]: cannot find value `client` in this scope
[INFO] [stdout]  --> src/list.rs:65:7
[INFO] [stdout]   |
[INFO] [stdout] 3 | fetch(client);
[INFO] [stdout]   |       ^^^^^^ not found in this scope
[INFO] [stdout] 
[INFO] [stdout] error: aborting due to 2 previous errors
[INFO] [stdout] 
[INFO] [stdout] For more information about this error, try `rustc --explain E0425`.
[INFO] [stdout] Couldn't compile the test.
[INFO] [stdout] 
[INFO] [stdout] failures:
[INFO] [stdout]     src/list.rs - list::fetch (line 64)
[INFO] [stdout] 
[INFO] [stdout] test result: FAILED. 0 passed; 1 failed; 0 ignored; 0 measured; 0 filtered out; finished in 0.09s
[INFO] [stdout] 
[INFO] [stderr] error: doctest failed, to rerun pass `--doc`
[INFO] running `Command { std: "docker" "inspect" "4303a42b76882b289aa9a702afe61c924847d9e1d5bfdf9ebf027a3f59f3e79f", kill_on_drop: false }`
[INFO] running `Command { std: "docker" "rm" "-f" "4303a42b76882b289aa9a702afe61c924847d9e1d5bfdf9ebf027a3f59f3e79f", kill_on_drop: false }`
[INFO] [stdout] 4303a42b76882b289aa9a702afe61c924847d9e1d5bfdf9ebf027a3f59f3e79f
[INFO] testing DavidS/egads against beta-2023-12-22 for beta-1.76-1
[INFO] running `Command { std: "git" "clone" "/workspace/cache/git-repos/https%3A%2F%2Fgithub.com%2FDavidS%2Fegads" "/workspace/builds/worker-4-tc2/source", kill_on_drop: false }`
[INFO] [stderr] Cloning into '/workspace/builds/worker-4-tc2/source'...
[INFO] [stderr] done.
[INFO] validating manifest of git repo https://github.com/DavidS/egads on toolchain beta-2023-12-22
[INFO] running `Command { std: CARGO_HOME="/workspace/cargo-home" RUSTUP_HOME="/workspace/rustup-home" "/workspace/cargo-home/bin/cargo" "+beta-2023-12-22" "metadata" "--manifest-path" "Cargo.toml" "--no-deps", kill_on_drop: false }`
[INFO] started tweaking git repo https://github.com/DavidS/egads
[INFO] finished tweaking git repo https://github.com/DavidS/egads
[INFO] tweaked toml for git repo https://github.com/DavidS/egads written to /workspace/builds/worker-4-tc2/source/Cargo.toml
[INFO] crate git repo https://github.com/DavidS/egads already has a lockfile, it will not be regenerated
[INFO] running `Command { std: CARGO_HOME="/workspace/cargo-home" RUSTUP_HOME="/workspace/rustup-home" "/workspace/cargo-home/bin/cargo" "+beta-2023-12-22" "fetch" "--manifest-path" "Cargo.toml", kill_on_drop: false }`
[INFO] running `Command { std: "docker" "create" "-v" "/var/lib/crater-agent-workspace/builds/worker-4-tc2/target:/opt/rustwide/target:rw,Z" "-v" "/var/lib/crater-agent-workspace/builds/worker-4-tc2/source:/opt/rustwide/workdir:ro,Z" "-v" "/var/lib/crater-agent-workspace/cargo-home:/opt/rustwide/cargo-home:ro,Z" "-v" "/var/lib/crater-agent-workspace/rustup-home:/opt/rustwide/rustup-home:ro,Z" "-e" "SOURCE_DIR=/opt/rustwide/workdir" "-e" "CARGO_TARGET_DIR=/opt/rustwide/target" "-e" "CARGO_HOME=/opt/rustwide/cargo-home" "-e" "RUSTUP_HOME=/opt/rustwide/rustup-home" "-w" "/opt/rustwide/workdir" "-m" "1610612736" "--user" "0:0" "--network" "none" "ghcr.io/rust-lang/crates-build-env/linux@sha256:2788e3201cd34a07e3172128adcd8b3090168a8e3bcc40d7c032b9dda1df7d1c" "/opt/rustwide/cargo-home/bin/cargo" "+beta-2023-12-22" "metadata" "--no-deps" "--format-version=1", kill_on_drop: false }`
[INFO] [stdout] 1d7db75e1fb08f9e6d4e0e675daa006e7b2584f5c22cc5cdbf371e190137a2ab
[INFO] running `Command { std: "docker" "start" "-a" "1d7db75e1fb08f9e6d4e0e675daa006e7b2584f5c22cc5cdbf371e190137a2ab", kill_on_drop: false }`
[INFO] running `Command { std: "docker" "inspect" "1d7db75e1fb08f9e6d4e0e675daa006e7b2584f5c22cc5cdbf371e190137a2ab", kill_on_drop: false }`
[INFO] running `Command { std: "docker" "rm" "-f" "1d7db75e1fb08f9e6d4e0e675daa006e7b2584f5c22cc5cdbf371e190137a2ab", kill_on_drop: false }`
[INFO] [stdout] 1d7db75e1fb08f9e6d4e0e675daa006e7b2584f5c22cc5cdbf371e190137a2ab
[INFO] running `Command { std: "docker" "create" "-v" "/var/lib/crater-agent-workspace/builds/worker-4-tc2/target:/opt/rustwide/target:rw,Z" "-v" "/var/lib/crater-agent-workspace/builds/worker-4-tc2/source:/opt/rustwide/workdir:ro,Z" "-v" "/var/lib/crater-agent-workspace/cargo-home:/opt/rustwide/cargo-home:ro,Z" "-v" "/var/lib/crater-agent-workspace/rustup-home:/opt/rustwide/rustup-home:ro,Z" "-e" "SOURCE_DIR=/opt/rustwide/workdir" "-e" "CARGO_TARGET_DIR=/opt/rustwide/target" "-e" "CARGO_INCREMENTAL=0" "-e" "RUST_BACKTRACE=full" "-e" "RUSTFLAGS=--cap-lints=warn" "-e" "RUSTDOCFLAGS=--cap-lints=warn" "-e" "CARGO_HOME=/opt/rustwide/cargo-home" "-e" "RUSTUP_HOME=/opt/rustwide/rustup-home" "-w" "/opt/rustwide/workdir" "-m" "1610612736" "--user" "0:0" "--network" "none" "ghcr.io/rust-lang/crates-build-env/linux@sha256:2788e3201cd34a07e3172128adcd8b3090168a8e3bcc40d7c032b9dda1df7d1c" "/opt/rustwide/cargo-home/bin/cargo" "+beta-2023-12-22" "build" "--frozen" "--message-format=json", kill_on_drop: false }`
[INFO] [stdout] d867627240461a65e8b83b1cbfe53eebbf4f1fd73f3d9af394d4a89b9a5581fe
[INFO] running `Command { std: "docker" "start" "-a" "d867627240461a65e8b83b1cbfe53eebbf4f1fd73f3d9af394d4a89b9a5581fe", kill_on_drop: false }`
[INFO] [stderr]    Compiling proc-macro2 v1.0.39
[INFO] [stderr]    Compiling unicode-ident v1.0.0
[INFO] [stderr]    Compiling syn v1.0.95
[INFO] [stderr]    Compiling libc v0.2.126
[INFO] [stderr]    Compiling log v0.4.17
[INFO] [stderr]    Compiling once_cell v1.13.0
[INFO] [stderr]    Compiling futures-channel v0.3.21
[INFO] [stderr]    Compiling futures-task v0.3.21
[INFO] [stderr]    Compiling openssl-sys v0.9.73
[INFO] [stderr]    Compiling autocfg v0.1.8
[INFO] [stderr]    Compiling itoa v1.0.2
[INFO] [stderr]    Compiling rand_core v0.4.2
[INFO] [stderr]    Compiling futures-util v0.3.21
[INFO] [stderr]    Compiling futures-io v0.3.21
[INFO] [stderr]    Compiling serde_derive v1.0.137
[INFO] [stderr]    Compiling openssl v0.10.40
[INFO] [stderr]    Compiling serde v1.0.137
[INFO] [stderr]    Compiling httparse v1.7.1
[INFO] [stderr]    Compiling http v0.2.8
[INFO] [stderr]    Compiling tracing-core v0.1.28
[INFO] [stderr]    Compiling rand_core v0.3.1
[INFO] [stderr]    Compiling tinyvec v1.6.0
[INFO] [stderr]    Compiling num-traits v0.2.15
[INFO] [stderr]    Compiling num-integer v0.1.45
[INFO] [stderr]    Compiling unicode-bidi v0.3.8
[INFO] [stderr]    Compiling serde_json v1.0.81
[INFO] [stderr]    Compiling want v0.3.0
[INFO] [stderr]    Compiling anyhow v1.0.57
[INFO] [stderr]    Compiling ryu v1.0.10
[INFO] [stderr]    Compiling rand_chacha v0.1.1
[INFO] [stderr]    Compiling rand_pcg v0.1.2
[INFO] [stderr]    Compiling async-trait v0.1.53
[INFO] [stderr]    Compiling ppv-lite86 v0.2.16
[INFO] [stderr]    Compiling mime_guess v2.0.4
[INFO] [stderr]    Compiling rand v0.6.5
[INFO] [stderr]    Compiling quote v1.0.18
[INFO] [stderr]    Compiling native-tls v0.2.10
[INFO] [stderr]    Compiling rand_hc v0.1.0
[INFO] [stderr]    Compiling rand_isaac v0.1.1
[INFO] [stderr]    Compiling rand_xorshift v0.1.1
[INFO] [stderr]    Compiling rand_jitter v0.1.4
[INFO] [stderr]    Compiling mio v0.8.3
[INFO] [stderr]    Compiling socket2 v0.4.4
[INFO] [stderr]    Compiling getrandom v0.2.6
[INFO] [stderr]    Compiling rand_os v0.1.3
[INFO] [stderr]    Compiling http-body v0.4.5
[INFO] [stderr]    Compiling unicode-normalization v0.1.19
[INFO] [stderr]    Compiling rand_core v0.6.3
[INFO] [stderr]    Compiling rand_chacha v0.3.1
[INFO] [stderr]    Compiling tokio v1.18.2
[INFO] [stderr]    Compiling rand v0.8.5
[INFO] [stderr]    Compiling chrono v0.4.19
[INFO] [stderr]    Compiling idna v0.2.3
[INFO] [stderr]    Compiling opentelemetry_api v0.1.0
[INFO] [stderr]    Compiling url v2.2.2
[INFO] [stderr]    Compiling retry-policies v0.1.1
[INFO] [stderr]    Compiling task-local-extensions v0.1.1
[INFO] [stderr]    Compiling futures-macro v0.3.21
[INFO] [stderr]    Compiling tracing-attributes v0.1.21
[INFO] [stderr]    Compiling openssl-macros v0.1.0
[INFO] [stderr]    Compiling thiserror-impl v1.0.31
[INFO] [stderr]    Compiling thiserror v1.0.31
[INFO] [stderr]    Compiling tracing v0.1.35
[INFO] [stderr]    Compiling tokio-util v0.7.2
[INFO] [stderr]    Compiling tokio-native-tls v0.3.0
[INFO] [stderr]    Compiling h2 v0.3.13
[INFO] [stderr]    Compiling futures-executor v0.3.21
[INFO] [stderr]    Compiling futures v0.3.21
[INFO] [stderr]    Compiling serde_urlencoded v0.7.1
[INFO] [stderr]    Compiling hyper v0.14.18
[INFO] [stderr]    Compiling hyper-tls v0.5.0
[INFO] [stderr]    Compiling reqwest v0.11.10
[INFO] [stderr]    Compiling reqwest-middleware v0.1.6
[INFO] [stderr]    Compiling reqwest-retry v0.1.5
[INFO] [stderr]    Compiling egads v0.10.1 (/opt/rustwide/workdir)
[INFO] [stderr]     Finished dev [unoptimized + debuginfo] target(s) in 12.54s
[INFO] running `Command { std: "docker" "inspect" "d867627240461a65e8b83b1cbfe53eebbf4f1fd73f3d9af394d4a89b9a5581fe", kill_on_drop: false }`
[INFO] running `Command { std: "docker" "rm" "-f" "d867627240461a65e8b83b1cbfe53eebbf4f1fd73f3d9af394d4a89b9a5581fe", kill_on_drop: false }`
[INFO] [stdout] d867627240461a65e8b83b1cbfe53eebbf4f1fd73f3d9af394d4a89b9a5581fe
[INFO] running `Command { std: "docker" "create" "-v" "/var/lib/crater-agent-workspace/builds/worker-4-tc2/target:/opt/rustwide/target:rw,Z" "-v" "/var/lib/crater-agent-workspace/builds/worker-4-tc2/source:/opt/rustwide/workdir:ro,Z" "-v" "/var/lib/crater-agent-workspace/cargo-home:/opt/rustwide/cargo-home:ro,Z" "-v" "/var/lib/crater-agent-workspace/rustup-home:/opt/rustwide/rustup-home:ro,Z" "-e" "SOURCE_DIR=/opt/rustwide/workdir" "-e" "CARGO_TARGET_DIR=/opt/rustwide/target" "-e" "CARGO_INCREMENTAL=0" "-e" "RUST_BACKTRACE=full" "-e" "RUSTFLAGS=--cap-lints=warn" "-e" "RUSTDOCFLAGS=--cap-lints=warn" "-e" "CARGO_HOME=/opt/rustwide/cargo-home" "-e" "RUSTUP_HOME=/opt/rustwide/rustup-home" "-w" "/opt/rustwide/workdir" "-m" "1610612736" "--user" "0:0" "--network" "none" "ghcr.io/rust-lang/crates-build-env/linux@sha256:2788e3201cd34a07e3172128adcd8b3090168a8e3bcc40d7c032b9dda1df7d1c" "/opt/rustwide/cargo-home/bin/cargo" "+beta-2023-12-22" "test" "--frozen" "--no-run" "--message-format=json", kill_on_drop: false }`
[INFO] [stdout] b2149ae86c4253ba5aacef9c164d5e45b83003f73e1eb37b8f1013272b14388b
[INFO] running `Command { std: "docker" "start" "-a" "b2149ae86c4253ba5aacef9c164d5e45b83003f73e1eb37b8f1013272b14388b", kill_on_drop: false }`
[INFO] [stderr]    Compiling log v0.4.17
[INFO] [stderr]    Compiling parking_lot_core v0.9.3
[INFO] [stderr]    Compiling tracing-core v0.1.28
[INFO] [stderr]    Compiling either v1.7.0
[INFO] [stderr]    Compiling num_cpus v1.13.1
[INFO] [stderr]    Compiling signal-hook-registry v1.4.0
[INFO] [stderr]    Compiling tokio-macros v1.7.0
[INFO] [stderr]    Compiling rand v0.8.5
[INFO] [stderr]    Compiling indexmap v1.8.1
[INFO] [stderr]    Compiling futures-executor v0.3.21
[INFO] [stderr]    Compiling pin-project-internal v1.0.11
[INFO] [stderr]    Compiling bytes v1.1.0
[INFO] [stderr]    Compiling aho-corasick v0.7.18
[INFO] [stderr]    Compiling regex-syntax v0.6.27
[INFO] [stderr]    Compiling fixedbitset v0.4.2
[INFO] [stderr]    Compiling unicode-segmentation v1.9.0
[INFO] [stderr]    Compiling itertools v0.10.3
[INFO] [stderr]    Compiling which v4.2.5
[INFO] [stderr]    Compiling crossbeam-utils v0.8.10
[INFO] [stderr]    Compiling mio v0.8.3
[INFO] [stderr]    Compiling want v0.3.0
[INFO] [stderr]    Compiling tracing v0.1.35
[INFO] [stderr]    Compiling prost-build v0.9.0
[INFO] [stderr]    Compiling parking_lot v0.12.0
[INFO] [stderr]    Compiling native-tls v0.2.10
[INFO] [stderr]    Compiling remove_dir_all v0.5.3
[INFO] [stderr]    Compiling fastrand v1.7.0
[INFO] [stderr]    Compiling heck v0.3.3
[INFO] [stderr]    Compiling multimap v0.8.3
[INFO] [stderr]    Compiling tempfile v3.3.0
[INFO] [stderr]    Compiling futures v0.3.21
[INFO] [stderr]    Compiling async-stream-impl v0.3.3
[INFO] [stderr]    Compiling tower-layer v0.3.1
[INFO] [stderr]    Compiling retry-policies v0.1.1
[INFO] [stderr]    Compiling tracing-log v0.1.3
[INFO] [stderr]    Compiling thread_local v1.1.4
[INFO] [stderr]    Compiling ansi_term v0.12.1
[INFO] [stderr]    Compiling petgraph v0.6.2
[INFO] [stderr]    Compiling crossbeam-channel v0.5.5
[INFO] [stderr]    Compiling tracing-subscriber v0.3.14
[INFO] [stderr]    Compiling tokio v1.18.2
[INFO] [stderr]    Compiling prost-derive v0.9.0
[INFO] [stderr]    Compiling async-stream v0.3.3
[INFO] [stderr]    Compiling pin-project v1.0.11
[INFO] [stderr]    Compiling tracing-futures v0.2.5
[INFO] [stderr]    Compiling regex v1.6.0
[INFO] [stderr]    Compiling prost v0.9.0
[INFO] [stderr]    Compiling prost-types v0.9.0
[INFO] [stderr]    Compiling tonic-build v0.6.2
[INFO] [stderr]    Compiling tokio-util v0.7.2
[INFO] [stderr]    Compiling tokio-native-tls v0.3.0
[INFO] [stderr]    Compiling tokio-stream v0.1.9
[INFO] [stderr]    Compiling task-local-extensions v0.1.1
[INFO] [stderr]    Compiling tokio-io-timeout v1.2.0
[INFO] [stderr]    Compiling tokio-util v0.6.10
[INFO] [stderr]    Compiling opentelemetry-otlp v0.10.0
[INFO] [stderr]    Compiling opentelemetry v0.17.0
[INFO] [stderr]    Compiling h2 v0.3.13
[INFO] [stderr]    Compiling tower v0.4.13
[INFO] [stderr]    Compiling tracing-opentelemetry v0.17.4
[INFO] [stderr]    Compiling hyper v0.14.18
[INFO] [stderr]    Compiling hyper-tls v0.5.0
[INFO] [stderr]    Compiling hyper-timeout v0.4.1
[INFO] [stderr]    Compiling tonic v0.6.2
[INFO] [stderr]    Compiling reqwest v0.11.10
[INFO] [stderr]    Compiling reqwest-middleware v0.1.6
[INFO] [stderr]    Compiling reqwest-retry v0.1.5
[INFO] [stderr]    Compiling egads v0.10.1 (/opt/rustwide/workdir)
[INFO] [stderr]     Finished test [unoptimized + debuginfo] target(s) in 18.40s
[INFO] running `Command { std: "docker" "inspect" "b2149ae86c4253ba5aacef9c164d5e45b83003f73e1eb37b8f1013272b14388b", kill_on_drop: false }`
[INFO] running `Command { std: "docker" "rm" "-f" "b2149ae86c4253ba5aacef9c164d5e45b83003f73e1eb37b8f1013272b14388b", kill_on_drop: false }`
[INFO] [stdout] b2149ae86c4253ba5aacef9c164d5e45b83003f73e1eb37b8f1013272b14388b
[INFO] running `Command { std: "docker" "create" "-v" "/var/lib/crater-agent-workspace/builds/worker-4-tc2/target:/opt/rustwide/target:rw,Z" "-v" "/var/lib/crater-agent-workspace/builds/worker-4-tc2/source:/opt/rustwide/workdir:ro,Z" "-v" "/var/lib/crater-agent-workspace/cargo-home:/opt/rustwide/cargo-home:ro,Z" "-v" "/var/lib/crater-agent-workspace/rustup-home:/opt/rustwide/rustup-home:ro,Z" "-e" "SOURCE_DIR=/opt/rustwide/workdir" "-e" "CARGO_TARGET_DIR=/opt/rustwide/target" "-e" "CARGO_INCREMENTAL=0" "-e" "RUST_BACKTRACE=full" "-e" "RUSTFLAGS=--cap-lints=warn" "-e" "RUSTDOCFLAGS=--cap-lints=warn" "-e" "CARGO_HOME=/opt/rustwide/cargo-home" "-e" "RUSTUP_HOME=/opt/rustwide/rustup-home" "-w" "/opt/rustwide/workdir" "-m" "1610612736" "--user" "0:0" "--network" "none" "ghcr.io/rust-lang/crates-build-env/linux@sha256:2788e3201cd34a07e3172128adcd8b3090168a8e3bcc40d7c032b9dda1df7d1c" "/opt/rustwide/cargo-home/bin/cargo" "+beta-2023-12-22" "test" "--frozen", kill_on_drop: false }`
[INFO] [stdout] 2b06fe3bf292cf5b599dff22f47346542ff691719fa491ebf193d94b4e9b18c8
[INFO] running `Command { std: "docker" "start" "-a" "2b06fe3bf292cf5b599dff22f47346542ff691719fa491ebf193d94b4e9b18c8", kill_on_drop: false }`
[INFO] [stderr]     Finished test [unoptimized + debuginfo] target(s) in 0.18s
[INFO] [stderr]      Running unittests src/lib.rs (/opt/rustwide/target/debug/deps/egads-700e8db6464b44ed)
[INFO] [stdout] 
[INFO] [stdout] running 0 tests
[INFO] [stdout] 
[INFO] [stdout] test result: ok. 0 passed; 0 failed; 0 ignored; 0 measured; 0 filtered out; finished in 0.00s
[INFO] [stdout] 
[INFO] [stderr]    Doc-tests egads
[INFO] [stdout] 
[INFO] [stdout] running 1 test
[INFO] [stdout] test src/list.rs - list::fetch (line 64) ... FAILED
[INFO] [stdout] 
[INFO] [stdout] failures:
[INFO] [stdout] 
[INFO] [stdout] ---- src/list.rs - list::fetch (line 64) stdout ----
[INFO] [stdout] error[E0425]: cannot find function `fetch` in this scope
[INFO] [stdout]  --> src/list.rs:65:1
[INFO] [stdout]   |
[INFO] [stdout] 3 | fetch(client);
[INFO] [stdout]   | ^^^^^ not found in this scope
[INFO] [stdout]   |
[INFO] [stdout] help: consider importing this function
[INFO] [stdout]   |
[INFO] [stdout] 2 + use egads::list::fetch;
[INFO] [stdout]   |
[INFO] [stdout] 
[INFO] [stdout] error[E0425]: cannot find value `client` in this scope
[INFO] [stdout]  --> src/list.rs:65:7
[INFO] [stdout]   |
[INFO] [stdout] 3 | fetch(client);
[INFO] [stdout]   |       ^^^^^^ not found in this scope
[INFO] [stdout] 
[INFO] [stdout] error: aborting due to 2 previous errors
[INFO] [stdout] 
[INFO] [stdout] For more information about this error, try `rustc --explain E0425`.
[INFO] [stdout] Couldn't compile the test.
[INFO] [stdout] 
[INFO] [stdout] failures:
[INFO] [stdout]     src/list.rs - list::fetch (line 64)
[INFO] [stdout] 
[INFO] [stdout] test result: FAILED. 0 passed; 1 failed; 0 ignored; 0 measured; 0 filtered out; finished in 0.13s
[INFO] [stdout] 
[INFO] [stderr] error: doctest failed, to rerun pass `--doc`
[INFO] running `Command { std: "docker" "inspect" "2b06fe3bf292cf5b599dff22f47346542ff691719fa491ebf193d94b4e9b18c8", kill_on_drop: false }`
[INFO] running `Command { std: "docker" "rm" "-f" "2b06fe3bf292cf5b599dff22f47346542ff691719fa491ebf193d94b4e9b18c8", kill_on_drop: false }`
[INFO] [stdout] 2b06fe3bf292cf5b599dff22f47346542ff691719fa491ebf193d94b4e9b18c8
