[INFO] cloning repository https://github.com/DavidPRolfe/yapl
[INFO] running `Command { std: "git" "-c" "credential.helper=" "-c" "credential.helper=/workspace/cargo-home/bin/git-credential-null" "clone" "--bare" "https://github.com/DavidPRolfe/yapl" "/workspace/cache/git-repos/https%3A%2F%2Fgithub.com%2FDavidPRolfe%2Fyapl", kill_on_drop: false }`
[INFO] [stderr] Cloning into bare repository '/workspace/cache/git-repos/https%3A%2F%2Fgithub.com%2FDavidPRolfe%2Fyapl'...
[INFO] running `Command { std: "git" "rev-parse" "HEAD", kill_on_drop: false }`
[INFO] [stdout] 33b86e6b5148d0fb0c2c08d7e80ad060f9f343e7
[INFO] testing DavidPRolfe/yapl against 1.75.0 for beta-1.76-1
[INFO] running `Command { std: "git" "clone" "/workspace/cache/git-repos/https%3A%2F%2Fgithub.com%2FDavidPRolfe%2Fyapl" "/workspace/builds/worker-6-tc1/source", kill_on_drop: false }`
[INFO] [stderr] Cloning into '/workspace/builds/worker-6-tc1/source'...
[INFO] [stderr] done.
[INFO] validating manifest of git repo https://github.com/DavidPRolfe/yapl on toolchain 1.75.0
[INFO] running `Command { std: CARGO_HOME="/workspace/cargo-home" RUSTUP_HOME="/workspace/rustup-home" "/workspace/cargo-home/bin/cargo" "+1.75.0" "metadata" "--manifest-path" "Cargo.toml" "--no-deps", kill_on_drop: false }`
[INFO] started tweaking git repo https://github.com/DavidPRolfe/yapl
[INFO] finished tweaking git repo https://github.com/DavidPRolfe/yapl
[INFO] tweaked toml for git repo https://github.com/DavidPRolfe/yapl written to /workspace/builds/worker-6-tc1/source/Cargo.toml
[INFO] crate git repo https://github.com/DavidPRolfe/yapl already has a lockfile, it will not be regenerated
[INFO] running `Command { std: CARGO_HOME="/workspace/cargo-home" RUSTUP_HOME="/workspace/rustup-home" "/workspace/cargo-home/bin/cargo" "+1.75.0" "fetch" "--manifest-path" "Cargo.toml", kill_on_drop: false }`
[INFO] [stderr] warning: unused manifest key: env
[INFO] [stderr]     Updating crates.io index
[INFO] [stderr]  Downloading crates ...
[INFO] [stderr]   Downloaded utf8-decode v1.0.1
[INFO] running `Command { std: "docker" "create" "-v" "/var/lib/crater-agent-workspace/builds/worker-6-tc1/target:/opt/rustwide/target:rw,Z" "-v" "/var/lib/crater-agent-workspace/builds/worker-6-tc1/source:/opt/rustwide/workdir:ro,Z" "-v" "/var/lib/crater-agent-workspace/cargo-home:/opt/rustwide/cargo-home:ro,Z" "-v" "/var/lib/crater-agent-workspace/rustup-home:/opt/rustwide/rustup-home:ro,Z" "-e" "SOURCE_DIR=/opt/rustwide/workdir" "-e" "CARGO_TARGET_DIR=/opt/rustwide/target" "-e" "CARGO_HOME=/opt/rustwide/cargo-home" "-e" "RUSTUP_HOME=/opt/rustwide/rustup-home" "-w" "/opt/rustwide/workdir" "-m" "1610612736" "--user" "0:0" "--network" "none" "ghcr.io/rust-lang/crates-build-env/linux@sha256:2788e3201cd34a07e3172128adcd8b3090168a8e3bcc40d7c032b9dda1df7d1c" "/opt/rustwide/cargo-home/bin/cargo" "+1.75.0" "metadata" "--no-deps" "--format-version=1", kill_on_drop: false }`
[INFO] [stdout] aacf99d0f7e1bdba58387ac332613c0f4899b3acffb8c939ca3b42dea9130683
[INFO] running `Command { std: "docker" "start" "-a" "aacf99d0f7e1bdba58387ac332613c0f4899b3acffb8c939ca3b42dea9130683", kill_on_drop: false }`
[INFO] running `Command { std: "docker" "inspect" "aacf99d0f7e1bdba58387ac332613c0f4899b3acffb8c939ca3b42dea9130683", kill_on_drop: false }`
[INFO] running `Command { std: "docker" "rm" "-f" "aacf99d0f7e1bdba58387ac332613c0f4899b3acffb8c939ca3b42dea9130683", kill_on_drop: false }`
[INFO] [stdout] aacf99d0f7e1bdba58387ac332613c0f4899b3acffb8c939ca3b42dea9130683
[INFO] running `Command { std: "docker" "create" "-v" "/var/lib/crater-agent-workspace/builds/worker-6-tc1/target:/opt/rustwide/target:rw,Z" "-v" "/var/lib/crater-agent-workspace/builds/worker-6-tc1/source:/opt/rustwide/workdir:ro,Z" "-v" "/var/lib/crater-agent-workspace/cargo-home:/opt/rustwide/cargo-home:ro,Z" "-v" "/var/lib/crater-agent-workspace/rustup-home:/opt/rustwide/rustup-home:ro,Z" "-e" "SOURCE_DIR=/opt/rustwide/workdir" "-e" "CARGO_TARGET_DIR=/opt/rustwide/target" "-e" "CARGO_INCREMENTAL=0" "-e" "RUST_BACKTRACE=full" "-e" "RUSTFLAGS=--cap-lints=warn" "-e" "RUSTDOCFLAGS=--cap-lints=warn" "-e" "CARGO_HOME=/opt/rustwide/cargo-home" "-e" "RUSTUP_HOME=/opt/rustwide/rustup-home" "-w" "/opt/rustwide/workdir" "-m" "1610612736" "--user" "0:0" "--network" "none" "ghcr.io/rust-lang/crates-build-env/linux@sha256:2788e3201cd34a07e3172128adcd8b3090168a8e3bcc40d7c032b9dda1df7d1c" "/opt/rustwide/cargo-home/bin/cargo" "+1.75.0" "build" "--frozen" "--message-format=json", kill_on_drop: false }`
[INFO] [stdout] 838421e5c379fbcd754d3768da1ff6250cc17ec4285bd814769222f28aa13dff
[INFO] running `Command { std: "docker" "start" "-a" "838421e5c379fbcd754d3768da1ff6250cc17ec4285bd814769222f28aa13dff", kill_on_drop: false }`
[INFO] [stderr] warning: unused manifest key: env
[INFO] [stderr]    Compiling proc-macro2 v1.0.24
[INFO] [stderr]    Compiling unicode-xid v0.2.1
[INFO] [stderr]    Compiling syn v1.0.58
[INFO] [stderr]    Compiling doc-comment v0.3.3
[INFO] [stderr]    Compiling heck v0.4.1
[INFO] [stderr]    Compiling utf8-decode v1.0.1
[INFO] [stderr]    Compiling quote v1.0.8
[INFO] [stderr]    Compiling snafu-derive v0.7.4
[INFO] [stderr]    Compiling snafu v0.7.4
[INFO] [stderr]    Compiling yapl v0.1.0 (/opt/rustwide/workdir)
[INFO] [stdout] warning: unused import: `TokenType`
[INFO] [stdout]   --> src/parser/mod.rs:10:31
[INFO] [stdout]    |
[INFO] [stdout] 10 | pub use crate::token::{Token, TokenType};
[INFO] [stdout]    |                               ^^^^^^^^^
[INFO] [stdout]    |
[INFO] [stdout]    = note: `#[warn(unused_imports)]` on by default
[INFO] [stdout] 
[INFO] [stdout] 
[INFO] [stdout] warning: 1 warning emitted
[INFO] [stdout] 
[INFO] [stdout] 
[INFO] [stderr]     Finished dev [unoptimized + debuginfo] target(s) in 4.11s
[INFO] running `Command { std: "docker" "inspect" "838421e5c379fbcd754d3768da1ff6250cc17ec4285bd814769222f28aa13dff", kill_on_drop: false }`
[INFO] running `Command { std: "docker" "rm" "-f" "838421e5c379fbcd754d3768da1ff6250cc17ec4285bd814769222f28aa13dff", kill_on_drop: false }`
[INFO] [stdout] 838421e5c379fbcd754d3768da1ff6250cc17ec4285bd814769222f28aa13dff
[INFO] running `Command { std: "docker" "create" "-v" "/var/lib/crater-agent-workspace/builds/worker-6-tc1/target:/opt/rustwide/target:rw,Z" "-v" "/var/lib/crater-agent-workspace/builds/worker-6-tc1/source:/opt/rustwide/workdir:ro,Z" "-v" "/var/lib/crater-agent-workspace/cargo-home:/opt/rustwide/cargo-home:ro,Z" "-v" "/var/lib/crater-agent-workspace/rustup-home:/opt/rustwide/rustup-home:ro,Z" "-e" "SOURCE_DIR=/opt/rustwide/workdir" "-e" "CARGO_TARGET_DIR=/opt/rustwide/target" "-e" "CARGO_INCREMENTAL=0" "-e" "RUST_BACKTRACE=full" "-e" "RUSTFLAGS=--cap-lints=warn" "-e" "RUSTDOCFLAGS=--cap-lints=warn" "-e" "CARGO_HOME=/opt/rustwide/cargo-home" "-e" "RUSTUP_HOME=/opt/rustwide/rustup-home" "-w" "/opt/rustwide/workdir" "-m" "1610612736" "--user" "0:0" "--network" "none" "ghcr.io/rust-lang/crates-build-env/linux@sha256:2788e3201cd34a07e3172128adcd8b3090168a8e3bcc40d7c032b9dda1df7d1c" "/opt/rustwide/cargo-home/bin/cargo" "+1.75.0" "test" "--frozen" "--no-run" "--message-format=json", kill_on_drop: false }`
[INFO] [stdout] ef48bb70b397df5a11e5e02f307c689a56f0bf5c81ba2f19c2eb2e2d5906562e
[INFO] running `Command { std: "docker" "start" "-a" "ef48bb70b397df5a11e5e02f307c689a56f0bf5c81ba2f19c2eb2e2d5906562e", kill_on_drop: false }`
[INFO] [stderr] warning: unused manifest key: env
[INFO] [stdout] warning: unused import: `TokenType`
[INFO] [stdout]   --> src/parser/mod.rs:10:31
[INFO] [stdout]    |
[INFO] [stdout] 10 | pub use crate::token::{Token, TokenType};
[INFO] [stdout]    |                               ^^^^^^^^^
[INFO] [stdout]    |
[INFO] [stdout]    = note: `#[warn(unused_imports)]` on by default
[INFO] [stdout] 
[INFO] [stdout] 
[INFO] [stderr]    Compiling yapl v0.1.0 (/opt/rustwide/workdir)
[INFO] [stdout] warning: 1 warning emitted
[INFO] [stdout] 
[INFO] [stdout] 
[INFO] [stdout] warning: unused import: `TokenType`
[INFO] [stdout]   --> src/parser/mod.rs:10:31
[INFO] [stdout]    |
[INFO] [stdout] 10 | pub use crate::token::{Token, TokenType};
[INFO] [stdout]    |                               ^^^^^^^^^
[INFO] [stdout]    |
[INFO] [stdout]    = note: `#[warn(unused_imports)]` on by default
[INFO] [stdout] 
[INFO] [stdout] 
[INFO] [stdout] warning: 1 warning emitted
[INFO] [stdout] 
[INFO] [stdout] 
[INFO] [stderr]     Finished test [unoptimized + debuginfo] target(s) in 0.28s
[INFO] running `Command { std: "docker" "inspect" "ef48bb70b397df5a11e5e02f307c689a56f0bf5c81ba2f19c2eb2e2d5906562e", kill_on_drop: false }`
[INFO] running `Command { std: "docker" "rm" "-f" "ef48bb70b397df5a11e5e02f307c689a56f0bf5c81ba2f19c2eb2e2d5906562e", kill_on_drop: false }`
[INFO] [stdout] ef48bb70b397df5a11e5e02f307c689a56f0bf5c81ba2f19c2eb2e2d5906562e
[INFO] running `Command { std: "docker" "create" "-v" "/var/lib/crater-agent-workspace/builds/worker-6-tc1/target:/opt/rustwide/target:rw,Z" "-v" "/var/lib/crater-agent-workspace/builds/worker-6-tc1/source:/opt/rustwide/workdir:ro,Z" "-v" "/var/lib/crater-agent-workspace/cargo-home:/opt/rustwide/cargo-home:ro,Z" "-v" "/var/lib/crater-agent-workspace/rustup-home:/opt/rustwide/rustup-home:ro,Z" "-e" "SOURCE_DIR=/opt/rustwide/workdir" "-e" "CARGO_TARGET_DIR=/opt/rustwide/target" "-e" "CARGO_INCREMENTAL=0" "-e" "RUST_BACKTRACE=full" "-e" "RUSTFLAGS=--cap-lints=warn" "-e" "RUSTDOCFLAGS=--cap-lints=warn" "-e" "CARGO_HOME=/opt/rustwide/cargo-home" "-e" "RUSTUP_HOME=/opt/rustwide/rustup-home" "-w" "/opt/rustwide/workdir" "-m" "1610612736" "--user" "0:0" "--network" "none" "ghcr.io/rust-lang/crates-build-env/linux@sha256:2788e3201cd34a07e3172128adcd8b3090168a8e3bcc40d7c032b9dda1df7d1c" "/opt/rustwide/cargo-home/bin/cargo" "+1.75.0" "test" "--frozen", kill_on_drop: false }`
[INFO] [stdout] 18014b446f1056ae653d8652a08f40ad41172ec4bbd9fd3c93e8fb9f8baecd4e
[INFO] running `Command { std: "docker" "start" "-a" "18014b446f1056ae653d8652a08f40ad41172ec4bbd9fd3c93e8fb9f8baecd4e", kill_on_drop: false }`
[INFO] [stderr] warning: unused manifest key: env
[INFO] [stderr] warning: unused import: `TokenType`
[INFO] [stderr]   --> src/parser/mod.rs:10:31
[INFO] [stderr]    |
[INFO] [stderr] 10 | pub use crate::token::{Token, TokenType};
[INFO] [stderr]    |                               ^^^^^^^^^
[INFO] [stderr]    |
[INFO] [stderr]    = note: `#[warn(unused_imports)]` on by default
[INFO] [stderr] 
[INFO] [stderr] warning: `yapl` (lib) generated 1 warning (run `cargo fix --lib -p yapl` to apply 1 suggestion)
[INFO] [stderr] warning: `yapl` (lib test) generated 1 warning (1 duplicate)
[INFO] [stderr]     Finished test [unoptimized + debuginfo] target(s) in 0.01s
[INFO] [stderr]      Running unittests src/lib.rs (/opt/rustwide/target/debug/deps/yapl-d48a7f1e255dbcd0)
[INFO] [stdout] 
[INFO] [stdout] running 0 tests
[INFO] [stdout] 
[INFO] [stdout] test result: ok. 0 passed; 0 failed; 0 ignored; 0 measured; 0 filtered out; finished in 0.00s
[INFO] [stdout] 
[INFO] [stderr]      Running unittests src/bin/yapl.rs (/opt/rustwide/target/debug/deps/yapl-92c7f545b9f476df)
[INFO] [stdout] 
[INFO] [stdout] running 0 tests
[INFO] [stdout] 
[INFO] [stdout] test result: ok. 0 passed; 0 failed; 0 ignored; 0 measured; 0 filtered out; finished in 0.00s
[INFO] [stdout] 
[INFO] [stderr]      Running tests/compile_examples.rs (/opt/rustwide/target/debug/deps/compile_examples-8cd0d55f8f3c2d9b)
[INFO] [stdout] 
[INFO] [stdout] running 3 tests
[INFO] [stdout] test scratch_pad ... FAILED
[INFO] [stdout] test factorial ... FAILED
[INFO] [stdout] test expressions ... FAILED
[INFO] [stdout] 
[INFO] [stdout] failures:
[INFO] [stdout] 
[INFO] [stdout] ---- scratch_pad stdout ----
[INFO] [stdout] Error: ParseError { err: UnexpectedToken { token: Token { token_type: Minus, char: 4, line: 1 } } }
[INFO] [stdout] 
[INFO] [stdout] ---- factorial stdout ----
[INFO] [stdout] Error: ParseError { err: UnexpectedToken { token: Token { token_type: Equal, char: 12, line: 2 } } }
[INFO] [stdout] 
[INFO] [stdout] ---- expressions stdout ----
[INFO] [stdout] Error: ParseError { err: UnexpectedToken { token: Token { token_type: Semicolon, char: 10, line: 2 } } }
[INFO] [stdout] 
[INFO] [stdout] 
[INFO] [stdout] failures:
[INFO] [stdout]     expressions
[INFO] [stdout]     factorial
[INFO] [stdout]     scratch_pad
[INFO] [stdout] 
[INFO] [stdout] test result: FAILED. 0 passed; 3 failed; 0 ignored; 0 measured; 0 filtered out; finished in 0.00s
[INFO] [stdout] 
[INFO] [stderr] error: test failed, to rerun pass `--test compile_examples`
[INFO] running `Command { std: "docker" "inspect" "18014b446f1056ae653d8652a08f40ad41172ec4bbd9fd3c93e8fb9f8baecd4e", kill_on_drop: false }`
[INFO] running `Command { std: "docker" "rm" "-f" "18014b446f1056ae653d8652a08f40ad41172ec4bbd9fd3c93e8fb9f8baecd4e", kill_on_drop: false }`
[INFO] [stdout] 18014b446f1056ae653d8652a08f40ad41172ec4bbd9fd3c93e8fb9f8baecd4e
[INFO] testing DavidPRolfe/yapl against beta-2023-12-22 for beta-1.76-1
[INFO] running `Command { std: "git" "clone" "/workspace/cache/git-repos/https%3A%2F%2Fgithub.com%2FDavidPRolfe%2Fyapl" "/workspace/builds/worker-6-tc2/source", kill_on_drop: false }`
[INFO] [stderr] Cloning into '/workspace/builds/worker-6-tc2/source'...
[INFO] [stderr] done.
[INFO] validating manifest of git repo https://github.com/DavidPRolfe/yapl on toolchain beta-2023-12-22
[INFO] running `Command { std: CARGO_HOME="/workspace/cargo-home" RUSTUP_HOME="/workspace/rustup-home" "/workspace/cargo-home/bin/cargo" "+beta-2023-12-22" "metadata" "--manifest-path" "Cargo.toml" "--no-deps", kill_on_drop: false }`
[INFO] started tweaking git repo https://github.com/DavidPRolfe/yapl
[INFO] finished tweaking git repo https://github.com/DavidPRolfe/yapl
[INFO] tweaked toml for git repo https://github.com/DavidPRolfe/yapl written to /workspace/builds/worker-6-tc2/source/Cargo.toml
[INFO] crate git repo https://github.com/DavidPRolfe/yapl already has a lockfile, it will not be regenerated
[INFO] running `Command { std: CARGO_HOME="/workspace/cargo-home" RUSTUP_HOME="/workspace/rustup-home" "/workspace/cargo-home/bin/cargo" "+beta-2023-12-22" "fetch" "--manifest-path" "Cargo.toml", kill_on_drop: false }`
[INFO] [stderr] warning: unused manifest key: env
[INFO] running `Command { std: "docker" "create" "-v" "/var/lib/crater-agent-workspace/builds/worker-6-tc2/target:/opt/rustwide/target:rw,Z" "-v" "/var/lib/crater-agent-workspace/builds/worker-6-tc2/source:/opt/rustwide/workdir:ro,Z" "-v" "/var/lib/crater-agent-workspace/cargo-home:/opt/rustwide/cargo-home:ro,Z" "-v" "/var/lib/crater-agent-workspace/rustup-home:/opt/rustwide/rustup-home:ro,Z" "-e" "SOURCE_DIR=/opt/rustwide/workdir" "-e" "CARGO_TARGET_DIR=/opt/rustwide/target" "-e" "CARGO_HOME=/opt/rustwide/cargo-home" "-e" "RUSTUP_HOME=/opt/rustwide/rustup-home" "-w" "/opt/rustwide/workdir" "-m" "1610612736" "--user" "0:0" "--network" "none" "ghcr.io/rust-lang/crates-build-env/linux@sha256:2788e3201cd34a07e3172128adcd8b3090168a8e3bcc40d7c032b9dda1df7d1c" "/opt/rustwide/cargo-home/bin/cargo" "+beta-2023-12-22" "metadata" "--no-deps" "--format-version=1", kill_on_drop: false }`
[INFO] [stdout] 3deb5b68e5a715376bcba0c5a942d61d0bd080eace35ad466a56c5c70f68ed5f
[INFO] running `Command { std: "docker" "start" "-a" "3deb5b68e5a715376bcba0c5a942d61d0bd080eace35ad466a56c5c70f68ed5f", kill_on_drop: false }`
[INFO] running `Command { std: "docker" "inspect" "3deb5b68e5a715376bcba0c5a942d61d0bd080eace35ad466a56c5c70f68ed5f", kill_on_drop: false }`
[INFO] running `Command { std: "docker" "rm" "-f" "3deb5b68e5a715376bcba0c5a942d61d0bd080eace35ad466a56c5c70f68ed5f", kill_on_drop: false }`
[INFO] [stdout] 3deb5b68e5a715376bcba0c5a942d61d0bd080eace35ad466a56c5c70f68ed5f
[INFO] running `Command { std: "docker" "create" "-v" "/var/lib/crater-agent-workspace/builds/worker-6-tc2/target:/opt/rustwide/target:rw,Z" "-v" "/var/lib/crater-agent-workspace/builds/worker-6-tc2/source:/opt/rustwide/workdir:ro,Z" "-v" "/var/lib/crater-agent-workspace/cargo-home:/opt/rustwide/cargo-home:ro,Z" "-v" "/var/lib/crater-agent-workspace/rustup-home:/opt/rustwide/rustup-home:ro,Z" "-e" "SOURCE_DIR=/opt/rustwide/workdir" "-e" "CARGO_TARGET_DIR=/opt/rustwide/target" "-e" "CARGO_INCREMENTAL=0" "-e" "RUST_BACKTRACE=full" "-e" "RUSTFLAGS=--cap-lints=warn" "-e" "RUSTDOCFLAGS=--cap-lints=warn" "-e" "CARGO_HOME=/opt/rustwide/cargo-home" "-e" "RUSTUP_HOME=/opt/rustwide/rustup-home" "-w" "/opt/rustwide/workdir" "-m" "1610612736" "--user" "0:0" "--network" "none" "ghcr.io/rust-lang/crates-build-env/linux@sha256:2788e3201cd34a07e3172128adcd8b3090168a8e3bcc40d7c032b9dda1df7d1c" "/opt/rustwide/cargo-home/bin/cargo" "+beta-2023-12-22" "build" "--frozen" "--message-format=json", kill_on_drop: false }`
[INFO] [stdout] efc2746a837009485c63fc41c725de9fe4f735a5eb38b9580a434f83a0d6fc05
[INFO] running `Command { std: "docker" "start" "-a" "efc2746a837009485c63fc41c725de9fe4f735a5eb38b9580a434f83a0d6fc05", kill_on_drop: false }`
[INFO] [stderr] warning: unused manifest key: env
[INFO] [stderr]    Compiling proc-macro2 v1.0.24
[INFO] [stderr]    Compiling unicode-xid v0.2.1
[INFO] [stderr]    Compiling syn v1.0.58
[INFO] [stderr]    Compiling doc-comment v0.3.3
[INFO] [stderr]    Compiling heck v0.4.1
[INFO] [stderr]    Compiling utf8-decode v1.0.1
[INFO] [stderr]    Compiling quote v1.0.8
[INFO] [stderr]    Compiling snafu-derive v0.7.4
[INFO] [stderr]    Compiling snafu v0.7.4
[INFO] [stderr]    Compiling yapl v0.1.0 (/opt/rustwide/workdir)
[INFO] [stdout] warning: unused import: `TokenType`
[INFO] [stdout]   --> src/parser/mod.rs:10:31
[INFO] [stdout]    |
[INFO] [stdout] 10 | pub use crate::token::{Token, TokenType};
[INFO] [stdout]    |                               ^^^^^^^^^
[INFO] [stdout]    |
[INFO] [stdout]    = note: `#[warn(unused_imports)]` on by default
[INFO] [stdout] 
[INFO] [stdout] 
[INFO] [stdout] warning: 1 warning emitted
[INFO] [stdout] 
[INFO] [stdout] 
[INFO] [stderr]     Finished dev [unoptimized + debuginfo] target(s) in 4.21s
[INFO] running `Command { std: "docker" "inspect" "efc2746a837009485c63fc41c725de9fe4f735a5eb38b9580a434f83a0d6fc05", kill_on_drop: false }`
[INFO] running `Command { std: "docker" "rm" "-f" "efc2746a837009485c63fc41c725de9fe4f735a5eb38b9580a434f83a0d6fc05", kill_on_drop: false }`
[INFO] [stdout] efc2746a837009485c63fc41c725de9fe4f735a5eb38b9580a434f83a0d6fc05
[INFO] running `Command { std: "docker" "create" "-v" "/var/lib/crater-agent-workspace/builds/worker-6-tc2/target:/opt/rustwide/target:rw,Z" "-v" "/var/lib/crater-agent-workspace/builds/worker-6-tc2/source:/opt/rustwide/workdir:ro,Z" "-v" "/var/lib/crater-agent-workspace/cargo-home:/opt/rustwide/cargo-home:ro,Z" "-v" "/var/lib/crater-agent-workspace/rustup-home:/opt/rustwide/rustup-home:ro,Z" "-e" "SOURCE_DIR=/opt/rustwide/workdir" "-e" "CARGO_TARGET_DIR=/opt/rustwide/target" "-e" "CARGO_INCREMENTAL=0" "-e" "RUST_BACKTRACE=full" "-e" "RUSTFLAGS=--cap-lints=warn" "-e" "RUSTDOCFLAGS=--cap-lints=warn" "-e" "CARGO_HOME=/opt/rustwide/cargo-home" "-e" "RUSTUP_HOME=/opt/rustwide/rustup-home" "-w" "/opt/rustwide/workdir" "-m" "1610612736" "--user" "0:0" "--network" "none" "ghcr.io/rust-lang/crates-build-env/linux@sha256:2788e3201cd34a07e3172128adcd8b3090168a8e3bcc40d7c032b9dda1df7d1c" "/opt/rustwide/cargo-home/bin/cargo" "+beta-2023-12-22" "test" "--frozen" "--no-run" "--message-format=json", kill_on_drop: false }`
[INFO] [stdout] df87af4f60a5de926acfbcf9ec84c5e2629454775c9f1ca118bfa4ba72bc5bbb
[INFO] running `Command { std: "docker" "start" "-a" "df87af4f60a5de926acfbcf9ec84c5e2629454775c9f1ca118bfa4ba72bc5bbb", kill_on_drop: false }`
[INFO] [stderr] warning: unused manifest key: env
[INFO] [stderr]    Compiling yapl v0.1.0 (/opt/rustwide/workdir)
[INFO] [stdout] warning: unused import: `TokenType`
[INFO] [stdout]   --> src/parser/mod.rs:10:31
[INFO] [stdout]    |
[INFO] [stdout] 10 | pub use crate::token::{Token, TokenType};
[INFO] [stdout]    |                               ^^^^^^^^^
[INFO] [stdout]    |
[INFO] [stdout]    = note: `#[warn(unused_imports)]` on by default
[INFO] [stdout] 
[INFO] [stdout] 
[INFO] [stdout] warning: 1 warning emitted
[INFO] [stdout] 
[INFO] [stdout] 
[INFO] [stdout] warning: unused import: `TokenType`
[INFO] [stdout]   --> src/parser/mod.rs:10:31
[INFO] [stdout]    |
[INFO] [stdout] 10 | pub use crate::token::{Token, TokenType};
[INFO] [stdout]    |                               ^^^^^^^^^
[INFO] [stdout]    |
[INFO] [stdout]    = note: `#[warn(unused_imports)]` on by default
[INFO] [stdout] 
[INFO] [stdout] 
[INFO] [stdout] warning: 1 warning emitted
[INFO] [stdout] 
[INFO] [stdout] 
[INFO] [stderr]     Finished test [unoptimized + debuginfo] target(s) in 0.32s
[INFO] running `Command { std: "docker" "inspect" "df87af4f60a5de926acfbcf9ec84c5e2629454775c9f1ca118bfa4ba72bc5bbb", kill_on_drop: false }`
[INFO] running `Command { std: "docker" "rm" "-f" "df87af4f60a5de926acfbcf9ec84c5e2629454775c9f1ca118bfa4ba72bc5bbb", kill_on_drop: false }`
[INFO] [stdout] df87af4f60a5de926acfbcf9ec84c5e2629454775c9f1ca118bfa4ba72bc5bbb
[INFO] running `Command { std: "docker" "create" "-v" "/var/lib/crater-agent-workspace/builds/worker-6-tc2/target:/opt/rustwide/target:rw,Z" "-v" "/var/lib/crater-agent-workspace/builds/worker-6-tc2/source:/opt/rustwide/workdir:ro,Z" "-v" "/var/lib/crater-agent-workspace/cargo-home:/opt/rustwide/cargo-home:ro,Z" "-v" "/var/lib/crater-agent-workspace/rustup-home:/opt/rustwide/rustup-home:ro,Z" "-e" "SOURCE_DIR=/opt/rustwide/workdir" "-e" "CARGO_TARGET_DIR=/opt/rustwide/target" "-e" "CARGO_INCREMENTAL=0" "-e" "RUST_BACKTRACE=full" "-e" "RUSTFLAGS=--cap-lints=warn" "-e" "RUSTDOCFLAGS=--cap-lints=warn" "-e" "CARGO_HOME=/opt/rustwide/cargo-home" "-e" "RUSTUP_HOME=/opt/rustwide/rustup-home" "-w" "/opt/rustwide/workdir" "-m" "1610612736" "--user" "0:0" "--network" "none" "ghcr.io/rust-lang/crates-build-env/linux@sha256:2788e3201cd34a07e3172128adcd8b3090168a8e3bcc40d7c032b9dda1df7d1c" "/opt/rustwide/cargo-home/bin/cargo" "+beta-2023-12-22" "test" "--frozen", kill_on_drop: false }`
[INFO] [stdout] 25cac57f6b98d49875c7ebc7d1f16f784f366dbb84b17c19b76a849728e7a258
[INFO] running `Command { std: "docker" "start" "-a" "25cac57f6b98d49875c7ebc7d1f16f784f366dbb84b17c19b76a849728e7a258", kill_on_drop: false }`
[INFO] [stderr] warning: unused manifest key: env
[INFO] [stderr] warning: unused import: `TokenType`
[INFO] [stderr]   --> src/parser/mod.rs:10:31
[INFO] [stderr]    |
[INFO] [stderr] 10 | pub use crate::token::{Token, TokenType};
[INFO] [stderr]    |                               ^^^^^^^^^
[INFO] [stderr]    |
[INFO] [stderr]    = note: `#[warn(unused_imports)]` on by default
[INFO] [stderr] 
[INFO] [stderr] warning: `yapl` (lib) generated 1 warning (run `cargo fix --lib -p yapl` to apply 1 suggestion)
[INFO] [stderr] warning: `yapl` (lib test) generated 1 warning (1 duplicate)
[INFO] [stderr]     Finished test [unoptimized + debuginfo] target(s) in 0.01s
[INFO] [stderr]      Running unittests src/lib.rs (/opt/rustwide/target/debug/deps/yapl-6cf18677c0170804)
[INFO] [stdout] 
[INFO] [stdout] running 0 tests
[INFO] [stdout] 
[INFO] [stdout] test result: ok. 0 passed; 0 failed; 0 ignored; 0 measured; 0 filtered out; finished in 0.00s
[INFO] [stdout] 
[INFO] [stderr]      Running unittests src/bin/yapl.rs (/opt/rustwide/target/debug/deps/yapl-dad3a62ac6b122b7)
[INFO] [stdout] 
[INFO] [stdout] running 0 tests
[INFO] [stdout] 
[INFO] [stdout] test result: ok. 0 passed; 0 failed; 0 ignored; 0 measured; 0 filtered out; finished in 0.00s
[INFO] [stdout] 
[INFO] [stderr]      Running tests/compile_examples.rs (/opt/rustwide/target/debug/deps/compile_examples-8eeda1ad65a08b31)
[INFO] [stdout] 
[INFO] [stdout] running 3 tests
[INFO] [stdout] test scratch_pad ... FAILED
[INFO] [stdout] test expressions ... FAILED
[INFO] [stdout] test factorial ... FAILED
[INFO] [stdout] 
[INFO] [stdout] failures:
[INFO] [stdout] 
[INFO] [stdout] ---- scratch_pad stdout ----
[INFO] [stdout] Error: ParseError { err: UnexpectedToken { token: Token { token_type: Minus, char: 4, line: 1 } } }
[INFO] [stdout] 
[INFO] [stdout] ---- expressions stdout ----
[INFO] [stdout] Error: ParseError { err: UnexpectedToken { token: Token { token_type: Semicolon, char: 10, line: 2 } } }
[INFO] [stdout] 
[INFO] [stdout] ---- factorial stdout ----
[INFO] [stdout] Error: ParseError { err: UnexpectedToken { token: Token { token_type: Equal, char: 12, line: 2 } } }
[INFO] [stdout] 
[INFO] [stdout] 
[INFO] [stdout] failures:
[INFO] [stdout]     expressions
[INFO] [stdout]     factorial
[INFO] [stdout]     scratch_pad
[INFO] [stdout] 
[INFO] [stdout] test result: FAILED. 0 passed; 3 failed; 0 ignored; 0 measured; 0 filtered out; finished in 0.00s
[INFO] [stdout] 
[INFO] [stderr] error: test failed, to rerun pass `--test compile_examples`
[INFO] running `Command { std: "docker" "inspect" "25cac57f6b98d49875c7ebc7d1f16f784f366dbb84b17c19b76a849728e7a258", kill_on_drop: false }`
[INFO] running `Command { std: "docker" "rm" "-f" "25cac57f6b98d49875c7ebc7d1f16f784f366dbb84b17c19b76a849728e7a258", kill_on_drop: false }`
[INFO] [stdout] 25cac57f6b98d49875c7ebc7d1f16f784f366dbb84b17c19b76a849728e7a258
