[INFO] cloning repository https://github.com/Datahenge/filedate-rs
[INFO] running `Command { std: "git" "-c" "credential.helper=" "-c" "credential.helper=/workspace/cargo-home/bin/git-credential-null" "clone" "--bare" "https://github.com/Datahenge/filedate-rs" "/workspace/cache/git-repos/https%3A%2F%2Fgithub.com%2FDatahenge%2Ffiledate-rs", kill_on_drop: false }`
[INFO] [stderr] Cloning into bare repository '/workspace/cache/git-repos/https%3A%2F%2Fgithub.com%2FDatahenge%2Ffiledate-rs'...
[INFO] running `Command { std: "git" "rev-parse" "HEAD", kill_on_drop: false }`
[INFO] [stdout] 302c27530024d32a569ee821aaab60b30a3933e7
[INFO] testing Datahenge/filedate-rs against 1.75.0 for beta-1.76-1
[INFO] running `Command { std: "git" "clone" "/workspace/cache/git-repos/https%3A%2F%2Fgithub.com%2FDatahenge%2Ffiledate-rs" "/workspace/builds/worker-6-tc1/source", kill_on_drop: false }`
[INFO] [stderr] Cloning into '/workspace/builds/worker-6-tc1/source'...
[INFO] [stderr] done.
[INFO] validating manifest of git repo https://github.com/Datahenge/filedate-rs on toolchain 1.75.0
[INFO] running `Command { std: CARGO_HOME="/workspace/cargo-home" RUSTUP_HOME="/workspace/rustup-home" "/workspace/cargo-home/bin/cargo" "+1.75.0" "metadata" "--manifest-path" "Cargo.toml" "--no-deps", kill_on_drop: false }`
[INFO] started tweaking git repo https://github.com/Datahenge/filedate-rs
[INFO] finished tweaking git repo https://github.com/Datahenge/filedate-rs
[INFO] tweaked toml for git repo https://github.com/Datahenge/filedate-rs written to /workspace/builds/worker-6-tc1/source/Cargo.toml
[INFO] crate git repo https://github.com/Datahenge/filedate-rs already has a lockfile, it will not be regenerated
[INFO] running `Command { std: CARGO_HOME="/workspace/cargo-home" RUSTUP_HOME="/workspace/rustup-home" "/workspace/cargo-home/bin/cargo" "+1.75.0" "fetch" "--manifest-path" "Cargo.toml", kill_on_drop: false }`
[INFO] [stderr]  Downloading crates ...
[INFO] [stderr]   Downloaded proc-macro2 v1.0.13
[INFO] [stderr]   Downloaded syn v1.0.22
[INFO] running `Command { std: "docker" "create" "-v" "/var/lib/crater-agent-workspace/builds/worker-6-tc1/target:/opt/rustwide/target:rw,Z" "-v" "/var/lib/crater-agent-workspace/builds/worker-6-tc1/source:/opt/rustwide/workdir:ro,Z" "-v" "/var/lib/crater-agent-workspace/cargo-home:/opt/rustwide/cargo-home:ro,Z" "-v" "/var/lib/crater-agent-workspace/rustup-home:/opt/rustwide/rustup-home:ro,Z" "-e" "SOURCE_DIR=/opt/rustwide/workdir" "-e" "CARGO_TARGET_DIR=/opt/rustwide/target" "-e" "CARGO_HOME=/opt/rustwide/cargo-home" "-e" "RUSTUP_HOME=/opt/rustwide/rustup-home" "-w" "/opt/rustwide/workdir" "-m" "1610612736" "--user" "0:0" "--network" "none" "ghcr.io/rust-lang/crates-build-env/linux@sha256:2788e3201cd34a07e3172128adcd8b3090168a8e3bcc40d7c032b9dda1df7d1c" "/opt/rustwide/cargo-home/bin/cargo" "+1.75.0" "metadata" "--no-deps" "--format-version=1", kill_on_drop: false }`
[INFO] [stdout] dfc154d4db8bf153f054f9911f92e3ba9062ab0d559a40a22cb921f56ed6331d
[INFO] running `Command { std: "docker" "start" "-a" "dfc154d4db8bf153f054f9911f92e3ba9062ab0d559a40a22cb921f56ed6331d", kill_on_drop: false }`
[INFO] running `Command { std: "docker" "inspect" "dfc154d4db8bf153f054f9911f92e3ba9062ab0d559a40a22cb921f56ed6331d", kill_on_drop: false }`
[INFO] running `Command { std: "docker" "rm" "-f" "dfc154d4db8bf153f054f9911f92e3ba9062ab0d559a40a22cb921f56ed6331d", kill_on_drop: false }`
[INFO] [stdout] dfc154d4db8bf153f054f9911f92e3ba9062ab0d559a40a22cb921f56ed6331d
[INFO] running `Command { std: "docker" "create" "-v" "/var/lib/crater-agent-workspace/builds/worker-6-tc1/target:/opt/rustwide/target:rw,Z" "-v" "/var/lib/crater-agent-workspace/builds/worker-6-tc1/source:/opt/rustwide/workdir:ro,Z" "-v" "/var/lib/crater-agent-workspace/cargo-home:/opt/rustwide/cargo-home:ro,Z" "-v" "/var/lib/crater-agent-workspace/rustup-home:/opt/rustwide/rustup-home:ro,Z" "-e" "SOURCE_DIR=/opt/rustwide/workdir" "-e" "CARGO_TARGET_DIR=/opt/rustwide/target" "-e" "CARGO_INCREMENTAL=0" "-e" "RUST_BACKTRACE=full" "-e" "RUSTFLAGS=--cap-lints=warn" "-e" "RUSTDOCFLAGS=--cap-lints=warn" "-e" "CARGO_HOME=/opt/rustwide/cargo-home" "-e" "RUSTUP_HOME=/opt/rustwide/rustup-home" "-w" "/opt/rustwide/workdir" "-m" "1610612736" "--user" "0:0" "--network" "none" "ghcr.io/rust-lang/crates-build-env/linux@sha256:2788e3201cd34a07e3172128adcd8b3090168a8e3bcc40d7c032b9dda1df7d1c" "/opt/rustwide/cargo-home/bin/cargo" "+1.75.0" "build" "--frozen" "--message-format=json", kill_on_drop: false }`
[INFO] [stdout] 54667d3172643a7e57ed6d9615dc5cf12f29bb50fd52dfebaa70295de9426f56
[INFO] running `Command { std: "docker" "start" "-a" "54667d3172643a7e57ed6d9615dc5cf12f29bb50fd52dfebaa70295de9426f56", kill_on_drop: false }`
[INFO] [stderr]    Compiling autocfg v1.0.0
[INFO] [stderr]    Compiling proc-macro2 v1.0.13
[INFO] [stderr]    Compiling libc v0.2.68
[INFO] [stderr]    Compiling unicode-xid v0.2.0
[INFO] [stderr]    Compiling syn v1.0.22
[INFO] [stderr]    Compiling memchr v2.3.3
[INFO] [stderr]    Compiling ryu v1.0.4
[INFO] [stderr]    Compiling serde v1.0.110
[INFO] [stderr]    Compiling bitflags v1.2.1
[INFO] [stderr]    Compiling unicode-width v0.1.8
[INFO] [stderr]    Compiling num-traits v0.2.11
[INFO] [stderr]    Compiling num-integer v0.1.42
[INFO] [stderr]    Compiling textwrap v0.11.0
[INFO] [stderr]    Compiling thread_local v1.0.1
[INFO] [stderr]    Compiling aho-corasick v0.7.13
[INFO] [stderr]    Compiling vec_map v0.8.2
[INFO] [stderr]    Compiling itoa v0.4.5
[INFO] [stderr]    Compiling quote v1.0.6
[INFO] [stderr]    Compiling ansi_term v0.11.0
[INFO] [stderr]    Compiling yaml-rust v0.3.5
[INFO] [stderr]    Compiling regex-syntax v0.6.18
[INFO] [stderr]    Compiling atty v0.2.14
[INFO] [stderr]    Compiling time v0.1.42
[INFO] [stderr]    Compiling strsim v0.8.0
[INFO] [stderr]    Compiling json v0.12.4
[INFO] [stderr]    Compiling clap v2.33.3
[INFO] [stderr]    Compiling chrono v0.4.11
[INFO] [stderr]    Compiling regex v1.3.9
[INFO] [stderr]    Compiling serde_derive v1.0.110
[INFO] [stderr]    Compiling serde_json v1.0.53
[INFO] [stderr]    Compiling filedate-rs v0.2.0 (/opt/rustwide/workdir)
[INFO] [stderr]     Finished dev [unoptimized + debuginfo] target(s) in 14.51s
[INFO] running `Command { std: "docker" "inspect" "54667d3172643a7e57ed6d9615dc5cf12f29bb50fd52dfebaa70295de9426f56", kill_on_drop: false }`
[INFO] running `Command { std: "docker" "rm" "-f" "54667d3172643a7e57ed6d9615dc5cf12f29bb50fd52dfebaa70295de9426f56", kill_on_drop: false }`
[INFO] [stdout] 54667d3172643a7e57ed6d9615dc5cf12f29bb50fd52dfebaa70295de9426f56
[INFO] running `Command { std: "docker" "create" "-v" "/var/lib/crater-agent-workspace/builds/worker-6-tc1/target:/opt/rustwide/target:rw,Z" "-v" "/var/lib/crater-agent-workspace/builds/worker-6-tc1/source:/opt/rustwide/workdir:ro,Z" "-v" "/var/lib/crater-agent-workspace/cargo-home:/opt/rustwide/cargo-home:ro,Z" "-v" "/var/lib/crater-agent-workspace/rustup-home:/opt/rustwide/rustup-home:ro,Z" "-e" "SOURCE_DIR=/opt/rustwide/workdir" "-e" "CARGO_TARGET_DIR=/opt/rustwide/target" "-e" "CARGO_INCREMENTAL=0" "-e" "RUST_BACKTRACE=full" "-e" "RUSTFLAGS=--cap-lints=warn" "-e" "RUSTDOCFLAGS=--cap-lints=warn" "-e" "CARGO_HOME=/opt/rustwide/cargo-home" "-e" "RUSTUP_HOME=/opt/rustwide/rustup-home" "-w" "/opt/rustwide/workdir" "-m" "1610612736" "--user" "0:0" "--network" "none" "ghcr.io/rust-lang/crates-build-env/linux@sha256:2788e3201cd34a07e3172128adcd8b3090168a8e3bcc40d7c032b9dda1df7d1c" "/opt/rustwide/cargo-home/bin/cargo" "+1.75.0" "test" "--frozen" "--no-run" "--message-format=json", kill_on_drop: false }`
[INFO] [stdout] 498b8b77eb47246863b836ec7b3ca918d2e1e7c5484e4b1a33d29a50e57c0a14
[INFO] running `Command { std: "docker" "start" "-a" "498b8b77eb47246863b836ec7b3ca918d2e1e7c5484e4b1a33d29a50e57c0a14", kill_on_drop: false }`
[INFO] [stderr]    Compiling filedate-rs v0.2.0 (/opt/rustwide/workdir)
[INFO] [stderr]     Finished test [unoptimized + debuginfo] target(s) in 0.57s
[INFO] running `Command { std: "docker" "inspect" "498b8b77eb47246863b836ec7b3ca918d2e1e7c5484e4b1a33d29a50e57c0a14", kill_on_drop: false }`
[INFO] running `Command { std: "docker" "rm" "-f" "498b8b77eb47246863b836ec7b3ca918d2e1e7c5484e4b1a33d29a50e57c0a14", kill_on_drop: false }`
[INFO] [stdout] 498b8b77eb47246863b836ec7b3ca918d2e1e7c5484e4b1a33d29a50e57c0a14
[INFO] running `Command { std: "docker" "create" "-v" "/var/lib/crater-agent-workspace/builds/worker-6-tc1/target:/opt/rustwide/target:rw,Z" "-v" "/var/lib/crater-agent-workspace/builds/worker-6-tc1/source:/opt/rustwide/workdir:ro,Z" "-v" "/var/lib/crater-agent-workspace/cargo-home:/opt/rustwide/cargo-home:ro,Z" "-v" "/var/lib/crater-agent-workspace/rustup-home:/opt/rustwide/rustup-home:ro,Z" "-e" "SOURCE_DIR=/opt/rustwide/workdir" "-e" "CARGO_TARGET_DIR=/opt/rustwide/target" "-e" "CARGO_INCREMENTAL=0" "-e" "RUST_BACKTRACE=full" "-e" "RUSTFLAGS=--cap-lints=warn" "-e" "RUSTDOCFLAGS=--cap-lints=warn" "-e" "CARGO_HOME=/opt/rustwide/cargo-home" "-e" "RUSTUP_HOME=/opt/rustwide/rustup-home" "-w" "/opt/rustwide/workdir" "-m" "1610612736" "--user" "0:0" "--network" "none" "ghcr.io/rust-lang/crates-build-env/linux@sha256:2788e3201cd34a07e3172128adcd8b3090168a8e3bcc40d7c032b9dda1df7d1c" "/opt/rustwide/cargo-home/bin/cargo" "+1.75.0" "test" "--frozen", kill_on_drop: false }`
[INFO] [stdout] e2b13ae282b8b356fda52383dbd6b5157a54632dd0374b7a67256fed0e5287e4
[INFO] running `Command { std: "docker" "start" "-a" "e2b13ae282b8b356fda52383dbd6b5157a54632dd0374b7a67256fed0e5287e4", kill_on_drop: false }`
[INFO] [stderr]     Finished test [unoptimized + debuginfo] target(s) in 0.02s
[INFO] [stderr]      Running unittests src/lib.rs (/opt/rustwide/target/debug/deps/filedate-f1a06fdd0da585a7)
[INFO] [stdout] 
[INFO] [stdout] running 3 tests
[INFO] [stdout] test stamp::filename_to_string ... ok
[INFO] [stdout] test stamp::test_get_datetime_string ... ok
[INFO] [stdout] test filename_components ... FAILED
[INFO] [stdout] 
[INFO] [stdout] failures:
[INFO] [stdout] 
[INFO] [stdout] ---- filename_components stdout ----
[INFO] [stdout] thread 'filename_components' panicked at src/lib.rs:249:9:
[INFO] [stdout] assertion `left == right` failed
[INFO] [stdout]   left: "some_file_name_v1.7.5"
[INFO] [stdout]  right: "some_file_name_v1.7"
[INFO] [stdout] stack backtrace:
[INFO] [stdout]    0:     0x55a96b369d5c - std::backtrace_rs::backtrace::libunwind::trace::ha637c64ce894333a
[INFO] [stdout]                                at /rustc/82e1608dfa6e0b5569232559e3d385fea5a93112/library/std/src/../../backtrace/src/backtrace/libunwind.rs:104:5
[INFO] [stdout]    1:     0x55a96b369d5c - std::backtrace_rs::backtrace::trace_unsynchronized::h47f62dea28e0c88d
[INFO] [stdout]                                at /rustc/82e1608dfa6e0b5569232559e3d385fea5a93112/library/std/src/../../backtrace/src/backtrace/mod.rs:66:5
[INFO] [stdout]    2:     0x55a96b369d5c - std::sys_common::backtrace::_print_fmt::h9eef0abe20ede486
[INFO] [stdout]                                at /rustc/82e1608dfa6e0b5569232559e3d385fea5a93112/library/std/src/sys_common/backtrace.rs:67:5
[INFO] [stdout]    3:     0x55a96b369d5c - <std::sys_common::backtrace::_print::DisplayBacktrace as core::fmt::Display>::fmt::hed7f999df88cc644
[INFO] [stdout]                                at /rustc/82e1608dfa6e0b5569232559e3d385fea5a93112/library/std/src/sys_common/backtrace.rs:44:22
[INFO] [stdout]    4:     0x55a96b393920 - core::fmt::rt::Argument::fmt::h1539a9308b8d058d
[INFO] [stdout]                                at /rustc/82e1608dfa6e0b5569232559e3d385fea5a93112/library/core/src/fmt/rt.rs:142:9
[INFO] [stdout]    5:     0x55a96b393920 - core::fmt::write::h3a39390d8560d9c9
[INFO] [stdout]                                at /rustc/82e1608dfa6e0b5569232559e3d385fea5a93112/library/core/src/fmt/mod.rs:1120:17
[INFO] [stdout]    6:     0x55a96b36768f - std::io::Write::write_fmt::h040b369f3a0f9cbc
[INFO] [stdout]                                at /rustc/82e1608dfa6e0b5569232559e3d385fea5a93112/library/std/src/io/mod.rs:1762:15
[INFO] [stdout]    7:     0x55a96b369b44 - std::sys_common::backtrace::_print::h894006fb5c6f3d45
[INFO] [stdout]                                at /rustc/82e1608dfa6e0b5569232559e3d385fea5a93112/library/std/src/sys_common/backtrace.rs:47:5
[INFO] [stdout]    8:     0x55a96b369b44 - std::sys_common::backtrace::print::h23a2d212c6fff936
[INFO] [stdout]                                at /rustc/82e1608dfa6e0b5569232559e3d385fea5a93112/library/std/src/sys_common/backtrace.rs:34:9
[INFO] [stdout]    9:     0x55a96b36b807 - std::panicking::default_hook::{{closure}}::h8a1d2ee00185001a
[INFO] [stdout]   10:     0x55a96b36b4f3 - std::panicking::default_hook::h6038f2eba384e475
[INFO] [stdout]                                at /rustc/82e1608dfa6e0b5569232559e3d385fea5a93112/library/std/src/panicking.rs:289:9
[INFO] [stdout]   11:     0x55a96b323247 - <alloc::boxed::Box<F,A> as core::ops::function::Fn<Args>>::call::h0ad024c9bdc6d768
[INFO] [stdout]                                at /rustc/82e1608dfa6e0b5569232559e3d385fea5a93112/library/alloc/src/boxed.rs:2021:9
[INFO] [stdout]   12:     0x55a96b323247 - test::test_main::{{closure}}::h7500b54257359db6
[INFO] [stdout]                                at /rustc/82e1608dfa6e0b5569232559e3d385fea5a93112/library/test/src/lib.rs:138:21
[INFO] [stdout]   13:     0x55a96b36be18 - <alloc::boxed::Box<F,A> as core::ops::function::Fn<Args>>::call::h1f8f335eaa9cfaee
[INFO] [stdout]                                at /rustc/82e1608dfa6e0b5569232559e3d385fea5a93112/library/alloc/src/boxed.rs:2021:9
[INFO] [stdout]   14:     0x55a96b36be18 - std::panicking::rust_panic_with_hook::h2b5517d590cab22e
[INFO] [stdout]                                at /rustc/82e1608dfa6e0b5569232559e3d385fea5a93112/library/std/src/panicking.rs:783:13
[INFO] [stdout]   15:     0x55a96b36bb6e - std::panicking::begin_panic_handler::{{closure}}::h233112c06e0ef43e
[INFO] [stdout]                                at /rustc/82e1608dfa6e0b5569232559e3d385fea5a93112/library/std/src/panicking.rs:657:13
[INFO] [stdout]   16:     0x55a96b36a226 - std::sys_common::backtrace::__rust_end_short_backtrace::h6e893f24d7ebbff8
[INFO] [stdout]                                at /rustc/82e1608dfa6e0b5569232559e3d385fea5a93112/library/std/src/sys_common/backtrace.rs:170:18
[INFO] [stdout]   17:     0x55a96b36b8d2 - rust_begin_unwind
[INFO] [stdout]                                at /rustc/82e1608dfa6e0b5569232559e3d385fea5a93112/library/std/src/panicking.rs:645:5
[INFO] [stdout]   18:     0x55a96b2d9cf5 - core::panicking::panic_fmt::hbf0e066aabfa482c
[INFO] [stdout]                                at /rustc/82e1608dfa6e0b5569232559e3d385fea5a93112/library/core/src/panicking.rs:72:14
[INFO] [stdout]   19:     0x55a96b2da01b - core::panicking::assert_failed_inner::h0bba8b7c26ee4492
[INFO] [stdout]   20:     0x55a96b2de62e - core::panicking::assert_failed::h6144125da2f5ed10
[INFO] [stdout]                                at /rustc/82e1608dfa6e0b5569232559e3d385fea5a93112/library/core/src/panicking.rs:279:5
[INFO] [stdout]   21:     0x55a96b2e5537 - filedate::filename_components::hb13093d627a49f36
[INFO] [stdout]                                at /opt/rustwide/workdir/src/lib.rs:249:9
[INFO] [stdout]   22:     0x55a96b2e50e7 - filedate::filename_components::{{closure}}::he58960aef6b64140
[INFO] [stdout]                                at /opt/rustwide/workdir/src/lib.rs:225:25
[INFO] [stdout]   23:     0x55a96b2db346 - core::ops::function::FnOnce::call_once::hfdca3be924b4c291
[INFO] [stdout]                                at /rustc/82e1608dfa6e0b5569232559e3d385fea5a93112/library/core/src/ops/function.rs:250:5
[INFO] [stdout]   24:     0x55a96b32889f - core::ops::function::FnOnce::call_once::h2b5d431d5046312d
[INFO] [stdout]                                at /rustc/82e1608dfa6e0b5569232559e3d385fea5a93112/library/core/src/ops/function.rs:250:5
[INFO] [stdout]   25:     0x55a96b32889f - test::__rust_begin_short_backtrace::h7714669af176e207
[INFO] [stdout]                                at /rustc/82e1608dfa6e0b5569232559e3d385fea5a93112/library/test/src/lib.rs:628:18
[INFO] [stdout]   26:     0x55a96b3278b5 - test::run_test_in_process::{{closure}}::h85218797dcbcec12
[INFO] [stdout]                                at /rustc/82e1608dfa6e0b5569232559e3d385fea5a93112/library/test/src/lib.rs:651:60
[INFO] [stdout]   27:     0x55a96b3278b5 - <core::panic::unwind_safe::AssertUnwindSafe<F> as core::ops::function::FnOnce<()>>::call_once::h76c106ea31c14d7b
[INFO] [stdout]                                at /rustc/82e1608dfa6e0b5569232559e3d385fea5a93112/library/core/src/panic/unwind_safe.rs:272:9
[INFO] [stdout]   28:     0x55a96b3278b5 - std::panicking::try::do_call::h3bd5d0f6620ee946
[INFO] [stdout]                                at /rustc/82e1608dfa6e0b5569232559e3d385fea5a93112/library/std/src/panicking.rs:552:40
[INFO] [stdout]   29:     0x55a96b3278b5 - std::panicking::try::h232e535e4744fe31
[INFO] [stdout]                                at /rustc/82e1608dfa6e0b5569232559e3d385fea5a93112/library/std/src/panicking.rs:516:19
[INFO] [stdout]   30:     0x55a96b3278b5 - std::panic::catch_unwind::h3ce3bd6ca8dbac68
[INFO] [stdout]                                at /rustc/82e1608dfa6e0b5569232559e3d385fea5a93112/library/std/src/panic.rs:142:14
[INFO] [stdout]   31:     0x55a96b3278b5 - test::run_test_in_process::hc97b257c9621286a
[INFO] [stdout]                                at /rustc/82e1608dfa6e0b5569232559e3d385fea5a93112/library/test/src/lib.rs:651:27
[INFO] [stdout]   32:     0x55a96b3278b5 - test::run_test::{{closure}}::h2aa798823a438d38
[INFO] [stdout]                                at /rustc/82e1608dfa6e0b5569232559e3d385fea5a93112/library/test/src/lib.rs:574:43
[INFO] [stdout]   33:     0x55a96b2efb76 - test::run_test::{{closure}}::h87d231c78fb59832
[INFO] [stdout]                                at /rustc/82e1608dfa6e0b5569232559e3d385fea5a93112/library/test/src/lib.rs:602:41
[INFO] [stdout]   34:     0x55a96b2efb76 - std::sys_common::backtrace::__rust_begin_short_backtrace::he6df152596625789
[INFO] [stdout]                                at /rustc/82e1608dfa6e0b5569232559e3d385fea5a93112/library/std/src/sys_common/backtrace.rs:154:18
[INFO] [stdout]   35:     0x55a96b2f4c27 - std::thread::Builder::spawn_unchecked_::{{closure}}::{{closure}}::ha94be15d1e0acf36
[INFO] [stdout]                                at /rustc/82e1608dfa6e0b5569232559e3d385fea5a93112/library/std/src/thread/mod.rs:529:17
[INFO] [stdout]   36:     0x55a96b2f4c27 - <core::panic::unwind_safe::AssertUnwindSafe<F> as core::ops::function::FnOnce<()>>::call_once::h9dc6bd6372f16606
[INFO] [stdout]                                at /rustc/82e1608dfa6e0b5569232559e3d385fea5a93112/library/core/src/panic/unwind_safe.rs:272:9
[INFO] [stdout]   37:     0x55a96b2f4c27 - std::panicking::try::do_call::h9057517f80303cd4
[INFO] [stdout]                                at /rustc/82e1608dfa6e0b5569232559e3d385fea5a93112/library/std/src/panicking.rs:552:40
[INFO] [stdout]   38:     0x55a96b2f4c27 - std::panicking::try::he3a30b11ee45340c
[INFO] [stdout]                                at /rustc/82e1608dfa6e0b5569232559e3d385fea5a93112/library/std/src/panicking.rs:516:19
[INFO] [stdout]   39:     0x55a96b2f4c27 - std::panic::catch_unwind::h410458cfd3528b8b
[INFO] [stdout]                                at /rustc/82e1608dfa6e0b5569232559e3d385fea5a93112/library/std/src/panic.rs:142:14
[INFO] [stdout]   40:     0x55a96b2f4c27 - std::thread::Builder::spawn_unchecked_::{{closure}}::h72ac3bdb567b737b
[INFO] [stdout]                                at /rustc/82e1608dfa6e0b5569232559e3d385fea5a93112/library/std/src/thread/mod.rs:528:30
[INFO] [stdout]   41:     0x55a96b2f4c27 - core::ops::function::FnOnce::call_once{{vtable.shim}}::h38f34da3654a8344
[INFO] [stdout]                                at /rustc/82e1608dfa6e0b5569232559e3d385fea5a93112/library/core/src/ops/function.rs:250:5
[INFO] [stdout]   42:     0x55a96b3708a5 - <alloc::boxed::Box<F,A> as core::ops::function::FnOnce<Args>>::call_once::hc7eafaff61e32df9
[INFO] [stdout]                                at /rustc/82e1608dfa6e0b5569232559e3d385fea5a93112/library/alloc/src/boxed.rs:2007:9
[INFO] [stdout]   43:     0x55a96b3708a5 - <alloc::boxed::Box<F,A> as core::ops::function::FnOnce<Args>>::call_once::h6ba4a5de48dd2304
[INFO] [stdout]                                at /rustc/82e1608dfa6e0b5569232559e3d385fea5a93112/library/alloc/src/boxed.rs:2007:9
[INFO] [stdout]   44:     0x55a96b3708a5 - std::sys::unix::thread::Thread::new::thread_start::he469335aef763e45
[INFO] [stdout]                                at /rustc/82e1608dfa6e0b5569232559e3d385fea5a93112/library/std/src/sys/unix/thread.rs:108:17
[INFO] [stdout]   45:     0x7f3cb5766ac3 - <unknown>
[INFO] [stdout]   46:     0x7f3cb57f7bf4 - __clone
[INFO] [stdout]   47:                0x0 - <unknown>
[INFO] [stdout] 
[INFO] [stdout] 
[INFO] [stdout] failures:
[INFO] [stdout]     filename_components
[INFO] [stdout] 
[INFO] [stdout] test result: FAILED. 2 passed; 1 failed; 0 ignored; 0 measured; 0 filtered out; finished in 0.02s
[INFO] [stdout] 
[INFO] [stderr] error: test failed, to rerun pass `--lib`
[INFO] running `Command { std: "docker" "inspect" "e2b13ae282b8b356fda52383dbd6b5157a54632dd0374b7a67256fed0e5287e4", kill_on_drop: false }`
[INFO] running `Command { std: "docker" "rm" "-f" "e2b13ae282b8b356fda52383dbd6b5157a54632dd0374b7a67256fed0e5287e4", kill_on_drop: false }`
[INFO] [stdout] e2b13ae282b8b356fda52383dbd6b5157a54632dd0374b7a67256fed0e5287e4
[INFO] testing Datahenge/filedate-rs against beta-2023-12-22 for beta-1.76-1
[INFO] running `Command { std: "git" "clone" "/workspace/cache/git-repos/https%3A%2F%2Fgithub.com%2FDatahenge%2Ffiledate-rs" "/workspace/builds/worker-6-tc2/source", kill_on_drop: false }`
[INFO] [stderr] Cloning into '/workspace/builds/worker-6-tc2/source'...
[INFO] [stderr] done.
[INFO] validating manifest of git repo https://github.com/Datahenge/filedate-rs on toolchain beta-2023-12-22
[INFO] running `Command { std: CARGO_HOME="/workspace/cargo-home" RUSTUP_HOME="/workspace/rustup-home" "/workspace/cargo-home/bin/cargo" "+beta-2023-12-22" "metadata" "--manifest-path" "Cargo.toml" "--no-deps", kill_on_drop: false }`
[INFO] started tweaking git repo https://github.com/Datahenge/filedate-rs
[INFO] finished tweaking git repo https://github.com/Datahenge/filedate-rs
[INFO] tweaked toml for git repo https://github.com/Datahenge/filedate-rs written to /workspace/builds/worker-6-tc2/source/Cargo.toml
[INFO] crate git repo https://github.com/Datahenge/filedate-rs already has a lockfile, it will not be regenerated
[INFO] running `Command { std: CARGO_HOME="/workspace/cargo-home" RUSTUP_HOME="/workspace/rustup-home" "/workspace/cargo-home/bin/cargo" "+beta-2023-12-22" "fetch" "--manifest-path" "Cargo.toml", kill_on_drop: false }`
[INFO] running `Command { std: "docker" "create" "-v" "/var/lib/crater-agent-workspace/builds/worker-6-tc2/target:/opt/rustwide/target:rw,Z" "-v" "/var/lib/crater-agent-workspace/builds/worker-6-tc2/source:/opt/rustwide/workdir:ro,Z" "-v" "/var/lib/crater-agent-workspace/cargo-home:/opt/rustwide/cargo-home:ro,Z" "-v" "/var/lib/crater-agent-workspace/rustup-home:/opt/rustwide/rustup-home:ro,Z" "-e" "SOURCE_DIR=/opt/rustwide/workdir" "-e" "CARGO_TARGET_DIR=/opt/rustwide/target" "-e" "CARGO_HOME=/opt/rustwide/cargo-home" "-e" "RUSTUP_HOME=/opt/rustwide/rustup-home" "-w" "/opt/rustwide/workdir" "-m" "1610612736" "--user" "0:0" "--network" "none" "ghcr.io/rust-lang/crates-build-env/linux@sha256:2788e3201cd34a07e3172128adcd8b3090168a8e3bcc40d7c032b9dda1df7d1c" "/opt/rustwide/cargo-home/bin/cargo" "+beta-2023-12-22" "metadata" "--no-deps" "--format-version=1", kill_on_drop: false }`
[INFO] [stdout] 7b6d4da0a941900ad8d5f4ce087648d560e3d064fc87c4c1afd4966d55a41419
[INFO] running `Command { std: "docker" "start" "-a" "7b6d4da0a941900ad8d5f4ce087648d560e3d064fc87c4c1afd4966d55a41419", kill_on_drop: false }`
[INFO] running `Command { std: "docker" "inspect" "7b6d4da0a941900ad8d5f4ce087648d560e3d064fc87c4c1afd4966d55a41419", kill_on_drop: false }`
[INFO] running `Command { std: "docker" "rm" "-f" "7b6d4da0a941900ad8d5f4ce087648d560e3d064fc87c4c1afd4966d55a41419", kill_on_drop: false }`
[INFO] [stdout] 7b6d4da0a941900ad8d5f4ce087648d560e3d064fc87c4c1afd4966d55a41419
[INFO] running `Command { std: "docker" "create" "-v" "/var/lib/crater-agent-workspace/builds/worker-6-tc2/target:/opt/rustwide/target:rw,Z" "-v" "/var/lib/crater-agent-workspace/builds/worker-6-tc2/source:/opt/rustwide/workdir:ro,Z" "-v" "/var/lib/crater-agent-workspace/cargo-home:/opt/rustwide/cargo-home:ro,Z" "-v" "/var/lib/crater-agent-workspace/rustup-home:/opt/rustwide/rustup-home:ro,Z" "-e" "SOURCE_DIR=/opt/rustwide/workdir" "-e" "CARGO_TARGET_DIR=/opt/rustwide/target" "-e" "CARGO_INCREMENTAL=0" "-e" "RUST_BACKTRACE=full" "-e" "RUSTFLAGS=--cap-lints=warn" "-e" "RUSTDOCFLAGS=--cap-lints=warn" "-e" "CARGO_HOME=/opt/rustwide/cargo-home" "-e" "RUSTUP_HOME=/opt/rustwide/rustup-home" "-w" "/opt/rustwide/workdir" "-m" "1610612736" "--user" "0:0" "--network" "none" "ghcr.io/rust-lang/crates-build-env/linux@sha256:2788e3201cd34a07e3172128adcd8b3090168a8e3bcc40d7c032b9dda1df7d1c" "/opt/rustwide/cargo-home/bin/cargo" "+beta-2023-12-22" "build" "--frozen" "--message-format=json", kill_on_drop: false }`
[INFO] [stdout] 6e8dce5df670ff4c158f31b8c85a6bac376f7009f478759339bc985641f89d06
[INFO] running `Command { std: "docker" "start" "-a" "6e8dce5df670ff4c158f31b8c85a6bac376f7009f478759339bc985641f89d06", kill_on_drop: false }`
[INFO] [stderr]    Compiling proc-macro2 v1.0.13
[INFO] [stderr]    Compiling autocfg v1.0.0
[INFO] [stderr]    Compiling unicode-xid v0.2.0
[INFO] [stderr]    Compiling libc v0.2.68
[INFO] [stderr]    Compiling syn v1.0.22
[INFO] [stderr]    Compiling memchr v2.3.3
[INFO] [stderr]    Compiling serde v1.0.110
[INFO] [stderr]    Compiling bitflags v1.2.1
[INFO] [stderr]    Compiling ryu v1.0.4
[INFO] [stderr]    Compiling unicode-width v0.1.8
[INFO] [stderr]    Compiling num-traits v0.2.11
[INFO] [stderr]    Compiling num-integer v0.1.42
[INFO] [stderr]    Compiling textwrap v0.11.0
[INFO] [stderr]    Compiling thread_local v1.0.1
[INFO] [stderr]    Compiling aho-corasick v0.7.13
[INFO] [stderr]    Compiling itoa v0.4.5
[INFO] [stderr]    Compiling yaml-rust v0.3.5
[INFO] [stderr]    Compiling strsim v0.8.0
[INFO] [stderr]    Compiling ansi_term v0.11.0
[INFO] [stderr]    Compiling regex-syntax v0.6.18
[INFO] [stderr]    Compiling quote v1.0.6
[INFO] [stderr]    Compiling atty v0.2.14
[INFO] [stderr]    Compiling time v0.1.42
[INFO] [stderr]    Compiling vec_map v0.8.2
[INFO] [stderr]    Compiling clap v2.33.3
[INFO] [stderr]    Compiling json v0.12.4
[INFO] [stderr]    Compiling chrono v0.4.11
[INFO] [stderr]    Compiling regex v1.3.9
[INFO] [stderr]    Compiling serde_derive v1.0.110
[INFO] [stderr]    Compiling serde_json v1.0.53
[INFO] [stderr]    Compiling filedate-rs v0.2.0 (/opt/rustwide/workdir)
[INFO] [stderr]     Finished dev [unoptimized + debuginfo] target(s) in 16.00s
[INFO] running `Command { std: "docker" "inspect" "6e8dce5df670ff4c158f31b8c85a6bac376f7009f478759339bc985641f89d06", kill_on_drop: false }`
[INFO] running `Command { std: "docker" "rm" "-f" "6e8dce5df670ff4c158f31b8c85a6bac376f7009f478759339bc985641f89d06", kill_on_drop: false }`
[INFO] [stdout] 6e8dce5df670ff4c158f31b8c85a6bac376f7009f478759339bc985641f89d06
[INFO] running `Command { std: "docker" "create" "-v" "/var/lib/crater-agent-workspace/builds/worker-6-tc2/target:/opt/rustwide/target:rw,Z" "-v" "/var/lib/crater-agent-workspace/builds/worker-6-tc2/source:/opt/rustwide/workdir:ro,Z" "-v" "/var/lib/crater-agent-workspace/cargo-home:/opt/rustwide/cargo-home:ro,Z" "-v" "/var/lib/crater-agent-workspace/rustup-home:/opt/rustwide/rustup-home:ro,Z" "-e" "SOURCE_DIR=/opt/rustwide/workdir" "-e" "CARGO_TARGET_DIR=/opt/rustwide/target" "-e" "CARGO_INCREMENTAL=0" "-e" "RUST_BACKTRACE=full" "-e" "RUSTFLAGS=--cap-lints=warn" "-e" "RUSTDOCFLAGS=--cap-lints=warn" "-e" "CARGO_HOME=/opt/rustwide/cargo-home" "-e" "RUSTUP_HOME=/opt/rustwide/rustup-home" "-w" "/opt/rustwide/workdir" "-m" "1610612736" "--user" "0:0" "--network" "none" "ghcr.io/rust-lang/crates-build-env/linux@sha256:2788e3201cd34a07e3172128adcd8b3090168a8e3bcc40d7c032b9dda1df7d1c" "/opt/rustwide/cargo-home/bin/cargo" "+beta-2023-12-22" "test" "--frozen" "--no-run" "--message-format=json", kill_on_drop: false }`
[INFO] [stdout] 9ddf21b3f821bcf1c87b8947bb1820d5bc554e7a4b819a3e6d50995be8322aed
[INFO] running `Command { std: "docker" "start" "-a" "9ddf21b3f821bcf1c87b8947bb1820d5bc554e7a4b819a3e6d50995be8322aed", kill_on_drop: false }`
[INFO] [stderr]    Compiling filedate-rs v0.2.0 (/opt/rustwide/workdir)
[INFO] [stderr]     Finished test [unoptimized + debuginfo] target(s) in 1.10s
[INFO] running `Command { std: "docker" "inspect" "9ddf21b3f821bcf1c87b8947bb1820d5bc554e7a4b819a3e6d50995be8322aed", kill_on_drop: false }`
[INFO] running `Command { std: "docker" "rm" "-f" "9ddf21b3f821bcf1c87b8947bb1820d5bc554e7a4b819a3e6d50995be8322aed", kill_on_drop: false }`
[INFO] [stdout] 9ddf21b3f821bcf1c87b8947bb1820d5bc554e7a4b819a3e6d50995be8322aed
[INFO] running `Command { std: "docker" "create" "-v" "/var/lib/crater-agent-workspace/builds/worker-6-tc2/target:/opt/rustwide/target:rw,Z" "-v" "/var/lib/crater-agent-workspace/builds/worker-6-tc2/source:/opt/rustwide/workdir:ro,Z" "-v" "/var/lib/crater-agent-workspace/cargo-home:/opt/rustwide/cargo-home:ro,Z" "-v" "/var/lib/crater-agent-workspace/rustup-home:/opt/rustwide/rustup-home:ro,Z" "-e" "SOURCE_DIR=/opt/rustwide/workdir" "-e" "CARGO_TARGET_DIR=/opt/rustwide/target" "-e" "CARGO_INCREMENTAL=0" "-e" "RUST_BACKTRACE=full" "-e" "RUSTFLAGS=--cap-lints=warn" "-e" "RUSTDOCFLAGS=--cap-lints=warn" "-e" "CARGO_HOME=/opt/rustwide/cargo-home" "-e" "RUSTUP_HOME=/opt/rustwide/rustup-home" "-w" "/opt/rustwide/workdir" "-m" "1610612736" "--user" "0:0" "--network" "none" "ghcr.io/rust-lang/crates-build-env/linux@sha256:2788e3201cd34a07e3172128adcd8b3090168a8e3bcc40d7c032b9dda1df7d1c" "/opt/rustwide/cargo-home/bin/cargo" "+beta-2023-12-22" "test" "--frozen", kill_on_drop: false }`
[INFO] [stdout] 1436131066f64f63cb301908f0133f0485d38d486e141b124dab49e6d96e049c
[INFO] running `Command { std: "docker" "start" "-a" "1436131066f64f63cb301908f0133f0485d38d486e141b124dab49e6d96e049c", kill_on_drop: false }`
[INFO] [stderr]     Finished test [unoptimized + debuginfo] target(s) in 0.04s
[INFO] [stderr]      Running unittests src/lib.rs (/opt/rustwide/target/debug/deps/filedate-ceb16d17c779f9fc)
[INFO] [stdout] 
[INFO] [stdout] running 3 tests
[INFO] [stdout] test stamp::filename_to_string ... ok
[INFO] [stdout] test stamp::test_get_datetime_string ... ok
[INFO] [stdout] test filename_components ... FAILED
[INFO] [stdout] 
[INFO] [stdout] failures:
[INFO] [stdout] 
[INFO] [stdout] ---- filename_components stdout ----
[INFO] [stdout] thread 'filename_components' panicked at src/lib.rs:249:9:
[INFO] [stdout] assertion `left == right` failed
[INFO] [stdout]   left: "some_file_name_v1.7.5"
[INFO] [stdout]  right: "some_file_name_v1.7"
[INFO] [stdout] stack backtrace:
[INFO] [stdout]    0:     0x55965b00fa06 - std::backtrace_rs::backtrace::libunwind::trace::h261606ad26a499c1
[INFO] [stdout]                                at /rustc/0e09125c6c3c2fd70d7de961bcf0e51575235fad/library/std/src/../../backtrace/src/backtrace/libunwind.rs:104:5
[INFO] [stdout]    1:     0x55965b00fa06 - std::backtrace_rs::backtrace::trace_unsynchronized::hd183f0625477fb28
[INFO] [stdout]                                at /rustc/0e09125c6c3c2fd70d7de961bcf0e51575235fad/library/std/src/../../backtrace/src/backtrace/mod.rs:66:5
[INFO] [stdout]    2:     0x55965b00fa06 - std::sys_common::backtrace::_print_fmt::hd7f8fef21b4eda67
[INFO] [stdout]                                at /rustc/0e09125c6c3c2fd70d7de961bcf0e51575235fad/library/std/src/sys_common/backtrace.rs:68:5
[INFO] [stdout]    3:     0x55965b00fa06 - <std::sys_common::backtrace::_print::DisplayBacktrace as core::fmt::Display>::fmt::h623d9b51f2f453f1
[INFO] [stdout]                                at /rustc/0e09125c6c3c2fd70d7de961bcf0e51575235fad/library/std/src/sys_common/backtrace.rs:44:22
[INFO] [stdout]    4:     0x55965b0388d0 - core::fmt::rt::Argument::fmt::h9f417ac76a86f368
[INFO] [stdout]                                at /rustc/0e09125c6c3c2fd70d7de961bcf0e51575235fad/library/core/src/fmt/rt.rs:142:9
[INFO] [stdout]    5:     0x55965b0388d0 - core::fmt::write::hc9b6faf4ac2aeff7
[INFO] [stdout]                                at /rustc/0e09125c6c3c2fd70d7de961bcf0e51575235fad/library/core/src/fmt/mod.rs:1120:17
[INFO] [stdout]    6:     0x55965b00d3ef - std::io::Write::write_fmt::he04625a3a989fec3
[INFO] [stdout]                                at /rustc/0e09125c6c3c2fd70d7de961bcf0e51575235fad/library/std/src/io/mod.rs:1810:15
[INFO] [stdout]    7:     0x55965b00f7e4 - std::sys_common::backtrace::_print::hd5d66399c7df88a2
[INFO] [stdout]                                at /rustc/0e09125c6c3c2fd70d7de961bcf0e51575235fad/library/std/src/sys_common/backtrace.rs:47:5
[INFO] [stdout]    8:     0x55965b00f7e4 - std::sys_common::backtrace::print::he81ed2da642d37e5
[INFO] [stdout]                                at /rustc/0e09125c6c3c2fd70d7de961bcf0e51575235fad/library/std/src/sys_common/backtrace.rs:34:9
[INFO] [stdout]    9:     0x55965b011557 - std::panicking::default_hook::{{closure}}::h85773f4fa117163d
[INFO] [stdout]   10:     0x55965b01123d - std::panicking::default_hook::h6a1694a91d09b278
[INFO] [stdout]                                at /rustc/0e09125c6c3c2fd70d7de961bcf0e51575235fad/library/std/src/panicking.rs:289:9
[INFO] [stdout]   11:     0x55965afc9187 - <alloc::boxed::Box<F,A> as core::ops::function::Fn<Args>>::call::h616ac37fa3cd6c8f
[INFO] [stdout]                                at /rustc/0e09125c6c3c2fd70d7de961bcf0e51575235fad/library/alloc/src/boxed.rs:2029:9
[INFO] [stdout]   12:     0x55965afc9187 - test::test_main::{{closure}}::h00d84697cefdcbb6
[INFO] [stdout]                                at /rustc/0e09125c6c3c2fd70d7de961bcf0e51575235fad/library/test/src/lib.rs:138:21
[INFO] [stdout]   13:     0x55965b011b76 - <alloc::boxed::Box<F,A> as core::ops::function::Fn<Args>>::call::hcb3fe3b9bb537ba8
[INFO] [stdout]                                at /rustc/0e09125c6c3c2fd70d7de961bcf0e51575235fad/library/alloc/src/boxed.rs:2029:9
[INFO] [stdout]   14:     0x55965b011b76 - std::panicking::rust_panic_with_hook::h0a7ad96e90f7145b
[INFO] [stdout]                                at /rustc/0e09125c6c3c2fd70d7de961bcf0e51575235fad/library/std/src/panicking.rs:783:13
[INFO] [stdout]   15:     0x55965b0118c2 - std::panicking::begin_panic_handler::{{closure}}::h7919090525c6485e
[INFO] [stdout]                                at /rustc/0e09125c6c3c2fd70d7de961bcf0e51575235fad/library/std/src/panicking.rs:657:13
[INFO] [stdout]   16:     0x55965b00ff06 - std::sys_common::backtrace::__rust_end_short_backtrace::hf3289479464f7dfe
[INFO] [stdout]                                at /rustc/0e09125c6c3c2fd70d7de961bcf0e51575235fad/library/std/src/sys_common/backtrace.rs:171:18
[INFO] [stdout]   17:     0x55965b011620 - rust_begin_unwind
[INFO] [stdout]                                at /rustc/0e09125c6c3c2fd70d7de961bcf0e51575235fad/library/std/src/panicking.rs:645:5
[INFO] [stdout]   18:     0x55965af7ecd5 - core::panicking::panic_fmt::hcc9f77c5c132af55
[INFO] [stdout]                                at /rustc/0e09125c6c3c2fd70d7de961bcf0e51575235fad/library/core/src/panicking.rs:72:14
[INFO] [stdout]   19:     0x55965af7f01b - core::panicking::assert_failed_inner::h9f13e27dd63c3a08
[INFO] [stdout]                                at /rustc/0e09125c6c3c2fd70d7de961bcf0e51575235fad/library/core/src/panicking.rs:342:17
[INFO] [stdout]   20:     0x55965af830ae - core::panicking::assert_failed::h49179f97f86f53fe
[INFO] [stdout]                                at /rustc/0e09125c6c3c2fd70d7de961bcf0e51575235fad/library/core/src/panicking.rs:297:5
[INFO] [stdout]   21:     0x55965af8a525 - filedate::filename_components::h91f95b7cbca5a708
[INFO] [stdout]                                at /opt/rustwide/workdir/src/lib.rs:249:9
[INFO] [stdout]   22:     0x55965af8a0d7 - filedate::filename_components::{{closure}}::heedff24807795dfe
[INFO] [stdout]                                at /opt/rustwide/workdir/src/lib.rs:225:25
[INFO] [stdout]   23:     0x55965af7fd06 - core::ops::function::FnOnce::call_once::hf201be82ef9cecc9
[INFO] [stdout]                                at /rustc/0e09125c6c3c2fd70d7de961bcf0e51575235fad/library/core/src/ops/function.rs:250:5
[INFO] [stdout]   24:     0x55965afcea5f - core::ops::function::FnOnce::call_once::hd64d26f405258157
[INFO] [stdout]                                at /rustc/0e09125c6c3c2fd70d7de961bcf0e51575235fad/library/core/src/ops/function.rs:250:5
[INFO] [stdout]   25:     0x55965afcea5f - test::__rust_begin_short_backtrace::he21b0b7a6d731bf9
[INFO] [stdout]                                at /rustc/0e09125c6c3c2fd70d7de961bcf0e51575235fad/library/test/src/lib.rs:627:18
[INFO] [stdout]   26:     0x55965afcd7e1 - test::run_test_in_process::{{closure}}::hf5c73986d7bdfde2
[INFO] [stdout]                                at /rustc/0e09125c6c3c2fd70d7de961bcf0e51575235fad/library/test/src/lib.rs:650:60
[INFO] [stdout]   27:     0x55965afcd7e1 - <core::panic::unwind_safe::AssertUnwindSafe<F> as core::ops::function::FnOnce<()>>::call_once::h330011ad032aadc0
[INFO] [stdout]                                at /rustc/0e09125c6c3c2fd70d7de961bcf0e51575235fad/library/core/src/panic/unwind_safe.rs:272:9
[INFO] [stdout]   28:     0x55965afcd7e1 - std::panicking::try::do_call::he61b0a958b795a41
[INFO] [stdout]                                at /rustc/0e09125c6c3c2fd70d7de961bcf0e51575235fad/library/std/src/panicking.rs:552:40
[INFO] [stdout]   29:     0x55965afcd7e1 - std::panicking::try::h7309da130f906eb7
[INFO] [stdout]                                at /rustc/0e09125c6c3c2fd70d7de961bcf0e51575235fad/library/std/src/panicking.rs:516:19
[INFO] [stdout]   30:     0x55965afcd7e1 - std::panic::catch_unwind::hc5c3a06fdaf0a92a
[INFO] [stdout]                                at /rustc/0e09125c6c3c2fd70d7de961bcf0e51575235fad/library/std/src/panic.rs:142:14
[INFO] [stdout]   31:     0x55965afcd7e1 - test::run_test_in_process::h7e7b7c71c3324e0f
[INFO] [stdout]                                at /rustc/0e09125c6c3c2fd70d7de961bcf0e51575235fad/library/test/src/lib.rs:650:27
[INFO] [stdout]   32:     0x55965afcd7e1 - test::run_test::{{closure}}::h1f509f28f5cf20b1
[INFO] [stdout]                                at /rustc/0e09125c6c3c2fd70d7de961bcf0e51575235fad/library/test/src/lib.rs:573:43
[INFO] [stdout]   33:     0x55965af94b16 - test::run_test::{{closure}}::h1754218abf443f6d
[INFO] [stdout]                                at /rustc/0e09125c6c3c2fd70d7de961bcf0e51575235fad/library/test/src/lib.rs:601:41
[INFO] [stdout]   34:     0x55965af94b16 - std::sys_common::backtrace::__rust_begin_short_backtrace::h2ee174b9d5954948
[INFO] [stdout]                                at /rustc/0e09125c6c3c2fd70d7de961bcf0e51575235fad/library/std/src/sys_common/backtrace.rs:155:18
[INFO] [stdout]   35:     0x55965af99b77 - std::thread::Builder::spawn_unchecked_::{{closure}}::{{closure}}::hf60bee9c1a17ef09
[INFO] [stdout]                                at /rustc/0e09125c6c3c2fd70d7de961bcf0e51575235fad/library/std/src/thread/mod.rs:529:17
[INFO] [stdout]   36:     0x55965af99b77 - <core::panic::unwind_safe::AssertUnwindSafe<F> as core::ops::function::FnOnce<()>>::call_once::h33d0dddec5216160
[INFO] [stdout]                                at /rustc/0e09125c6c3c2fd70d7de961bcf0e51575235fad/library/core/src/panic/unwind_safe.rs:272:9
[INFO] [stdout]   37:     0x55965af99b77 - std::panicking::try::do_call::h144b3048b546f835
[INFO] [stdout]                                at /rustc/0e09125c6c3c2fd70d7de961bcf0e51575235fad/library/std/src/panicking.rs:552:40
[INFO] [stdout]   38:     0x55965af99b77 - std::panicking::try::h978244d04646189f
[INFO] [stdout]                                at /rustc/0e09125c6c3c2fd70d7de961bcf0e51575235fad/library/std/src/panicking.rs:516:19
[INFO] [stdout]   39:     0x55965af99b77 - std::panic::catch_unwind::hdf436369d188fe86
[INFO] [stdout]                                at /rustc/0e09125c6c3c2fd70d7de961bcf0e51575235fad/library/std/src/panic.rs:142:14
[INFO] [stdout]   40:     0x55965af99b77 - std::thread::Builder::spawn_unchecked_::{{closure}}::h87329cbdd33c79ec
[INFO] [stdout]                                at /rustc/0e09125c6c3c2fd70d7de961bcf0e51575235fad/library/std/src/thread/mod.rs:528:30
[INFO] [stdout]   41:     0x55965af99b77 - core::ops::function::FnOnce::call_once{{vtable.shim}}::h401abbe67897d450
[INFO] [stdout]                                at /rustc/0e09125c6c3c2fd70d7de961bcf0e51575235fad/library/core/src/ops/function.rs:250:5
[INFO] [stdout]   42:     0x55965b016625 - <alloc::boxed::Box<F,A> as core::ops::function::FnOnce<Args>>::call_once::h5d7c8f150ab9c84c
[INFO] [stdout]                                at /rustc/0e09125c6c3c2fd70d7de961bcf0e51575235fad/library/alloc/src/boxed.rs:2015:9
[INFO] [stdout]   43:     0x55965b016625 - <alloc::boxed::Box<F,A> as core::ops::function::FnOnce<Args>>::call_once::h570d5b005c242c15
[INFO] [stdout]                                at /rustc/0e09125c6c3c2fd70d7de961bcf0e51575235fad/library/alloc/src/boxed.rs:2015:9
[INFO] [stdout]   44:     0x55965b016625 - std::sys::unix::thread::Thread::new::thread_start::h36b0a20c0b2361ad
[INFO] [stdout]                                at /rustc/0e09125c6c3c2fd70d7de961bcf0e51575235fad/library/std/src/sys/unix/thread.rs:108:17
[INFO] [stdout]   45:     0x7fc8a824cac3 - <unknown>
[INFO] [stdout]   46:     0x7fc8a82ddbf4 - __clone
[INFO] [stdout]   47:                0x0 - <unknown>
[INFO] [stdout] 
[INFO] [stdout] 
[INFO] [stdout] failures:
[INFO] [stdout]     filename_components
[INFO] [stdout] 
[INFO] [stdout] test result: FAILED. 2 passed; 1 failed; 0 ignored; 0 measured; 0 filtered out; finished in 0.05s
[INFO] [stdout] 
[INFO] [stderr] error: test failed, to rerun pass `--lib`
[INFO] running `Command { std: "docker" "inspect" "1436131066f64f63cb301908f0133f0485d38d486e141b124dab49e6d96e049c", kill_on_drop: false }`
[INFO] running `Command { std: "docker" "rm" "-f" "1436131066f64f63cb301908f0133f0485d38d486e141b124dab49e6d96e049c", kill_on_drop: false }`
[INFO] [stdout] 1436131066f64f63cb301908f0133f0485d38d486e141b124dab49e6d96e049c
