[INFO] cloning repository https://github.com/Darxoon/nw-tex
[INFO] running `Command { std: "git" "-c" "credential.helper=" "-c" "credential.helper=/workspace/cargo-home/bin/git-credential-null" "clone" "--bare" "https://github.com/Darxoon/nw-tex" "/workspace/cache/git-repos/https%3A%2F%2Fgithub.com%2FDarxoon%2Fnw-tex", kill_on_drop: false }`
[INFO] [stderr] Cloning into bare repository '/workspace/cache/git-repos/https%3A%2F%2Fgithub.com%2FDarxoon%2Fnw-tex'...
[INFO] running `Command { std: "git" "rev-parse" "HEAD", kill_on_drop: false }`
[INFO] [stdout] 0ae932e5e5fb0bc7a2fcbab52e73c29374fe32f2
[INFO] testing Darxoon/nw-tex against 1.75.0 for beta-1.76-1
[INFO] running `Command { std: "git" "clone" "/workspace/cache/git-repos/https%3A%2F%2Fgithub.com%2FDarxoon%2Fnw-tex" "/workspace/builds/worker-1-tc1/source", kill_on_drop: false }`
[INFO] [stderr] Cloning into '/workspace/builds/worker-1-tc1/source'...
[INFO] [stderr] done.
[INFO] validating manifest of git repo https://github.com/Darxoon/nw-tex on toolchain 1.75.0
[INFO] running `Command { std: CARGO_HOME="/workspace/cargo-home" RUSTUP_HOME="/workspace/rustup-home" "/workspace/cargo-home/bin/cargo" "+1.75.0" "metadata" "--manifest-path" "Cargo.toml" "--no-deps", kill_on_drop: false }`
[INFO] started tweaking git repo https://github.com/Darxoon/nw-tex
[INFO] finished tweaking git repo https://github.com/Darxoon/nw-tex
[INFO] tweaked toml for git repo https://github.com/Darxoon/nw-tex written to /workspace/builds/worker-1-tc1/source/Cargo.toml
[INFO] crate git repo https://github.com/Darxoon/nw-tex already has a lockfile, it will not be regenerated
[INFO] running `Command { std: CARGO_HOME="/workspace/cargo-home" RUSTUP_HOME="/workspace/rustup-home" "/workspace/cargo-home/bin/cargo" "+1.75.0" "fetch" "--manifest-path" "Cargo.toml", kill_on_drop: false }`
[INFO] [stderr]     Updating crates.io index
[INFO] [stderr]  Downloading crates ...
[INFO] [stderr]   Downloaded thiserror v1.0.52
[INFO] [stderr]   Downloaded thiserror-impl v1.0.52
[INFO] [stderr]   Downloaded serde-binary v0.5.0
[INFO] [stderr]   Downloaded binary-stream v3.4.0
[INFO] running `Command { std: "docker" "create" "-v" "/var/lib/crater-agent-workspace/builds/worker-1-tc1/target:/opt/rustwide/target:rw,Z" "-v" "/var/lib/crater-agent-workspace/builds/worker-1-tc1/source:/opt/rustwide/workdir:ro,Z" "-v" "/var/lib/crater-agent-workspace/cargo-home:/opt/rustwide/cargo-home:ro,Z" "-v" "/var/lib/crater-agent-workspace/rustup-home:/opt/rustwide/rustup-home:ro,Z" "-e" "SOURCE_DIR=/opt/rustwide/workdir" "-e" "CARGO_TARGET_DIR=/opt/rustwide/target" "-e" "CARGO_HOME=/opt/rustwide/cargo-home" "-e" "RUSTUP_HOME=/opt/rustwide/rustup-home" "-w" "/opt/rustwide/workdir" "-m" "1610612736" "--user" "0:0" "--network" "none" "ghcr.io/rust-lang/crates-build-env/linux@sha256:2788e3201cd34a07e3172128adcd8b3090168a8e3bcc40d7c032b9dda1df7d1c" "/opt/rustwide/cargo-home/bin/cargo" "+1.75.0" "metadata" "--no-deps" "--format-version=1", kill_on_drop: false }`
[INFO] [stdout] f609359afc14e914261c330007545322cfcbcdb80c06e4756f7e582c0a2ee7fd
[INFO] running `Command { std: "docker" "start" "-a" "f609359afc14e914261c330007545322cfcbcdb80c06e4756f7e582c0a2ee7fd", kill_on_drop: false }`
[INFO] running `Command { std: "docker" "inspect" "f609359afc14e914261c330007545322cfcbcdb80c06e4756f7e582c0a2ee7fd", kill_on_drop: false }`
[INFO] running `Command { std: "docker" "rm" "-f" "f609359afc14e914261c330007545322cfcbcdb80c06e4756f7e582c0a2ee7fd", kill_on_drop: false }`
[INFO] [stdout] f609359afc14e914261c330007545322cfcbcdb80c06e4756f7e582c0a2ee7fd
[INFO] running `Command { std: "docker" "create" "-v" "/var/lib/crater-agent-workspace/builds/worker-1-tc1/target:/opt/rustwide/target:rw,Z" "-v" "/var/lib/crater-agent-workspace/builds/worker-1-tc1/source:/opt/rustwide/workdir:ro,Z" "-v" "/var/lib/crater-agent-workspace/cargo-home:/opt/rustwide/cargo-home:ro,Z" "-v" "/var/lib/crater-agent-workspace/rustup-home:/opt/rustwide/rustup-home:ro,Z" "-e" "SOURCE_DIR=/opt/rustwide/workdir" "-e" "CARGO_TARGET_DIR=/opt/rustwide/target" "-e" "CARGO_INCREMENTAL=0" "-e" "RUST_BACKTRACE=full" "-e" "RUSTFLAGS=--cap-lints=warn" "-e" "RUSTDOCFLAGS=--cap-lints=warn" "-e" "CARGO_HOME=/opt/rustwide/cargo-home" "-e" "RUSTUP_HOME=/opt/rustwide/rustup-home" "-w" "/opt/rustwide/workdir" "-m" "1610612736" "--user" "0:0" "--network" "none" "ghcr.io/rust-lang/crates-build-env/linux@sha256:2788e3201cd34a07e3172128adcd8b3090168a8e3bcc40d7c032b9dda1df7d1c" "/opt/rustwide/cargo-home/bin/cargo" "+1.75.0" "build" "--frozen" "--message-format=json", kill_on_drop: false }`
[INFO] [stdout] 79319aee624b4349aa60fae60960a8c16e772995895348872e2bf6706d9dc89c
[INFO] running `Command { std: "docker" "start" "-a" "79319aee624b4349aa60fae60960a8c16e772995895348872e2bf6706d9dc89c", kill_on_drop: false }`
[INFO] [stderr]    Compiling proc-macro2 v1.0.69
[INFO] [stderr]    Compiling libc v0.2.150
[INFO] [stderr]    Compiling thiserror v1.0.52
[INFO] [stderr]    Compiling utf8parse v0.2.1
[INFO] [stderr]    Compiling serde v1.0.193
[INFO] [stderr]    Compiling anstyle v1.0.4
[INFO] [stderr]    Compiling memchr v2.6.4
[INFO] [stderr]    Compiling gimli v0.28.1
[INFO] [stderr]    Compiling anstyle-parse v0.2.2
[INFO] [stderr]    Compiling colorchoice v1.0.0
[INFO] [stderr]    Compiling anstyle-query v1.0.0
[INFO] [stderr]    Compiling adler v1.0.2
[INFO] [stderr]    Compiling anstream v0.6.4
[INFO] [stderr]    Compiling miniz_oxide v0.7.1
[INFO] [stderr]    Compiling rustc-demangle v0.1.23
[INFO] [stderr]    Compiling clap_lex v0.5.1
[INFO] [stderr]    Compiling object v0.32.1
[INFO] [stderr]    Compiling heck v0.4.1
[INFO] [stderr]    Compiling hashbrown v0.14.3
[INFO] [stderr]    Compiling equivalent v1.0.1
[INFO] [stderr]    Compiling anyhow v1.0.75
[INFO] [stderr]    Compiling cc v1.0.83
[INFO] [stderr]    Compiling quote v1.0.33
[INFO] [stderr]    Compiling strsim v0.10.0
[INFO] [stderr]    Compiling syn v2.0.38
[INFO] [stderr]    Compiling indexmap v2.1.0
[INFO] [stderr]    Compiling clap_builder v4.4.6
[INFO] [stderr]    Compiling ryu v1.0.15
[INFO] [stderr]    Compiling unsafe-libyaml v0.2.9
[INFO] [stderr]    Compiling itoa v1.0.9
[INFO] [stderr]    Compiling byteorder v1.5.0
[INFO] [stderr]    Compiling md5 v0.7.0
[INFO] [stderr]    Compiling backtrace v0.3.69
[INFO] [stderr]    Compiling addr2line v0.21.0
[INFO] [stderr]    Compiling serde_derive v1.0.193
[INFO] [stderr]    Compiling thiserror-impl v1.0.52
[INFO] [stderr]    Compiling clap_derive v4.4.2
[INFO] [stderr]    Compiling binary-stream v3.4.0
[INFO] [stderr]    Compiling clap v4.4.6
[INFO] [stderr]    Compiling serde_yaml v0.9.27
[INFO] [stderr]    Compiling serde-binary v0.5.0
[INFO] [stderr]    Compiling nw-tex v1.2.0 (/opt/rustwide/workdir)
[INFO] [stderr]     Finished dev [unoptimized + debuginfo] target(s) in 11.55s
[INFO] running `Command { std: "docker" "inspect" "79319aee624b4349aa60fae60960a8c16e772995895348872e2bf6706d9dc89c", kill_on_drop: false }`
[INFO] running `Command { std: "docker" "rm" "-f" "79319aee624b4349aa60fae60960a8c16e772995895348872e2bf6706d9dc89c", kill_on_drop: false }`
[INFO] [stdout] 79319aee624b4349aa60fae60960a8c16e772995895348872e2bf6706d9dc89c
[INFO] running `Command { std: "docker" "create" "-v" "/var/lib/crater-agent-workspace/builds/worker-1-tc1/target:/opt/rustwide/target:rw,Z" "-v" "/var/lib/crater-agent-workspace/builds/worker-1-tc1/source:/opt/rustwide/workdir:ro,Z" "-v" "/var/lib/crater-agent-workspace/cargo-home:/opt/rustwide/cargo-home:ro,Z" "-v" "/var/lib/crater-agent-workspace/rustup-home:/opt/rustwide/rustup-home:ro,Z" "-e" "SOURCE_DIR=/opt/rustwide/workdir" "-e" "CARGO_TARGET_DIR=/opt/rustwide/target" "-e" "CARGO_INCREMENTAL=0" "-e" "RUST_BACKTRACE=full" "-e" "RUSTFLAGS=--cap-lints=warn" "-e" "RUSTDOCFLAGS=--cap-lints=warn" "-e" "CARGO_HOME=/opt/rustwide/cargo-home" "-e" "RUSTUP_HOME=/opt/rustwide/rustup-home" "-w" "/opt/rustwide/workdir" "-m" "1610612736" "--user" "0:0" "--network" "none" "ghcr.io/rust-lang/crates-build-env/linux@sha256:2788e3201cd34a07e3172128adcd8b3090168a8e3bcc40d7c032b9dda1df7d1c" "/opt/rustwide/cargo-home/bin/cargo" "+1.75.0" "test" "--frozen" "--no-run" "--message-format=json", kill_on_drop: false }`
[INFO] [stdout] d552c78c313bfbdefb8bacd333235978d6e2db9460cb5999baa388260bc4eb61
[INFO] running `Command { std: "docker" "start" "-a" "d552c78c313bfbdefb8bacd333235978d6e2db9460cb5999baa388260bc4eb61", kill_on_drop: false }`
[INFO] [stderr]    Compiling nw-tex v1.2.0 (/opt/rustwide/workdir)
[INFO] [stderr]     Finished test [unoptimized + debuginfo] target(s) in 0.35s
[INFO] running `Command { std: "docker" "inspect" "d552c78c313bfbdefb8bacd333235978d6e2db9460cb5999baa388260bc4eb61", kill_on_drop: false }`
[INFO] running `Command { std: "docker" "rm" "-f" "d552c78c313bfbdefb8bacd333235978d6e2db9460cb5999baa388260bc4eb61", kill_on_drop: false }`
[INFO] [stdout] d552c78c313bfbdefb8bacd333235978d6e2db9460cb5999baa388260bc4eb61
[INFO] running `Command { std: "docker" "create" "-v" "/var/lib/crater-agent-workspace/builds/worker-1-tc1/target:/opt/rustwide/target:rw,Z" "-v" "/var/lib/crater-agent-workspace/builds/worker-1-tc1/source:/opt/rustwide/workdir:ro,Z" "-v" "/var/lib/crater-agent-workspace/cargo-home:/opt/rustwide/cargo-home:ro,Z" "-v" "/var/lib/crater-agent-workspace/rustup-home:/opt/rustwide/rustup-home:ro,Z" "-e" "SOURCE_DIR=/opt/rustwide/workdir" "-e" "CARGO_TARGET_DIR=/opt/rustwide/target" "-e" "CARGO_INCREMENTAL=0" "-e" "RUST_BACKTRACE=full" "-e" "RUSTFLAGS=--cap-lints=warn" "-e" "RUSTDOCFLAGS=--cap-lints=warn" "-e" "CARGO_HOME=/opt/rustwide/cargo-home" "-e" "RUSTUP_HOME=/opt/rustwide/rustup-home" "-w" "/opt/rustwide/workdir" "-m" "1610612736" "--user" "0:0" "--network" "none" "ghcr.io/rust-lang/crates-build-env/linux@sha256:2788e3201cd34a07e3172128adcd8b3090168a8e3bcc40d7c032b9dda1df7d1c" "/opt/rustwide/cargo-home/bin/cargo" "+1.75.0" "test" "--frozen", kill_on_drop: false }`
[INFO] [stdout] f61290c068bda4ff1348c15ea72446bb609c2e3b84d1cba94f6b42c1442d8975
[INFO] running `Command { std: "docker" "start" "-a" "f61290c068bda4ff1348c15ea72446bb609c2e3b84d1cba94f6b42c1442d8975", kill_on_drop: false }`
[INFO] [stderr]     Finished test [unoptimized + debuginfo] target(s) in 0.03s
[INFO] [stderr]      Running unittests src/lib.rs (/opt/rustwide/target/debug/deps/nw_tex-79b20c597d104204)
[INFO] [stdout] 
[INFO] [stdout] running 0 tests
[INFO] [stdout] 
[INFO] [stdout] test result: ok. 0 passed; 0 failed; 0 ignored; 0 measured; 0 filtered out; finished in 0.00s
[INFO] [stdout] 
[INFO] [stderr]      Running unittests src/main.rs (/opt/rustwide/target/debug/deps/nw_tex-a14487703f57cbe3)
[INFO] [stdout] 
[INFO] [stdout] running 0 tests
[INFO] [stdout] 
[INFO] [stdout] test result: ok. 0 passed; 0 failed; 0 ignored; 0 measured; 0 filtered out; finished in 0.00s
[INFO] [stdout] 
[INFO] [stderr]    Doc-tests nw-tex
[INFO] [stdout] 
[INFO] [stdout] running 4 tests
[INFO] [stdout] test src/util/blz.rs - util::blz::BLZ_MASK (line 17) ... FAILED
[INFO] [stdout] test src/util/blz.rs - util::blz::search (line 252) ... FAILED
[INFO] [stdout] test src/util/blz.rs - util::blz::BLZ_MAX_OFFSET (line 28) ... FAILED
[INFO] [stdout] test src/util/blz.rs - util::blz::BLZ_MAX_CODED (line 33) ... FAILED
[INFO] [stdout] 
[INFO] [stdout] failures:
[INFO] [stdout] 
[INFO] [stdout] ---- src/util/blz.rs - util::blz::BLZ_MASK (line 17) stdout ----
[INFO] [stdout] error: mismatched closing delimiter: `}`
[INFO] [stdout]  --> src/util/blz.rs:18:2
[INFO] [stdout]   |
[INFO] [stdout] 2 | fn main() { #[allow(non_snake_case)] fn _doctest_main_src_util_blz_rs_17_0() {
[INFO] [stdout]   |                                                                              - closing delimiter possibly meant for this
[INFO] [stdout] 3 | ((((1 << BLZ_SHIFT) - 1) << (8 - BLZ_SHIFT)
[INFO] [stdout]   |  ^ unclosed delimiter
[INFO] [stdout] 4 | } _doctest_main_src_util_blz_rs_17_0() }
[INFO] [stdout]   | ^ mismatched closing delimiter
[INFO] [stdout] 
[INFO] [stdout] error: aborting due to previous error
[INFO] [stdout] 
[INFO] [stdout] Couldn't compile the test.
[INFO] [stdout] ---- src/util/blz.rs - util::blz::search (line 252) stdout ----
[INFO] [stdout] error[E0425]: cannot find value `found_length` in this scope
[INFO] [stdout]  --> src/util/blz.rs:253:2
[INFO] [stdout]   |
[INFO] [stdout] 3 | (found_length, found_position)
[INFO] [stdout]   |  ^^^^^^^^^^^^ not found in this scope
[INFO] [stdout] 
[INFO] [stdout] error[E0425]: cannot find value `found_position` in this scope
[INFO] [stdout]  --> src/util/blz.rs:253:16
[INFO] [stdout]   |
[INFO] [stdout] 3 | (found_length, found_position)
[INFO] [stdout]   |                ^^^^^^^^^^^^^^ not found in this scope
[INFO] [stdout] 
[INFO] [stdout] error: aborting due to 2 previous errors
[INFO] [stdout] 
[INFO] [stdout] For more information about this error, try `rustc --explain E0425`.
[INFO] [stdout] Couldn't compile the test.
[INFO] [stdout] ---- src/util/blz.rs - util::blz::BLZ_MAX_OFFSET (line 28) stdout ----
[INFO] [stdout] error[E0308]: mismatched types
[INFO] [stdout]  --> src/util/blz.rs:29:1
[INFO] [stdout]   |
[INFO] [stdout] 2 | fn main() { #[allow(non_snake_case)] fn _doctest_main_src_util_blz_rs_28_0() {
[INFO] [stdout]   |                                                                             - help: try adding a return type: `-> i32`
[INFO] [stdout] 3 | ((1 << 12) + 2)
[INFO] [stdout]   | ^^^^^^^^^^^^^^^ expected `()`, found integer
[INFO] [stdout] 
[INFO] [stdout] error: aborting due to previous error
[INFO] [stdout] 
[INFO] [stdout] For more information about this error, try `rustc --explain E0308`.
[INFO] [stdout] Couldn't compile the test.
[INFO] [stdout] ---- src/util/blz.rs - util::blz::BLZ_MAX_CODED (line 33) stdout ----
[INFO] [stdout] error[E0425]: cannot find value `BLZ_THRESHOLD` in this scope
[INFO] [stdout]  --> src/util/blz.rs:34:13
[INFO] [stdout]   |
[INFO] [stdout] 3 | ((1 << 4) + BLZ_THRESHOLD)
[INFO] [stdout]   |             ^^^^^^^^^^^^^ not found in this scope
[INFO] [stdout] 
[INFO] [stdout] error[E0308]: mismatched types
[INFO] [stdout]  --> src/util/blz.rs:34:1
[INFO] [stdout]   |
[INFO] [stdout] 2 | fn main() { #[allow(non_snake_case)] fn _doctest_main_src_util_blz_rs_33_0() {
[INFO] [stdout]   |                                                                             - help: try adding a return type: `-> i32`
[INFO] [stdout] 3 | ((1 << 4) + BLZ_THRESHOLD)
[INFO] [stdout]   | ^^^^^^^^^^^^^^^^^^^^^^^^^^ expected `()`, found integer
[INFO] [stdout] 
[INFO] [stdout] error: aborting due to 2 previous errors
[INFO] [stdout] 
[INFO] [stdout] Some errors have detailed explanations: E0308, E0425.
[INFO] [stdout] For more information about an error, try `rustc --explain E0308`.
[INFO] [stdout] Couldn't compile the test.
[INFO] [stdout] 
[INFO] [stdout] failures:
[INFO] [stdout]     src/util/blz.rs - util::blz::BLZ_MASK (line 17)
[INFO] [stdout]     src/util/blz.rs - util::blz::BLZ_MAX_CODED (line 33)
[INFO] [stdout]     src/util/blz.rs - util::blz::BLZ_MAX_OFFSET (line 28)
[INFO] [stdout]     src/util/blz.rs - util::blz::search (line 252)
[INFO] [stdout] 
[INFO] [stdout] test result: FAILED. 0 passed; 4 failed; 0 ignored; 0 measured; 0 filtered out; finished in 0.08s
[INFO] [stdout] 
[INFO] [stderr] error: doctest failed, to rerun pass `--doc`
[INFO] running `Command { std: "docker" "inspect" "f61290c068bda4ff1348c15ea72446bb609c2e3b84d1cba94f6b42c1442d8975", kill_on_drop: false }`
[INFO] running `Command { std: "docker" "rm" "-f" "f61290c068bda4ff1348c15ea72446bb609c2e3b84d1cba94f6b42c1442d8975", kill_on_drop: false }`
[INFO] [stdout] f61290c068bda4ff1348c15ea72446bb609c2e3b84d1cba94f6b42c1442d8975
