[INFO] cloning repository https://github.com/DarkhanShakhan/ray-tracer-challenge
[INFO] running `Command { std: "git" "-c" "credential.helper=" "-c" "credential.helper=/workspace/cargo-home/bin/git-credential-null" "clone" "--bare" "https://github.com/DarkhanShakhan/ray-tracer-challenge" "/workspace/cache/git-repos/https%3A%2F%2Fgithub.com%2FDarkhanShakhan%2Fray-tracer-challenge", kill_on_drop: false }`
[INFO] [stderr] Cloning into bare repository '/workspace/cache/git-repos/https%3A%2F%2Fgithub.com%2FDarkhanShakhan%2Fray-tracer-challenge'...
[INFO] running `Command { std: "git" "rev-parse" "HEAD", kill_on_drop: false }`
[INFO] [stdout] 85820befeb6034aee34acfe99aad1136eff6ca30
[INFO] testing DarkhanShakhan/ray-tracer-challenge against 1.75.0 for beta-1.76-1
[INFO] running `Command { std: "git" "clone" "/workspace/cache/git-repos/https%3A%2F%2Fgithub.com%2FDarkhanShakhan%2Fray-tracer-challenge" "/workspace/builds/worker-0-tc1/source", kill_on_drop: false }`
[INFO] [stderr] Cloning into '/workspace/builds/worker-0-tc1/source'...
[INFO] [stderr] done.
[INFO] validating manifest of git repo https://github.com/DarkhanShakhan/ray-tracer-challenge on toolchain 1.75.0
[INFO] running `Command { std: CARGO_HOME="/workspace/cargo-home" RUSTUP_HOME="/workspace/rustup-home" "/workspace/cargo-home/bin/cargo" "+1.75.0" "metadata" "--manifest-path" "Cargo.toml" "--no-deps", kill_on_drop: false }`
[INFO] started tweaking git repo https://github.com/DarkhanShakhan/ray-tracer-challenge
[INFO] finished tweaking git repo https://github.com/DarkhanShakhan/ray-tracer-challenge
[INFO] tweaked toml for git repo https://github.com/DarkhanShakhan/ray-tracer-challenge written to /workspace/builds/worker-0-tc1/source/Cargo.toml
[INFO] crate git repo https://github.com/DarkhanShakhan/ray-tracer-challenge already has a lockfile, it will not be regenerated
[INFO] running `Command { std: CARGO_HOME="/workspace/cargo-home" RUSTUP_HOME="/workspace/rustup-home" "/workspace/cargo-home/bin/cargo" "+1.75.0" "fetch" "--manifest-path" "Cargo.toml", kill_on_drop: false }`
[INFO] running `Command { std: "docker" "create" "-v" "/var/lib/crater-agent-workspace/builds/worker-0-tc1/target:/opt/rustwide/target:rw,Z" "-v" "/var/lib/crater-agent-workspace/builds/worker-0-tc1/source:/opt/rustwide/workdir:ro,Z" "-v" "/var/lib/crater-agent-workspace/cargo-home:/opt/rustwide/cargo-home:ro,Z" "-v" "/var/lib/crater-agent-workspace/rustup-home:/opt/rustwide/rustup-home:ro,Z" "-e" "SOURCE_DIR=/opt/rustwide/workdir" "-e" "CARGO_TARGET_DIR=/opt/rustwide/target" "-e" "CARGO_HOME=/opt/rustwide/cargo-home" "-e" "RUSTUP_HOME=/opt/rustwide/rustup-home" "-w" "/opt/rustwide/workdir" "-m" "1610612736" "--user" "0:0" "--network" "none" "ghcr.io/rust-lang/crates-build-env/linux@sha256:2788e3201cd34a07e3172128adcd8b3090168a8e3bcc40d7c032b9dda1df7d1c" "/opt/rustwide/cargo-home/bin/cargo" "+1.75.0" "metadata" "--no-deps" "--format-version=1", kill_on_drop: false }`
[INFO] [stdout] b9c1d1176fa475c40fd4861ac5ed304b3b25e404df19e748bf02af5184509630
[INFO] running `Command { std: "docker" "start" "-a" "b9c1d1176fa475c40fd4861ac5ed304b3b25e404df19e748bf02af5184509630", kill_on_drop: false }`
[INFO] running `Command { std: "docker" "inspect" "b9c1d1176fa475c40fd4861ac5ed304b3b25e404df19e748bf02af5184509630", kill_on_drop: false }`
[INFO] running `Command { std: "docker" "rm" "-f" "b9c1d1176fa475c40fd4861ac5ed304b3b25e404df19e748bf02af5184509630", kill_on_drop: false }`
[INFO] [stdout] b9c1d1176fa475c40fd4861ac5ed304b3b25e404df19e748bf02af5184509630
[INFO] running `Command { std: "docker" "create" "-v" "/var/lib/crater-agent-workspace/builds/worker-0-tc1/target:/opt/rustwide/target:rw,Z" "-v" "/var/lib/crater-agent-workspace/builds/worker-0-tc1/source:/opt/rustwide/workdir:ro,Z" "-v" "/var/lib/crater-agent-workspace/cargo-home:/opt/rustwide/cargo-home:ro,Z" "-v" "/var/lib/crater-agent-workspace/rustup-home:/opt/rustwide/rustup-home:ro,Z" "-e" "SOURCE_DIR=/opt/rustwide/workdir" "-e" "CARGO_TARGET_DIR=/opt/rustwide/target" "-e" "CARGO_INCREMENTAL=0" "-e" "RUST_BACKTRACE=full" "-e" "RUSTFLAGS=--cap-lints=warn" "-e" "RUSTDOCFLAGS=--cap-lints=warn" "-e" "CARGO_HOME=/opt/rustwide/cargo-home" "-e" "RUSTUP_HOME=/opt/rustwide/rustup-home" "-w" "/opt/rustwide/workdir" "-m" "1610612736" "--user" "0:0" "--network" "none" "ghcr.io/rust-lang/crates-build-env/linux@sha256:2788e3201cd34a07e3172128adcd8b3090168a8e3bcc40d7c032b9dda1df7d1c" "/opt/rustwide/cargo-home/bin/cargo" "+1.75.0" "build" "--frozen" "--message-format=json", kill_on_drop: false }`
[INFO] [stdout] 7fb344dcf8af21c499f7f2169b72a363654b0b438cff95823ca918795602d1e5
[INFO] running `Command { std: "docker" "start" "-a" "7fb344dcf8af21c499f7f2169b72a363654b0b438cff95823ca918795602d1e5", kill_on_drop: false }`
[INFO] [stderr]    Compiling libc v0.2.147
[INFO] [stderr]    Compiling proc-macro2 v1.0.66
[INFO] [stderr]    Compiling cfg-if v1.0.0
[INFO] [stderr]    Compiling unicode-ident v1.0.11
[INFO] [stderr]    Compiling portable-atomic v1.4.2
[INFO] [stderr]    Compiling ppv-lite86 v0.2.17
[INFO] [stderr]    Compiling lazy_static v1.4.0
[INFO] [stderr]    Compiling unicode-width v0.1.10
[INFO] [stderr]    Compiling number_prefix v0.4.0
[INFO] [stderr]    Compiling quote v1.0.32
[INFO] [stderr]    Compiling syn v2.0.28
[INFO] [stderr]    Compiling getrandom v0.2.10
[INFO] [stderr]    Compiling console v0.15.7
[INFO] [stderr]    Compiling rand_core v0.6.4
[INFO] [stderr]    Compiling rand_chacha v0.3.1
[INFO] [stderr]    Compiling indicatif v0.17.6
[INFO] [stderr]    Compiling rand v0.8.5
[INFO] [stderr]    Compiling uuid-macro-internal v1.4.1
[INFO] [stderr]    Compiling uuid v1.4.1
[INFO] [stderr]    Compiling ray-tracer-challenge v0.1.0 (/opt/rustwide/workdir)
[INFO] [stdout] warning: unused imports: `intersections`, `self`
[INFO] [stdout]  --> src/features/cube.rs:8:21
[INFO] [stdout]   |
[INFO] [stdout] 8 |     intersections::{self, intersections, Intersection},
[INFO] [stdout]   |                     ^^^^  ^^^^^^^^^^^^^
[INFO] [stdout]   |
[INFO] [stdout]   = note: `#[warn(unused_imports)]` on by default
[INFO] [stdout] 
[INFO] [stdout] 
[INFO] [stdout] warning: unused import: `hit`
[INFO] [stdout]    --> src/features/intersections.rs:178:17
[INFO] [stdout]     |
[INFO] [stdout] 178 |     use super::{hit, Intersection};
[INFO] [stdout]     |                 ^^^
[INFO] [stdout] 
[INFO] [stdout] 
[INFO] [stdout] warning: unused import: `rays::transform`
[INFO] [stdout]  --> src/features/planes.rs:1:23
[INFO] [stdout]   |
[INFO] [stdout] 1 | use crate::features::{rays::transform, shape::Shape};
[INFO] [stdout]   |                       ^^^^^^^^^^^^^^^
[INFO] [stdout] 
[INFO] [stdout] 
[INFO] [stdout] warning: unused imports: `self`, `transform`
[INFO] [stdout]  --> src/features/spheres.rs:4:21
[INFO] [stdout]   |
[INFO] [stdout] 4 |     intersections::{self, intersections, Intersection},
[INFO] [stdout]   |                     ^^^^
[INFO] [stdout] ...
[INFO] [stdout] 7 |     rays::{transform, Ray},
[INFO] [stdout]   |            ^^^^^^^^^
[INFO] [stdout] 
[INFO] [stdout] 
[INFO] [stdout] warning: unused imports: `Gradient`, `Ring`, `Stripe`, `rotation_z`, `shearing`
[INFO] [stdout]   --> src/practice/sphere.rs:8:25
[INFO] [stdout]    |
[INFO] [stdout] 8  |     patterns::{Checker, Gradient, Pattern, Ring, Stripe},
[INFO] [stdout]    |                         ^^^^^^^^           ^^^^  ^^^^^^
[INFO] [stdout] ...
[INFO] [stdout] 13 |         rotation_x, rotation_y, rotation_z, scaling, shearing, translation, view_transformation,
[INFO] [stdout]    |                                 ^^^^^^^^^^           ^^^^^^^^
[INFO] [stdout] 
[INFO] [stdout] 
[INFO] [stdout] warning: method `pixel_at` is never used
[INFO] [stdout]   --> src/features/canvas.rs:20:12
[INFO] [stdout]    |
[INFO] [stdout] 9  | impl Canvas {
[INFO] [stdout]    | ----------- method in this implementation
[INFO] [stdout] ...
[INFO] [stdout] 20 |     pub fn pixel_at(&self, x: usize, y: usize) -> Tuple {
[INFO] [stdout]    |            ^^^^^^^^
[INFO] [stdout]    |
[INFO] [stdout]    = note: `#[warn(dead_code)]` on by default
[INFO] [stdout] 
[INFO] [stdout] 
[INFO] [stdout] warning: associated function `random` is never used
[INFO] [stdout]   --> src/features/matrice.rs:23:8
[INFO] [stdout]    |
[INFO] [stdout] 14 | impl Matrice {
[INFO] [stdout]    | ------------ associated function in this implementation
[INFO] [stdout] ...
[INFO] [stdout] 23 |     fn random(size: usize) -> Self {
[INFO] [stdout]    |        ^^^^^^
[INFO] [stdout] 
[INFO] [stdout] 
[INFO] [stdout] warning: variants `Stripe`, `Gradient`, and `Ring` are never constructed
[INFO] [stdout]  --> src/features/patterns.rs:7:5
[INFO] [stdout]   |
[INFO] [stdout] 6 | pub enum Pattern {
[INFO] [stdout]   |          ------- variants in this enum
[INFO] [stdout] 7 |     Stripe(Stripe),
[INFO] [stdout]   |     ^^^^^^
[INFO] [stdout] 8 |     Gradient(Gradient),
[INFO] [stdout]   |     ^^^^^^^^
[INFO] [stdout] 9 |     Ring(Ring),
[INFO] [stdout]   |     ^^^^
[INFO] [stdout]   |
[INFO] [stdout]   = note: `Pattern` has derived impls for the traits `Clone` and `Debug`, but these are intentionally ignored during dead code analysis
[INFO] [stdout] 
[INFO] [stdout] 
[INFO] [stdout] warning: method `set_transform` is never used
[INFO] [stdout]   --> src/features/patterns.rs:33:12
[INFO] [stdout]    |
[INFO] [stdout] 13 | impl Pattern {
[INFO] [stdout]    | ------------ method in this implementation
[INFO] [stdout] ...
[INFO] [stdout] 33 |     pub fn set_transform(&mut self, transform: Matrice) {
[INFO] [stdout]    |            ^^^^^^^^^^^^^
[INFO] [stdout] 
[INFO] [stdout] 
[INFO] [stdout] warning: associated items `new`, `at_object`, and `set_transform` are never used
[INFO] [stdout]   --> src/features/patterns.rs:51:12
[INFO] [stdout]    |
[INFO] [stdout] 50 | impl Stripe {
[INFO] [stdout]    | ----------- associated items in this implementation
[INFO] [stdout] 51 |     pub fn new(a: Tuple, b: Tuple) -> Self {
[INFO] [stdout]    |            ^^^
[INFO] [stdout] ...
[INFO] [stdout] 64 |     pub fn at_object(&self, object: &Shape, point: &Tuple) -> Tuple {
[INFO] [stdout]    |            ^^^^^^^^^
[INFO] [stdout] ...
[INFO] [stdout] 70 |     pub fn set_transform(&mut self, tranform: Matrice) {
[INFO] [stdout]    |            ^^^^^^^^^^^^^
[INFO] [stdout] 
[INFO] [stdout] 
[INFO] [stdout] warning: associated items `new` and `set_transform` are never used
[INFO] [stdout]    --> src/features/patterns.rs:169:12
[INFO] [stdout]     |
[INFO] [stdout] 168 | impl Gradient {
[INFO] [stdout]     | ------------- associated items in this implementation
[INFO] [stdout] 169 |     pub fn new(from: Tuple, to: Tuple) -> Self {
[INFO] [stdout]     |            ^^^
[INFO] [stdout] ...
[INFO] [stdout] 182 |     pub fn set_transform(&mut self, tranform: Matrice) {
[INFO] [stdout]     |            ^^^^^^^^^^^^^
[INFO] [stdout] 
[INFO] [stdout] 
[INFO] [stdout] warning: associated items `new`, `set_transform`, and `transform` are never used
[INFO] [stdout]    --> src/features/patterns.rs:229:12
[INFO] [stdout]     |
[INFO] [stdout] 228 | impl Ring {
[INFO] [stdout]     | --------- associated items in this implementation
[INFO] [stdout] 229 |     pub fn new(a: Tuple, b: Tuple) -> Ring {
[INFO] [stdout]     |            ^^^
[INFO] [stdout] ...
[INFO] [stdout] 237 |     pub fn set_transform(&mut self, transform: Matrice) {
[INFO] [stdout]     |            ^^^^^^^^^^^^^
[INFO] [stdout] ...
[INFO] [stdout] 240 |     pub fn transform(&self) -> Matrice {
[INFO] [stdout]     |            ^^^^^^^^^
[INFO] [stdout] 
[INFO] [stdout] 
[INFO] [stdout] warning: methods `set_transform` and `transform` are never used
[INFO] [stdout]    --> src/features/patterns.rs:299:12
[INFO] [stdout]     |
[INFO] [stdout] 291 | impl Checker {
[INFO] [stdout]     | ------------ methods in this implementation
[INFO] [stdout] ...
[INFO] [stdout] 299 |     pub fn set_transform(&mut self, transform: Matrice) {
[INFO] [stdout]     |            ^^^^^^^^^^^^^
[INFO] [stdout] ...
[INFO] [stdout] 302 |     pub fn transform(&self) -> Matrice {
[INFO] [stdout]     |            ^^^^^^^^^
[INFO] [stdout] 
[INFO] [stdout] 
[INFO] [stdout] warning: method `set_material_ambient` is never used
[INFO] [stdout]   --> src/features/shape.rs:63:12
[INFO] [stdout]    |
[INFO] [stdout] 19 | impl Shape {
[INFO] [stdout]    | ---------- method in this implementation
[INFO] [stdout] ...
[INFO] [stdout] 63 |     pub fn set_material_ambient(&mut self, ambient: f32) {
[INFO] [stdout]    |            ^^^^^^^^^^^^^^^^^^^^
[INFO] [stdout] 
[INFO] [stdout] 
[INFO] [stdout] warning: associated function `glass_sphere` is never used
[INFO] [stdout]   --> src/features/spheres.rs:27:12
[INFO] [stdout]    |
[INFO] [stdout] 19 | impl Sphere {
[INFO] [stdout]    | ----------- associated function in this implementation
[INFO] [stdout] ...
[INFO] [stdout] 27 |     pub fn glass_sphere() -> Self {
[INFO] [stdout]    |            ^^^^^^^^^^^^
[INFO] [stdout] 
[INFO] [stdout] 
[INFO] [stdout] warning: function `rotation_z` is never used
[INFO] [stdout]   --> src/features/transformations.rs:36:8
[INFO] [stdout]    |
[INFO] [stdout] 36 | pub fn rotation_z(rad: f32) -> Matrice {
[INFO] [stdout]    |        ^^^^^^^^^^
[INFO] [stdout] 
[INFO] [stdout] 
[INFO] [stdout] warning: function `shearing` is never used
[INFO] [stdout]   --> src/features/transformations.rs:45:8
[INFO] [stdout]    |
[INFO] [stdout] 45 | pub fn shearing(xy: f32, xz: f32, yx: f32, yz: f32, zx: f32, zy: f32) -> Matrice {
[INFO] [stdout]    |        ^^^^^^^^
[INFO] [stdout] 
[INFO] [stdout] 
[INFO] [stdout] warning: methods `set_light` and `refracted_color` are never used
[INFO] [stdout]   --> src/features/world.rs:24:12
[INFO] [stdout]    |
[INFO] [stdout] 17 | impl World {
[INFO] [stdout]    | ---------- methods in this implementation
[INFO] [stdout] ...
[INFO] [stdout] 24 |     pub fn set_light(&mut self, light: Light) {
[INFO] [stdout]    |            ^^^^^^^^^
[INFO] [stdout] ...
[INFO] [stdout] 70 |     pub fn refracted_color(&self, comps: &Computation, remaining: u32) -> Tuple {
[INFO] [stdout]    |            ^^^^^^^^^^^^^^^
[INFO] [stdout] 
[INFO] [stdout] 
[INFO] [stdout] warning: 18 warnings emitted
[INFO] [stdout] 
[INFO] [stdout] 
[INFO] [stderr]     Finished dev [unoptimized + debuginfo] target(s) in 3.03s
[INFO] running `Command { std: "docker" "inspect" "7fb344dcf8af21c499f7f2169b72a363654b0b438cff95823ca918795602d1e5", kill_on_drop: false }`
[INFO] running `Command { std: "docker" "rm" "-f" "7fb344dcf8af21c499f7f2169b72a363654b0b438cff95823ca918795602d1e5", kill_on_drop: false }`
[INFO] [stdout] 7fb344dcf8af21c499f7f2169b72a363654b0b438cff95823ca918795602d1e5
[INFO] running `Command { std: "docker" "create" "-v" "/var/lib/crater-agent-workspace/builds/worker-0-tc1/target:/opt/rustwide/target:rw,Z" "-v" "/var/lib/crater-agent-workspace/builds/worker-0-tc1/source:/opt/rustwide/workdir:ro,Z" "-v" "/var/lib/crater-agent-workspace/cargo-home:/opt/rustwide/cargo-home:ro,Z" "-v" "/var/lib/crater-agent-workspace/rustup-home:/opt/rustwide/rustup-home:ro,Z" "-e" "SOURCE_DIR=/opt/rustwide/workdir" "-e" "CARGO_TARGET_DIR=/opt/rustwide/target" "-e" "CARGO_INCREMENTAL=0" "-e" "RUST_BACKTRACE=full" "-e" "RUSTFLAGS=--cap-lints=warn" "-e" "RUSTDOCFLAGS=--cap-lints=warn" "-e" "CARGO_HOME=/opt/rustwide/cargo-home" "-e" "RUSTUP_HOME=/opt/rustwide/rustup-home" "-w" "/opt/rustwide/workdir" "-m" "1610612736" "--user" "0:0" "--network" "none" "ghcr.io/rust-lang/crates-build-env/linux@sha256:2788e3201cd34a07e3172128adcd8b3090168a8e3bcc40d7c032b9dda1df7d1c" "/opt/rustwide/cargo-home/bin/cargo" "+1.75.0" "test" "--frozen" "--no-run" "--message-format=json", kill_on_drop: false }`
[INFO] [stdout] 2c88d8cbf1aa0898085dc71f92ef449f5ded9f189be3e25116e798355c602656
[INFO] running `Command { std: "docker" "start" "-a" "2c88d8cbf1aa0898085dc71f92ef449f5ded9f189be3e25116e798355c602656", kill_on_drop: false }`
[INFO] [stderr]    Compiling ray-tracer-challenge v0.1.0 (/opt/rustwide/workdir)
[INFO] [stdout] warning: unused imports: `intersections`, `self`
[INFO] [stdout]  --> src/features/cube.rs:8:21
[INFO] [stdout]   |
[INFO] [stdout] 8 |     intersections::{self, intersections, Intersection},
[INFO] [stdout]   |                     ^^^^  ^^^^^^^^^^^^^
[INFO] [stdout]   |
[INFO] [stdout]   = note: `#[warn(unused_imports)]` on by default
[INFO] [stdout] 
[INFO] [stdout] 
[INFO] [stdout] warning: unused import: `hit`
[INFO] [stdout]    --> src/features/intersections.rs:178:17
[INFO] [stdout]     |
[INFO] [stdout] 178 |     use super::{hit, Intersection};
[INFO] [stdout]     |                 ^^^
[INFO] [stdout] 
[INFO] [stdout] 
[INFO] [stdout] warning: unused import: `std::f32::EPSILON`
[INFO] [stdout]    --> src/features/intersections.rs:316:9
[INFO] [stdout]     |
[INFO] [stdout] 316 |     use std::f32::EPSILON;
[INFO] [stdout]     |         ^^^^^^^^^^^^^^^^^
[INFO] [stdout] 
[INFO] [stdout] 
[INFO] [stdout] warning: unused import: `rays::transform`
[INFO] [stdout]  --> src/features/planes.rs:1:23
[INFO] [stdout]   |
[INFO] [stdout] 1 | use crate::features::{rays::transform, shape::Shape};
[INFO] [stdout]   |                       ^^^^^^^^^^^^^^^
[INFO] [stdout] 
[INFO] [stdout] 
[INFO] [stdout] warning: unused imports: `self`, `transform`
[INFO] [stdout]  --> src/features/spheres.rs:4:21
[INFO] [stdout]   |
[INFO] [stdout] 4 |     intersections::{self, intersections, Intersection},
[INFO] [stdout]   |                     ^^^^
[INFO] [stdout] ...
[INFO] [stdout] 7 |     rays::{transform, Ray},
[INFO] [stdout]   |            ^^^^^^^^^
[INFO] [stdout] 
[INFO] [stdout] 
[INFO] [stdout] warning: unused import: `Checker`
[INFO] [stdout]    --> src/features/world.rs:324:41
[INFO] [stdout]     |
[INFO] [stdout] 324 |         use crate::features::patterns::{Checker, Pattern, Stripe};
[INFO] [stdout]     |                                         ^^^^^^^
[INFO] [stdout] 
[INFO] [stdout] 
[INFO] [stdout] warning: unused imports: `Gradient`, `Ring`, `Stripe`, `rotation_z`, `shearing`
[INFO] [stdout]   --> src/practice/sphere.rs:8:25
[INFO] [stdout]    |
[INFO] [stdout] 8  |     patterns::{Checker, Gradient, Pattern, Ring, Stripe},
[INFO] [stdout]    |                         ^^^^^^^^           ^^^^  ^^^^^^
[INFO] [stdout] ...
[INFO] [stdout] 13 |         rotation_x, rotation_y, rotation_z, scaling, shearing, translation, view_transformation,
[INFO] [stdout]    |                                 ^^^^^^^^^^           ^^^^^^^^
[INFO] [stdout] 
[INFO] [stdout] 
[INFO] [stdout] warning: variants `Gradient` and `Ring` are never constructed
[INFO] [stdout]  --> src/features/patterns.rs:8:5
[INFO] [stdout]   |
[INFO] [stdout] 6 | pub enum Pattern {
[INFO] [stdout]   |          ------- variants in this enum
[INFO] [stdout] 7 |     Stripe(Stripe),
[INFO] [stdout] 8 |     Gradient(Gradient),
[INFO] [stdout]   |     ^^^^^^^^
[INFO] [stdout] 9 |     Ring(Ring),
[INFO] [stdout]   |     ^^^^
[INFO] [stdout]   |
[INFO] [stdout]   = note: `Pattern` has derived impls for the traits `Clone` and `Debug`, but these are intentionally ignored during dead code analysis
[INFO] [stdout]   = note: `#[warn(dead_code)]` on by default
[INFO] [stdout] 
[INFO] [stdout] 
[INFO] [stdout] warning: method `set_transform` is never used
[INFO] [stdout]   --> src/features/patterns.rs:33:12
[INFO] [stdout]    |
[INFO] [stdout] 13 | impl Pattern {
[INFO] [stdout]    | ------------ method in this implementation
[INFO] [stdout] ...
[INFO] [stdout] 33 |     pub fn set_transform(&mut self, transform: Matrice) {
[INFO] [stdout]    |            ^^^^^^^^^^^^^
[INFO] [stdout] 
[INFO] [stdout] 
[INFO] [stdout] warning: method `set_transform` is never used
[INFO] [stdout]    --> src/features/patterns.rs:182:12
[INFO] [stdout]     |
[INFO] [stdout] 168 | impl Gradient {
[INFO] [stdout]     | ------------- method in this implementation
[INFO] [stdout] ...
[INFO] [stdout] 182 |     pub fn set_transform(&mut self, tranform: Matrice) {
[INFO] [stdout]     |            ^^^^^^^^^^^^^
[INFO] [stdout] 
[INFO] [stdout] 
[INFO] [stdout] warning: methods `set_transform` and `transform` are never used
[INFO] [stdout]    --> src/features/patterns.rs:237:12
[INFO] [stdout]     |
[INFO] [stdout] 228 | impl Ring {
[INFO] [stdout]     | --------- methods in this implementation
[INFO] [stdout] ...
[INFO] [stdout] 237 |     pub fn set_transform(&mut self, transform: Matrice) {
[INFO] [stdout]     |            ^^^^^^^^^^^^^
[INFO] [stdout] ...
[INFO] [stdout] 240 |     pub fn transform(&self) -> Matrice {
[INFO] [stdout]     |            ^^^^^^^^^
[INFO] [stdout] 
[INFO] [stdout] 
[INFO] [stdout] warning: methods `set_transform` and `transform` are never used
[INFO] [stdout]    --> src/features/patterns.rs:299:12
[INFO] [stdout]     |
[INFO] [stdout] 291 | impl Checker {
[INFO] [stdout]     | ------------ methods in this implementation
[INFO] [stdout] ...
[INFO] [stdout] 299 |     pub fn set_transform(&mut self, transform: Matrice) {
[INFO] [stdout]     |            ^^^^^^^^^^^^^
[INFO] [stdout] ...
[INFO] [stdout] 302 |     pub fn transform(&self) -> Matrice {
[INFO] [stdout]     |            ^^^^^^^^^
[INFO] [stdout] 
[INFO] [stdout] 
[INFO] [stdout] warning: 12 warnings emitted
[INFO] [stdout] 
[INFO] [stdout] 
[INFO] [stderr]     Finished test [unoptimized + debuginfo] target(s) in 0.79s
[INFO] running `Command { std: "docker" "inspect" "2c88d8cbf1aa0898085dc71f92ef449f5ded9f189be3e25116e798355c602656", kill_on_drop: false }`
[INFO] running `Command { std: "docker" "rm" "-f" "2c88d8cbf1aa0898085dc71f92ef449f5ded9f189be3e25116e798355c602656", kill_on_drop: false }`
[INFO] [stdout] 2c88d8cbf1aa0898085dc71f92ef449f5ded9f189be3e25116e798355c602656
[INFO] running `Command { std: "docker" "create" "-v" "/var/lib/crater-agent-workspace/builds/worker-0-tc1/target:/opt/rustwide/target:rw,Z" "-v" "/var/lib/crater-agent-workspace/builds/worker-0-tc1/source:/opt/rustwide/workdir:ro,Z" "-v" "/var/lib/crater-agent-workspace/cargo-home:/opt/rustwide/cargo-home:ro,Z" "-v" "/var/lib/crater-agent-workspace/rustup-home:/opt/rustwide/rustup-home:ro,Z" "-e" "SOURCE_DIR=/opt/rustwide/workdir" "-e" "CARGO_TARGET_DIR=/opt/rustwide/target" "-e" "CARGO_INCREMENTAL=0" "-e" "RUST_BACKTRACE=full" "-e" "RUSTFLAGS=--cap-lints=warn" "-e" "RUSTDOCFLAGS=--cap-lints=warn" "-e" "CARGO_HOME=/opt/rustwide/cargo-home" "-e" "RUSTUP_HOME=/opt/rustwide/rustup-home" "-w" "/opt/rustwide/workdir" "-m" "1610612736" "--user" "0:0" "--network" "none" "ghcr.io/rust-lang/crates-build-env/linux@sha256:2788e3201cd34a07e3172128adcd8b3090168a8e3bcc40d7c032b9dda1df7d1c" "/opt/rustwide/cargo-home/bin/cargo" "+1.75.0" "test" "--frozen", kill_on_drop: false }`
[INFO] [stdout] 87b45aef84716a53507d2cac0e196206d003fa8dc1f7aba74e6cb97ffe8cfcc0
[INFO] running `Command { std: "docker" "start" "-a" "87b45aef84716a53507d2cac0e196206d003fa8dc1f7aba74e6cb97ffe8cfcc0", kill_on_drop: false }`
[INFO] [stderr] warning: unused imports: `intersections`, `self`
[INFO] [stderr]  --> src/features/cube.rs:8:21
[INFO] [stderr]   |
[INFO] [stderr] 8 |     intersections::{self, intersections, Intersection},
[INFO] [stderr]   |                     ^^^^  ^^^^^^^^^^^^^
[INFO] [stderr]   |
[INFO] [stderr]   = note: `#[warn(unused_imports)]` on by default
[INFO] [stderr] 
[INFO] [stderr] warning: unused import: `hit`
[INFO] [stderr]    --> src/features/intersections.rs:178:17
[INFO] [stderr]     |
[INFO] [stderr] 178 |     use super::{hit, Intersection};
[INFO] [stderr]     |                 ^^^
[INFO] [stderr] 
[INFO] [stderr] warning: unused import: `std::f32::EPSILON`
[INFO] [stderr]    --> src/features/intersections.rs:316:9
[INFO] [stderr]     |
[INFO] [stderr] 316 |     use std::f32::EPSILON;
[INFO] [stderr]     |         ^^^^^^^^^^^^^^^^^
[INFO] [stderr] 
[INFO] [stderr] warning: unused import: `rays::transform`
[INFO] [stderr]  --> src/features/planes.rs:1:23
[INFO] [stderr]   |
[INFO] [stderr] 1 | use crate::features::{rays::transform, shape::Shape};
[INFO] [stderr]   |                       ^^^^^^^^^^^^^^^
[INFO] [stderr] 
[INFO] [stderr] warning: unused imports: `self`, `transform`
[INFO] [stderr]  --> src/features/spheres.rs:4:21
[INFO] [stderr]   |
[INFO] [stderr] 4 |     intersections::{self, intersections, Intersection},
[INFO] [stderr]   |                     ^^^^
[INFO] [stderr] ...
[INFO] [stderr] 7 |     rays::{transform, Ray},
[INFO] [stderr]   |            ^^^^^^^^^
[INFO] [stderr] 
[INFO] [stderr] warning: unused import: `Checker`
[INFO] [stderr]    --> src/features/world.rs:324:41
[INFO] [stderr]     |
[INFO] [stderr] 324 |         use crate::features::patterns::{Checker, Pattern, Stripe};
[INFO] [stderr]     |                                         ^^^^^^^
[INFO] [stderr] 
[INFO] [stderr] warning: unused imports: `Gradient`, `Ring`, `Stripe`, `rotation_z`, `shearing`
[INFO] [stderr]   --> src/practice/sphere.rs:8:25
[INFO] [stderr]    |
[INFO] [stderr] 8  |     patterns::{Checker, Gradient, Pattern, Ring, Stripe},
[INFO] [stderr]    |                         ^^^^^^^^           ^^^^  ^^^^^^
[INFO] [stderr] ...
[INFO] [stderr] 13 |         rotation_x, rotation_y, rotation_z, scaling, shearing, translation, view_transformation,
[INFO] [stderr]    |                                 ^^^^^^^^^^           ^^^^^^^^
[INFO] [stderr] 
[INFO] [stderr] warning: variants `Gradient` and `Ring` are never constructed
[INFO] [stderr]  --> src/features/patterns.rs:8:5
[INFO] [stderr]   |
[INFO] [stderr] 6 | pub enum Pattern {
[INFO] [stderr]   |          ------- variants in this enum
[INFO] [stderr] 7 |     Stripe(Stripe),
[INFO] [stderr] 8 |     Gradient(Gradient),
[INFO] [stderr]   |     ^^^^^^^^
[INFO] [stderr] 9 |     Ring(Ring),
[INFO] [stderr]   |     ^^^^
[INFO] [stderr]   |
[INFO] [stderr]   = note: `Pattern` has derived impls for the traits `Clone` and `Debug`, but these are intentionally ignored during dead code analysis
[INFO] [stderr]   = note: `#[warn(dead_code)]` on by default
[INFO] [stderr] 
[INFO] [stderr] warning: method `set_transform` is never used
[INFO] [stderr]   --> src/features/patterns.rs:33:12
[INFO] [stderr]    |
[INFO] [stderr] 13 | impl Pattern {
[INFO] [stderr]    | ------------ method in this implementation
[INFO] [stderr] ...
[INFO] [stderr] 33 |     pub fn set_transform(&mut self, transform: Matrice) {
[INFO] [stderr]    |            ^^^^^^^^^^^^^
[INFO] [stderr] 
[INFO] [stderr] warning: method `set_transform` is never used
[INFO] [stderr]    --> src/features/patterns.rs:182:12
[INFO] [stderr]     |
[INFO] [stderr] 168 | impl Gradient {
[INFO] [stderr]     | ------------- method in this implementation
[INFO] [stderr] ...
[INFO] [stderr] 182 |     pub fn set_transform(&mut self, tranform: Matrice) {
[INFO] [stderr]     |            ^^^^^^^^^^^^^
[INFO] [stderr] 
[INFO] [stderr] warning: methods `set_transform` and `transform` are never used
[INFO] [stderr]    --> src/features/patterns.rs:237:12
[INFO] [stderr]     |
[INFO] [stderr] 228 | impl Ring {
[INFO] [stderr]     | --------- methods in this implementation
[INFO] [stderr] ...
[INFO] [stderr] 237 |     pub fn set_transform(&mut self, transform: Matrice) {
[INFO] [stderr]     |            ^^^^^^^^^^^^^
[INFO] [stderr] ...
[INFO] [stderr] 240 |     pub fn transform(&self) -> Matrice {
[INFO] [stderr]     |            ^^^^^^^^^
[INFO] [stderr] 
[INFO] [stderr] warning: methods `set_transform` and `transform` are never used
[INFO] [stderr]    --> src/features/patterns.rs:299:12
[INFO] [stderr]     |
[INFO] [stderr] 291 | impl Checker {
[INFO] [stderr]     | ------------ methods in this implementation
[INFO] [stderr] ...
[INFO] [stderr] 299 |     pub fn set_transform(&mut self, transform: Matrice) {
[INFO] [stderr]     |            ^^^^^^^^^^^^^
[INFO] [stderr] ...
[INFO] [stderr] 302 |     pub fn transform(&self) -> Matrice {
[INFO] [stderr]     |            ^^^^^^^^^
[INFO] [stderr] 
[INFO] [stderr] warning: `ray-tracer-challenge` (bin "ray-tracer-challenge" test) generated 12 warnings (run `cargo fix --bin "ray-tracer-challenge" --tests` to apply 7 suggestions)
[INFO] [stderr]     Finished test [unoptimized + debuginfo] target(s) in 0.02s
[INFO] [stderr]      Running unittests src/main.rs (/opt/rustwide/target/debug/deps/ray_tracer_challenge-87b3eeec070d3f90)
[INFO] [stdout] 
[INFO] [stdout] running 132 tests
[INFO] [stdout] test features::canvas::canvas_tests::test_canvas_new ... ok
[INFO] [stdout] test features::canvas::canvas_tests::test_canvas_to_ppm ... ok
[INFO] [stdout] test features::canvas::canvas_tests::test_write_pixel ... ok
[INFO] [stdout] test features::cube::cube_tests::normal_on_surface_of_cube ... ok
[INFO] [stdout] test features::cube::cube_tests::ray_misses_cube ... ok
[INFO] [stdout] test features::cube::cube_tests::ray_intersects_cube ... ok
[INFO] [stdout] test features::intersections::computations::computation_tests::test_hit_offset_point ... ok
[INFO] [stdout] test features::intersections::computations::computation_tests::test_hit_outside ... ok
[INFO] [stdout] test features::intersections::computations::computation_tests::test_hit_inside ... ok
[INFO] [stdout] test features::intersections::computations::computation_tests::test_prepare_computation ... ok
[INFO] [stdout] test features::intersections::hit_tests::test_some_intersections_have_negative_t ... ok
[INFO] [stdout] test features::intersections::hit_tests::test_lowest_non_negative_t ... ok
[INFO] [stdout] test features::intersections::intersect_transformed_sphere_test::test_scaled_sphere ... ok
[INFO] [stdout] test features::intersections::intersect_transformed_sphere_test::test_translated_sphere ... ok
[INFO] [stdout] test features::camera::cameras::cameras_tests::testing_pixel_size_horizontal_canvas ... ok
[INFO] [stdout] test features::camera::cameras::cameras_tests::testing_pixel_size_vertical_canvas ... ok
[INFO] [stdout] test features::intersections::intersection_tests::test_creating_intersection ... ok
[INFO] [stdout] test features::camera::cameras::cameras_tests::testing_camera_construction ... ok
[INFO] [stdout] test features::intersections::hit_tests::test_all_intersections_have_positive_t ... ok
[INFO] [stdout] test features::intersections::hit_tests::test_all_intersections_have_negative_t ... ok
[INFO] [stdout] test features::camera::cameras::ray_for_pixel_tests::test_ray_through_canvas_center ... ok
[INFO] [stdout] test features::camera::cameras::ray_for_pixel_tests::test_ray_through_canvas_corner ... ok
[INFO] [stdout] test features::intersections::reflectv_tests::test_precomputing_reflection_vector ... ok
[INFO] [stdout] test features::camera::cameras::ray_for_pixel_tests::test_ray_camera_transformed ... ok
[INFO] [stdout] test features::intersections::intersection_tests::test_intersecting_sphere_tangent ... ok
[INFO] [stdout] test features::lights::light_tests::test_creating_light ... ok
[INFO] [stdout] test features::intersections::intersection_tests::test_intersecting_inside_sphere ... ok
[INFO] [stdout] test features::intersections::intersection_tests::test_no_intersection ... ok
[INFO] [stdout] test features::materials::reflective_tests::test_reflective_field ... ok
[INFO] [stdout] test features::materials::material_tests::test_creating_material ... ok
[INFO] [stdout] test features::matrice::matrice_tests::test_4d_determinant ... ok
[INFO] [stdout] test features::matrice::matrice_tests::test_identity_matrice ... ok
[INFO] [stdout] test features::intersections::intersection_tests::test_intersecting_sphere_two_points ... ok
[INFO] [stdout] test features::matrice::matrice_tests::test_3d_determinant ... ok
[INFO] [stdout] test features::intersections::intersection_tests::test_sphere_behind_ray ... ok
[INFO] [stdout] test features::materials::transparency_refractive_tests::test_transparency_refractive_index_default_material ... ok
[INFO] [stdout] test features::matrice::matrice_tests::test_is_not_invertible ... ok
[INFO] [stdout] test features::matrice::matrice_tests::test_inverse_identity_matrice ... ok
[INFO] [stdout] test features::matrice::matrice_tests::test_matrice_equal ... ok
[INFO] [stdout] test features::matrice::matrice_tests::test_cofactor ... ok
[INFO] [stdout] test features::matrice::matrice_tests::test_is_invertible ... ok
[INFO] [stdout] test features::intersections::reflection_refraction_tests::test_under_point ... ok
[INFO] [stdout] test features::matrice::matrice_tests::test_inverse_matrix ... ok
[INFO] [stdout] test features::intersections::reflection_refraction_tests::test_n1_n2 ... ok
[INFO] [stdout] test features::matrice::matrice_tests::test_matrice_not_equal ... ok
[INFO] [stdout] test features::matrice::matrice_tests::test_matrice_mul ... ok
[INFO] [stdout] test features::matrice::matrice_tests::test_determinant ... ok
[INFO] [stdout] test features::matrice::matrice_tests::test_minor ... ok
[INFO] [stdout] test features::matrice::matrice_tests::test_multiplying_inverse_to_matrice ... ok
[INFO] [stdout] test features::patterns::checker_tests::test_checker_repeat_in_x ... ok
[INFO] [stdout] test features::patterns::checker_tests::test_checker_repeat_in_y ... ok
[INFO] [stdout] test features::matrice::matrice_tests::test_multiplying_matrix_to_tuple ... ok
[INFO] [stdout] test features::patterns::patterns_tests::stripe_pattern_alternates_in_x ... ok
[INFO] [stdout] test features::patterns::patterns_tests::stripe_pattern_constant_in_y ... ok
[INFO] [stdout] test features::patterns::patterns_tests::stripe_pattern_constant_in_z ... ok
[INFO] [stdout] test features::patterns::gradient_tests::gradient_test ... ok
[INFO] [stdout] test features::patterns::patterns_tests::create_pattern ... ok
[INFO] [stdout] test features::patterns::checker_tests::test_checker_repeat_in_z ... ok
[INFO] [stdout] test features::matrice::matrice_tests::test_submatrice ... ok
[INFO] [stdout] test features::matrice::matrice_tests::test_transpose_matrice ... ok
[INFO] [stdout] test features::matrice::matrice_tests::test_multiplying_inverse ... ok
[INFO] [stdout] test features::planes::plane_tests::constant_normal_everywhere ... ok
[INFO] [stdout] test features::patterns::patterns_tests::stripes_with_object_transform ... ok
[INFO] [stdout] test features::patterns::ring_tests::test_ring ... ok
[INFO] [stdout] test features::planes::plane_tests::ray_intersecting_plane_from_below ... ok
[INFO] [stdout] test features::rays::ray_tests::test_creating_ray ... ok
[INFO] [stdout] test features::patterns::patterns_tests::stripes_with_pattern_transformation ... ok
[INFO] [stdout] test features::rays::ray_tests::test_ray_position ... ok
[INFO] [stdout] test features::rays::ray_transformation_tests::test_scaling_ray ... ok
[INFO] [stdout] test features::rays::ray_transformation_tests::test_translating_ray ... ok
[INFO] [stdout] test features::planes::plane_tests::intersect_ray_parallel_to_plane ... ok
[INFO] [stdout] test features::planes::plane_tests::ray_intersecting_plane_from_above ... ok
[INFO] [stdout] test features::planes::plane_tests::intersect_coplanar_ray ... ok
[INFO] [stdout] test features::shape::shape_tests::assigning_material ... ok
[INFO] [stdout] test features::shape::shape_tests::default_material ... ok
[INFO] [stdout] test features::shape::shape_tests::assigning_transformation ... ok
[INFO] [stdout] test features::shape::shape_tests::computing_normal_on_translated_shape ... ok
[INFO] [stdout] test features::patterns::patterns_tests::stripes_with_pattern_and_object_transformation ... ok
[INFO] [stdout] test features::shape::shape_tests::computing_normal_on_transformed_shape ... ok
[INFO] [stdout] test features::spheres::normals_tests::test_normal_on_z_axis ... ok
[INFO] [stdout] test features::transformations::chained_tests::test_chained_tranformation ... ok
[INFO] [stdout] test features::shape::shape_tests::default_transformation ... ok
[INFO] [stdout] test features::transformations::rotation_tests::test_inverse_rotation_x ... ok
[INFO] [stdout] test features::spheres::material_tests::test_assigning_material ... ok
[INFO] [stdout] test features::spheres::material_tests::test_default_material ... ok
[INFO] [stdout] test features::spheres::sphere_tests::test_set_tranform ... ok
[INFO] [stdout] test features::spheres::normals_tests::test_normal_on_x_axis ... ok
[INFO] [stdout] test features::spheres::normals_tests::test_normal_transformed_sphere ... ok
[INFO] [stdout] test features::spheres::normals_tests::test_normal_is_normalized ... ok
[INFO] [stdout] test features::spheres::normals_tests::test_normal_translated_sphere ... ok
[INFO] [stdout] test features::transformations::scaling_tests::test_inverse_of_scaling_matrix ... ok
[INFO] [stdout] test features::transformations::rotation_tests::test_rotation_x ... ok
[INFO] [stdout] test features::transformations::scaling_tests::test_scaling_matrix_to_point ... ok
[INFO] [stdout] test features::transformations::rotation_tests::test_rotation_y ... ok
[INFO] [stdout] test features::transformations::rotation_tests::test_rotation_z ... ok
[INFO] [stdout] test features::transformations::scaling_tests::test_reflection_scaling_by_negative_value ... ok
[INFO] [stdout] test features::transformations::shearing_tests::test_shearing_transformation_x_to_y ... ok
[INFO] [stdout] test features::transformations::scaling_tests::test_scaling_matrix_to_vector ... ok
[INFO] [stdout] test features::spheres::normals_tests::test_normal_on_nonaxial ... ok
[INFO] [stdout] test features::spheres::normals_tests::test_normal_on_y_axis ... ok
[INFO] [stdout] test features::transformations::shearing_tests::test_shearing_transformation_y_to_z ... ok
[INFO] [stdout] test features::transformations::translation_tests::test_multiplying_inverse_translation_matrix_to_point ... ok
[INFO] [stdout] test features::transformations::translation_tests::test_multiplying_translation_matrix_to_vector ... ok
[INFO] [stdout] test features::transformations::view_transformation_tests::test_arbitrary_view ... ok
[INFO] [stdout] test features::transformations::view_transformation_tests::test_default_view ... ok
[INFO] [stdout] test features::transformations::view_transformation_tests::test_moving_world ... ok
[INFO] [stdout] test features::transformations::view_transformation_tests::test_positive_z_direction ... ok
[INFO] [stdout] test features::tuple::reflect_tests::test_reflecting_at_45 ... ok
[INFO] [stdout] test features::tuple::reflect_tests::test_reflecting_off_slanted_surface ... ok
[INFO] [stdout] test features::tuple::tuple_tests::test_cross ... ok
[INFO] [stdout] test features::transformations::translation_tests::test_multiplying_translation_matrix_to_point ... ok
[INFO] [stdout] test features::world::world_tests::is_shadowed_tests::testing_no_shadow ... ok
[INFO] [stdout] test features::tuple::tuple_tests::test_mul_colors ... ok
[INFO] [stdout] test features::world::world_tests::refracted_color_tests::test_refracted_color_under_total_internal_reflection ... ok
[INFO] [stdout] test features::world::world_tests::reflected_color_tests::testing_reflected_color_for_nonreflective_material ... ok
[INFO] [stdout] test features::world::world_tests::is_shadowed_tests::testing_object_behind_light ... ok
[INFO] [stdout] test features::world::world_tests::is_shadowed_tests::testing_object_between_point_light ... ok
[INFO] [stdout] test features::world::world_tests::is_shadowed_tests::testing_object_behind_point ... ok
[INFO] [stdout] test features::world::world_tests::refracted_color_tests::test_refracted_color_at_max_recursive_depth ... ok
[INFO] [stdout] test features::world::world_tests::testing_intersect_world ... ok
[INFO] [stdout] test features::world::world_tests::testing_default_world ... ok
[INFO] [stdout] test features::world::world_tests::refracted_color_tests::test_refracted_color_with_opaque_surface ... ok
[INFO] [stdout] test features::world::world_tests::testing_shading_intersection ... ok
[INFO] [stdout] test features::world::world_tests::testing_shade_hit_given_intersection_in_shadow ... ok
[INFO] [stdout] test features::world::world_tests::reflected_color_tests::testing_shade_hit_with_reflective_material ... ok
[INFO] [stdout] test features::world::world_tests::reflected_color_tests::testing_color_at_with_mutually_reflective_surfaces ... ok
[INFO] [stdout] test features::world::world_tests::world_color_tests::testing_color_ray_miss ... ok
[INFO] [stdout] test features::world::world_tests::testing_shading_intersection_inside ... ok
[INFO] [stdout] test features::world::world_tests::world_color_tests::testing_color_ray_hits ... ok
[INFO] [stdout] test features::world::world_tests::reflected_color_tests::testing_reflected_color_for_reflective_material ... FAILED
[INFO] [stdout] test features::world::world_tests::refracted_color_tests::refracted_color_with_refracted_ray ... FAILED
[INFO] [stdout] test features::camera::cameras::rendering_tests::test_rendering_world_with_camera ... ok
[INFO] [stdout] 
[INFO] [stdout] failures:
[INFO] [stdout] 
[INFO] [stdout] ---- features::world::world_tests::reflected_color_tests::testing_reflected_color_for_reflective_material stdout ----
[INFO] [stdout] thread 'features::world::world_tests::reflected_color_tests::testing_reflected_color_for_reflective_material' panicked at src/features/world.rs:284:13:
[INFO] [stdout] assertion `left == right` failed
[INFO] [stdout]   left: Tuple { x: 0.19034664, y: 0.23793328, z: 0.14275998, w: Color }
[INFO] [stdout]  right: Tuple { x: 0.19032, y: 0.2379, z: 0.14274, w: Color }
[INFO] [stdout] stack backtrace:
[INFO] [stdout]    0:     0x564448c45eac - std::backtrace_rs::backtrace::libunwind::trace::ha637c64ce894333a
[INFO] [stdout]                                at /rustc/82e1608dfa6e0b5569232559e3d385fea5a93112/library/std/src/../../backtrace/src/backtrace/libunwind.rs:104:5
[INFO] [stdout]    1:     0x564448c45eac - std::backtrace_rs::backtrace::trace_unsynchronized::h47f62dea28e0c88d
[INFO] [stdout]                                at /rustc/82e1608dfa6e0b5569232559e3d385fea5a93112/library/std/src/../../backtrace/src/backtrace/mod.rs:66:5
[INFO] [stdout]    2:     0x564448c45eac - std::sys_common::backtrace::_print_fmt::h9eef0abe20ede486
[INFO] [stdout]                                at /rustc/82e1608dfa6e0b5569232559e3d385fea5a93112/library/std/src/sys_common/backtrace.rs:67:5
[INFO] [stdout]    3:     0x564448c45eac - <std::sys_common::backtrace::_print::DisplayBacktrace as core::fmt::Display>::fmt::hed7f999df88cc644
[INFO] [stdout]                                at /rustc/82e1608dfa6e0b5569232559e3d385fea5a93112/library/std/src/sys_common/backtrace.rs:44:22
[INFO] [stdout]    4:     0x564448c704e0 - core::fmt::rt::Argument::fmt::h1539a9308b8d058d
[INFO] [stdout]                                at /rustc/82e1608dfa6e0b5569232559e3d385fea5a93112/library/core/src/fmt/rt.rs:142:9
[INFO] [stdout]    5:     0x564448c704e0 - core::fmt::write::h3a39390d8560d9c9
[INFO] [stdout]                                at /rustc/82e1608dfa6e0b5569232559e3d385fea5a93112/library/core/src/fmt/mod.rs:1120:17
[INFO] [stdout]    6:     0x564448c437cf - std::io::Write::write_fmt::h040b369f3a0f9cbc
[INFO] [stdout]                                at /rustc/82e1608dfa6e0b5569232559e3d385fea5a93112/library/std/src/io/mod.rs:1762:15
[INFO] [stdout]    7:     0x564448c45c94 - std::sys_common::backtrace::_print::h894006fb5c6f3d45
[INFO] [stdout]                                at /rustc/82e1608dfa6e0b5569232559e3d385fea5a93112/library/std/src/sys_common/backtrace.rs:47:5
[INFO] [stdout]    8:     0x564448c45c94 - std::sys_common::backtrace::print::h23a2d212c6fff936
[INFO] [stdout]                                at /rustc/82e1608dfa6e0b5569232559e3d385fea5a93112/library/std/src/sys_common/backtrace.rs:34:9
[INFO] [stdout]    9:     0x564448c47957 - std::panicking::default_hook::{{closure}}::h8a1d2ee00185001a
[INFO] [stdout]   10:     0x564448c47643 - std::panicking::default_hook::h6038f2eba384e475
[INFO] [stdout]                                at /rustc/82e1608dfa6e0b5569232559e3d385fea5a93112/library/std/src/panicking.rs:289:9
[INFO] [stdout]   11:     0x564448b94c67 - <alloc::boxed::Box<F,A> as core::ops::function::Fn<Args>>::call::h0ad024c9bdc6d768
[INFO] [stdout]                                at /rustc/82e1608dfa6e0b5569232559e3d385fea5a93112/library/alloc/src/boxed.rs:2021:9
[INFO] [stdout]   12:     0x564448b94c67 - test::test_main::{{closure}}::h7500b54257359db6
[INFO] [stdout]                                at /rustc/82e1608dfa6e0b5569232559e3d385fea5a93112/library/test/src/lib.rs:138:21
[INFO] [stdout]   13:     0x564448c47f68 - <alloc::boxed::Box<F,A> as core::ops::function::Fn<Args>>::call::h1f8f335eaa9cfaee
[INFO] [stdout]                                at /rustc/82e1608dfa6e0b5569232559e3d385fea5a93112/library/alloc/src/boxed.rs:2021:9
[INFO] [stdout]   14:     0x564448c47f68 - std::panicking::rust_panic_with_hook::h2b5517d590cab22e
[INFO] [stdout]                                at /rustc/82e1608dfa6e0b5569232559e3d385fea5a93112/library/std/src/panicking.rs:783:13
[INFO] [stdout]   15:     0x564448c47cbe - std::panicking::begin_panic_handler::{{closure}}::h233112c06e0ef43e
[INFO] [stdout]                                at /rustc/82e1608dfa6e0b5569232559e3d385fea5a93112/library/std/src/panicking.rs:657:13
[INFO] [stdout]   16:     0x564448c46376 - std::sys_common::backtrace::__rust_end_short_backtrace::h6e893f24d7ebbff8
[INFO] [stdout]                                at /rustc/82e1608dfa6e0b5569232559e3d385fea5a93112/library/std/src/sys_common/backtrace.rs:170:18
[INFO] [stdout]   17:     0x564448c47a22 - rust_begin_unwind
[INFO] [stdout]                                at /rustc/82e1608dfa6e0b5569232559e3d385fea5a93112/library/std/src/panicking.rs:645:5
[INFO] [stdout]   18:     0x564448b27155 - core::panicking::panic_fmt::hbf0e066aabfa482c
[INFO] [stdout]                                at /rustc/82e1608dfa6e0b5569232559e3d385fea5a93112/library/core/src/panicking.rs:72:14
[INFO] [stdout]   19:     0x564448b275ab - core::panicking::assert_failed_inner::h0bba8b7c26ee4492
[INFO] [stdout]   20:     0x564448b47ece - core::panicking::assert_failed::h8ed30c2ddf491185
[INFO] [stdout]                                at /rustc/82e1608dfa6e0b5569232559e3d385fea5a93112/library/core/src/panicking.rs:279:5
[INFO] [stdout]   21:     0x564448b465cd - ray_tracer_challenge::features::world::world_tests::reflected_color_tests::testing_reflected_color_for_reflective_material::h8ceb4b9f59fc318f
[INFO] [stdout]                                at /opt/rustwide/workdir/src/features/world.rs:284:13
[INFO] [stdout]   22:     0x564448b46147 - ray_tracer_challenge::features::world::world_tests::reflected_color_tests::testing_reflected_color_for_reflective_material::{{closure}}::ha8a42cb5565af848
[INFO] [stdout]                                at /opt/rustwide/workdir/src/features/world.rs:270:61
[INFO] [stdout]   23:     0x564448b5a346 - core::ops::function::FnOnce::call_once::h66d23e96ca977f3f
[INFO] [stdout]                                at /rustc/82e1608dfa6e0b5569232559e3d385fea5a93112/library/core/src/ops/function.rs:250:5
[INFO] [stdout]   24:     0x564448b9a2bf - core::ops::function::FnOnce::call_once::h2b5d431d5046312d
[INFO] [stdout]                                at /rustc/82e1608dfa6e0b5569232559e3d385fea5a93112/library/core/src/ops/function.rs:250:5
[INFO] [stdout]   25:     0x564448b9a2bf - test::__rust_begin_short_backtrace::h7714669af176e207
[INFO] [stdout]                                at /rustc/82e1608dfa6e0b5569232559e3d385fea5a93112/library/test/src/lib.rs:628:18
[INFO] [stdout]   26:     0x564448b992d5 - test::run_test_in_process::{{closure}}::h85218797dcbcec12
[INFO] [stdout]                                at /rustc/82e1608dfa6e0b5569232559e3d385fea5a93112/library/test/src/lib.rs:651:60
[INFO] [stdout]   27:     0x564448b992d5 - <core::panic::unwind_safe::AssertUnwindSafe<F> as core::ops::function::FnOnce<()>>::call_once::h76c106ea31c14d7b
[INFO] [stdout]                                at /rustc/82e1608dfa6e0b5569232559e3d385fea5a93112/library/core/src/panic/unwind_safe.rs:272:9
[INFO] [stdout]   28:     0x564448b992d5 - std::panicking::try::do_call::h3bd5d0f6620ee946
[INFO] [stdout]                                at /rustc/82e1608dfa6e0b5569232559e3d385fea5a93112/library/std/src/panicking.rs:552:40
[INFO] [stdout]   29:     0x564448b992d5 - std::panicking::try::h232e535e4744fe31
[INFO] [stdout]                                at /rustc/82e1608dfa6e0b5569232559e3d385fea5a93112/library/std/src/panicking.rs:516:19
[INFO] [stdout]   30:     0x564448b992d5 - std::panic::catch_unwind::h3ce3bd6ca8dbac68
[INFO] [stdout]                                at /rustc/82e1608dfa6e0b5569232559e3d385fea5a93112/library/std/src/panic.rs:142:14
[INFO] [stdout]   31:     0x564448b992d5 - test::run_test_in_process::hc97b257c9621286a
[INFO] [stdout]                                at /rustc/82e1608dfa6e0b5569232559e3d385fea5a93112/library/test/src/lib.rs:651:27
[INFO] [stdout]   32:     0x564448b992d5 - test::run_test::{{closure}}::h2aa798823a438d38
[INFO] [stdout]                                at /rustc/82e1608dfa6e0b5569232559e3d385fea5a93112/library/test/src/lib.rs:574:43
[INFO] [stdout]   33:     0x564448b61596 - test::run_test::{{closure}}::h87d231c78fb59832
[INFO] [stdout]                                at /rustc/82e1608dfa6e0b5569232559e3d385fea5a93112/library/test/src/lib.rs:602:41
[INFO] [stdout]   34:     0x564448b61596 - std::sys_common::backtrace::__rust_begin_short_backtrace::he6df152596625789
[INFO] [stdout]                                at /rustc/82e1608dfa6e0b5569232559e3d385fea5a93112/library/std/src/sys_common/backtrace.rs:154:18
[INFO] [stdout]   35:     0x564448b66647 - std::thread::Builder::spawn_unchecked_::{{closure}}::{{closure}}::ha94be15d1e0acf36
[INFO] [stdout]                                at /rustc/82e1608dfa6e0b5569232559e3d385fea5a93112/library/std/src/thread/mod.rs:529:17
[INFO] [stdout]   36:     0x564448b66647 - <core::panic::unwind_safe::AssertUnwindSafe<F> as core::ops::function::FnOnce<()>>::call_once::h9dc6bd6372f16606
[INFO] [stdout]                                at /rustc/82e1608dfa6e0b5569232559e3d385fea5a93112/library/core/src/panic/unwind_safe.rs:272:9
[INFO] [stdout]   37:     0x564448b66647 - std::panicking::try::do_call::h9057517f80303cd4
[INFO] [stdout]                                at /rustc/82e1608dfa6e0b5569232559e3d385fea5a93112/library/std/src/panicking.rs:552:40
[INFO] [stdout]   38:     0x564448b66647 - std::panicking::try::he3a30b11ee45340c
[INFO] [stdout]                                at /rustc/82e1608dfa6e0b5569232559e3d385fea5a93112/library/std/src/panicking.rs:516:19
[INFO] [stdout]   39:     0x564448b66647 - std::panic::catch_unwind::h410458cfd3528b8b
[INFO] [stdout]                                at /rustc/82e1608dfa6e0b5569232559e3d385fea5a93112/library/std/src/panic.rs:142:14
[INFO] [stdout]   40:     0x564448b66647 - std::thread::Builder::spawn_unchecked_::{{closure}}::h72ac3bdb567b737b
[INFO] [stdout]                                at /rustc/82e1608dfa6e0b5569232559e3d385fea5a93112/library/std/src/thread/mod.rs:528:30
[INFO] [stdout]   41:     0x564448b66647 - core::ops::function::FnOnce::call_once{{vtable.shim}}::h38f34da3654a8344
[INFO] [stdout]                                at /rustc/82e1608dfa6e0b5569232559e3d385fea5a93112/library/core/src/ops/function.rs:250:5
[INFO] [stdout]   42:     0x564448c4c9f5 - <alloc::boxed::Box<F,A> as core::ops::function::FnOnce<Args>>::call_once::hc7eafaff61e32df9
[INFO] [stdout]                                at /rustc/82e1608dfa6e0b5569232559e3d385fea5a93112/library/alloc/src/boxed.rs:2007:9
[INFO] [stdout]   43:     0x564448c4c9f5 - <alloc::boxed::Box<F,A> as core::ops::function::FnOnce<Args>>::call_once::h6ba4a5de48dd2304
[INFO] [stdout]                                at /rustc/82e1608dfa6e0b5569232559e3d385fea5a93112/library/alloc/src/boxed.rs:2007:9
[INFO] [stdout]   44:     0x564448c4c9f5 - std::sys::unix::thread::Thread::new::thread_start::he469335aef763e45
[INFO] [stdout]                                at /rustc/82e1608dfa6e0b5569232559e3d385fea5a93112/library/std/src/sys/unix/thread.rs:108:17
[INFO] [stdout]   45:     0x7ff322e9bac3 - <unknown>
[INFO] [stdout]   46:     0x7ff322f2cbf4 - __clone
[INFO] [stdout]   47:                0x0 - <unknown>
[INFO] [stdout] 
[INFO] [stdout] ---- features::world::world_tests::refracted_color_tests::refracted_color_with_refracted_ray stdout ----
[INFO] [stdout] thread 'features::world::world_tests::refracted_color_tests::refracted_color_with_refracted_ray' panicked at src/features/world.rs:404:13:
[INFO] [stdout] assertion `left == right` failed
[INFO] [stdout]   left: Tuple { x: 0.1, y: 0.1, z: 0.1, w: Color }
[INFO] [stdout]  right: Tuple { x: 0.0, y: 0.99888, z: 0.04725, w: Color }
[INFO] [stdout] stack backtrace:
[INFO] [stdout]    0:     0x564448c45eac - std::backtrace_rs::backtrace::libunwind::trace::ha637c64ce894333a
[INFO] [stdout]                                at /rustc/82e1608dfa6e0b5569232559e3d385fea5a93112/library/std/src/../../backtrace/src/backtrace/libunwind.rs:104:5
[INFO] [stdout]    1:     0x564448c45eac - std::backtrace_rs::backtrace::trace_unsynchronized::h47f62dea28e0c88d
[INFO] [stdout]                                at /rustc/82e1608dfa6e0b5569232559e3d385fea5a93112/library/std/src/../../backtrace/src/backtrace/mod.rs:66:5
[INFO] [stdout]    2:     0x564448c45eac - std::sys_common::backtrace::_print_fmt::h9eef0abe20ede486
[INFO] [stdout]                                at /rustc/82e1608dfa6e0b5569232559e3d385fea5a93112/library/std/src/sys_common/backtrace.rs:67:5
[INFO] [stdout]    3:     0x564448c45eac - <std::sys_common::backtrace::_print::DisplayBacktrace as core::fmt::Display>::fmt::hed7f999df88cc644
[INFO] [stdout]                                at /rustc/82e1608dfa6e0b5569232559e3d385fea5a93112/library/std/src/sys_common/backtrace.rs:44:22
[INFO] [stdout]    4:     0x564448c704e0 - core::fmt::rt::Argument::fmt::h1539a9308b8d058d
[INFO] [stdout]                                at /rustc/82e1608dfa6e0b5569232559e3d385fea5a93112/library/core/src/fmt/rt.rs:142:9
[INFO] [stdout]    5:     0x564448c704e0 - core::fmt::write::h3a39390d8560d9c9
[INFO] [stdout]                                at /rustc/82e1608dfa6e0b5569232559e3d385fea5a93112/library/core/src/fmt/mod.rs:1120:17
[INFO] [stdout]    6:     0x564448c437cf - std::io::Write::write_fmt::h040b369f3a0f9cbc
[INFO] [stdout]                                at /rustc/82e1608dfa6e0b5569232559e3d385fea5a93112/library/std/src/io/mod.rs:1762:15
[INFO] [stdout]    7:     0x564448c45c94 - std::sys_common::backtrace::_print::h894006fb5c6f3d45
[INFO] [stdout]                                at /rustc/82e1608dfa6e0b5569232559e3d385fea5a93112/library/std/src/sys_common/backtrace.rs:47:5
[INFO] [stdout]    8:     0x564448c45c94 - std::sys_common::backtrace::print::h23a2d212c6fff936
[INFO] [stdout]                                at /rustc/82e1608dfa6e0b5569232559e3d385fea5a93112/library/std/src/sys_common/backtrace.rs:34:9
[INFO] [stdout]    9:     0x564448c47957 - std::panicking::default_hook::{{closure}}::h8a1d2ee00185001a
[INFO] [stdout]   10:     0x564448c47643 - std::panicking::default_hook::h6038f2eba384e475
[INFO] [stdout]                                at /rustc/82e1608dfa6e0b5569232559e3d385fea5a93112/library/std/src/panicking.rs:289:9
[INFO] [stdout]   11:     0x564448b94c67 - <alloc::boxed::Box<F,A> as core::ops::function::Fn<Args>>::call::h0ad024c9bdc6d768
[INFO] [stdout]                                at /rustc/82e1608dfa6e0b5569232559e3d385fea5a93112/library/alloc/src/boxed.rs:2021:9
[INFO] [stdout]   12:     0x564448b94c67 - test::test_main::{{closure}}::h7500b54257359db6
[INFO] [stdout]                                at /rustc/82e1608dfa6e0b5569232559e3d385fea5a93112/library/test/src/lib.rs:138:21
[INFO] [stdout]   13:     0x564448c47f68 - <alloc::boxed::Box<F,A> as core::ops::function::Fn<Args>>::call::h1f8f335eaa9cfaee
[INFO] [stdout]                                at /rustc/82e1608dfa6e0b5569232559e3d385fea5a93112/library/alloc/src/boxed.rs:2021:9
[INFO] [stdout]   14:     0x564448c47f68 - std::panicking::rust_panic_with_hook::h2b5517d590cab22e
[INFO] [stdout]                                at /rustc/82e1608dfa6e0b5569232559e3d385fea5a93112/library/std/src/panicking.rs:783:13
[INFO] [stdout]   15:     0x564448c47cbe - std::panicking::begin_panic_handler::{{closure}}::h233112c06e0ef43e
[INFO] [stdout]                                at /rustc/82e1608dfa6e0b5569232559e3d385fea5a93112/library/std/src/panicking.rs:657:13
[INFO] [stdout]   16:     0x564448c46376 - std::sys_common::backtrace::__rust_end_short_backtrace::h6e893f24d7ebbff8
[INFO] [stdout]                                at /rustc/82e1608dfa6e0b5569232559e3d385fea5a93112/library/std/src/sys_common/backtrace.rs:170:18
[INFO] [stdout]   17:     0x564448c47a22 - rust_begin_unwind
[INFO] [stdout]                                at /rustc/82e1608dfa6e0b5569232559e3d385fea5a93112/library/std/src/panicking.rs:645:5
[INFO] [stdout]   18:     0x564448b27155 - core::panicking::panic_fmt::hbf0e066aabfa482c
[INFO] [stdout]                                at /rustc/82e1608dfa6e0b5569232559e3d385fea5a93112/library/core/src/panicking.rs:72:14
[INFO] [stdout]   19:     0x564448b275ab - core::panicking::assert_failed_inner::h0bba8b7c26ee4492
[INFO] [stdout]   20:     0x564448b47ece - core::panicking::assert_failed::h8ed30c2ddf491185
[INFO] [stdout]                                at /rustc/82e1608dfa6e0b5569232559e3d385fea5a93112/library/core/src/panicking.rs:279:5
[INFO] [stdout]   21:     0x564448b589c6 - ray_tracer_challenge::features::world::world_tests::refracted_color_tests::refracted_color_with_refracted_ray::h1167128d950557fc
[INFO] [stdout]                                at /opt/rustwide/workdir/src/features/world.rs:404:13
[INFO] [stdout]   22:     0x564448b57f67 - ray_tracer_challenge::features::world::world_tests::refracted_color_tests::refracted_color_with_refracted_ray::{{closure}}::hef96174fb49a91da
[INFO] [stdout]                                at /opt/rustwide/workdir/src/features/world.rs:381:48
[INFO] [stdout]   23:     0x564448b59746 - core::ops::function::FnOnce::call_once::h1dd03f617e79edba
[INFO] [stdout]                                at /rustc/82e1608dfa6e0b5569232559e3d385fea5a93112/library/core/src/ops/function.rs:250:5
[INFO] [stdout]   24:     0x564448b9a2bf - core::ops::function::FnOnce::call_once::h2b5d431d5046312d
[INFO] [stdout]                                at /rustc/82e1608dfa6e0b5569232559e3d385fea5a93112/library/core/src/ops/function.rs:250:5
[INFO] [stdout]   25:     0x564448b9a2bf - test::__rust_begin_short_backtrace::h7714669af176e207
[INFO] [stdout]                                at /rustc/82e1608dfa6e0b5569232559e3d385fea5a93112/library/test/src/lib.rs:628:18
[INFO] [stdout]   26:     0x564448b992d5 - test::run_test_in_process::{{closure}}::h85218797dcbcec12
[INFO] [stdout]                                at /rustc/82e1608dfa6e0b5569232559e3d385fea5a93112/library/test/src/lib.rs:651:60
[INFO] [stdout]   27:     0x564448b992d5 - <core::panic::unwind_safe::AssertUnwindSafe<F> as core::ops::function::FnOnce<()>>::call_once::h76c106ea31c14d7b
[INFO] [stdout]                                at /rustc/82e1608dfa6e0b5569232559e3d385fea5a93112/library/core/src/panic/unwind_safe.rs:272:9
[INFO] [stdout]   28:     0x564448b992d5 - std::panicking::try::do_call::h3bd5d0f6620ee946
[INFO] [stdout]                                at /rustc/82e1608dfa6e0b5569232559e3d385fea5a93112/library/std/src/panicking.rs:552:40
[INFO] [stdout]   29:     0x564448b992d5 - std::panicking::try::h232e535e4744fe31
[INFO] [stdout]                                at /rustc/82e1608dfa6e0b5569232559e3d385fea5a93112/library/std/src/panicking.rs:516:19
[INFO] [stdout]   30:     0x564448b992d5 - std::panic::catch_unwind::h3ce3bd6ca8dbac68
[INFO] [stdout]                                at /rustc/82e1608dfa6e0b5569232559e3d385fea5a93112/library/std/src/panic.rs:142:14
[INFO] [stdout]   31:     0x564448b992d5 - test::run_test_in_process::hc97b257c9621286a
[INFO] [stdout]                                at /rustc/82e1608dfa6e0b5569232559e3d385fea5a93112/library/test/src/lib.rs:651:27
[INFO] [stdout]   32:     0x564448b992d5 - test::run_test::{{closure}}::h2aa798823a438d38
[INFO] [stdout]                                at /rustc/82e1608dfa6e0b5569232559e3d385fea5a93112/library/test/src/lib.rs:574:43
[INFO] [stdout]   33:     0x564448b61596 - test::run_test::{{closure}}::h87d231c78fb59832
[INFO] [stdout]                                at /rustc/82e1608dfa6e0b5569232559e3d385fea5a93112/library/test/src/lib.rs:602:41
[INFO] [stdout]   34:     0x564448b61596 - std::sys_common::backtrace::__rust_begin_short_backtrace::he6df152596625789
[INFO] [stdout]                                at /rustc/82e1608dfa6e0b5569232559e3d385fea5a93112/library/std/src/sys_common/backtrace.rs:154:18
[INFO] [stdout]   35:     0x564448b66647 - std::thread::Builder::spawn_unchecked_::{{closure}}::{{closure}}::ha94be15d1e0acf36
[INFO] [stdout]                                at /rustc/82e1608dfa6e0b5569232559e3d385fea5a93112/library/std/src/thread/mod.rs:529:17
[INFO] [stdout]   36:     0x564448b66647 - <core::panic::unwind_safe::AssertUnwindSafe<F> as core::ops::function::FnOnce<()>>::call_once::h9dc6bd6372f16606
[INFO] [stdout]                                at /rustc/82e1608dfa6e0b5569232559e3d385fea5a93112/library/core/src/panic/unwind_safe.rs:272:9
[INFO] [stdout]   37:     0x564448b66647 - std::panicking::try::do_call::h9057517f80303cd4
[INFO] [stdout]                                at /rustc/82e1608dfa6e0b5569232559e3d385fea5a93112/library/std/src/panicking.rs:552:40
[INFO] [stdout]   38:     0x564448b66647 - std::panicking::try::he3a30b11ee45340c
[INFO] [stdout]                                at /rustc/82e1608dfa6e0b5569232559e3d385fea5a93112/library/std/src/panicking.rs:516:19
[INFO] [stdout]   39:     0x564448b66647 - std::panic::catch_unwind::h410458cfd3528b8b
[INFO] [stdout]                                at /rustc/82e1608dfa6e0b5569232559e3d385fea5a93112/library/std/src/panic.rs:142:14
[INFO] [stdout]   40:     0x564448b66647 - std::thread::Builder::spawn_unchecked_::{{closure}}::h72ac3bdb567b737b
[INFO] [stdout]                                at /rustc/82e1608dfa6e0b5569232559e3d385fea5a93112/library/std/src/thread/mod.rs:528:30
[INFO] [stdout]   41:     0x564448b66647 - core::ops::function::FnOnce::call_once{{vtable.shim}}::h38f34da3654a8344
[INFO] [stdout]                                at /rustc/82e1608dfa6e0b5569232559e3d385fea5a93112/library/core/src/ops/function.rs:250:5
[INFO] [stdout]   42:     0x564448c4c9f5 - <alloc::boxed::Box<F,A> as core::ops::function::FnOnce<Args>>::call_once::hc7eafaff61e32df9
[INFO] [stdout]                                at /rustc/82e1608dfa6e0b5569232559e3d385fea5a93112/library/alloc/src/boxed.rs:2007:9
[INFO] [stdout]   43:     0x564448c4c9f5 - <alloc::boxed::Box<F,A> as core::ops::function::FnOnce<Args>>::call_once::h6ba4a5de48dd2304
[INFO] [stdout]                                at /rustc/82e1608dfa6e0b5569232559e3d385fea5a93112/library/alloc/src/boxed.rs:2007:9
[INFO] [stdout]   44:     0x564448c4c9f5 - std::sys::unix::thread::Thread::new::thread_start::he469335aef763e45
[INFO] [stdout]                                at /rustc/82e1608dfa6e0b5569232559e3d385fea5a93112/library/std/src/sys/unix/thread.rs:108:17
[INFO] [stdout]   45:     0x7ff322e9bac3 - <unknown>
[INFO] [stdout]   46:     0x7ff322f2cbf4 - __clone
[INFO] [stdout]   47:                0x0 - <unknown>
[INFO] [stdout] 
[INFO] [stdout] 
[INFO] [stdout] failures:
[INFO] [stdout]     features::world::world_tests::reflected_color_tests::testing_reflected_color_for_reflective_material
[INFO] [stdout]     features::world::world_tests::refracted_color_tests::refracted_color_with_refracted_ray
[INFO] [stdout] 
[INFO] [stdout] test result: FAILED. 130 passed; 2 failed; 0 ignored; 0 measured; 0 filtered out; finished in 0.03s
[INFO] [stdout] 
[INFO] [stderr] error: test failed, to rerun pass `--bin ray-tracer-challenge`
[INFO] running `Command { std: "docker" "inspect" "87b45aef84716a53507d2cac0e196206d003fa8dc1f7aba74e6cb97ffe8cfcc0", kill_on_drop: false }`
[INFO] running `Command { std: "docker" "rm" "-f" "87b45aef84716a53507d2cac0e196206d003fa8dc1f7aba74e6cb97ffe8cfcc0", kill_on_drop: false }`
[INFO] [stdout] 87b45aef84716a53507d2cac0e196206d003fa8dc1f7aba74e6cb97ffe8cfcc0
[INFO] testing DarkhanShakhan/ray-tracer-challenge against beta-2023-12-22 for beta-1.76-1
[INFO] running `Command { std: "git" "clone" "/workspace/cache/git-repos/https%3A%2F%2Fgithub.com%2FDarkhanShakhan%2Fray-tracer-challenge" "/workspace/builds/worker-0-tc2/source", kill_on_drop: false }`
[INFO] [stderr] Cloning into '/workspace/builds/worker-0-tc2/source'...
[INFO] [stderr] done.
[INFO] validating manifest of git repo https://github.com/DarkhanShakhan/ray-tracer-challenge on toolchain beta-2023-12-22
[INFO] running `Command { std: CARGO_HOME="/workspace/cargo-home" RUSTUP_HOME="/workspace/rustup-home" "/workspace/cargo-home/bin/cargo" "+beta-2023-12-22" "metadata" "--manifest-path" "Cargo.toml" "--no-deps", kill_on_drop: false }`
[INFO] started tweaking git repo https://github.com/DarkhanShakhan/ray-tracer-challenge
[INFO] finished tweaking git repo https://github.com/DarkhanShakhan/ray-tracer-challenge
[INFO] tweaked toml for git repo https://github.com/DarkhanShakhan/ray-tracer-challenge written to /workspace/builds/worker-0-tc2/source/Cargo.toml
[INFO] crate git repo https://github.com/DarkhanShakhan/ray-tracer-challenge already has a lockfile, it will not be regenerated
[INFO] running `Command { std: CARGO_HOME="/workspace/cargo-home" RUSTUP_HOME="/workspace/rustup-home" "/workspace/cargo-home/bin/cargo" "+beta-2023-12-22" "fetch" "--manifest-path" "Cargo.toml", kill_on_drop: false }`
[INFO] running `Command { std: "docker" "create" "-v" "/var/lib/crater-agent-workspace/builds/worker-0-tc2/target:/opt/rustwide/target:rw,Z" "-v" "/var/lib/crater-agent-workspace/builds/worker-0-tc2/source:/opt/rustwide/workdir:ro,Z" "-v" "/var/lib/crater-agent-workspace/cargo-home:/opt/rustwide/cargo-home:ro,Z" "-v" "/var/lib/crater-agent-workspace/rustup-home:/opt/rustwide/rustup-home:ro,Z" "-e" "SOURCE_DIR=/opt/rustwide/workdir" "-e" "CARGO_TARGET_DIR=/opt/rustwide/target" "-e" "CARGO_HOME=/opt/rustwide/cargo-home" "-e" "RUSTUP_HOME=/opt/rustwide/rustup-home" "-w" "/opt/rustwide/workdir" "-m" "1610612736" "--user" "0:0" "--network" "none" "ghcr.io/rust-lang/crates-build-env/linux@sha256:2788e3201cd34a07e3172128adcd8b3090168a8e3bcc40d7c032b9dda1df7d1c" "/opt/rustwide/cargo-home/bin/cargo" "+beta-2023-12-22" "metadata" "--no-deps" "--format-version=1", kill_on_drop: false }`
[INFO] [stdout] 123ab2b3b169676cb445f2c0ef88bf32fb8daa0e13a23d2ba4c94c902165240b
[INFO] running `Command { std: "docker" "start" "-a" "123ab2b3b169676cb445f2c0ef88bf32fb8daa0e13a23d2ba4c94c902165240b", kill_on_drop: false }`
[INFO] running `Command { std: "docker" "inspect" "123ab2b3b169676cb445f2c0ef88bf32fb8daa0e13a23d2ba4c94c902165240b", kill_on_drop: false }`
[INFO] running `Command { std: "docker" "rm" "-f" "123ab2b3b169676cb445f2c0ef88bf32fb8daa0e13a23d2ba4c94c902165240b", kill_on_drop: false }`
[INFO] [stdout] 123ab2b3b169676cb445f2c0ef88bf32fb8daa0e13a23d2ba4c94c902165240b
[INFO] running `Command { std: "docker" "create" "-v" "/var/lib/crater-agent-workspace/builds/worker-0-tc2/target:/opt/rustwide/target:rw,Z" "-v" "/var/lib/crater-agent-workspace/builds/worker-0-tc2/source:/opt/rustwide/workdir:ro,Z" "-v" "/var/lib/crater-agent-workspace/cargo-home:/opt/rustwide/cargo-home:ro,Z" "-v" "/var/lib/crater-agent-workspace/rustup-home:/opt/rustwide/rustup-home:ro,Z" "-e" "SOURCE_DIR=/opt/rustwide/workdir" "-e" "CARGO_TARGET_DIR=/opt/rustwide/target" "-e" "CARGO_INCREMENTAL=0" "-e" "RUST_BACKTRACE=full" "-e" "RUSTFLAGS=--cap-lints=warn" "-e" "RUSTDOCFLAGS=--cap-lints=warn" "-e" "CARGO_HOME=/opt/rustwide/cargo-home" "-e" "RUSTUP_HOME=/opt/rustwide/rustup-home" "-w" "/opt/rustwide/workdir" "-m" "1610612736" "--user" "0:0" "--network" "none" "ghcr.io/rust-lang/crates-build-env/linux@sha256:2788e3201cd34a07e3172128adcd8b3090168a8e3bcc40d7c032b9dda1df7d1c" "/opt/rustwide/cargo-home/bin/cargo" "+beta-2023-12-22" "build" "--frozen" "--message-format=json", kill_on_drop: false }`
[INFO] [stdout] 2703e9e926d06a19f2b4fce63f9a183ea9eb2c9a29dc387814aa8f714dd1a63a
[INFO] running `Command { std: "docker" "start" "-a" "2703e9e926d06a19f2b4fce63f9a183ea9eb2c9a29dc387814aa8f714dd1a63a", kill_on_drop: false }`
[INFO] [stderr]    Compiling libc v0.2.147
[INFO] [stderr]    Compiling proc-macro2 v1.0.66
[INFO] [stderr]    Compiling cfg-if v1.0.0
[INFO] [stderr]    Compiling unicode-ident v1.0.11
[INFO] [stderr]    Compiling portable-atomic v1.4.2
[INFO] [stderr]    Compiling ppv-lite86 v0.2.17
[INFO] [stderr]    Compiling lazy_static v1.4.0
[INFO] [stderr]    Compiling unicode-width v0.1.10
[INFO] [stderr]    Compiling number_prefix v0.4.0
[INFO] [stderr]    Compiling quote v1.0.32
[INFO] [stderr]    Compiling syn v2.0.28
[INFO] [stderr]    Compiling getrandom v0.2.10
[INFO] [stderr]    Compiling console v0.15.7
[INFO] [stderr]    Compiling rand_core v0.6.4
[INFO] [stderr]    Compiling rand_chacha v0.3.1
[INFO] [stderr]    Compiling indicatif v0.17.6
[INFO] [stderr]    Compiling rand v0.8.5
[INFO] [stderr]    Compiling uuid-macro-internal v1.4.1
[INFO] [stderr]    Compiling uuid v1.4.1
[INFO] [stderr]    Compiling ray-tracer-challenge v0.1.0 (/opt/rustwide/workdir)
[INFO] [stdout] warning: unused imports: `intersections`, `self`
[INFO] [stdout]  --> src/features/cube.rs:8:21
[INFO] [stdout]   |
[INFO] [stdout] 8 |     intersections::{self, intersections, Intersection},
[INFO] [stdout]   |                     ^^^^  ^^^^^^^^^^^^^
[INFO] [stdout]   |
[INFO] [stdout]   = note: `#[warn(unused_imports)]` on by default
[INFO] [stdout] 
[INFO] [stdout] 
[INFO] [stdout] warning: unused import: `hit`
[INFO] [stdout]    --> src/features/intersections.rs:178:17
[INFO] [stdout]     |
[INFO] [stdout] 178 |     use super::{hit, Intersection};
[INFO] [stdout]     |                 ^^^
[INFO] [stdout] 
[INFO] [stdout] 
[INFO] [stdout] warning: unused import: `rays::transform`
[INFO] [stdout]  --> src/features/planes.rs:1:23
[INFO] [stdout]   |
[INFO] [stdout] 1 | use crate::features::{rays::transform, shape::Shape};
[INFO] [stdout]   |                       ^^^^^^^^^^^^^^^
[INFO] [stdout] 
[INFO] [stdout] 
[INFO] [stdout] warning: unused imports: `self`, `transform`
[INFO] [stdout]  --> src/features/spheres.rs:4:21
[INFO] [stdout]   |
[INFO] [stdout] 4 |     intersections::{self, intersections, Intersection},
[INFO] [stdout]   |                     ^^^^
[INFO] [stdout] ...
[INFO] [stdout] 7 |     rays::{transform, Ray},
[INFO] [stdout]   |            ^^^^^^^^^
[INFO] [stdout] 
[INFO] [stdout] 
[INFO] [stdout] warning: unused imports: `Gradient`, `Ring`, `Stripe`, `rotation_z`, `shearing`
[INFO] [stdout]   --> src/practice/sphere.rs:8:25
[INFO] [stdout]    |
[INFO] [stdout] 8  |     patterns::{Checker, Gradient, Pattern, Ring, Stripe},
[INFO] [stdout]    |                         ^^^^^^^^           ^^^^  ^^^^^^
[INFO] [stdout] ...
[INFO] [stdout] 13 |         rotation_x, rotation_y, rotation_z, scaling, shearing, translation, view_transformation,
[INFO] [stdout]    |                                 ^^^^^^^^^^           ^^^^^^^^
[INFO] [stdout] 
[INFO] [stdout] 
[INFO] [stdout] warning: method `pixel_at` is never used
[INFO] [stdout]   --> src/features/canvas.rs:20:12
[INFO] [stdout]    |
[INFO] [stdout] 9  | impl Canvas {
[INFO] [stdout]    | ----------- method in this implementation
[INFO] [stdout] ...
[INFO] [stdout] 20 |     pub fn pixel_at(&self, x: usize, y: usize) -> Tuple {
[INFO] [stdout]    |            ^^^^^^^^
[INFO] [stdout]    |
[INFO] [stdout]    = note: `#[warn(dead_code)]` on by default
[INFO] [stdout] 
[INFO] [stdout] 
[INFO] [stdout] warning: associated function `random` is never used
[INFO] [stdout]   --> src/features/matrice.rs:23:8
[INFO] [stdout]    |
[INFO] [stdout] 14 | impl Matrice {
[INFO] [stdout]    | ------------ associated function in this implementation
[INFO] [stdout] ...
[INFO] [stdout] 23 |     fn random(size: usize) -> Self {
[INFO] [stdout]    |        ^^^^^^
[INFO] [stdout] 
[INFO] [stdout] 
[INFO] [stdout] warning: variants `Stripe`, `Gradient`, and `Ring` are never constructed
[INFO] [stdout]  --> src/features/patterns.rs:7:5
[INFO] [stdout]   |
[INFO] [stdout] 6 | pub enum Pattern {
[INFO] [stdout]   |          ------- variants in this enum
[INFO] [stdout] 7 |     Stripe(Stripe),
[INFO] [stdout]   |     ^^^^^^
[INFO] [stdout] 8 |     Gradient(Gradient),
[INFO] [stdout]   |     ^^^^^^^^
[INFO] [stdout] 9 |     Ring(Ring),
[INFO] [stdout]   |     ^^^^
[INFO] [stdout]   |
[INFO] [stdout]   = note: `Pattern` has derived impls for the traits `Clone` and `Debug`, but these are intentionally ignored during dead code analysis
[INFO] [stdout] 
[INFO] [stdout] 
[INFO] [stdout] warning: method `set_transform` is never used
[INFO] [stdout]   --> src/features/patterns.rs:33:12
[INFO] [stdout]    |
[INFO] [stdout] 13 | impl Pattern {
[INFO] [stdout]    | ------------ method in this implementation
[INFO] [stdout] ...
[INFO] [stdout] 33 |     pub fn set_transform(&mut self, transform: Matrice) {
[INFO] [stdout]    |            ^^^^^^^^^^^^^
[INFO] [stdout] 
[INFO] [stdout] 
[INFO] [stdout] warning: associated items `new`, `at_object`, and `set_transform` are never used
[INFO] [stdout]   --> src/features/patterns.rs:51:12
[INFO] [stdout]    |
[INFO] [stdout] 50 | impl Stripe {
[INFO] [stdout]    | ----------- associated items in this implementation
[INFO] [stdout] 51 |     pub fn new(a: Tuple, b: Tuple) -> Self {
[INFO] [stdout]    |            ^^^
[INFO] [stdout] ...
[INFO] [stdout] 64 |     pub fn at_object(&self, object: &Shape, point: &Tuple) -> Tuple {
[INFO] [stdout]    |            ^^^^^^^^^
[INFO] [stdout] ...
[INFO] [stdout] 70 |     pub fn set_transform(&mut self, tranform: Matrice) {
[INFO] [stdout]    |            ^^^^^^^^^^^^^
[INFO] [stdout] 
[INFO] [stdout] 
[INFO] [stdout] warning: associated items `new` and `set_transform` are never used
[INFO] [stdout]    --> src/features/patterns.rs:169:12
[INFO] [stdout]     |
[INFO] [stdout] 168 | impl Gradient {
[INFO] [stdout]     | ------------- associated items in this implementation
[INFO] [stdout] 169 |     pub fn new(from: Tuple, to: Tuple) -> Self {
[INFO] [stdout]     |            ^^^
[INFO] [stdout] ...
[INFO] [stdout] 182 |     pub fn set_transform(&mut self, tranform: Matrice) {
[INFO] [stdout]     |            ^^^^^^^^^^^^^
[INFO] [stdout] 
[INFO] [stdout] 
[INFO] [stdout] warning: associated items `new`, `set_transform`, and `transform` are never used
[INFO] [stdout]    --> src/features/patterns.rs:229:12
[INFO] [stdout]     |
[INFO] [stdout] 228 | impl Ring {
[INFO] [stdout]     | --------- associated items in this implementation
[INFO] [stdout] 229 |     pub fn new(a: Tuple, b: Tuple) -> Ring {
[INFO] [stdout]     |            ^^^
[INFO] [stdout] ...
[INFO] [stdout] 237 |     pub fn set_transform(&mut self, transform: Matrice) {
[INFO] [stdout]     |            ^^^^^^^^^^^^^
[INFO] [stdout] ...
[INFO] [stdout] 240 |     pub fn transform(&self) -> Matrice {
[INFO] [stdout]     |            ^^^^^^^^^
[INFO] [stdout] 
[INFO] [stdout] 
[INFO] [stdout] warning: methods `set_transform` and `transform` are never used
[INFO] [stdout]    --> src/features/patterns.rs:299:12
[INFO] [stdout]     |
[INFO] [stdout] 291 | impl Checker {
[INFO] [stdout]     | ------------ methods in this implementation
[INFO] [stdout] ...
[INFO] [stdout] 299 |     pub fn set_transform(&mut self, transform: Matrice) {
[INFO] [stdout]     |            ^^^^^^^^^^^^^
[INFO] [stdout] ...
[INFO] [stdout] 302 |     pub fn transform(&self) -> Matrice {
[INFO] [stdout]     |            ^^^^^^^^^
[INFO] [stdout] 
[INFO] [stdout] 
[INFO] [stdout] warning: method `set_material_ambient` is never used
[INFO] [stdout]   --> src/features/shape.rs:63:12
[INFO] [stdout]    |
[INFO] [stdout] 19 | impl Shape {
[INFO] [stdout]    | ---------- method in this implementation
[INFO] [stdout] ...
[INFO] [stdout] 63 |     pub fn set_material_ambient(&mut self, ambient: f32) {
[INFO] [stdout]    |            ^^^^^^^^^^^^^^^^^^^^
[INFO] [stdout] 
[INFO] [stdout] 
[INFO] [stdout] warning: associated function `glass_sphere` is never used
[INFO] [stdout]   --> src/features/spheres.rs:27:12
[INFO] [stdout]    |
[INFO] [stdout] 19 | impl Sphere {
[INFO] [stdout]    | ----------- associated function in this implementation
[INFO] [stdout] ...
[INFO] [stdout] 27 |     pub fn glass_sphere() -> Self {
[INFO] [stdout]    |            ^^^^^^^^^^^^
[INFO] [stdout] 
[INFO] [stdout] 
[INFO] [stdout] warning: function `rotation_z` is never used
[INFO] [stdout]   --> src/features/transformations.rs:36:8
[INFO] [stdout]    |
[INFO] [stdout] 36 | pub fn rotation_z(rad: f32) -> Matrice {
[INFO] [stdout]    |        ^^^^^^^^^^
[INFO] [stdout] 
[INFO] [stdout] 
[INFO] [stdout] warning: function `shearing` is never used
[INFO] [stdout]   --> src/features/transformations.rs:45:8
[INFO] [stdout]    |
[INFO] [stdout] 45 | pub fn shearing(xy: f32, xz: f32, yx: f32, yz: f32, zx: f32, zy: f32) -> Matrice {
[INFO] [stdout]    |        ^^^^^^^^
[INFO] [stdout] 
[INFO] [stdout] 
[INFO] [stdout] warning: methods `set_light` and `refracted_color` are never used
[INFO] [stdout]   --> src/features/world.rs:24:12
[INFO] [stdout]    |
[INFO] [stdout] 17 | impl World {
[INFO] [stdout]    | ---------- methods in this implementation
[INFO] [stdout] ...
[INFO] [stdout] 24 |     pub fn set_light(&mut self, light: Light) {
[INFO] [stdout]    |            ^^^^^^^^^
[INFO] [stdout] ...
[INFO] [stdout] 70 |     pub fn refracted_color(&self, comps: &Computation, remaining: u32) -> Tuple {
[INFO] [stdout]    |            ^^^^^^^^^^^^^^^
[INFO] [stdout] 
[INFO] [stdout] 
[INFO] [stdout] warning: 18 warnings emitted
[INFO] [stdout] 
[INFO] [stdout] 
[INFO] [stderr]     Finished dev [unoptimized + debuginfo] target(s) in 3.36s
[INFO] running `Command { std: "docker" "inspect" "2703e9e926d06a19f2b4fce63f9a183ea9eb2c9a29dc387814aa8f714dd1a63a", kill_on_drop: false }`
[INFO] running `Command { std: "docker" "rm" "-f" "2703e9e926d06a19f2b4fce63f9a183ea9eb2c9a29dc387814aa8f714dd1a63a", kill_on_drop: false }`
[INFO] [stdout] 2703e9e926d06a19f2b4fce63f9a183ea9eb2c9a29dc387814aa8f714dd1a63a
[INFO] running `Command { std: "docker" "create" "-v" "/var/lib/crater-agent-workspace/builds/worker-0-tc2/target:/opt/rustwide/target:rw,Z" "-v" "/var/lib/crater-agent-workspace/builds/worker-0-tc2/source:/opt/rustwide/workdir:ro,Z" "-v" "/var/lib/crater-agent-workspace/cargo-home:/opt/rustwide/cargo-home:ro,Z" "-v" "/var/lib/crater-agent-workspace/rustup-home:/opt/rustwide/rustup-home:ro,Z" "-e" "SOURCE_DIR=/opt/rustwide/workdir" "-e" "CARGO_TARGET_DIR=/opt/rustwide/target" "-e" "CARGO_INCREMENTAL=0" "-e" "RUST_BACKTRACE=full" "-e" "RUSTFLAGS=--cap-lints=warn" "-e" "RUSTDOCFLAGS=--cap-lints=warn" "-e" "CARGO_HOME=/opt/rustwide/cargo-home" "-e" "RUSTUP_HOME=/opt/rustwide/rustup-home" "-w" "/opt/rustwide/workdir" "-m" "1610612736" "--user" "0:0" "--network" "none" "ghcr.io/rust-lang/crates-build-env/linux@sha256:2788e3201cd34a07e3172128adcd8b3090168a8e3bcc40d7c032b9dda1df7d1c" "/opt/rustwide/cargo-home/bin/cargo" "+beta-2023-12-22" "test" "--frozen" "--no-run" "--message-format=json", kill_on_drop: false }`
[INFO] [stdout] 3b458d3eb089eed8836d059e770865ffed69c65e3c7989df6d14fc1574f91527
[INFO] running `Command { std: "docker" "start" "-a" "3b458d3eb089eed8836d059e770865ffed69c65e3c7989df6d14fc1574f91527", kill_on_drop: false }`
[INFO] [stderr]    Compiling ray-tracer-challenge v0.1.0 (/opt/rustwide/workdir)
[INFO] [stdout] warning: unused imports: `intersections`, `self`
[INFO] [stdout]  --> src/features/cube.rs:8:21
[INFO] [stdout]   |
[INFO] [stdout] 8 |     intersections::{self, intersections, Intersection},
[INFO] [stdout]   |                     ^^^^  ^^^^^^^^^^^^^
[INFO] [stdout]   |
[INFO] [stdout]   = note: `#[warn(unused_imports)]` on by default
[INFO] [stdout] 
[INFO] [stdout] 
[INFO] [stdout] warning: unused import: `hit`
[INFO] [stdout]    --> src/features/intersections.rs:178:17
[INFO] [stdout]     |
[INFO] [stdout] 178 |     use super::{hit, Intersection};
[INFO] [stdout]     |                 ^^^
[INFO] [stdout] 
[INFO] [stdout] 
[INFO] [stdout] warning: unused import: `std::f32::EPSILON`
[INFO] [stdout]    --> src/features/intersections.rs:316:9
[INFO] [stdout]     |
[INFO] [stdout] 316 |     use std::f32::EPSILON;
[INFO] [stdout]     |         ^^^^^^^^^^^^^^^^^
[INFO] [stdout] 
[INFO] [stdout] 
[INFO] [stdout] warning: unused import: `rays::transform`
[INFO] [stdout]  --> src/features/planes.rs:1:23
[INFO] [stdout]   |
[INFO] [stdout] 1 | use crate::features::{rays::transform, shape::Shape};
[INFO] [stdout]   |                       ^^^^^^^^^^^^^^^
[INFO] [stdout] 
[INFO] [stdout] 
[INFO] [stdout] warning: unused imports: `self`, `transform`
[INFO] [stdout]  --> src/features/spheres.rs:4:21
[INFO] [stdout]   |
[INFO] [stdout] 4 |     intersections::{self, intersections, Intersection},
[INFO] [stdout]   |                     ^^^^
[INFO] [stdout] ...
[INFO] [stdout] 7 |     rays::{transform, Ray},
[INFO] [stdout]   |            ^^^^^^^^^
[INFO] [stdout] 
[INFO] [stdout] 
[INFO] [stdout] warning: unused import: `Checker`
[INFO] [stdout]    --> src/features/world.rs:324:41
[INFO] [stdout]     |
[INFO] [stdout] 324 |         use crate::features::patterns::{Checker, Pattern, Stripe};
[INFO] [stdout]     |                                         ^^^^^^^
[INFO] [stdout] 
[INFO] [stdout] 
[INFO] [stdout] warning: unused imports: `Gradient`, `Ring`, `Stripe`, `rotation_z`, `shearing`
[INFO] [stdout]   --> src/practice/sphere.rs:8:25
[INFO] [stdout]    |
[INFO] [stdout] 8  |     patterns::{Checker, Gradient, Pattern, Ring, Stripe},
[INFO] [stdout]    |                         ^^^^^^^^           ^^^^  ^^^^^^
[INFO] [stdout] ...
[INFO] [stdout] 13 |         rotation_x, rotation_y, rotation_z, scaling, shearing, translation, view_transformation,
[INFO] [stdout]    |                                 ^^^^^^^^^^           ^^^^^^^^
[INFO] [stdout] 
[INFO] [stdout] 
[INFO] [stdout] warning: variants `Gradient` and `Ring` are never constructed
[INFO] [stdout]  --> src/features/patterns.rs:8:5
[INFO] [stdout]   |
[INFO] [stdout] 6 | pub enum Pattern {
[INFO] [stdout]   |          ------- variants in this enum
[INFO] [stdout] 7 |     Stripe(Stripe),
[INFO] [stdout] 8 |     Gradient(Gradient),
[INFO] [stdout]   |     ^^^^^^^^
[INFO] [stdout] 9 |     Ring(Ring),
[INFO] [stdout]   |     ^^^^
[INFO] [stdout]   |
[INFO] [stdout]   = note: `Pattern` has derived impls for the traits `Clone` and `Debug`, but these are intentionally ignored during dead code analysis
[INFO] [stdout]   = note: `#[warn(dead_code)]` on by default
[INFO] [stdout] 
[INFO] [stdout] 
[INFO] [stdout] warning: method `set_transform` is never used
[INFO] [stdout]   --> src/features/patterns.rs:33:12
[INFO] [stdout]    |
[INFO] [stdout] 13 | impl Pattern {
[INFO] [stdout]    | ------------ method in this implementation
[INFO] [stdout] ...
[INFO] [stdout] 33 |     pub fn set_transform(&mut self, transform: Matrice) {
[INFO] [stdout]    |            ^^^^^^^^^^^^^
[INFO] [stdout] 
[INFO] [stdout] 
[INFO] [stdout] warning: method `set_transform` is never used
[INFO] [stdout]    --> src/features/patterns.rs:182:12
[INFO] [stdout]     |
[INFO] [stdout] 168 | impl Gradient {
[INFO] [stdout]     | ------------- method in this implementation
[INFO] [stdout] ...
[INFO] [stdout] 182 |     pub fn set_transform(&mut self, tranform: Matrice) {
[INFO] [stdout]     |            ^^^^^^^^^^^^^
[INFO] [stdout] 
[INFO] [stdout] 
[INFO] [stdout] warning: methods `set_transform` and `transform` are never used
[INFO] [stdout]    --> src/features/patterns.rs:237:12
[INFO] [stdout]     |
[INFO] [stdout] 228 | impl Ring {
[INFO] [stdout]     | --------- methods in this implementation
[INFO] [stdout] ...
[INFO] [stdout] 237 |     pub fn set_transform(&mut self, transform: Matrice) {
[INFO] [stdout]     |            ^^^^^^^^^^^^^
[INFO] [stdout] ...
[INFO] [stdout] 240 |     pub fn transform(&self) -> Matrice {
[INFO] [stdout]     |            ^^^^^^^^^
[INFO] [stdout] 
[INFO] [stdout] 
[INFO] [stdout] warning: methods `set_transform` and `transform` are never used
[INFO] [stdout]    --> src/features/patterns.rs:299:12
[INFO] [stdout]     |
[INFO] [stdout] 291 | impl Checker {
[INFO] [stdout]     | ------------ methods in this implementation
[INFO] [stdout] ...
[INFO] [stdout] 299 |     pub fn set_transform(&mut self, transform: Matrice) {
[INFO] [stdout]     |            ^^^^^^^^^^^^^
[INFO] [stdout] ...
[INFO] [stdout] 302 |     pub fn transform(&self) -> Matrice {
[INFO] [stdout]     |            ^^^^^^^^^
[INFO] [stdout] 
[INFO] [stdout] 
[INFO] [stdout] warning: 12 warnings emitted
[INFO] [stdout] 
[INFO] [stdout] 
[INFO] [stderr]     Finished test [unoptimized + debuginfo] target(s) in 0.90s
[INFO] running `Command { std: "docker" "inspect" "3b458d3eb089eed8836d059e770865ffed69c65e3c7989df6d14fc1574f91527", kill_on_drop: false }`
[INFO] running `Command { std: "docker" "rm" "-f" "3b458d3eb089eed8836d059e770865ffed69c65e3c7989df6d14fc1574f91527", kill_on_drop: false }`
[INFO] [stdout] 3b458d3eb089eed8836d059e770865ffed69c65e3c7989df6d14fc1574f91527
[INFO] running `Command { std: "docker" "create" "-v" "/var/lib/crater-agent-workspace/builds/worker-0-tc2/target:/opt/rustwide/target:rw,Z" "-v" "/var/lib/crater-agent-workspace/builds/worker-0-tc2/source:/opt/rustwide/workdir:ro,Z" "-v" "/var/lib/crater-agent-workspace/cargo-home:/opt/rustwide/cargo-home:ro,Z" "-v" "/var/lib/crater-agent-workspace/rustup-home:/opt/rustwide/rustup-home:ro,Z" "-e" "SOURCE_DIR=/opt/rustwide/workdir" "-e" "CARGO_TARGET_DIR=/opt/rustwide/target" "-e" "CARGO_INCREMENTAL=0" "-e" "RUST_BACKTRACE=full" "-e" "RUSTFLAGS=--cap-lints=warn" "-e" "RUSTDOCFLAGS=--cap-lints=warn" "-e" "CARGO_HOME=/opt/rustwide/cargo-home" "-e" "RUSTUP_HOME=/opt/rustwide/rustup-home" "-w" "/opt/rustwide/workdir" "-m" "1610612736" "--user" "0:0" "--network" "none" "ghcr.io/rust-lang/crates-build-env/linux@sha256:2788e3201cd34a07e3172128adcd8b3090168a8e3bcc40d7c032b9dda1df7d1c" "/opt/rustwide/cargo-home/bin/cargo" "+beta-2023-12-22" "test" "--frozen", kill_on_drop: false }`
[INFO] [stdout] 5e3eb47404298278b2a5f86df2755f368cae2959846f20ac04b04ebe536d7259
[INFO] running `Command { std: "docker" "start" "-a" "5e3eb47404298278b2a5f86df2755f368cae2959846f20ac04b04ebe536d7259", kill_on_drop: false }`
[INFO] [stderr] warning: unused imports: `intersections`, `self`
[INFO] [stderr]  --> src/features/cube.rs:8:21
[INFO] [stderr]   |
[INFO] [stderr] 8 |     intersections::{self, intersections, Intersection},
[INFO] [stderr]   |                     ^^^^  ^^^^^^^^^^^^^
[INFO] [stderr]   |
[INFO] [stderr]   = note: `#[warn(unused_imports)]` on by default
[INFO] [stderr] 
[INFO] [stderr] warning: unused import: `hit`
[INFO] [stderr]    --> src/features/intersections.rs:178:17
[INFO] [stderr]     |
[INFO] [stderr] 178 |     use super::{hit, Intersection};
[INFO] [stderr]     |                 ^^^
[INFO] [stderr] 
[INFO] [stderr] warning: unused import: `std::f32::EPSILON`
[INFO] [stderr]    --> src/features/intersections.rs:316:9
[INFO] [stderr]     |
[INFO] [stderr] 316 |     use std::f32::EPSILON;
[INFO] [stderr]     |         ^^^^^^^^^^^^^^^^^
[INFO] [stderr] 
[INFO] [stderr] warning: unused import: `rays::transform`
[INFO] [stderr]  --> src/features/planes.rs:1:23
[INFO] [stderr]   |
[INFO] [stderr] 1 | use crate::features::{rays::transform, shape::Shape};
[INFO] [stderr]   |                       ^^^^^^^^^^^^^^^
[INFO] [stderr] 
[INFO] [stderr] warning: unused imports: `self`, `transform`
[INFO] [stderr]  --> src/features/spheres.rs:4:21
[INFO] [stderr]   |
[INFO] [stderr] 4 |     intersections::{self, intersections, Intersection},
[INFO] [stderr]   |                     ^^^^
[INFO] [stderr] ...
[INFO] [stderr] 7 |     rays::{transform, Ray},
[INFO] [stderr]   |            ^^^^^^^^^
[INFO] [stderr] 
[INFO] [stderr] warning: unused import: `Checker`
[INFO] [stderr]    --> src/features/world.rs:324:41
[INFO] [stderr]     |
[INFO] [stderr] 324 |         use crate::features::patterns::{Checker, Pattern, Stripe};
[INFO] [stderr]     |                                         ^^^^^^^
[INFO] [stderr] 
[INFO] [stderr] warning: unused imports: `Gradient`, `Ring`, `Stripe`, `rotation_z`, `shearing`
[INFO] [stderr]   --> src/practice/sphere.rs:8:25
[INFO] [stderr]    |
[INFO] [stderr] 8  |     patterns::{Checker, Gradient, Pattern, Ring, Stripe},
[INFO] [stderr]    |                         ^^^^^^^^           ^^^^  ^^^^^^
[INFO] [stderr] ...
[INFO] [stderr] 13 |         rotation_x, rotation_y, rotation_z, scaling, shearing, translation, view_transformation,
[INFO] [stderr]    |                                 ^^^^^^^^^^           ^^^^^^^^
[INFO] [stderr] 
[INFO] [stderr] warning: variants `Gradient` and `Ring` are never constructed
[INFO] [stderr]  --> src/features/patterns.rs:8:5
[INFO] [stderr]   |
[INFO] [stderr] 6 | pub enum Pattern {
[INFO] [stderr]   |          ------- variants in this enum
[INFO] [stderr] 7 |     Stripe(Stripe),
[INFO] [stderr] 8 |     Gradient(Gradient),
[INFO] [stderr]   |     ^^^^^^^^
[INFO] [stderr] 9 |     Ring(Ring),
[INFO] [stderr]   |     ^^^^
[INFO] [stderr]   |
[INFO] [stderr]   = note: `Pattern` has derived impls for the traits `Clone` and `Debug`, but these are intentionally ignored during dead code analysis
[INFO] [stderr]   = note: `#[warn(dead_code)]` on by default
[INFO] [stderr] 
[INFO] [stderr] warning: method `set_transform` is never used
[INFO] [stderr]   --> src/features/patterns.rs:33:12
[INFO] [stderr]    |
[INFO] [stderr] 13 | impl Pattern {
[INFO] [stderr]    | ------------ method in this implementation
[INFO] [stderr] ...
[INFO] [stderr] 33 |     pub fn set_transform(&mut self, transform: Matrice) {
[INFO] [stderr]    |            ^^^^^^^^^^^^^
[INFO] [stderr] 
[INFO] [stderr] warning: method `set_transform` is never used
[INFO] [stderr]    --> src/features/patterns.rs:182:12
[INFO] [stderr]     |
[INFO] [stderr] 168 | impl Gradient {
[INFO] [stderr]     | ------------- method in this implementation
[INFO] [stderr] ...
[INFO] [stderr] 182 |     pub fn set_transform(&mut self, tranform: Matrice) {
[INFO] [stderr]     |            ^^^^^^^^^^^^^
[INFO] [stderr] 
[INFO] [stderr] warning: methods `set_transform` and `transform` are never used
[INFO] [stderr]    --> src/features/patterns.rs:237:12
[INFO] [stderr]     |
[INFO] [stderr] 228 | impl Ring {
[INFO] [stderr]     | --------- methods in this implementation
[INFO] [stderr] ...
[INFO] [stderr] 237 |     pub fn set_transform(&mut self, transform: Matrice) {
[INFO] [stderr]     |            ^^^^^^^^^^^^^
[INFO] [stderr] ...
[INFO] [stderr] 240 |     pub fn transform(&self) -> Matrice {
[INFO] [stderr]     |            ^^^^^^^^^
[INFO] [stderr] 
[INFO] [stderr] warning: methods `set_transform` and `transform` are never used
[INFO] [stderr]    --> src/features/patterns.rs:299:12
[INFO] [stderr]     |
[INFO] [stderr] 291 | impl Checker {
[INFO] [stderr]     | ------------ methods in this implementation
[INFO] [stderr] ...
[INFO] [stderr] 299 |     pub fn set_transform(&mut self, transform: Matrice) {
[INFO] [stderr]     |            ^^^^^^^^^^^^^
[INFO] [stderr] ...
[INFO] [stderr] 302 |     pub fn transform(&self) -> Matrice {
[INFO] [stderr]     |            ^^^^^^^^^
[INFO] [stderr] 
[INFO] [stderr] warning: `ray-tracer-challenge` (bin "ray-tracer-challenge" test) generated 12 warnings (run `cargo fix --bin "ray-tracer-challenge" --tests` to apply 7 suggestions)
[INFO] [stderr]     Finished test [unoptimized + debuginfo] target(s) in 0.02s
[INFO] [stderr]      Running unittests src/main.rs (/opt/rustwide/target/debug/deps/ray_tracer_challenge-18e5688f1798efc0)
[INFO] [stdout] 
[INFO] [stdout] running 132 tests
[INFO] [stdout] test features::camera::cameras::cameras_tests::testing_pixel_size_horizontal_canvas ... ok
[INFO] [stdout] test features::camera::cameras::cameras_tests::testing_camera_construction ... ok
[INFO] [stdout] test features::camera::cameras::cameras_tests::testing_pixel_size_vertical_canvas ... ok
[INFO] [stdout] test features::camera::cameras::ray_for_pixel_tests::test_ray_through_canvas_center ... ok
[INFO] [stdout] test features::camera::cameras::ray_for_pixel_tests::test_ray_through_canvas_corner ... ok
[INFO] [stdout] test features::camera::cameras::ray_for_pixel_tests::test_ray_camera_transformed ... ok
[INFO] [stdout] test features::canvas::canvas_tests::test_canvas_new ... ok
[INFO] [stdout] test features::canvas::canvas_tests::test_write_pixel ... ok
[INFO] [stdout] test features::canvas::canvas_tests::test_canvas_to_ppm ... ok
[INFO] [stdout] test features::cube::cube_tests::normal_on_surface_of_cube ... ok
[INFO] [stdout] test features::cube::cube_tests::ray_intersects_cube ... ok
[INFO] [stdout] test features::cube::cube_tests::ray_misses_cube ... ok
[INFO] [stdout] test features::intersections::computations::computation_tests::test_hit_offset_point ... ok
[INFO] [stdout] test features::intersections::computations::computation_tests::test_hit_inside ... ok
[INFO] [stdout] test features::intersections::computations::computation_tests::test_prepare_computation ... ok
[INFO] [stdout] test features::intersections::intersection_tests::test_intersecting_sphere_two_points ... ok
[INFO] [stdout] test features::intersections::intersection_tests::test_intersecting_sphere_tangent ... ok
[INFO] [stdout] test features::intersections::computations::computation_tests::test_hit_outside ... ok
[INFO] [stdout] test features::intersections::intersect_transformed_sphere_test::test_translated_sphere ... ok
[INFO] [stdout] test features::intersections::reflectv_tests::test_precomputing_reflection_vector ... ok
[INFO] [stdout] test features::intersections::hit_tests::test_all_intersections_have_negative_t ... ok
[INFO] [stdout] test features::intersections::hit_tests::test_lowest_non_negative_t ... ok
[INFO] [stdout] test features::lights::light_tests::test_creating_light ... ok
[INFO] [stdout] test features::intersections::intersection_tests::test_sphere_behind_ray ... ok
[INFO] [stdout] test features::intersections::hit_tests::test_all_intersections_have_positive_t ... ok
[INFO] [stdout] test features::intersections::intersect_transformed_sphere_test::test_scaled_sphere ... ok
[INFO] [stdout] test features::intersections::reflection_refraction_tests::test_n1_n2 ... ok
[INFO] [stdout] test features::intersections::intersection_tests::test_intersecting_inside_sphere ... ok
[INFO] [stdout] test features::intersections::hit_tests::test_some_intersections_have_negative_t ... ok
[INFO] [stdout] test features::intersections::intersection_tests::test_creating_intersection ... ok
[INFO] [stdout] test features::intersections::intersection_tests::test_no_intersection ... ok
[INFO] [stdout] test features::materials::material_tests::test_creating_material ... ok
[INFO] [stdout] test features::intersections::reflection_refraction_tests::test_under_point ... ok
[INFO] [stdout] test features::materials::reflective_tests::test_reflective_field ... ok
[INFO] [stdout] test features::matrice::matrice_tests::test_cofactor ... ok
[INFO] [stdout] test features::matrice::matrice_tests::test_determinant ... ok
[INFO] [stdout] test features::materials::transparency_refractive_tests::test_transparency_refractive_index_default_material ... ok
[INFO] [stdout] test features::matrice::matrice_tests::test_identity_matrice ... ok
[INFO] [stdout] test features::matrice::matrice_tests::test_is_invertible ... ok
[INFO] [stdout] test features::matrice::matrice_tests::test_3d_determinant ... ok
[INFO] [stdout] test features::matrice::matrice_tests::test_inverse_matrix ... ok
[INFO] [stdout] test features::matrice::matrice_tests::test_inverse_identity_matrice ... ok
[INFO] [stdout] test features::matrice::matrice_tests::test_4d_determinant ... ok
[INFO] [stdout] test features::matrice::matrice_tests::test_matrice_not_equal ... ok
[INFO] [stdout] test features::matrice::matrice_tests::test_is_not_invertible ... ok
[INFO] [stdout] test features::matrice::matrice_tests::test_matrice_equal ... ok
[INFO] [stdout] test features::matrice::matrice_tests::test_matrice_mul ... ok
[INFO] [stdout] test features::matrice::matrice_tests::test_multiplying_matrix_to_tuple ... ok
[INFO] [stdout] test features::matrice::matrice_tests::test_minor ... ok
[INFO] [stdout] test features::patterns::checker_tests::test_checker_repeat_in_x ... ok
[INFO] [stdout] test features::patterns::checker_tests::test_checker_repeat_in_y ... ok
[INFO] [stdout] test features::matrice::matrice_tests::test_multiplying_inverse_to_matrice ... ok
[INFO] [stdout] test features::patterns::patterns_tests::create_pattern ... ok
[INFO] [stdout] test features::patterns::gradient_tests::gradient_test ... ok
[INFO] [stdout] test features::patterns::patterns_tests::stripe_pattern_alternates_in_x ... ok
[INFO] [stdout] test features::patterns::patterns_tests::stripes_with_object_transform ... ok
[INFO] [stdout] test features::matrice::matrice_tests::test_submatrice ... ok
[INFO] [stdout] test features::patterns::patterns_tests::stripe_pattern_constant_in_y ... ok
[INFO] [stdout] test features::patterns::checker_tests::test_checker_repeat_in_z ... ok
[INFO] [stdout] test features::matrice::matrice_tests::test_multiplying_inverse ... ok
[INFO] [stdout] test features::patterns::patterns_tests::stripes_with_pattern_and_object_transformation ... ok
[INFO] [stdout] test features::matrice::matrice_tests::test_transpose_matrice ... ok
[INFO] [stdout] test features::patterns::ring_tests::test_ring ... ok
[INFO] [stdout] test features::planes::plane_tests::constant_normal_everywhere ... ok
[INFO] [stdout] test features::planes::plane_tests::intersect_coplanar_ray ... ok
[INFO] [stdout] test features::patterns::patterns_tests::stripe_pattern_constant_in_z ... ok
[INFO] [stdout] test features::planes::plane_tests::intersect_ray_parallel_to_plane ... ok
[INFO] [stdout] test features::planes::plane_tests::ray_intersecting_plane_from_above ... ok
[INFO] [stdout] test features::rays::ray_transformation_tests::test_scaling_ray ... ok
[INFO] [stdout] test features::rays::ray_transformation_tests::test_translating_ray ... ok
[INFO] [stdout] test features::planes::plane_tests::ray_intersecting_plane_from_below ... ok
[INFO] [stdout] test features::shape::shape_tests::default_material ... ok
[INFO] [stdout] test features::rays::ray_tests::test_ray_position ... ok
[INFO] [stdout] test features::patterns::patterns_tests::stripes_with_pattern_transformation ... ok
[INFO] [stdout] test features::rays::ray_tests::test_creating_ray ... ok
[INFO] [stdout] test features::shape::shape_tests::assigning_transformation ... ok
[INFO] [stdout] test features::spheres::material_tests::test_assigning_material ... ok
[INFO] [stdout] test features::shape::shape_tests::assigning_material ... ok
[INFO] [stdout] test features::shape::shape_tests::computing_normal_on_translated_shape ... ok
[INFO] [stdout] test features::spheres::normals_tests::test_normal_transformed_sphere ... ok
[INFO] [stdout] test features::transformations::rotation_tests::test_rotation_x ... ok
[INFO] [stdout] test features::spheres::normals_tests::test_normal_on_y_axis ... ok
[INFO] [stdout] test features::transformations::rotation_tests::test_inverse_rotation_x ... ok
[INFO] [stdout] test features::shape::shape_tests::default_transformation ... ok
[INFO] [stdout] test features::shape::shape_tests::computing_normal_on_transformed_shape ... ok
[INFO] [stdout] test features::transformations::chained_tests::test_chained_tranformation ... ok
[INFO] [stdout] test features::spheres::material_tests::test_default_material ... ok
[INFO] [stdout] test features::transformations::rotation_tests::test_rotation_z ... ok
[INFO] [stdout] test features::transformations::scaling_tests::test_reflection_scaling_by_negative_value ... ok
[INFO] [stdout] test features::transformations::scaling_tests::test_inverse_of_scaling_matrix ... ok
[INFO] [stdout] test features::spheres::normals_tests::test_normal_on_nonaxial ... ok
[INFO] [stdout] test features::spheres::sphere_tests::test_set_tranform ... ok
[INFO] [stdout] test features::transformations::scaling_tests::test_scaling_matrix_to_point ... ok
[INFO] [stdout] test features::transformations::rotation_tests::test_rotation_y ... ok
[INFO] [stdout] test features::spheres::normals_tests::test_normal_is_normalized ... ok
[INFO] [stdout] test features::spheres::normals_tests::test_normal_translated_sphere ... ok
[INFO] [stdout] test features::transformations::shearing_tests::test_shearing_transformation_x_to_y ... ok
[INFO] [stdout] test features::spheres::normals_tests::test_normal_on_x_axis ... ok
[INFO] [stdout] test features::spheres::normals_tests::test_normal_on_z_axis ... ok
[INFO] [stdout] test features::transformations::view_transformation_tests::test_arbitrary_view ... ok
[INFO] [stdout] test features::transformations::view_transformation_tests::test_default_view ... ok
[INFO] [stdout] test features::transformations::scaling_tests::test_scaling_matrix_to_vector ... ok
[INFO] [stdout] test features::transformations::shearing_tests::test_shearing_transformation_y_to_z ... ok
[INFO] [stdout] test features::transformations::view_transformation_tests::test_moving_world ... ok
[INFO] [stdout] test features::transformations::translation_tests::test_multiplying_inverse_translation_matrix_to_point ... ok
[INFO] [stdout] test features::transformations::translation_tests::test_multiplying_translation_matrix_to_point ... ok
[INFO] [stdout] test features::transformations::translation_tests::test_multiplying_translation_matrix_to_vector ... ok
[INFO] [stdout] test features::tuple::tuple_tests::test_mul_colors ... ok
[INFO] [stdout] test features::transformations::view_transformation_tests::test_positive_z_direction ... ok
[INFO] [stdout] test features::tuple::reflect_tests::test_reflecting_off_slanted_surface ... ok
[INFO] [stdout] test features::tuple::tuple_tests::test_cross ... ok
[INFO] [stdout] test features::tuple::reflect_tests::test_reflecting_at_45 ... ok
[INFO] [stdout] test features::world::world_tests::is_shadowed_tests::testing_no_shadow ... ok
[INFO] [stdout] test features::world::world_tests::is_shadowed_tests::testing_object_behind_point ... ok
[INFO] [stdout] test features::world::world_tests::testing_default_world ... ok
[INFO] [stdout] test features::world::world_tests::testing_intersect_world ... ok
[INFO] [stdout] test features::world::world_tests::is_shadowed_tests::testing_object_behind_light ... ok
[INFO] [stdout] test features::world::world_tests::reflected_color_tests::testing_reflected_color_for_nonreflective_material ... ok
[INFO] [stdout] test features::world::world_tests::refracted_color_tests::test_refracted_color_with_opaque_surface ... ok
[INFO] [stdout] test features::world::world_tests::refracted_color_tests::test_refracted_color_under_total_internal_reflection ... ok
[INFO] [stdout] test features::world::world_tests::is_shadowed_tests::testing_object_between_point_light ... ok
[INFO] [stdout] test features::world::world_tests::testing_shade_hit_given_intersection_in_shadow ... ok
[INFO] [stdout] test features::world::world_tests::refracted_color_tests::test_refracted_color_at_max_recursive_depth ... ok
[INFO] [stdout] test features::world::world_tests::testing_shading_intersection ... ok
[INFO] [stdout] test features::world::world_tests::world_color_tests::testing_color_ray_hits ... ok
[INFO] [stdout] test features::world::world_tests::testing_shading_intersection_inside ... ok
[INFO] [stdout] test features::world::world_tests::world_color_tests::testing_color_ray_miss ... ok
[INFO] [stdout] test features::world::world_tests::reflected_color_tests::testing_shade_hit_with_reflective_material ... ok
[INFO] [stdout] test features::world::world_tests::reflected_color_tests::testing_color_at_with_mutually_reflective_surfaces ... ok
[INFO] [stdout] test features::world::world_tests::refracted_color_tests::refracted_color_with_refracted_ray ... FAILED
[INFO] [stdout] test features::world::world_tests::reflected_color_tests::testing_reflected_color_for_reflective_material ... FAILED
[INFO] [stdout] test features::camera::cameras::rendering_tests::test_rendering_world_with_camera ... ok
[INFO] [stdout] 
[INFO] [stdout] failures:
[INFO] [stdout] 
[INFO] [stdout] ---- features::world::world_tests::refracted_color_tests::refracted_color_with_refracted_ray stdout ----
[INFO] [stdout] thread 'features::world::world_tests::refracted_color_tests::refracted_color_with_refracted_ray' panicked at src/features/world.rs:404:13:
[INFO] [stdout] assertion `left == right` failed
[INFO] [stdout]   left: Tuple { x: 0.1, y: 0.1, z: 0.1, w: Color }
[INFO] [stdout]  right: Tuple { x: 0.0, y: 0.99888, z: 0.04725, w: Color }
[INFO] [stdout] stack backtrace:
[INFO] [stdout]    0:     0x5557624e0ea6 - std::backtrace_rs::backtrace::libunwind::trace::h261606ad26a499c1
[INFO] [stdout]                                at /rustc/0e09125c6c3c2fd70d7de961bcf0e51575235fad/library/std/src/../../backtrace/src/backtrace/libunwind.rs:104:5
[INFO] [stdout]    1:     0x5557624e0ea6 - std::backtrace_rs::backtrace::trace_unsynchronized::hd183f0625477fb28
[INFO] [stdout]                                at /rustc/0e09125c6c3c2fd70d7de961bcf0e51575235fad/library/std/src/../../backtrace/src/backtrace/mod.rs:66:5
[INFO] [stdout]    2:     0x5557624e0ea6 - std::sys_common::backtrace::_print_fmt::hd7f8fef21b4eda67
[INFO] [stdout]                                at /rustc/0e09125c6c3c2fd70d7de961bcf0e51575235fad/library/std/src/sys_common/backtrace.rs:68:5
[INFO] [stdout]    3:     0x5557624e0ea6 - <std::sys_common::backtrace::_print::DisplayBacktrace as core::fmt::Display>::fmt::h623d9b51f2f453f1
[INFO] [stdout]                                at /rustc/0e09125c6c3c2fd70d7de961bcf0e51575235fad/library/std/src/sys_common/backtrace.rs:44:22
[INFO] [stdout]    4:     0x55576250a7e0 - core::fmt::rt::Argument::fmt::h9f417ac76a86f368
[INFO] [stdout]                                at /rustc/0e09125c6c3c2fd70d7de961bcf0e51575235fad/library/core/src/fmt/rt.rs:142:9
[INFO] [stdout]    5:     0x55576250a7e0 - core::fmt::write::hc9b6faf4ac2aeff7
[INFO] [stdout]                                at /rustc/0e09125c6c3c2fd70d7de961bcf0e51575235fad/library/core/src/fmt/mod.rs:1120:17
[INFO] [stdout]    6:     0x5557624de88f - std::io::Write::write_fmt::he04625a3a989fec3
[INFO] [stdout]                                at /rustc/0e09125c6c3c2fd70d7de961bcf0e51575235fad/library/std/src/io/mod.rs:1810:15
[INFO] [stdout]    7:     0x5557624e0c84 - std::sys_common::backtrace::_print::hd5d66399c7df88a2
[INFO] [stdout]                                at /rustc/0e09125c6c3c2fd70d7de961bcf0e51575235fad/library/std/src/sys_common/backtrace.rs:47:5
[INFO] [stdout]    8:     0x5557624e0c84 - std::sys_common::backtrace::print::he81ed2da642d37e5
[INFO] [stdout]                                at /rustc/0e09125c6c3c2fd70d7de961bcf0e51575235fad/library/std/src/sys_common/backtrace.rs:34:9
[INFO] [stdout]    9:     0x5557624e29f7 - std::panicking::default_hook::{{closure}}::h85773f4fa117163d
[INFO] [stdout]   10:     0x5557624e26dd - std::panicking::default_hook::h6a1694a91d09b278
[INFO] [stdout]                                at /rustc/0e09125c6c3c2fd70d7de961bcf0e51575235fad/library/std/src/panicking.rs:289:9
[INFO] [stdout]   11:     0x55576242fbd7 - <alloc::boxed::Box<F,A> as core::ops::function::Fn<Args>>::call::h616ac37fa3cd6c8f
[INFO] [stdout]                                at /rustc/0e09125c6c3c2fd70d7de961bcf0e51575235fad/library/alloc/src/boxed.rs:2029:9
[INFO] [stdout]   12:     0x55576242fbd7 - test::test_main::{{closure}}::h00d84697cefdcbb6
[INFO] [stdout]                                at /rustc/0e09125c6c3c2fd70d7de961bcf0e51575235fad/library/test/src/lib.rs:138:21
[INFO] [stdout]   13:     0x5557624e3016 - <alloc::boxed::Box<F,A> as core::ops::function::Fn<Args>>::call::hcb3fe3b9bb537ba8
[INFO] [stdout]                                at /rustc/0e09125c6c3c2fd70d7de961bcf0e51575235fad/library/alloc/src/boxed.rs:2029:9
[INFO] [stdout]   14:     0x5557624e3016 - std::panicking::rust_panic_with_hook::h0a7ad96e90f7145b
[INFO] [stdout]                                at /rustc/0e09125c6c3c2fd70d7de961bcf0e51575235fad/library/std/src/panicking.rs:783:13
[INFO] [stdout]   15:     0x5557624e2d62 - std::panicking::begin_panic_handler::{{closure}}::h7919090525c6485e
[INFO] [stdout]                                at /rustc/0e09125c6c3c2fd70d7de961bcf0e51575235fad/library/std/src/panicking.rs:657:13
[INFO] [stdout]   16:     0x5557624e13a6 - std::sys_common::backtrace::__rust_end_short_backtrace::hf3289479464f7dfe
[INFO] [stdout]                                at /rustc/0e09125c6c3c2fd70d7de961bcf0e51575235fad/library/std/src/sys_common/backtrace.rs:171:18
[INFO] [stdout]   17:     0x5557624e2ac0 - rust_begin_unwind
[INFO] [stdout]                                at /rustc/0e09125c6c3c2fd70d7de961bcf0e51575235fad/library/std/src/panicking.rs:645:5
[INFO] [stdout]   18:     0x5557623c1135 - core::panicking::panic_fmt::hcc9f77c5c132af55
[INFO] [stdout]                                at /rustc/0e09125c6c3c2fd70d7de961bcf0e51575235fad/library/core/src/panicking.rs:72:14
[INFO] [stdout]   19:     0x5557623c15ab - core::panicking::assert_failed_inner::h9f13e27dd63c3a08
[INFO] [stdout]                                at /rustc/0e09125c6c3c2fd70d7de961bcf0e51575235fad/library/core/src/panicking.rs:342:17
[INFO] [stdout]   20:     0x5557623c822e - core::panicking::assert_failed::h6d1a9a94058749d9
[INFO] [stdout]                                at /rustc/0e09125c6c3c2fd70d7de961bcf0e51575235fad/library/core/src/panicking.rs:297:5
[INFO] [stdout]   21:     0x5557623ef126 - ray_tracer_challenge::features::world::world_tests::refracted_color_tests::refracted_color_with_refracted_ray::h74b838942f53fc4d
[INFO] [stdout]                                at /opt/rustwide/workdir/src/features/world.rs:404:13
[INFO] [stdout]   22:     0x5557623ee6c7 - ray_tracer_challenge::features::world::world_tests::refracted_color_tests::refracted_color_with_refracted_ray::{{closure}}::h51f4a9689ed87974
[INFO] [stdout]                                at /opt/rustwide/workdir/src/features/world.rs:381:48
[INFO] [stdout]   23:     0x5557623ce556 - core::ops::function::FnOnce::call_once::h0bf0b5273fba2a55
[INFO] [stdout]                                at /rustc/0e09125c6c3c2fd70d7de961bcf0e51575235fad/library/core/src/ops/function.rs:250:5
[INFO] [stdout]   24:     0x5557624354af - core::ops::function::FnOnce::call_once::hd64d26f405258157
[INFO] [stdout]                                at /rustc/0e09125c6c3c2fd70d7de961bcf0e51575235fad/library/core/src/ops/function.rs:250:5
[INFO] [stdout]   25:     0x5557624354af - test::__rust_begin_short_backtrace::he21b0b7a6d731bf9
[INFO] [stdout]                                at /rustc/0e09125c6c3c2fd70d7de961bcf0e51575235fad/library/test/src/lib.rs:627:18
[INFO] [stdout]   26:     0x555762434231 - test::run_test_in_process::{{closure}}::hf5c73986d7bdfde2
[INFO] [stdout]                                at /rustc/0e09125c6c3c2fd70d7de961bcf0e51575235fad/library/test/src/lib.rs:650:60
[INFO] [stdout]   27:     0x555762434231 - <core::panic::unwind_safe::AssertUnwindSafe<F> as core::ops::function::FnOnce<()>>::call_once::h330011ad032aadc0
[INFO] [stdout]                                at /rustc/0e09125c6c3c2fd70d7de961bcf0e51575235fad/library/core/src/panic/unwind_safe.rs:272:9
[INFO] [stdout]   28:     0x555762434231 - std::panicking::try::do_call::he61b0a958b795a41
[INFO] [stdout]                                at /rustc/0e09125c6c3c2fd70d7de961bcf0e51575235fad/library/std/src/panicking.rs:552:40
[INFO] [stdout]   29:     0x555762434231 - std::panicking::try::h7309da130f906eb7
[INFO] [stdout]                                at /rustc/0e09125c6c3c2fd70d7de961bcf0e51575235fad/library/std/src/panicking.rs:516:19
[INFO] [stdout]   30:     0x555762434231 - std::panic::catch_unwind::hc5c3a06fdaf0a92a
[INFO] [stdout]                                at /rustc/0e09125c6c3c2fd70d7de961bcf0e51575235fad/library/std/src/panic.rs:142:14
[INFO] [stdout]   31:     0x555762434231 - test::run_test_in_process::h7e7b7c71c3324e0f
[INFO] [stdout]                                at /rustc/0e09125c6c3c2fd70d7de961bcf0e51575235fad/library/test/src/lib.rs:650:27
[INFO] [stdout]   32:     0x555762434231 - test::run_test::{{closure}}::h1f509f28f5cf20b1
[INFO] [stdout]                                at /rustc/0e09125c6c3c2fd70d7de961bcf0e51575235fad/library/test/src/lib.rs:573:43
[INFO] [stdout]   33:     0x5557623fb566 - test::run_test::{{closure}}::h1754218abf443f6d
[INFO] [stdout]                                at /rustc/0e09125c6c3c2fd70d7de961bcf0e51575235fad/library/test/src/lib.rs:601:41
[INFO] [stdout]   34:     0x5557623fb566 - std::sys_common::backtrace::__rust_begin_short_backtrace::h2ee174b9d5954948
[INFO] [stdout]                                at /rustc/0e09125c6c3c2fd70d7de961bcf0e51575235fad/library/std/src/sys_common/backtrace.rs:155:18
[INFO] [stdout]   35:     0x5557624005c7 - std::thread::Builder::spawn_unchecked_::{{closure}}::{{closure}}::hf60bee9c1a17ef09
[INFO] [stdout]                                at /rustc/0e09125c6c3c2fd70d7de961bcf0e51575235fad/library/std/src/thread/mod.rs:529:17
[INFO] [stdout]   36:     0x5557624005c7 - <core::panic::unwind_safe::AssertUnwindSafe<F> as core::ops::function::FnOnce<()>>::call_once::h33d0dddec5216160
[INFO] [stdout]                                at /rustc/0e09125c6c3c2fd70d7de961bcf0e51575235fad/library/core/src/panic/unwind_safe.rs:272:9
[INFO] [stdout]   37:     0x5557624005c7 - std::panicking::try::do_call::h144b3048b546f835
[INFO] [stdout]                                at /rustc/0e09125c6c3c2fd70d7de961bcf0e51575235fad/library/std/src/panicking.rs:552:40
[INFO] [stdout]   38:     0x5557624005c7 - std::panicking::try::h978244d04646189f
[INFO] [stdout]                                at /rustc/0e09125c6c3c2fd70d7de961bcf0e51575235fad/library/std/src/panicking.rs:516:19
[INFO] [stdout]   39:     0x5557624005c7 - std::panic::catch_unwind::hdf436369d188fe86
[INFO] [stdout]                                at /rustc/0e09125c6c3c2fd70d7de961bcf0e51575235fad/library/std/src/panic.rs:142:14
[INFO] [stdout]   40:     0x5557624005c7 - std::thread::Builder::spawn_unchecked_::{{closure}}::h87329cbdd33c79ec
[INFO] [stdout]                                at /rustc/0e09125c6c3c2fd70d7de961bcf0e51575235fad/library/std/src/thread/mod.rs:528:30
[INFO] [stdout]   41:     0x5557624005c7 - core::ops::function::FnOnce::call_once{{vtable.shim}}::h401abbe67897d450
[INFO] [stdout]                                at /rustc/0e09125c6c3c2fd70d7de961bcf0e51575235fad/library/core/src/ops/function.rs:250:5
[INFO] [stdout]   42:     0x5557624e7ac5 - <alloc::boxed::Box<F,A> as core::ops::function::FnOnce<Args>>::call_once::h5d7c8f150ab9c84c
[INFO] [stdout]                                at /rustc/0e09125c6c3c2fd70d7de961bcf0e51575235fad/library/alloc/src/boxed.rs:2015:9
[INFO] [stdout]   43:     0x5557624e7ac5 - <alloc::boxed::Box<F,A> as core::ops::function::FnOnce<Args>>::call_once::h570d5b005c242c15
[INFO] [stdout]                                at /rustc/0e09125c6c3c2fd70d7de961bcf0e51575235fad/library/alloc/src/boxed.rs:2015:9
[INFO] [stdout]   44:     0x5557624e7ac5 - std::sys::unix::thread::Thread::new::thread_start::h36b0a20c0b2361ad
[INFO] [stdout]                                at /rustc/0e09125c6c3c2fd70d7de961bcf0e51575235fad/library/std/src/sys/unix/thread.rs:108:17
[INFO] [stdout]   45:     0x7fee1af26ac3 - <unknown>
[INFO] [stdout]   46:     0x7fee1afb7bf4 - __clone
[INFO] [stdout]   47:                0x0 - <unknown>
[INFO] [stdout] 
[INFO] [stdout] ---- features::world::world_tests::reflected_color_tests::testing_reflected_color_for_reflective_material stdout ----
[INFO] [stdout] thread 'features::world::world_tests::reflected_color_tests::testing_reflected_color_for_reflective_material' panicked at src/features/world.rs:284:13:
[INFO] [stdout] assertion `left == right` failed
[INFO] [stdout]   left: Tuple { x: 0.19034664, y: 0.23793328, z: 0.14275998, w: Color }
[INFO] [stdout]  right: Tuple { x: 0.19032, y: 0.2379, z: 0.14274, w: Color }
[INFO] [stdout] stack backtrace:
[INFO] [stdout]    0:     0x5557624e0ea6 - std::backtrace_rs::backtrace::libunwind::trace::h261606ad26a499c1
[INFO] [stdout]                                at /rustc/0e09125c6c3c2fd70d7de961bcf0e51575235fad/library/std/src/../../backtrace/src/backtrace/libunwind.rs:104:5
[INFO] [stdout]    1:     0x5557624e0ea6 - std::backtrace_rs::backtrace::trace_unsynchronized::hd183f0625477fb28
[INFO] [stdout]                                at /rustc/0e09125c6c3c2fd70d7de961bcf0e51575235fad/library/std/src/../../backtrace/src/backtrace/mod.rs:66:5
[INFO] [stdout]    2:     0x5557624e0ea6 - std::sys_common::backtrace::_print_fmt::hd7f8fef21b4eda67
[INFO] [stdout]                                at /rustc/0e09125c6c3c2fd70d7de961bcf0e51575235fad/library/std/src/sys_common/backtrace.rs:68:5
[INFO] [stdout]    3:     0x5557624e0ea6 - <std::sys_common::backtrace::_print::DisplayBacktrace as core::fmt::Display>::fmt::h623d9b51f2f453f1
[INFO] [stdout]                                at /rustc/0e09125c6c3c2fd70d7de961bcf0e51575235fad/library/std/src/sys_common/backtrace.rs:44:22
[INFO] [stdout]    4:     0x55576250a7e0 - core::fmt::rt::Argument::fmt::h9f417ac76a86f368
[INFO] [stdout]                                at /rustc/0e09125c6c3c2fd70d7de961bcf0e51575235fad/library/core/src/fmt/rt.rs:142:9
[INFO] [stdout]    5:     0x55576250a7e0 - core::fmt::write::hc9b6faf4ac2aeff7
[INFO] [stdout]                                at /rustc/0e09125c6c3c2fd70d7de961bcf0e51575235fad/library/core/src/fmt/mod.rs:1120:17
[INFO] [stdout]    6:     0x5557624de88f - std::io::Write::write_fmt::he04625a3a989fec3
[INFO] [stdout]                                at /rustc/0e09125c6c3c2fd70d7de961bcf0e51575235fad/library/std/src/io/mod.rs:1810:15
[INFO] [stdout]    7:     0x5557624e0c84 - std::sys_common::backtrace::_print::hd5d66399c7df88a2
[INFO] [stdout]                                at /rustc/0e09125c6c3c2fd70d7de961bcf0e51575235fad/library/std/src/sys_common/backtrace.rs:47:5
[INFO] [stdout]    8:     0x5557624e0c84 - std::sys_common::backtrace::print::he81ed2da642d37e5
[INFO] [stdout]                                at /rustc/0e09125c6c3c2fd70d7de961bcf0e51575235fad/library/std/src/sys_common/backtrace.rs:34:9
[INFO] [stdout]    9:     0x5557624e29f7 - std::panicking::default_hook::{{closure}}::h85773f4fa117163d
[INFO] [stdout]   10:     0x5557624e26dd - std::panicking::default_hook::h6a1694a91d09b278
[INFO] [stdout]                                at /rustc/0e09125c6c3c2fd70d7de961bcf0e51575235fad/library/std/src/panicking.rs:289:9
[INFO] [stdout]   11:     0x55576242fbd7 - <alloc::boxed::Box<F,A> as core::ops::function::Fn<Args>>::call::h616ac37fa3cd6c8f
[INFO] [stdout]                                at /rustc/0e09125c6c3c2fd70d7de961bcf0e51575235fad/library/alloc/src/boxed.rs:2029:9
[INFO] [stdout]   12:     0x55576242fbd7 - test::test_main::{{closure}}::h00d84697cefdcbb6
[INFO] [stdout]                                at /rustc/0e09125c6c3c2fd70d7de961bcf0e51575235fad/library/test/src/lib.rs:138:21
[INFO] [stdout]   13:     0x5557624e3016 - <alloc::boxed::Box<F,A> as core::ops::function::Fn<Args>>::call::hcb3fe3b9bb537ba8
[INFO] [stdout]                                at /rustc/0e09125c6c3c2fd70d7de961bcf0e51575235fad/library/alloc/src/boxed.rs:2029:9
[INFO] [stdout]   14:     0x5557624e3016 - std::panicking::rust_panic_with_hook::h0a7ad96e90f7145b
[INFO] [stdout]                                at /rustc/0e09125c6c3c2fd70d7de961bcf0e51575235fad/library/std/src/panicking.rs:783:13
[INFO] [stdout]   15:     0x5557624e2d62 - std::panicking::begin_panic_handler::{{closure}}::h7919090525c6485e
[INFO] [stdout]                                at /rustc/0e09125c6c3c2fd70d7de961bcf0e51575235fad/library/std/src/panicking.rs:657:13
[INFO] [stdout]   16:     0x5557624e13a6 - std::sys_common::backtrace::__rust_end_short_backtrace::hf3289479464f7dfe
[INFO] [stdout]                                at /rustc/0e09125c6c3c2fd70d7de961bcf0e51575235fad/library/std/src/sys_common/backtrace.rs:171:18
[INFO] [stdout]   17:     0x5557624e2ac0 - rust_begin_unwind
[INFO] [stdout]                                at /rustc/0e09125c6c3c2fd70d7de961bcf0e51575235fad/library/std/src/panicking.rs:645:5
[INFO] [stdout]   18:     0x5557623c1135 - core::panicking::panic_fmt::hcc9f77c5c132af55
[INFO] [stdout]                                at /rustc/0e09125c6c3c2fd70d7de961bcf0e51575235fad/library/core/src/panicking.rs:72:14
[INFO] [stdout]   19:     0x5557623c15ab - core::panicking::assert_failed_inner::h9f13e27dd63c3a08
[INFO] [stdout]                                at /rustc/0e09125c6c3c2fd70d7de961bcf0e51575235fad/library/core/src/panicking.rs:342:17
[INFO] [stdout]   20:     0x5557623c822e - core::panicking::assert_failed::h6d1a9a94058749d9
[INFO] [stdout]                                at /rustc/0e09125c6c3c2fd70d7de961bcf0e51575235fad/library/core/src/panicking.rs:297:5
[INFO] [stdout]   21:     0x5557623d808d - ray_tracer_challenge::features::world::world_tests::reflected_color_tests::testing_reflected_color_for_reflective_material::h1bc347d0bdab24ea
[INFO] [stdout]                                at /opt/rustwide/workdir/src/features/world.rs:284:13
[INFO] [stdout]   22:     0x5557623d7c07 - ray_tracer_challenge::features::world::world_tests::reflected_color_tests::testing_reflected_color_for_reflective_material::{{closure}}::h68d73045c0c71a5a
[INFO] [stdout]                                at /opt/rustwide/workdir/src/features/world.rs:270:61
[INFO] [stdout]   23:     0x5557623ce8a6 - core::ops::function::FnOnce::call_once::h294daaf0674c928a
[INFO] [stdout]                                at /rustc/0e09125c6c3c2fd70d7de961bcf0e51575235fad/library/core/src/ops/function.rs:250:5
[INFO] [stdout]   24:     0x5557624354af - core::ops::function::FnOnce::call_once::hd64d26f405258157
[INFO] [stdout]                                at /rustc/0e09125c6c3c2fd70d7de961bcf0e51575235fad/library/core/src/ops/function.rs:250:5
[INFO] [stdout]   25:     0x5557624354af - test::__rust_begin_short_backtrace::he21b0b7a6d731bf9
[INFO] [stdout]                                at /rustc/0e09125c6c3c2fd70d7de961bcf0e51575235fad/library/test/src/lib.rs:627:18
[INFO] [stdout]   26:     0x555762434231 - test::run_test_in_process::{{closure}}::hf5c73986d7bdfde2
[INFO] [stdout]                                at /rustc/0e09125c6c3c2fd70d7de961bcf0e51575235fad/library/test/src/lib.rs:650:60
[INFO] [stdout]   27:     0x555762434231 - <core::panic::unwind_safe::AssertUnwindSafe<F> as core::ops::function::FnOnce<()>>::call_once::h330011ad032aadc0
[INFO] [stdout]                                at /rustc/0e09125c6c3c2fd70d7de961bcf0e51575235fad/library/core/src/panic/unwind_safe.rs:272:9
[INFO] [stdout]   28:     0x555762434231 - std::panicking::try::do_call::he61b0a958b795a41
[INFO] [stdout]                                at /rustc/0e09125c6c3c2fd70d7de961bcf0e51575235fad/library/std/src/panicking.rs:552:40
[INFO] [stdout]   29:     0x555762434231 - std::panicking::try::h7309da130f906eb7
[INFO] [stdout]                                at /rustc/0e09125c6c3c2fd70d7de961bcf0e51575235fad/library/std/src/panicking.rs:516:19
[INFO] [stdout]   30:     0x555762434231 - std::panic::catch_unwind::hc5c3a06fdaf0a92a
[INFO] [stdout]                                at /rustc/0e09125c6c3c2fd70d7de961bcf0e51575235fad/library/std/src/panic.rs:142:14
[INFO] [stdout]   31:     0x555762434231 - test::run_test_in_process::h7e7b7c71c3324e0f
[INFO] [stdout]                                at /rustc/0e09125c6c3c2fd70d7de961bcf0e51575235fad/library/test/src/lib.rs:650:27
[INFO] [stdout]   32:     0x555762434231 - test::run_test::{{closure}}::h1f509f28f5cf20b1
[INFO] [stdout]                                at /rustc/0e09125c6c3c2fd70d7de961bcf0e51575235fad/library/test/src/lib.rs:573:43
[INFO] [stdout]   33:     0x5557623fb566 - test::run_test::{{closure}}::h1754218abf443f6d
[INFO] [stdout]                                at /rustc/0e09125c6c3c2fd70d7de961bcf0e51575235fad/library/test/src/lib.rs:601:41
[INFO] [stdout]   34:     0x5557623fb566 - std::sys_common::backtrace::__rust_begin_short_backtrace::h2ee174b9d5954948
[INFO] [stdout]                                at /rustc/0e09125c6c3c2fd70d7de961bcf0e51575235fad/library/std/src/sys_common/backtrace.rs:155:18
[INFO] [stdout]   35:     0x5557624005c7 - std::thread::Builder::spawn_unchecked_::{{closure}}::{{closure}}::hf60bee9c1a17ef09
[INFO] [stdout]                                at /rustc/0e09125c6c3c2fd70d7de961bcf0e51575235fad/library/std/src/thread/mod.rs:529:17
[INFO] [stdout]   36:     0x5557624005c7 - <core::panic::unwind_safe::AssertUnwindSafe<F> as core::ops::function::FnOnce<()>>::call_once::h33d0dddec5216160
[INFO] [stdout]                                at /rustc/0e09125c6c3c2fd70d7de961bcf0e51575235fad/library/core/src/panic/unwind_safe.rs:272:9
[INFO] [stdout]   37:     0x5557624005c7 - std::panicking::try::do_call::h144b3048b546f835
[INFO] [stdout]                                at /rustc/0e09125c6c3c2fd70d7de961bcf0e51575235fad/library/std/src/panicking.rs:552:40
[INFO] [stdout]   38:     0x5557624005c7 - std::panicking::try::h978244d04646189f
[INFO] [stdout]                                at /rustc/0e09125c6c3c2fd70d7de961bcf0e51575235fad/library/std/src/panicking.rs:516:19
[INFO] [stdout]   39:     0x5557624005c7 - std::panic::catch_unwind::hdf436369d188fe86
[INFO] [stdout]                                at /rustc/0e09125c6c3c2fd70d7de961bcf0e51575235fad/library/std/src/panic.rs:142:14
[INFO] [stdout]   40:     0x5557624005c7 - std::thread::Builder::spawn_unchecked_::{{closure}}::h87329cbdd33c79ec
[INFO] [stdout]                                at /rustc/0e09125c6c3c2fd70d7de961bcf0e51575235fad/library/std/src/thread/mod.rs:528:30
[INFO] [stdout]   41:     0x5557624005c7 - core::ops::function::FnOnce::call_once{{vtable.shim}}::h401abbe67897d450
[INFO] [stdout]                                at /rustc/0e09125c6c3c2fd70d7de961bcf0e51575235fad/library/core/src/ops/function.rs:250:5
[INFO] [stdout]   42:     0x5557624e7ac5 - <alloc::boxed::Box<F,A> as core::ops::function::FnOnce<Args>>::call_once::h5d7c8f150ab9c84c
[INFO] [stdout]                                at /rustc/0e09125c6c3c2fd70d7de961bcf0e51575235fad/library/alloc/src/boxed.rs:2015:9
[INFO] [stdout]   43:     0x5557624e7ac5 - <alloc::boxed::Box<F,A> as core::ops::function::FnOnce<Args>>::call_once::h570d5b005c242c15
[INFO] [stdout]                                at /rustc/0e09125c6c3c2fd70d7de961bcf0e51575235fad/library/alloc/src/boxed.rs:2015:9
[INFO] [stdout]   44:     0x5557624e7ac5 - std::sys::unix::thread::Thread::new::thread_start::h36b0a20c0b2361ad
[INFO] [stdout]                                at /rustc/0e09125c6c3c2fd70d7de961bcf0e51575235fad/library/std/src/sys/unix/thread.rs:108:17
[INFO] [stdout]   45:     0x7fee1af26ac3 - <unknown>
[INFO] [stdout]   46:     0x7fee1afb7bf4 - __clone
[INFO] [stdout]   47:                0x0 - <unknown>
[INFO] [stdout] 
[INFO] [stdout] 
[INFO] [stdout] failures:
[INFO] [stdout]     features::world::world_tests::reflected_color_tests::testing_reflected_color_for_reflective_material
[INFO] [stdout]     features::world::world_tests::refracted_color_tests::refracted_color_with_refracted_ray
[INFO] [stdout] 
[INFO] [stdout] test result: FAILED. 130 passed; 2 failed; 0 ignored; 0 measured; 0 filtered out; finished in 0.03s
[INFO] [stdout] 
[INFO] [stderr] error: test failed, to rerun pass `--bin ray-tracer-challenge`
[INFO] running `Command { std: "docker" "inspect" "5e3eb47404298278b2a5f86df2755f368cae2959846f20ac04b04ebe536d7259", kill_on_drop: false }`
[INFO] running `Command { std: "docker" "rm" "-f" "5e3eb47404298278b2a5f86df2755f368cae2959846f20ac04b04ebe536d7259", kill_on_drop: false }`
[INFO] [stdout] 5e3eb47404298278b2a5f86df2755f368cae2959846f20ac04b04ebe536d7259
