[INFO] cloning repository https://github.com/Dark-wiz/xendfinance_rust_sdk
[INFO] running `Command { std: "git" "-c" "credential.helper=" "-c" "credential.helper=/workspace/cargo-home/bin/git-credential-null" "clone" "--bare" "https://github.com/Dark-wiz/xendfinance_rust_sdk" "/workspace/cache/git-repos/https%3A%2F%2Fgithub.com%2FDark-wiz%2Fxendfinance_rust_sdk", kill_on_drop: false }`
[INFO] [stderr] Cloning into bare repository '/workspace/cache/git-repos/https%3A%2F%2Fgithub.com%2FDark-wiz%2Fxendfinance_rust_sdk'...
[INFO] running `Command { std: "git" "rev-parse" "HEAD", kill_on_drop: false }`
[INFO] [stdout] e91028f2f03e3d565e15a405b4d4c82d325302d2
[INFO] testing Dark-wiz/xendfinance_rust_sdk against 1.75.0 for beta-1.76-1
[INFO] running `Command { std: "git" "clone" "/workspace/cache/git-repos/https%3A%2F%2Fgithub.com%2FDark-wiz%2Fxendfinance_rust_sdk" "/workspace/builds/worker-1-tc1/source", kill_on_drop: false }`
[INFO] [stderr] Cloning into '/workspace/builds/worker-1-tc1/source'...
[INFO] [stderr] done.
[INFO] validating manifest of git repo https://github.com/Dark-wiz/xendfinance_rust_sdk on toolchain 1.75.0
[INFO] running `Command { std: CARGO_HOME="/workspace/cargo-home" RUSTUP_HOME="/workspace/rustup-home" "/workspace/cargo-home/bin/cargo" "+1.75.0" "metadata" "--manifest-path" "Cargo.toml" "--no-deps", kill_on_drop: false }`
[INFO] started tweaking git repo https://github.com/Dark-wiz/xendfinance_rust_sdk
[INFO] finished tweaking git repo https://github.com/Dark-wiz/xendfinance_rust_sdk
[INFO] tweaked toml for git repo https://github.com/Dark-wiz/xendfinance_rust_sdk written to /workspace/builds/worker-1-tc1/source/Cargo.toml
[INFO] crate git repo https://github.com/Dark-wiz/xendfinance_rust_sdk already has a lockfile, it will not be regenerated
[INFO] running `Command { std: CARGO_HOME="/workspace/cargo-home" RUSTUP_HOME="/workspace/rustup-home" "/workspace/cargo-home/bin/cargo" "+1.75.0" "fetch" "--manifest-path" "Cargo.toml", kill_on_drop: false }`
[INFO] [stderr]     Updating crates.io index
[INFO] [stderr]  Downloading crates ...
[INFO] [stderr]   Downloaded eth-keystore v0.4.2
[INFO] [stderr]   Downloaded bigdecimal v0.0.14
[INFO] [stderr]   Downloaded ether-converter v0.1.3
[INFO] [stderr]   Downloaded ethereum-tx-sign v4.0.0
[INFO] running `Command { std: "docker" "create" "-v" "/var/lib/crater-agent-workspace/builds/worker-1-tc1/target:/opt/rustwide/target:rw,Z" "-v" "/var/lib/crater-agent-workspace/builds/worker-1-tc1/source:/opt/rustwide/workdir:ro,Z" "-v" "/var/lib/crater-agent-workspace/cargo-home:/opt/rustwide/cargo-home:ro,Z" "-v" "/var/lib/crater-agent-workspace/rustup-home:/opt/rustwide/rustup-home:ro,Z" "-e" "SOURCE_DIR=/opt/rustwide/workdir" "-e" "CARGO_TARGET_DIR=/opt/rustwide/target" "-e" "CARGO_HOME=/opt/rustwide/cargo-home" "-e" "RUSTUP_HOME=/opt/rustwide/rustup-home" "-w" "/opt/rustwide/workdir" "-m" "1610612736" "--user" "0:0" "--network" "none" "ghcr.io/rust-lang/crates-build-env/linux@sha256:2788e3201cd34a07e3172128adcd8b3090168a8e3bcc40d7c032b9dda1df7d1c" "/opt/rustwide/cargo-home/bin/cargo" "+1.75.0" "metadata" "--no-deps" "--format-version=1", kill_on_drop: false }`
[INFO] [stdout] 9fbdf5ef20bce6eb6977c5521f1ab710074807aef435abcde0a6cc5b37afd598
[INFO] running `Command { std: "docker" "start" "-a" "9fbdf5ef20bce6eb6977c5521f1ab710074807aef435abcde0a6cc5b37afd598", kill_on_drop: false }`
[INFO] running `Command { std: "docker" "inspect" "9fbdf5ef20bce6eb6977c5521f1ab710074807aef435abcde0a6cc5b37afd598", kill_on_drop: false }`
[INFO] running `Command { std: "docker" "rm" "-f" "9fbdf5ef20bce6eb6977c5521f1ab710074807aef435abcde0a6cc5b37afd598", kill_on_drop: false }`
[INFO] [stdout] 9fbdf5ef20bce6eb6977c5521f1ab710074807aef435abcde0a6cc5b37afd598
[INFO] running `Command { std: "docker" "create" "-v" "/var/lib/crater-agent-workspace/builds/worker-1-tc1/target:/opt/rustwide/target:rw,Z" "-v" "/var/lib/crater-agent-workspace/builds/worker-1-tc1/source:/opt/rustwide/workdir:ro,Z" "-v" "/var/lib/crater-agent-workspace/cargo-home:/opt/rustwide/cargo-home:ro,Z" "-v" "/var/lib/crater-agent-workspace/rustup-home:/opt/rustwide/rustup-home:ro,Z" "-e" "SOURCE_DIR=/opt/rustwide/workdir" "-e" "CARGO_TARGET_DIR=/opt/rustwide/target" "-e" "CARGO_INCREMENTAL=0" "-e" "RUST_BACKTRACE=full" "-e" "RUSTFLAGS=--cap-lints=warn" "-e" "RUSTDOCFLAGS=--cap-lints=warn" "-e" "CARGO_HOME=/opt/rustwide/cargo-home" "-e" "RUSTUP_HOME=/opt/rustwide/rustup-home" "-w" "/opt/rustwide/workdir" "-m" "1610612736" "--user" "0:0" "--network" "none" "ghcr.io/rust-lang/crates-build-env/linux@sha256:2788e3201cd34a07e3172128adcd8b3090168a8e3bcc40d7c032b9dda1df7d1c" "/opt/rustwide/cargo-home/bin/cargo" "+1.75.0" "build" "--frozen" "--message-format=json", kill_on_drop: false }`
[INFO] [stdout] ddf2bf859c652ce5bd225b4fc9b6e099ee2b92d89eda97ab0d80c30c378af23a
[INFO] running `Command { std: "docker" "start" "-a" "ddf2bf859c652ce5bd225b4fc9b6e099ee2b92d89eda97ab0d80c30c378af23a", kill_on_drop: false }`
[INFO] [stderr]    Compiling proc-macro2 v1.0.43
[INFO] [stderr]    Compiling unicode-ident v1.0.3
[INFO] [stderr]    Compiling quote v1.0.21
[INFO] [stderr]    Compiling syn v1.0.99
[INFO] [stderr]    Compiling libc v0.2.127
[INFO] [stderr]    Compiling version_check v0.9.4
[INFO] [stderr]    Compiling serde_derive v1.0.143
[INFO] [stderr]    Compiling serde v1.0.143
[INFO] [stderr]    Compiling typenum v1.15.0
[INFO] [stderr]    Compiling once_cell v1.13.0
[INFO] [stderr]    Compiling subtle v2.4.1
[INFO] [stderr]    Compiling cc v1.0.73
[INFO] [stderr]    Compiling memchr v2.5.0
[INFO] [stderr]    Compiling byteorder v1.4.3
[INFO] [stderr]    Compiling base64ct v1.0.1
[INFO] [stderr]    Compiling log v0.4.17
[INFO] [stderr]    Compiling itoa v1.0.3
[INFO] [stderr]    Compiling pin-project-lite v0.2.9
[INFO] [stderr]    Compiling crunchy v0.2.2
[INFO] [stderr]    Compiling zeroize v1.5.7
[INFO] [stderr]    Compiling lock_api v0.4.7
[INFO] [stderr]    Compiling parking_lot_core v0.9.3
[INFO] [stderr]    Compiling num-traits v0.2.15
[INFO] [stderr]    Compiling generic-array v0.14.6
[INFO] [stderr]    Compiling cpufeatures v0.2.2
[INFO] [stderr]    Compiling smallvec v1.9.0
[INFO] [stderr]    Compiling rustc-hex v2.1.0
[INFO] [stderr]    Compiling hex v0.4.3
[INFO] [stderr]    Compiling scopeguard v1.1.0
[INFO] [stderr]    Compiling const-oid v0.9.0
[INFO] [stderr]    Compiling radium v0.7.0
[INFO] [stderr]    Compiling tokio v1.20.1
[INFO] [stderr]    Compiling der v0.6.0
[INFO] [stderr]    Compiling futures-core v0.3.21
[INFO] [stderr]    Compiling tap v1.0.1
[INFO] [stderr]    Compiling arrayvec v0.7.2
[INFO] [stderr]    Compiling tiny-keccak v2.0.2
[INFO] [stderr]    Compiling wyz v0.5.0
[INFO] [stderr]    Compiling funty v2.0.0
[INFO] [stderr]    Compiling static_assertions v1.1.0
[INFO] [stderr]    Compiling keccak v0.1.2
[INFO] [stderr]    Compiling pkg-config v0.3.25
[INFO] [stderr]    Compiling num-integer v0.1.45
[INFO] [stderr]    Compiling futures-task v0.3.21
[INFO] [stderr]    Compiling base16ct v0.1.1
[INFO] [stderr]    Compiling byte-slice-cast v1.2.1
[INFO] [stderr]    Compiling getrandom v0.2.7
[INFO] [stderr]    Compiling socket2 v0.4.4
[INFO] [stderr]    Compiling signal-hook-registry v1.4.0
[INFO] [stderr]    Compiling mio v0.8.4
[INFO] [stderr]    Compiling num_cpus v1.13.1
[INFO] [stderr]    Compiling rand_core v0.6.3
[INFO] [stderr]    Compiling ring v0.16.20
[INFO] [stderr]    Compiling parking_lot v0.12.1
[INFO] [stderr]    Compiling openssl-sys v0.9.75
[INFO] [stderr]    Compiling rand_chacha v0.3.1
[INFO] [stderr]    Compiling spki v0.6.0
[INFO] [stderr]    Compiling ff v0.12.0
[INFO] [stderr]    Compiling pkcs8 v0.9.0
[INFO] [stderr]    Compiling rand v0.8.5
[INFO] [stderr]    Compiling bitvec v1.0.1
[INFO] [stderr]    Compiling serde_json v1.0.83
[INFO] [stderr]    Compiling ryu v1.0.11
[INFO] [stderr]    Compiling group v0.12.0
[INFO] [stderr]    Compiling proc-macro-error-attr v1.0.4
[INFO] [stderr]    Compiling tracing-core v0.1.29
[INFO] [stderr]    Compiling slab v0.4.7
[INFO] [stderr]    Compiling spin v0.5.2
[INFO] [stderr]    Compiling untrusted v0.7.1
[INFO] [stderr]    Compiling uint v0.9.3
[INFO] [stderr]    Compiling proc-macro-error v1.0.4
[INFO] [stderr]    Compiling indexmap v1.9.1
[INFO] [stderr]    Compiling futures-channel v0.3.21
[INFO] [stderr]    Compiling futures-util v0.3.21
[INFO] [stderr]    Compiling fnv v1.0.7
[INFO] [stderr]    Compiling crypto-common v0.1.6
[INFO] [stderr]    Compiling block-buffer v0.10.2
[INFO] [stderr]    Compiling crypto-bigint v0.4.8
[INFO] [stderr]    Compiling sec1 v0.3.0
[INFO] [stderr]    Compiling rustversion v1.0.9
[INFO] [stderr]    Compiling digest v0.10.3
[INFO] [stderr]    Compiling aho-corasick v0.7.18
[INFO] [stderr]    Compiling futures-sink v0.3.21
[INFO] [stderr]    Compiling httparse v1.7.1
[INFO] [stderr]    Compiling hmac v0.12.1
[INFO] [stderr]    Compiling sha2 v0.10.2
[INFO] [stderr]    Compiling sha3 v0.10.2
[INFO] [stderr]    Compiling fixed-hash v0.7.0
[INFO] [stderr]    Compiling signature v1.5.0
[INFO] [stderr]    Compiling hashbrown v0.12.3
[INFO] [stderr]    Compiling pin-utils v0.1.0
[INFO] [stderr]    Compiling regex-syntax v0.6.27
[INFO] [stderr]    Compiling foreign-types-shared v0.1.1
[INFO] [stderr]    Compiling openssl v0.10.41
[INFO] [stderr]    Compiling foreign-types v0.3.2
[INFO] [stderr]    Compiling generic-array v0.12.4
[INFO] [stderr]    Compiling autocfg v0.1.8
[INFO] [stderr]    Compiling tinyvec_macros v0.1.0
[INFO] [stderr]    Compiling rust_decimal v1.26.1
[INFO] [stderr]    Compiling native-tls v0.2.10
[INFO] [stderr]    Compiling matches v0.1.9
[INFO] [stderr]    Compiling byte-tools v0.3.1
[INFO] [stderr]    Compiling rfc6979 v0.3.0
[INFO] [stderr]    Compiling elliptic-curve v0.12.3
[INFO] [stderr]    Compiling bytes v1.2.1
[INFO] [stderr]    Compiling rustls v0.20.6
[INFO] [stderr]    Compiling try-lock v0.2.3
[INFO] [stderr]    Compiling want v0.3.0
[INFO] [stderr]    Compiling block-padding v0.1.5
[INFO] [stderr]    Compiling tinyvec v1.6.0
[INFO] [stderr]    Compiling ecdsa v0.14.3
[INFO] [stderr]    Compiling httpdate v1.0.2
[INFO] [stderr]    Compiling percent-encoding v2.1.0
[INFO] [stderr]    Compiling openssl-probe v0.1.5
[INFO] [stderr]    Compiling rand_core v0.4.2
[INFO] [stderr]    Compiling k256 v0.11.3
[INFO] [stderr]    Compiling tower-service v0.3.2
[INFO] [stderr]    Compiling lazy_static v1.4.0
[INFO] [stderr]    Compiling form_urlencoded v1.0.1
[INFO] [stderr]    Compiling block-buffer v0.7.3
[INFO] [stderr]    Compiling digest v0.8.1
[INFO] [stderr]    Compiling chrono v0.4.20
[INFO] [stderr]    Compiling cipher v0.3.0
[INFO] [stderr]    Compiling unicode-xid v0.2.3
[INFO] [stderr]    Compiling encoding_rs v0.8.31
[INFO] [stderr]    Compiling fake-simd v0.1.2
[INFO] [stderr]    Compiling convert_case v0.5.0
[INFO] [stderr]    Compiling opaque-debug v0.2.3
[INFO] [stderr]    Compiling unicode-bidi v0.3.8
[INFO] [stderr]    Compiling async-trait v0.1.57
[INFO] [stderr]    Compiling sha2 v0.8.2
[INFO] [stderr]    Compiling base64 v0.13.0
[INFO] [stderr]    Compiling base58 v0.1.0
[INFO] [stderr]    Compiling toml v0.5.9
[INFO] [stderr]    Compiling unicode-normalization v0.1.21
[INFO] [stderr]    Compiling rustls-pemfile v1.0.1
[INFO] [stderr]    Compiling base58check v0.1.0
[INFO] [stderr]    Compiling rand_core v0.3.1
[INFO] [stderr]    Compiling ripemd v0.1.1
[INFO] [stderr]    Compiling blake2 v0.10.4
[INFO] [stderr]    Compiling password-hash v0.4.2
[INFO] [stderr]    Compiling base64 v0.12.3
[INFO] [stderr]    Compiling ipnet v2.5.0
[INFO] [stderr]    Compiling mime v0.3.16
[INFO] [stderr]    Compiling regex v1.6.0
[INFO] [stderr]    Compiling idna v0.2.3
[INFO] [stderr]    Compiling bech32 v0.7.3
[INFO] [stderr]    Compiling pbkdf2 v0.11.0
[INFO] [stderr]    Compiling salsa20 v0.9.0
[INFO] [stderr]    Compiling pbkdf2 v0.10.1
[INFO] [stderr]    Compiling password-hash v0.3.2
[INFO] [stderr]    Compiling secp256k1-sys v0.4.2
[INFO] [stderr]    Compiling fxhash v0.2.1
[INFO] [stderr]    Compiling bs58 v0.4.0
[INFO] [stderr]    Compiling either v1.7.0
[INFO] [stderr]    Compiling opaque-debug v0.3.0
[INFO] [stderr]    Compiling url v2.2.2
[INFO] [stderr]    Compiling semver v1.0.13
[INFO] [stderr]    Compiling radium v0.3.0
[INFO] [stderr]    Compiling hashers v1.0.1
[INFO] [stderr]    Compiling scrypt v0.8.1
[INFO] [stderr]    Compiling bitvec v0.17.4
[INFO] [stderr]    Compiling aes v0.7.5
[INFO] [stderr]    Compiling ctr v0.8.0
[INFO] [stderr]    Compiling rand_chacha v0.1.1
[INFO] [stderr]    Compiling rand_pcg v0.1.2
[INFO] [stderr]    Compiling num-bigint v0.2.6
[INFO] [stderr]    Compiling futures-timer v3.0.2
[INFO] [stderr]    Compiling rand v0.6.5
[INFO] [stderr]    Compiling rand_isaac v0.1.1
[INFO] [stderr]    Compiling rand_hc v0.1.0
[INFO] [stderr]    Compiling rand_xorshift v0.1.1
[INFO] [stderr]    Compiling webpki v0.22.0
[INFO] [stderr]    Compiling sct v0.7.0
[INFO] [stderr]    Compiling rand_jitter v0.1.4
[INFO] [stderr]    Compiling instant v0.1.12
[INFO] [stderr]    Compiling eyre v0.6.8
[INFO] [stderr]    Compiling indenter v0.3.3
[INFO] [stderr]    Compiling tiny-keccak v1.5.0
[INFO] [stderr]    Compiling dotenv v0.15.0
[INFO] [stderr]    Compiling webpki-roots v0.22.4
[INFO] [stderr]    Compiling secp256k1 v0.21.3
[INFO] [stderr]    Compiling secp256k1 v0.20.3
[INFO] [stderr]    Compiling bigdecimal v0.0.14
[INFO] [stderr]    Compiling ether-converter v0.1.3
[INFO] [stderr]    Compiling thiserror-impl v1.0.32
[INFO] [stderr]    Compiling tokio-macros v1.8.0
[INFO] [stderr]    Compiling impl-trait-for-tuples v0.2.2
[INFO] [stderr]    Compiling tracing-attributes v0.1.22
[INFO] [stderr]    Compiling futures-macro v0.3.21
[INFO] [stderr]    Compiling openssl-macros v0.1.0
[INFO] [stderr]    Compiling auto_impl v1.0.1
[INFO] [stderr]    Compiling fastrlp-derive v0.1.2
[INFO] [stderr]    Compiling strum_macros v0.24.3
[INFO] [stderr]    Compiling rlp-derive v0.1.0
[INFO] [stderr]    Compiling pin-project-internal v1.0.11
[INFO] [stderr]    Compiling thiserror v1.0.32
[INFO] [stderr]    Compiling proc-macro-crate v1.2.1
[INFO] [stderr]    Compiling pin-project v1.0.11
[INFO] [stderr]    Compiling tracing v0.1.36
[INFO] [stderr]    Compiling parity-scale-codec-derive v3.1.3
[INFO] [stderr]    Compiling strum v0.24.1
[INFO] [stderr]    Compiling tracing-futures v0.2.5
[INFO] [stderr]    Compiling parity-scale-codec v3.1.5
[INFO] [stderr]    Compiling impl-serde v0.3.2
[INFO] [stderr]    Compiling serde_urlencoded v0.7.1
[INFO] [stderr]    Compiling bincode v1.3.3
[INFO] [stderr]    Compiling coins-core v0.7.0
[INFO] [stderr]    Compiling uuid v0.8.2
[INFO] [stderr]    Compiling coins-bip32 v0.7.0
[INFO] [stderr]    Compiling rlp v0.5.1
[INFO] [stderr]    Compiling http v0.2.8
[INFO] [stderr]    Compiling impl-rlp v0.3.0
[INFO] [stderr]    Compiling ethereum-tx-sign v4.0.0
[INFO] [stderr]    Compiling impl-codec v0.6.0
[INFO] [stderr]    Compiling ethbloom v0.12.1
[INFO] [stderr]    Compiling primitive-types v0.11.1
[INFO] [stderr]    Compiling coins-bip39 v0.7.0
[INFO] [stderr]    Compiling serde-aux v3.1.0
[INFO] [stderr]    Compiling eth-keystore v0.4.2
[INFO] [stderr]    Compiling http-body v0.4.5
[INFO] [stderr]    Compiling ethereum-types v0.13.1
[INFO] [stderr]    Compiling ethabi v17.1.0
[INFO] [stderr]    Compiling fastrlp v0.1.3
[INFO] [stderr]    Compiling ethers-core v0.17.0 (https://github.com/gakonst/ethers-rs#88844b12)
[INFO] [stderr]    Compiling tokio-util v0.7.3
[INFO] [stderr]    Compiling tokio-native-tls v0.3.0
[INFO] [stderr]    Compiling tokio-rustls v0.23.4
[INFO] [stderr]    Compiling futures-locks v0.7.0
[INFO] [stderr]    Compiling h2 v0.3.13
[INFO] [stderr]    Compiling ethers-signers v0.17.0 (https://github.com/gakonst/ethers-rs#88844b12)
[INFO] [stderr]    Compiling ethers-addressbook v0.17.0 (https://github.com/gakonst/ethers-rs#88844b12)
[INFO] [stderr]    Compiling hyper v0.14.20
[INFO] [stderr]    Compiling hyper-tls v0.5.0
[INFO] [stderr]    Compiling hyper-rustls v0.23.0
[INFO] [stderr]    Compiling reqwest v0.11.11
[INFO] [stderr]    Compiling ethers-providers v0.17.0 (https://github.com/gakonst/ethers-rs#88844b12)
[INFO] [stderr]    Compiling ethers-etherscan v0.17.0 (https://github.com/gakonst/ethers-rs#88844b12)
[INFO] [stderr]    Compiling ethers-contract v0.17.0 (https://github.com/gakonst/ethers-rs#88844b12)
[INFO] [stderr]    Compiling ethers-middleware v0.17.0 (https://github.com/gakonst/ethers-rs#88844b12)
[INFO] [stderr]    Compiling ethers v0.17.0 (https://github.com/gakonst/ethers-rs#88844b12)
[INFO] [stderr]    Compiling xendfinance_rust_sdk v0.1.0 (/opt/rustwide/workdir)
[INFO] [stdout] warning: unused import: `ProtocolAddress`
[INFO] [stdout]   --> src/sdk.rs:15:55
[INFO] [stdout]    |
[INFO] [stdout] 15 |     get_addresses::{get_mainnet_protocols, Addresses, ProtocolAddress},
[INFO] [stdout]    |                                                       ^^^^^^^^^^^^^^^
[INFO] [stdout]    |
[INFO] [stdout]    = note: `#[warn(unused_imports)]` on by default
[INFO] [stdout] 
[INFO] [stdout] 
[INFO] [stdout] warning: unused imports: `PathBuf`, `Path`, `self`
[INFO] [stdout]  --> src/strategies/create_contract.rs:7:22
[INFO] [stdout]   |
[INFO] [stdout] 7 | use std::{fs::{File, self}, str::FromStr, path::{Path, PathBuf}};
[INFO] [stdout]   |                      ^^^^                        ^^^^  ^^^^^^^
[INFO] [stdout] 
[INFO] [stdout] 
[INFO] [stdout] warning: unused imports: `U256`, `U64`
[INFO] [stdout]  --> src/utilities/helpers.rs:6:24
[INFO] [stdout]   |
[INFO] [stdout] 6 | use ethers::prelude::{ U256, U64};
[INFO] [stdout]   |                        ^^^^  ^^^
[INFO] [stdout] 
[INFO] [stdout] 
[INFO] [stdout] warning: unused variable: `env`
[INFO] [stdout]   --> src/sdk.rs:62:24
[INFO] [stdout]    |
[INFO] [stdout] 62 |     pub async fn local(env: &str, protocols: get_addresses::Protocols, protocol_name: String) {}
[INFO] [stdout]    |                        ^^^ help: if this is intentional, prefix it with an underscore: `_env`
[INFO] [stdout]    |
[INFO] [stdout]    = note: `#[warn(unused_variables)]` on by default
[INFO] [stdout] 
[INFO] [stdout] 
[INFO] [stdout] warning: unused variable: `protocols`
[INFO] [stdout]   --> src/sdk.rs:62:35
[INFO] [stdout]    |
[INFO] [stdout] 62 |     pub async fn local(env: &str, protocols: get_addresses::Protocols, protocol_name: String) {}
[INFO] [stdout]    |                                   ^^^^^^^^^ help: if this is intentional, prefix it with an underscore: `_protocols`
[INFO] [stdout] 
[INFO] [stdout] 
[INFO] [stdout] warning: unused variable: `protocol_name`
[INFO] [stdout]   --> src/sdk.rs:62:72
[INFO] [stdout]    |
[INFO] [stdout] 62 |     pub async fn local(env: &str, protocols: get_addresses::Protocols, protocol_name: String) {}
[INFO] [stdout]    |                                                                        ^^^^^^^^^^^^^ help: if this is intentional, prefix it with an underscore: `_protocol_name`
[INFO] [stdout] 
[INFO] [stdout] 
[INFO] [stdout] warning: unused variable: `rpc`
[INFO] [stdout]   --> src/strategies/xauto/index.rs:32:9
[INFO] [stdout]    |
[INFO] [stdout] 32 |         rpc: String,
[INFO] [stdout]    |         ^^^ help: if this is intentional, prefix it with an underscore: `_rpc`
[INFO] [stdout] 
[INFO] [stdout] 
[INFO] [stdout] warning: unused variable: `rpc`
[INFO] [stdout]   --> src/strategies/xvault/index.rs:32:9
[INFO] [stdout]    |
[INFO] [stdout] 32 |         rpc: String,
[INFO] [stdout]    |         ^^^ help: if this is intentional, prefix it with an underscore: `_rpc`
[INFO] [stdout] 
[INFO] [stdout] 
[INFO] [stdout] warning: value assigned to `name` is never read
[INFO] [stdout]   --> src/utilities/protocol_selector.rs:24:13
[INFO] [stdout]    |
[INFO] [stdout] 24 |     let mut name: String = "".to_string();
[INFO] [stdout]    |             ^^^^
[INFO] [stdout]    |
[INFO] [stdout]    = help: maybe it is overwritten before being read?
[INFO] [stdout]    = note: `#[warn(unused_assignments)]` on by default
[INFO] [stdout] 
[INFO] [stdout] 
[INFO] [stdout] warning: field `assets` is never read
[INFO] [stdout]   --> src/strategies/xauto/index.rs:22:5
[INFO] [stdout]    |
[INFO] [stdout] 18 | pub struct XAuto {
[INFO] [stdout]    |            ----- field in this struct
[INFO] [stdout] ...
[INFO] [stdout] 22 |     assets: [Layer2Asset; 11],
[INFO] [stdout]    |     ^^^^^^
[INFO] [stdout]    |
[INFO] [stdout]    = note: `XAuto` has derived impls for the traits `Debug` and `Clone`, but these are intentionally ignored during dead code analysis
[INFO] [stdout]    = note: `#[warn(dead_code)]` on by default
[INFO] [stdout] 
[INFO] [stdout] 
[INFO] [stdout] warning: field `assets` is never read
[INFO] [stdout]   --> src/strategies/xvault/index.rs:22:5
[INFO] [stdout]    |
[INFO] [stdout] 18 | pub struct XVault {
[INFO] [stdout]    |            ------ field in this struct
[INFO] [stdout] ...
[INFO] [stdout] 22 |     assets: [Layer2Asset; 11],
[INFO] [stdout]    |     ^^^^^^
[INFO] [stdout]    |
[INFO] [stdout]    = note: `XVault` has derived impls for the traits `Debug` and `Clone`, but these are intentionally ignored during dead code analysis
[INFO] [stdout] 
[INFO] [stdout] 
[INFO] [stdout] warning: call to `.clone()` on a reference in this situation does nothing
[INFO] [stdout]    --> src/sdk.rs:145:38
[INFO] [stdout]     |
[INFO] [stdout] 145 |             self.private_key.as_str().clone(),
[INFO] [stdout]     |                                      ^^^^^^^^ help: remove this redundant call
[INFO] [stdout]     |
[INFO] [stdout]     = note: the type `str` does not implement `Clone`, so calling `clone` on `&str` copies the reference, which does not do anything and can be removed
[INFO] [stdout]     = note: `#[warn(noop_method_call)]` on by default
[INFO] [stdout] 
[INFO] [stdout] 
[INFO] [stdout] warning: call to `.clone()` on a reference in this situation does nothing
[INFO] [stdout]   --> src/strategies/xauto/index.rs:53:38
[INFO] [stdout]    |
[INFO] [stdout] 53 |             self.private_key.as_str().clone(),
[INFO] [stdout]    |                                      ^^^^^^^^ help: remove this redundant call
[INFO] [stdout]    |
[INFO] [stdout]    = note: the type `str` does not implement `Clone`, so calling `clone` on `&str` copies the reference, which does not do anything and can be removed
[INFO] [stdout] 
[INFO] [stdout] 
[INFO] [stdout] warning: call to `.clone()` on a reference in this situation does nothing
[INFO] [stdout]   --> src/strategies/xauto/index.rs:83:38
[INFO] [stdout]    |
[INFO] [stdout] 83 |             self.private_key.as_str().clone(),
[INFO] [stdout]    |                                      ^^^^^^^^ help: remove this redundant call
[INFO] [stdout]    |
[INFO] [stdout]    = note: the type `str` does not implement `Clone`, so calling `clone` on `&str` copies the reference, which does not do anything and can be removed
[INFO] [stdout] 
[INFO] [stdout] 
[INFO] [stdout] warning: call to `.clone()` on a reference in this situation does nothing
[INFO] [stdout]    --> src/strategies/xauto/index.rs:112:38
[INFO] [stdout]     |
[INFO] [stdout] 112 |             self.private_key.as_str().clone(),
[INFO] [stdout]     |                                      ^^^^^^^^ help: remove this redundant call
[INFO] [stdout]     |
[INFO] [stdout]     = note: the type `str` does not implement `Clone`, so calling `clone` on `&str` copies the reference, which does not do anything and can be removed
[INFO] [stdout] 
[INFO] [stdout] 
[INFO] [stdout] warning: call to `.clone()` on a reference in this situation does nothing
[INFO] [stdout]    --> src/strategies/xauto/index.rs:169:38
[INFO] [stdout]     |
[INFO] [stdout] 169 |             self.private_key.as_str().clone(),
[INFO] [stdout]     |                                      ^^^^^^^^ help: remove this redundant call
[INFO] [stdout]     |
[INFO] [stdout]     = note: the type `str` does not implement `Clone`, so calling `clone` on `&str` copies the reference, which does not do anything and can be removed
[INFO] [stdout] 
[INFO] [stdout] 
[INFO] [stdout] warning: call to `.clone()` on a reference in this situation does nothing
[INFO] [stdout]    --> src/strategies/xauto/index.rs:196:38
[INFO] [stdout]     |
[INFO] [stdout] 196 |             self.private_key.as_str().clone(),
[INFO] [stdout]     |                                      ^^^^^^^^ help: remove this redundant call
[INFO] [stdout]     |
[INFO] [stdout]     = note: the type `str` does not implement `Clone`, so calling `clone` on `&str` copies the reference, which does not do anything and can be removed
[INFO] [stdout] 
[INFO] [stdout] 
[INFO] [stdout] warning: call to `.clone()` on a reference in this situation does nothing
[INFO] [stdout]   --> src/strategies/xvault/index.rs:53:38
[INFO] [stdout]    |
[INFO] [stdout] 53 |             self.private_key.as_str().clone(),
[INFO] [stdout]    |                                      ^^^^^^^^ help: remove this redundant call
[INFO] [stdout]    |
[INFO] [stdout]    = note: the type `str` does not implement `Clone`, so calling `clone` on `&str` copies the reference, which does not do anything and can be removed
[INFO] [stdout] 
[INFO] [stdout] 
[INFO] [stdout] warning: call to `.clone()` on a reference in this situation does nothing
[INFO] [stdout]   --> src/strategies/xvault/index.rs:83:38
[INFO] [stdout]    |
[INFO] [stdout] 83 |             self.private_key.as_str().clone(),
[INFO] [stdout]    |                                      ^^^^^^^^ help: remove this redundant call
[INFO] [stdout]    |
[INFO] [stdout]    = note: the type `str` does not implement `Clone`, so calling `clone` on `&str` copies the reference, which does not do anything and can be removed
[INFO] [stdout] 
[INFO] [stdout] 
[INFO] [stdout] warning: call to `.clone()` on a reference in this situation does nothing
[INFO] [stdout]    --> src/strategies/xvault/index.rs:112:38
[INFO] [stdout]     |
[INFO] [stdout] 112 |             self.private_key.as_str().clone(),
[INFO] [stdout]     |                                      ^^^^^^^^ help: remove this redundant call
[INFO] [stdout]     |
[INFO] [stdout]     = note: the type `str` does not implement `Clone`, so calling `clone` on `&str` copies the reference, which does not do anything and can be removed
[INFO] [stdout] 
[INFO] [stdout] 
[INFO] [stdout] warning: call to `.clone()` on a reference in this situation does nothing
[INFO] [stdout]    --> src/strategies/xvault/index.rs:171:38
[INFO] [stdout]     |
[INFO] [stdout] 171 |             self.private_key.as_str().clone(),
[INFO] [stdout]     |                                      ^^^^^^^^ help: remove this redundant call
[INFO] [stdout]     |
[INFO] [stdout]     = note: the type `str` does not implement `Clone`, so calling `clone` on `&str` copies the reference, which does not do anything and can be removed
[INFO] [stdout] 
[INFO] [stdout] 
[INFO] [stdout] warning: call to `.clone()` on a reference in this situation does nothing
[INFO] [stdout]    --> src/strategies/xvault/index.rs:198:38
[INFO] [stdout]     |
[INFO] [stdout] 198 |             self.private_key.as_str().clone(),
[INFO] [stdout]     |                                      ^^^^^^^^ help: remove this redundant call
[INFO] [stdout]     |
[INFO] [stdout]     = note: the type `str` does not implement `Clone`, so calling `clone` on `&str` copies the reference, which does not do anything and can be removed
[INFO] [stdout] 
[INFO] [stdout] 
[INFO] [stdout] warning: variable `layer2Assets` should have a snake case name
[INFO] [stdout]   --> src/utilities/layer2_assets.rs:50:9
[INFO] [stdout]    |
[INFO] [stdout] 50 |     let layer2Assets = [
[INFO] [stdout]    |         ^^^^^^^^^^^^ help: convert the identifier to snake case: `layer2_assets`
[INFO] [stdout]    |
[INFO] [stdout]    = note: `#[warn(non_snake_case)]` on by default
[INFO] [stdout] 
[INFO] [stdout] 
[INFO] [stdout] warning: 23 warnings emitted
[INFO] [stdout] 
[INFO] [stdout] 
[INFO] [stderr]     Finished dev [unoptimized + debuginfo] target(s) in 25.04s
[INFO] running `Command { std: "docker" "inspect" "ddf2bf859c652ce5bd225b4fc9b6e099ee2b92d89eda97ab0d80c30c378af23a", kill_on_drop: false }`
[INFO] running `Command { std: "docker" "rm" "-f" "ddf2bf859c652ce5bd225b4fc9b6e099ee2b92d89eda97ab0d80c30c378af23a", kill_on_drop: false }`
[INFO] [stdout] ddf2bf859c652ce5bd225b4fc9b6e099ee2b92d89eda97ab0d80c30c378af23a
[INFO] running `Command { std: "docker" "create" "-v" "/var/lib/crater-agent-workspace/builds/worker-1-tc1/target:/opt/rustwide/target:rw,Z" "-v" "/var/lib/crater-agent-workspace/builds/worker-1-tc1/source:/opt/rustwide/workdir:ro,Z" "-v" "/var/lib/crater-agent-workspace/cargo-home:/opt/rustwide/cargo-home:ro,Z" "-v" "/var/lib/crater-agent-workspace/rustup-home:/opt/rustwide/rustup-home:ro,Z" "-e" "SOURCE_DIR=/opt/rustwide/workdir" "-e" "CARGO_TARGET_DIR=/opt/rustwide/target" "-e" "CARGO_INCREMENTAL=0" "-e" "RUST_BACKTRACE=full" "-e" "RUSTFLAGS=--cap-lints=warn" "-e" "RUSTDOCFLAGS=--cap-lints=warn" "-e" "CARGO_HOME=/opt/rustwide/cargo-home" "-e" "RUSTUP_HOME=/opt/rustwide/rustup-home" "-w" "/opt/rustwide/workdir" "-m" "1610612736" "--user" "0:0" "--network" "none" "ghcr.io/rust-lang/crates-build-env/linux@sha256:2788e3201cd34a07e3172128adcd8b3090168a8e3bcc40d7c032b9dda1df7d1c" "/opt/rustwide/cargo-home/bin/cargo" "+1.75.0" "test" "--frozen" "--no-run" "--message-format=json", kill_on_drop: false }`
[INFO] [stdout] 697eac6e6e55d7346d8c8a2c7332aa62f973a05a2c6666ab6d5fff816a951ddd
[INFO] running `Command { std: "docker" "start" "-a" "697eac6e6e55d7346d8c8a2c7332aa62f973a05a2c6666ab6d5fff816a951ddd", kill_on_drop: false }`
[INFO] [stdout] warning: unused import: `ProtocolAddress`
[INFO] [stdout]   --> src/sdk.rs:15:55
[INFO] [stdout]    |
[INFO] [stdout] 15 |     get_addresses::{get_mainnet_protocols, Addresses, ProtocolAddress},
[INFO] [stdout]    |                                                       ^^^^^^^^^^^^^^^
[INFO] [stdout]    |
[INFO] [stdout]    = note: `#[warn(unused_imports)]` on by default
[INFO] [stdout] 
[INFO] [stdout] 
[INFO] [stdout] warning: unused imports: `PathBuf`, `Path`, `self`
[INFO] [stdout]  --> src/strategies/create_contract.rs:7:22
[INFO] [stdout]   |
[INFO] [stdout] 7 | use std::{fs::{File, self}, str::FromStr, path::{Path, PathBuf}};
[INFO] [stdout]   |                      ^^^^                        ^^^^  ^^^^^^^
[INFO] [stdout] 
[INFO] [stdout] 
[INFO] [stdout] warning: unused imports: `U256`, `U64`
[INFO] [stdout]  --> src/utilities/helpers.rs:6:24
[INFO] [stdout]   |
[INFO] [stdout] 6 | use ethers::prelude::{ U256, U64};
[INFO] [stdout]   |                        ^^^^  ^^^
[INFO] [stdout] 
[INFO] [stdout] 
[INFO] [stdout] warning: unused variable: `env`
[INFO] [stdout]   --> src/sdk.rs:62:24
[INFO] [stdout]    |
[INFO] [stdout] 62 |     pub async fn local(env: &str, protocols: get_addresses::Protocols, protocol_name: String) {}
[INFO] [stdout]    |                        ^^^ help: if this is intentional, prefix it with an underscore: `_env`
[INFO] [stdout]    |
[INFO] [stdout]    = note: `#[warn(unused_variables)]` on by default
[INFO] [stdout] 
[INFO] [stdout] 
[INFO] [stdout] warning: unused variable: `protocols`
[INFO] [stdout]   --> src/sdk.rs:62:35
[INFO] [stdout]    |
[INFO] [stdout] 62 |     pub async fn local(env: &str, protocols: get_addresses::Protocols, protocol_name: String) {}
[INFO] [stdout]    |                                   ^^^^^^^^^ help: if this is intentional, prefix it with an underscore: `_protocols`
[INFO] [stdout] 
[INFO] [stdout] 
[INFO] [stdout] warning: unused variable: `protocol_name`
[INFO] [stdout]   --> src/sdk.rs:62:72
[INFO] [stdout]    |
[INFO] [stdout] 62 |     pub async fn local(env: &str, protocols: get_addresses::Protocols, protocol_name: String) {}
[INFO] [stdout]    |                                                                        ^^^^^^^^^^^^^ help: if this is intentional, prefix it with an underscore: `_protocol_name`
[INFO] [stdout] 
[INFO] [stdout] 
[INFO] [stdout] warning: unused variable: `rpc`
[INFO] [stdout]   --> src/strategies/xauto/index.rs:32:9
[INFO] [stdout]    |
[INFO] [stdout] 32 |         rpc: String,
[INFO] [stdout]    |         ^^^ help: if this is intentional, prefix it with an underscore: `_rpc`
[INFO] [stdout] 
[INFO] [stdout] 
[INFO] [stdout] warning: unused variable: `rpc`
[INFO] [stdout]   --> src/strategies/xvault/index.rs:32:9
[INFO] [stdout]    |
[INFO] [stdout] 32 |         rpc: String,
[INFO] [stdout]    |         ^^^ help: if this is intentional, prefix it with an underscore: `_rpc`
[INFO] [stdout] 
[INFO] [stdout] 
[INFO] [stdout] warning: value assigned to `name` is never read
[INFO] [stdout]   --> src/utilities/protocol_selector.rs:24:13
[INFO] [stdout]    |
[INFO] [stdout] 24 |     let mut name: String = "".to_string();
[INFO] [stdout]    |             ^^^^
[INFO] [stdout]    |
[INFO] [stdout]    = help: maybe it is overwritten before being read?
[INFO] [stdout]    = note: `#[warn(unused_assignments)]` on by default
[INFO] [stdout] 
[INFO] [stdout] 
[INFO] [stdout] warning: field `assets` is never read
[INFO] [stdout]   --> src/strategies/xauto/index.rs:22:5
[INFO] [stdout]    |
[INFO] [stdout] 18 | pub struct XAuto {
[INFO] [stdout]    |            ----- field in this struct
[INFO] [stdout] ...
[INFO] [stdout] 22 |     assets: [Layer2Asset; 11],
[INFO] [stdout]    |     ^^^^^^
[INFO] [stdout]    |
[INFO] [stdout]    = note: `XAuto` has derived impls for the traits `Debug` and `Clone`, but these are intentionally ignored during dead code analysis
[INFO] [stdout]    = note: `#[warn(dead_code)]` on by default
[INFO] [stdout] 
[INFO] [stdout] 
[INFO] [stdout] warning: field `assets` is never read
[INFO] [stdout]   --> src/strategies/xvault/index.rs:22:5
[INFO] [stdout]    |
[INFO] [stdout] 18 | pub struct XVault {
[INFO] [stdout]    |            ------ field in this struct
[INFO] [stdout] ...
[INFO] [stdout] 22 |     assets: [Layer2Asset; 11],
[INFO] [stdout]    |     ^^^^^^
[INFO] [stdout]    |
[INFO] [stdout]    = note: `XVault` has derived impls for the traits `Debug` and `Clone`, but these are intentionally ignored during dead code analysis
[INFO] [stdout] 
[INFO] [stdout] 
[INFO] [stdout] warning: call to `.clone()` on a reference in this situation does nothing
[INFO] [stdout]    --> src/sdk.rs:145:38
[INFO] [stdout]     |
[INFO] [stdout] 145 |             self.private_key.as_str().clone(),
[INFO] [stdout]     |                                      ^^^^^^^^ help: remove this redundant call
[INFO] [stdout]     |
[INFO] [stdout]     = note: the type `str` does not implement `Clone`, so calling `clone` on `&str` copies the reference, which does not do anything and can be removed
[INFO] [stdout]     = note: `#[warn(noop_method_call)]` on by default
[INFO] [stdout] 
[INFO] [stdout] 
[INFO] [stdout] warning: call to `.clone()` on a reference in this situation does nothing
[INFO] [stdout]   --> src/strategies/xauto/index.rs:53:38
[INFO] [stdout]    |
[INFO] [stdout] 53 |             self.private_key.as_str().clone(),
[INFO] [stdout]    |                                      ^^^^^^^^ help: remove this redundant call
[INFO] [stdout]    |
[INFO] [stdout]    = note: the type `str` does not implement `Clone`, so calling `clone` on `&str` copies the reference, which does not do anything and can be removed
[INFO] [stdout] 
[INFO] [stdout] 
[INFO] [stdout] warning: call to `.clone()` on a reference in this situation does nothing
[INFO] [stdout]   --> src/strategies/xauto/index.rs:83:38
[INFO] [stdout]    |
[INFO] [stdout] 83 |             self.private_key.as_str().clone(),
[INFO] [stdout]    |                                      ^^^^^^^^ help: remove this redundant call
[INFO] [stdout]    |
[INFO] [stdout]    = note: the type `str` does not implement `Clone`, so calling `clone` on `&str` copies the reference, which does not do anything and can be removed
[INFO] [stdout] 
[INFO] [stdout] 
[INFO] [stdout] warning: call to `.clone()` on a reference in this situation does nothing
[INFO] [stdout]    --> src/strategies/xauto/index.rs:112:38
[INFO] [stdout]     |
[INFO] [stdout] 112 |             self.private_key.as_str().clone(),
[INFO] [stdout]     |                                      ^^^^^^^^ help: remove this redundant call
[INFO] [stdout]     |
[INFO] [stdout]     = note: the type `str` does not implement `Clone`, so calling `clone` on `&str` copies the reference, which does not do anything and can be removed
[INFO] [stdout] 
[INFO] [stdout] 
[INFO] [stdout] warning: call to `.clone()` on a reference in this situation does nothing
[INFO] [stdout]    --> src/strategies/xauto/index.rs:169:38
[INFO] [stdout]     |
[INFO] [stdout] 169 |             self.private_key.as_str().clone(),
[INFO] [stdout]     |                                      ^^^^^^^^ help: remove this redundant call
[INFO] [stdout]     |
[INFO] [stdout]     = note: the type `str` does not implement `Clone`, so calling `clone` on `&str` copies the reference, which does not do anything and can be removed
[INFO] [stdout] 
[INFO] [stdout] 
[INFO] [stdout] warning: call to `.clone()` on a reference in this situation does nothing
[INFO] [stdout]    --> src/strategies/xauto/index.rs:196:38
[INFO] [stdout]     |
[INFO] [stdout] 196 |             self.private_key.as_str().clone(),
[INFO] [stdout]     |                                      ^^^^^^^^ help: remove this redundant call
[INFO] [stdout]     |
[INFO] [stdout]     = note: the type `str` does not implement `Clone`, so calling `clone` on `&str` copies the reference, which does not do anything and can be removed
[INFO] [stdout] 
[INFO] [stdout] 
[INFO] [stdout] warning: call to `.clone()` on a reference in this situation does nothing
[INFO] [stdout]   --> src/strategies/xvault/index.rs:53:38
[INFO] [stdout]    |
[INFO] [stdout] 53 |             self.private_key.as_str().clone(),
[INFO] [stdout]    |                                      ^^^^^^^^ help: remove this redundant call
[INFO] [stdout]    |
[INFO] [stdout]    = note: the type `str` does not implement `Clone`, so calling `clone` on `&str` copies the reference, which does not do anything and can be removed
[INFO] [stdout] 
[INFO] [stdout] 
[INFO] [stdout] warning: call to `.clone()` on a reference in this situation does nothing
[INFO] [stdout]   --> src/strategies/xvault/index.rs:83:38
[INFO] [stdout]    |
[INFO] [stdout] 83 |             self.private_key.as_str().clone(),
[INFO] [stdout]    |                                      ^^^^^^^^ help: remove this redundant call
[INFO] [stdout]    |
[INFO] [stdout]    = note: the type `str` does not implement `Clone`, so calling `clone` on `&str` copies the reference, which does not do anything and can be removed
[INFO] [stdout] 
[INFO] [stdout] 
[INFO] [stdout] warning: call to `.clone()` on a reference in this situation does nothing
[INFO] [stdout]    --> src/strategies/xvault/index.rs:112:38
[INFO] [stdout]     |
[INFO] [stdout] 112 |             self.private_key.as_str().clone(),
[INFO] [stdout]     |                                      ^^^^^^^^ help: remove this redundant call
[INFO] [stdout]     |
[INFO] [stdout]     = note: the type `str` does not implement `Clone`, so calling `clone` on `&str` copies the reference, which does not do anything and can be removed
[INFO] [stdout] 
[INFO] [stdout] 
[INFO] [stdout] warning: call to `.clone()` on a reference in this situation does nothing
[INFO] [stdout]    --> src/strategies/xvault/index.rs:171:38
[INFO] [stdout]     |
[INFO] [stdout] 171 |             self.private_key.as_str().clone(),
[INFO] [stdout]     |                                      ^^^^^^^^ help: remove this redundant call
[INFO] [stdout]     |
[INFO] [stdout]     = note: the type `str` does not implement `Clone`, so calling `clone` on `&str` copies the reference, which does not do anything and can be removed
[INFO] [stdout] 
[INFO] [stdout] 
[INFO] [stdout] warning: call to `.clone()` on a reference in this situation does nothing
[INFO] [stdout]    --> src/strategies/xvault/index.rs:198:38
[INFO] [stdout]     |
[INFO] [stdout] 198 |             self.private_key.as_str().clone(),
[INFO] [stdout]     |                                      ^^^^^^^^ help: remove this redundant call
[INFO] [stdout]     |
[INFO] [stdout]     = note: the type `str` does not implement `Clone`, so calling `clone` on `&str` copies the reference, which does not do anything and can be removed
[INFO] [stdout] 
[INFO] [stdout] 
[INFO] [stdout] warning: variable `layer2Assets` should have a snake case name
[INFO] [stdout]   --> src/utilities/layer2_assets.rs:50:9
[INFO] [stdout]    |
[INFO] [stdout] 50 |     let layer2Assets = [
[INFO] [stdout]    |         ^^^^^^^^^^^^ help: convert the identifier to snake case: `layer2_assets`
[INFO] [stdout]    |
[INFO] [stdout]    = note: `#[warn(non_snake_case)]` on by default
[INFO] [stdout] 
[INFO] [stdout] 
[INFO] [stderr]    Compiling xendfinance_rust_sdk v0.1.0 (/opt/rustwide/workdir)
[INFO] [stdout] warning: 23 warnings emitted
[INFO] [stdout] 
[INFO] [stdout] 
[INFO] [stdout] warning: unused import: `ProtocolAddress`
[INFO] [stdout]   --> src/sdk.rs:15:55
[INFO] [stdout]    |
[INFO] [stdout] 15 |     get_addresses::{get_mainnet_protocols, Addresses, ProtocolAddress},
[INFO] [stdout]    |                                                       ^^^^^^^^^^^^^^^
[INFO] [stdout]    |
[INFO] [stdout]    = note: `#[warn(unused_imports)]` on by default
[INFO] [stdout] 
[INFO] [stdout] 
[INFO] [stdout] warning: unused imports: `PathBuf`, `Path`, `self`
[INFO] [stdout]  --> src/strategies/create_contract.rs:7:22
[INFO] [stdout]   |
[INFO] [stdout] 7 | use std::{fs::{File, self}, str::FromStr, path::{Path, PathBuf}};
[INFO] [stdout]   |                      ^^^^                        ^^^^  ^^^^^^^
[INFO] [stdout] 
[INFO] [stdout] 
[INFO] [stdout] warning: unused imports: `U256`, `U64`
[INFO] [stdout]  --> src/utilities/helpers.rs:6:24
[INFO] [stdout]   |
[INFO] [stdout] 6 | use ethers::prelude::{ U256, U64};
[INFO] [stdout]   |                        ^^^^  ^^^
[INFO] [stdout] 
[INFO] [stdout] 
[INFO] [stdout] warning: unused import: `crate::utilities::price_per_full_share::get_price_per_full_share`
[INFO] [stdout]  --> src/tests/account_test.rs:4:9
[INFO] [stdout]   |
[INFO] [stdout] 4 |     use crate::utilities::price_per_full_share::get_price_per_full_share;
[INFO] [stdout]   |         ^^^^^^^^^^^^^^^^^^^^^^^^^^^^^^^^^^^^^^^^^^^^^^^^^^^^^^^^^^^^^^^^
[INFO] [stdout] 
[INFO] [stdout] 
[INFO] [stdout] warning: unused import: `ethers::prelude::k256::elliptic_curve::consts::U25`
[INFO] [stdout]  --> src/tests/account_test.rs:7:9
[INFO] [stdout]   |
[INFO] [stdout] 7 |     use ethers::prelude::k256::elliptic_curve::consts::U25;
[INFO] [stdout]   |         ^^^^^^^^^^^^^^^^^^^^^^^^^^^^^^^^^^^^^^^^^^^^^^^^^^
[INFO] [stdout] 
[INFO] [stdout] 
[INFO] [stdout] warning: unused variable: `env`
[INFO] [stdout]   --> src/sdk.rs:62:24
[INFO] [stdout]    |
[INFO] [stdout] 62 |     pub async fn local(env: &str, protocols: get_addresses::Protocols, protocol_name: String) {}
[INFO] [stdout]    |                        ^^^ help: if this is intentional, prefix it with an underscore: `_env`
[INFO] [stdout]    |
[INFO] [stdout]    = note: `#[warn(unused_variables)]` on by default
[INFO] [stdout] 
[INFO] [stdout] 
[INFO] [stdout] warning: unused variable: `protocols`
[INFO] [stdout]   --> src/sdk.rs:62:35
[INFO] [stdout]    |
[INFO] [stdout] 62 |     pub async fn local(env: &str, protocols: get_addresses::Protocols, protocol_name: String) {}
[INFO] [stdout]    |                                   ^^^^^^^^^ help: if this is intentional, prefix it with an underscore: `_protocols`
[INFO] [stdout] 
[INFO] [stdout] 
[INFO] [stdout] warning: unused variable: `protocol_name`
[INFO] [stdout]   --> src/sdk.rs:62:72
[INFO] [stdout]    |
[INFO] [stdout] 62 |     pub async fn local(env: &str, protocols: get_addresses::Protocols, protocol_name: String) {}
[INFO] [stdout]    |                                                                        ^^^^^^^^^^^^^ help: if this is intentional, prefix it with an underscore: `_protocol_name`
[INFO] [stdout] 
[INFO] [stdout] 
[INFO] [stdout] warning: unused variable: `rpc`
[INFO] [stdout]   --> src/strategies/xauto/index.rs:32:9
[INFO] [stdout]    |
[INFO] [stdout] 32 |         rpc: String,
[INFO] [stdout]    |         ^^^ help: if this is intentional, prefix it with an underscore: `_rpc`
[INFO] [stdout] 
[INFO] [stdout] 
[INFO] [stdout] warning: unused variable: `rpc`
[INFO] [stdout]   --> src/strategies/xvault/index.rs:32:9
[INFO] [stdout]    |
[INFO] [stdout] 32 |         rpc: String,
[INFO] [stdout]    |         ^^^ help: if this is intentional, prefix it with an underscore: `_rpc`
[INFO] [stdout] 
[INFO] [stdout] 
[INFO] [stdout] warning: value assigned to `name` is never read
[INFO] [stdout]   --> src/utilities/protocol_selector.rs:24:13
[INFO] [stdout]    |
[INFO] [stdout] 24 |     let mut name: String = "".to_string();
[INFO] [stdout]    |             ^^^^
[INFO] [stdout]    |
[INFO] [stdout]    = help: maybe it is overwritten before being read?
[INFO] [stdout]    = note: `#[warn(unused_assignments)]` on by default
[INFO] [stdout] 
[INFO] [stdout] 
[INFO] [stdout] warning: field `assets` is never read
[INFO] [stdout]   --> src/strategies/xauto/index.rs:22:5
[INFO] [stdout]    |
[INFO] [stdout] 18 | pub struct XAuto {
[INFO] [stdout]    |            ----- field in this struct
[INFO] [stdout] ...
[INFO] [stdout] 22 |     assets: [Layer2Asset; 11],
[INFO] [stdout]    |     ^^^^^^
[INFO] [stdout]    |
[INFO] [stdout]    = note: `XAuto` has derived impls for the traits `Debug` and `Clone`, but these are intentionally ignored during dead code analysis
[INFO] [stdout]    = note: `#[warn(dead_code)]` on by default
[INFO] [stdout] 
[INFO] [stdout] 
[INFO] [stdout] warning: field `assets` is never read
[INFO] [stdout]   --> src/strategies/xvault/index.rs:22:5
[INFO] [stdout]    |
[INFO] [stdout] 18 | pub struct XVault {
[INFO] [stdout]    |            ------ field in this struct
[INFO] [stdout] ...
[INFO] [stdout] 22 |     assets: [Layer2Asset; 11],
[INFO] [stdout]    |     ^^^^^^
[INFO] [stdout]    |
[INFO] [stdout]    = note: `XVault` has derived impls for the traits `Debug` and `Clone`, but these are intentionally ignored during dead code analysis
[INFO] [stdout] 
[INFO] [stdout] 
[INFO] [stdout] warning: constant `CONTRACT_ADDRESS` is never used
[INFO] [stdout]   --> src/tests/account_test.rs:14:11
[INFO] [stdout]    |
[INFO] [stdout] 14 |     const CONTRACT_ADDRESS: &str = "0x454d6F10B18f391adD499cE39aCD5bFCD424B601";
[INFO] [stdout]    |           ^^^^^^^^^^^^^^^^
[INFO] [stdout] 
[INFO] [stdout] 
[INFO] [stdout] warning: call to `.clone()` on a reference in this situation does nothing
[INFO] [stdout]    --> src/sdk.rs:145:38
[INFO] [stdout]     |
[INFO] [stdout] 145 |             self.private_key.as_str().clone(),
[INFO] [stdout]     |                                      ^^^^^^^^ help: remove this redundant call
[INFO] [stdout]     |
[INFO] [stdout]     = note: the type `str` does not implement `Clone`, so calling `clone` on `&str` copies the reference, which does not do anything and can be removed
[INFO] [stdout]     = note: `#[warn(noop_method_call)]` on by default
[INFO] [stdout] 
[INFO] [stdout] 
[INFO] [stdout] warning: call to `.clone()` on a reference in this situation does nothing
[INFO] [stdout]   --> src/strategies/xauto/index.rs:53:38
[INFO] [stdout]    |
[INFO] [stdout] 53 |             self.private_key.as_str().clone(),
[INFO] [stdout]    |                                      ^^^^^^^^ help: remove this redundant call
[INFO] [stdout]    |
[INFO] [stdout]    = note: the type `str` does not implement `Clone`, so calling `clone` on `&str` copies the reference, which does not do anything and can be removed
[INFO] [stdout] 
[INFO] [stdout] 
[INFO] [stdout] warning: call to `.clone()` on a reference in this situation does nothing
[INFO] [stdout]   --> src/strategies/xauto/index.rs:83:38
[INFO] [stdout]    |
[INFO] [stdout] 83 |             self.private_key.as_str().clone(),
[INFO] [stdout]    |                                      ^^^^^^^^ help: remove this redundant call
[INFO] [stdout]    |
[INFO] [stdout]    = note: the type `str` does not implement `Clone`, so calling `clone` on `&str` copies the reference, which does not do anything and can be removed
[INFO] [stdout] 
[INFO] [stdout] 
[INFO] [stdout] warning: call to `.clone()` on a reference in this situation does nothing
[INFO] [stdout]    --> src/strategies/xauto/index.rs:112:38
[INFO] [stdout]     |
[INFO] [stdout] 112 |             self.private_key.as_str().clone(),
[INFO] [stdout]     |                                      ^^^^^^^^ help: remove this redundant call
[INFO] [stdout]     |
[INFO] [stdout]     = note: the type `str` does not implement `Clone`, so calling `clone` on `&str` copies the reference, which does not do anything and can be removed
[INFO] [stdout] 
[INFO] [stdout] 
[INFO] [stdout] warning: call to `.clone()` on a reference in this situation does nothing
[INFO] [stdout]    --> src/strategies/xauto/index.rs:169:38
[INFO] [stdout]     |
[INFO] [stdout] 169 |             self.private_key.as_str().clone(),
[INFO] [stdout]     |                                      ^^^^^^^^ help: remove this redundant call
[INFO] [stdout]     |
[INFO] [stdout]     = note: the type `str` does not implement `Clone`, so calling `clone` on `&str` copies the reference, which does not do anything and can be removed
[INFO] [stdout] 
[INFO] [stdout] 
[INFO] [stdout] warning: call to `.clone()` on a reference in this situation does nothing
[INFO] [stdout]    --> src/strategies/xauto/index.rs:196:38
[INFO] [stdout]     |
[INFO] [stdout] 196 |             self.private_key.as_str().clone(),
[INFO] [stdout]     |                                      ^^^^^^^^ help: remove this redundant call
[INFO] [stdout]     |
[INFO] [stdout]     = note: the type `str` does not implement `Clone`, so calling `clone` on `&str` copies the reference, which does not do anything and can be removed
[INFO] [stdout] 
[INFO] [stdout] 
[INFO] [stdout] warning: call to `.clone()` on a reference in this situation does nothing
[INFO] [stdout]   --> src/strategies/xvault/index.rs:53:38
[INFO] [stdout]    |
[INFO] [stdout] 53 |             self.private_key.as_str().clone(),
[INFO] [stdout]    |                                      ^^^^^^^^ help: remove this redundant call
[INFO] [stdout]    |
[INFO] [stdout]    = note: the type `str` does not implement `Clone`, so calling `clone` on `&str` copies the reference, which does not do anything and can be removed
[INFO] [stdout] 
[INFO] [stdout] 
[INFO] [stdout] warning: call to `.clone()` on a reference in this situation does nothing
[INFO] [stdout]   --> src/strategies/xvault/index.rs:83:38
[INFO] [stdout]    |
[INFO] [stdout] 83 |             self.private_key.as_str().clone(),
[INFO] [stdout]    |                                      ^^^^^^^^ help: remove this redundant call
[INFO] [stdout]    |
[INFO] [stdout]    = note: the type `str` does not implement `Clone`, so calling `clone` on `&str` copies the reference, which does not do anything and can be removed
[INFO] [stdout] 
[INFO] [stdout] 
[INFO] [stdout] warning: call to `.clone()` on a reference in this situation does nothing
[INFO] [stdout]    --> src/strategies/xvault/index.rs:112:38
[INFO] [stdout]     |
[INFO] [stdout] 112 |             self.private_key.as_str().clone(),
[INFO] [stdout]     |                                      ^^^^^^^^ help: remove this redundant call
[INFO] [stdout]     |
[INFO] [stdout]     = note: the type `str` does not implement `Clone`, so calling `clone` on `&str` copies the reference, which does not do anything and can be removed
[INFO] [stdout] 
[INFO] [stdout] 
[INFO] [stdout] warning: call to `.clone()` on a reference in this situation does nothing
[INFO] [stdout]    --> src/strategies/xvault/index.rs:171:38
[INFO] [stdout]     |
[INFO] [stdout] 171 |             self.private_key.as_str().clone(),
[INFO] [stdout]     |                                      ^^^^^^^^ help: remove this redundant call
[INFO] [stdout]     |
[INFO] [stdout]     = note: the type `str` does not implement `Clone`, so calling `clone` on `&str` copies the reference, which does not do anything and can be removed
[INFO] [stdout] 
[INFO] [stdout] 
[INFO] [stdout] warning: call to `.clone()` on a reference in this situation does nothing
[INFO] [stdout]    --> src/strategies/xvault/index.rs:198:38
[INFO] [stdout]     |
[INFO] [stdout] 198 |             self.private_key.as_str().clone(),
[INFO] [stdout]     |                                      ^^^^^^^^ help: remove this redundant call
[INFO] [stdout]     |
[INFO] [stdout]     = note: the type `str` does not implement `Clone`, so calling `clone` on `&str` copies the reference, which does not do anything and can be removed
[INFO] [stdout] 
[INFO] [stdout] 
[INFO] [stdout] warning: variable `layer2Assets` should have a snake case name
[INFO] [stdout]   --> src/utilities/layer2_assets.rs:50:9
[INFO] [stdout]    |
[INFO] [stdout] 50 |     let layer2Assets = [
[INFO] [stdout]    |         ^^^^^^^^^^^^ help: convert the identifier to snake case: `layer2_assets`
[INFO] [stdout]    |
[INFO] [stdout]    = note: `#[warn(non_snake_case)]` on by default
[INFO] [stdout] 
[INFO] [stdout] 
[INFO] [stdout] warning: 26 warnings emitted
[INFO] [stdout] 
[INFO] [stdout] 
[INFO] [stderr]     Finished test [unoptimized + debuginfo] target(s) in 4.44s
[INFO] running `Command { std: "docker" "inspect" "697eac6e6e55d7346d8c8a2c7332aa62f973a05a2c6666ab6d5fff816a951ddd", kill_on_drop: false }`
[INFO] running `Command { std: "docker" "rm" "-f" "697eac6e6e55d7346d8c8a2c7332aa62f973a05a2c6666ab6d5fff816a951ddd", kill_on_drop: false }`
[INFO] [stdout] 697eac6e6e55d7346d8c8a2c7332aa62f973a05a2c6666ab6d5fff816a951ddd
[INFO] running `Command { std: "docker" "create" "-v" "/var/lib/crater-agent-workspace/builds/worker-1-tc1/target:/opt/rustwide/target:rw,Z" "-v" "/var/lib/crater-agent-workspace/builds/worker-1-tc1/source:/opt/rustwide/workdir:ro,Z" "-v" "/var/lib/crater-agent-workspace/cargo-home:/opt/rustwide/cargo-home:ro,Z" "-v" "/var/lib/crater-agent-workspace/rustup-home:/opt/rustwide/rustup-home:ro,Z" "-e" "SOURCE_DIR=/opt/rustwide/workdir" "-e" "CARGO_TARGET_DIR=/opt/rustwide/target" "-e" "CARGO_INCREMENTAL=0" "-e" "RUST_BACKTRACE=full" "-e" "RUSTFLAGS=--cap-lints=warn" "-e" "RUSTDOCFLAGS=--cap-lints=warn" "-e" "CARGO_HOME=/opt/rustwide/cargo-home" "-e" "RUSTUP_HOME=/opt/rustwide/rustup-home" "-w" "/opt/rustwide/workdir" "-m" "1610612736" "--user" "0:0" "--network" "none" "ghcr.io/rust-lang/crates-build-env/linux@sha256:2788e3201cd34a07e3172128adcd8b3090168a8e3bcc40d7c032b9dda1df7d1c" "/opt/rustwide/cargo-home/bin/cargo" "+1.75.0" "test" "--frozen", kill_on_drop: false }`
[INFO] [stdout] a6d6d1a902e7fd2c26d3d81fdb554840a90381ad95b888c169922f962c348834
[INFO] running `Command { std: "docker" "start" "-a" "a6d6d1a902e7fd2c26d3d81fdb554840a90381ad95b888c169922f962c348834", kill_on_drop: false }`
[INFO] [stderr] warning: unused import: `ProtocolAddress`
[INFO] [stderr]   --> src/sdk.rs:15:55
[INFO] [stderr]    |
[INFO] [stderr] 15 |     get_addresses::{get_mainnet_protocols, Addresses, ProtocolAddress},
[INFO] [stderr]    |                                                       ^^^^^^^^^^^^^^^
[INFO] [stderr]    |
[INFO] [stderr]    = note: `#[warn(unused_imports)]` on by default
[INFO] [stderr] 
[INFO] [stderr] warning: unused imports: `PathBuf`, `Path`, `self`
[INFO] [stderr]  --> src/strategies/create_contract.rs:7:22
[INFO] [stderr]   |
[INFO] [stderr] 7 | use std::{fs::{File, self}, str::FromStr, path::{Path, PathBuf}};
[INFO] [stderr]   |                      ^^^^                        ^^^^  ^^^^^^^
[INFO] [stderr] 
[INFO] [stderr] warning: unused imports: `U256`, `U64`
[INFO] [stderr]  --> src/utilities/helpers.rs:6:24
[INFO] [stderr]   |
[INFO] [stderr] 6 | use ethers::prelude::{ U256, U64};
[INFO] [stderr]   |                        ^^^^  ^^^
[INFO] [stderr] 
[INFO] [stderr] warning: unused variable: `env`
[INFO] [stderr]   --> src/sdk.rs:62:24
[INFO] [stderr]    |
[INFO] [stderr] 62 |     pub async fn local(env: &str, protocols: get_addresses::Protocols, protocol_name: String) {}
[INFO] [stderr]    |                        ^^^ help: if this is intentional, prefix it with an underscore: `_env`
[INFO] [stderr]    |
[INFO] [stderr]    = note: `#[warn(unused_variables)]` on by default
[INFO] [stderr] 
[INFO] [stderr] warning: unused variable: `protocols`
[INFO] [stderr]   --> src/sdk.rs:62:35
[INFO] [stderr]    |
[INFO] [stderr] 62 |     pub async fn local(env: &str, protocols: get_addresses::Protocols, protocol_name: String) {}
[INFO] [stderr]    |                                   ^^^^^^^^^ help: if this is intentional, prefix it with an underscore: `_protocols`
[INFO] [stderr] 
[INFO] [stderr] warning: unused variable: `protocol_name`
[INFO] [stderr]   --> src/sdk.rs:62:72
[INFO] [stderr]    |
[INFO] [stderr] 62 |     pub async fn local(env: &str, protocols: get_addresses::Protocols, protocol_name: String) {}
[INFO] [stderr]    |                                                                        ^^^^^^^^^^^^^ help: if this is intentional, prefix it with an underscore: `_protocol_name`
[INFO] [stderr] 
[INFO] [stderr] warning: unused variable: `rpc`
[INFO] [stderr]   --> src/strategies/xauto/index.rs:32:9
[INFO] [stderr]    |
[INFO] [stderr] 32 |         rpc: String,
[INFO] [stderr]    |         ^^^ help: if this is intentional, prefix it with an underscore: `_rpc`
[INFO] [stderr] 
[INFO] [stderr] warning: unused variable: `rpc`
[INFO] [stderr]   --> src/strategies/xvault/index.rs:32:9
[INFO] [stderr]    |
[INFO] [stderr] 32 |         rpc: String,
[INFO] [stderr]    |         ^^^ help: if this is intentional, prefix it with an underscore: `_rpc`
[INFO] [stderr] 
[INFO] [stderr] warning: value assigned to `name` is never read
[INFO] [stderr]   --> src/utilities/protocol_selector.rs:24:13
[INFO] [stderr]    |
[INFO] [stderr] 24 |     let mut name: String = "".to_string();
[INFO] [stderr]    |             ^^^^
[INFO] [stderr]    |
[INFO] [stderr]    = help: maybe it is overwritten before being read?
[INFO] [stderr]    = note: `#[warn(unused_assignments)]` on by default
[INFO] [stderr] 
[INFO] [stderr] warning: field `assets` is never read
[INFO] [stderr]   --> src/strategies/xauto/index.rs:22:5
[INFO] [stderr]    |
[INFO] [stderr] 18 | pub struct XAuto {
[INFO] [stderr]    |            ----- field in this struct
[INFO] [stderr] ...
[INFO] [stderr] 22 |     assets: [Layer2Asset; 11],
[INFO] [stderr]    |     ^^^^^^
[INFO] [stderr]    |
[INFO] [stderr]    = note: `XAuto` has derived impls for the traits `Debug` and `Clone`, but these are intentionally ignored during dead code analysis
[INFO] [stderr]    = note: `#[warn(dead_code)]` on by default
[INFO] [stderr] 
[INFO] [stderr] warning: field `assets` is never read
[INFO] [stderr]   --> src/strategies/xvault/index.rs:22:5
[INFO] [stderr]    |
[INFO] [stderr] 18 | pub struct XVault {
[INFO] [stderr]    |            ------ field in this struct
[INFO] [stderr] ...
[INFO] [stderr] 22 |     assets: [Layer2Asset; 11],
[INFO] [stderr]    |     ^^^^^^
[INFO] [stderr]    |
[INFO] [stderr]    = note: `XVault` has derived impls for the traits `Debug` and `Clone`, but these are intentionally ignored during dead code analysis
[INFO] [stderr] 
[INFO] [stderr] warning: call to `.clone()` on a reference in this situation does nothing
[INFO] [stderr]    --> src/sdk.rs:145:38
[INFO] [stderr]     |
[INFO] [stderr] 145 |             self.private_key.as_str().clone(),
[INFO] [stderr]     |                                      ^^^^^^^^ help: remove this redundant call
[INFO] [stderr]     |
[INFO] [stderr]     = note: the type `str` does not implement `Clone`, so calling `clone` on `&str` copies the reference, which does not do anything and can be removed
[INFO] [stderr]     = note: `#[warn(noop_method_call)]` on by default
[INFO] [stderr] 
[INFO] [stderr] warning: call to `.clone()` on a reference in this situation does nothing
[INFO] [stderr]   --> src/strategies/xauto/index.rs:53:38
[INFO] [stderr]    |
[INFO] [stderr] 53 |             self.private_key.as_str().clone(),
[INFO] [stderr]    |                                      ^^^^^^^^ help: remove this redundant call
[INFO] [stderr]    |
[INFO] [stderr]    = note: the type `str` does not implement `Clone`, so calling `clone` on `&str` copies the reference, which does not do anything and can be removed
[INFO] [stderr] 
[INFO] [stderr] warning: call to `.clone()` on a reference in this situation does nothing
[INFO] [stderr]   --> src/strategies/xauto/index.rs:83:38
[INFO] [stderr]    |
[INFO] [stderr] 83 |             self.private_key.as_str().clone(),
[INFO] [stderr]    |                                      ^^^^^^^^ help: remove this redundant call
[INFO] [stderr]    |
[INFO] [stderr]    = note: the type `str` does not implement `Clone`, so calling `clone` on `&str` copies the reference, which does not do anything and can be removed
[INFO] [stderr] 
[INFO] [stderr] warning: call to `.clone()` on a reference in this situation does nothing
[INFO] [stderr]    --> src/strategies/xauto/index.rs:112:38
[INFO] [stderr]     |
[INFO] [stderr] 112 |             self.private_key.as_str().clone(),
[INFO] [stderr]     |                                      ^^^^^^^^ help: remove this redundant call
[INFO] [stderr]     |
[INFO] [stderr]     = note: the type `str` does not implement `Clone`, so calling `clone` on `&str` copies the reference, which does not do anything and can be removed
[INFO] [stderr] 
[INFO] [stderr] warning: call to `.clone()` on a reference in this situation does nothing
[INFO] [stderr]    --> src/strategies/xauto/index.rs:169:38
[INFO] [stderr]     |
[INFO] [stderr] 169 |             self.private_key.as_str().clone(),
[INFO] [stderr]     |                                      ^^^^^^^^ help: remove this redundant call
[INFO] [stderr]     |
[INFO] [stderr]     = note: the type `str` does not implement `Clone`, so calling `clone` on `&str` copies the reference, which does not do anything and can be removed
[INFO] [stderr] 
[INFO] [stderr] warning: call to `.clone()` on a reference in this situation does nothing
[INFO] [stderr]    --> src/strategies/xauto/index.rs:196:38
[INFO] [stderr]     |
[INFO] [stderr] 196 |             self.private_key.as_str().clone(),
[INFO] [stderr]     |                                      ^^^^^^^^ help: remove this redundant call
[INFO] [stderr]     |
[INFO] [stderr]     = note: the type `str` does not implement `Clone`, so calling `clone` on `&str` copies the reference, which does not do anything and can be removed
[INFO] [stderr] 
[INFO] [stderr] warning: call to `.clone()` on a reference in this situation does nothing
[INFO] [stderr]   --> src/strategies/xvault/index.rs:53:38
[INFO] [stderr]    |
[INFO] [stderr] 53 |             self.private_key.as_str().clone(),
[INFO] [stderr]    |                                      ^^^^^^^^ help: remove this redundant call
[INFO] [stderr]    |
[INFO] [stderr]    = note: the type `str` does not implement `Clone`, so calling `clone` on `&str` copies the reference, which does not do anything and can be removed
[INFO] [stderr] 
[INFO] [stderr] warning: call to `.clone()` on a reference in this situation does nothing
[INFO] [stderr]   --> src/strategies/xvault/index.rs:83:38
[INFO] [stderr]    |
[INFO] [stderr] 83 |             self.private_key.as_str().clone(),
[INFO] [stderr]    |                                      ^^^^^^^^ help: remove this redundant call
[INFO] [stderr]    |
[INFO] [stderr]    = note: the type `str` does not implement `Clone`, so calling `clone` on `&str` copies the reference, which does not do anything and can be removed
[INFO] [stderr] 
[INFO] [stderr] warning: call to `.clone()` on a reference in this situation does nothing
[INFO] [stderr]    --> src/strategies/xvault/index.rs:112:38
[INFO] [stderr]     |
[INFO] [stderr] 112 |             self.private_key.as_str().clone(),
[INFO] [stderr]     |                                      ^^^^^^^^ help: remove this redundant call
[INFO] [stderr]     |
[INFO] [stderr]     = note: the type `str` does not implement `Clone`, so calling `clone` on `&str` copies the reference, which does not do anything and can be removed
[INFO] [stderr] 
[INFO] [stderr] warning: call to `.clone()` on a reference in this situation does nothing
[INFO] [stderr]    --> src/strategies/xvault/index.rs:171:38
[INFO] [stderr]     |
[INFO] [stderr] 171 |             self.private_key.as_str().clone(),
[INFO] [stderr]     |                                      ^^^^^^^^ help: remove this redundant call
[INFO] [stderr]     |
[INFO] [stderr]     = note: the type `str` does not implement `Clone`, so calling `clone` on `&str` copies the reference, which does not do anything and can be removed
[INFO] [stderr] 
[INFO] [stderr] warning: call to `.clone()` on a reference in this situation does nothing
[INFO] [stderr]    --> src/strategies/xvault/index.rs:198:38
[INFO] [stderr]     |
[INFO] [stderr] 198 |             self.private_key.as_str().clone(),
[INFO] [stderr]     |                                      ^^^^^^^^ help: remove this redundant call
[INFO] [stderr]     |
[INFO] [stderr]     = note: the type `str` does not implement `Clone`, so calling `clone` on `&str` copies the reference, which does not do anything and can be removed
[INFO] [stderr] 
[INFO] [stderr] warning: variable `layer2Assets` should have a snake case name
[INFO] [stderr]   --> src/utilities/layer2_assets.rs:50:9
[INFO] [stderr]    |
[INFO] [stderr] 50 |     let layer2Assets = [
[INFO] [stderr]    |         ^^^^^^^^^^^^ help: convert the identifier to snake case: `layer2_assets`
[INFO] [stderr]    |
[INFO] [stderr]    = note: `#[warn(non_snake_case)]` on by default
[INFO] [stderr] 
[INFO] [stderr] warning: unused import: `crate::utilities::price_per_full_share::get_price_per_full_share`
[INFO] [stderr]  --> src/tests/account_test.rs:4:9
[INFO] [stderr]   |
[INFO] [stderr] 4 |     use crate::utilities::price_per_full_share::get_price_per_full_share;
[INFO] [stderr]   |         ^^^^^^^^^^^^^^^^^^^^^^^^^^^^^^^^^^^^^^^^^^^^^^^^^^^^^^^^^^^^^^^^
[INFO] [stderr] 
[INFO] [stderr] warning: unused import: `ethers::prelude::k256::elliptic_curve::consts::U25`
[INFO] [stderr]  --> src/tests/account_test.rs:7:9
[INFO] [stderr]   |
[INFO] [stderr] 7 |     use ethers::prelude::k256::elliptic_curve::consts::U25;
[INFO] [stderr]   |         ^^^^^^^^^^^^^^^^^^^^^^^^^^^^^^^^^^^^^^^^^^^^^^^^^^
[INFO] [stderr] 
[INFO] [stderr] warning: constant `CONTRACT_ADDRESS` is never used
[INFO] [stderr]   --> src/tests/account_test.rs:14:11
[INFO] [stderr]    |
[INFO] [stderr] 14 |     const CONTRACT_ADDRESS: &str = "0x454d6F10B18f391adD499cE39aCD5bFCD424B601";
[INFO] [stderr]    |           ^^^^^^^^^^^^^^^^
[INFO] [stderr] 
[INFO] [stderr] warning: `xendfinance_rust_sdk` (lib) generated 23 warnings (run `cargo fix --lib -p xendfinance_rust_sdk` to apply 19 suggestions)
[INFO] [stderr] warning: `xendfinance_rust_sdk` (lib test) generated 26 warnings (23 duplicates) (run `cargo fix --lib -p xendfinance_rust_sdk --tests` to apply 2 suggestions)
[INFO] [stderr]     Finished test [unoptimized + debuginfo] target(s) in 0.19s
[INFO] [stderr]      Running unittests src/lib.rs (/opt/rustwide/target/debug/deps/xendfinance_rust_sdk-ff1942b760a95658)
[INFO] [stdout] 
[INFO] [stdout] running 2 tests
[INFO] [stdout] test tests::account_test::account_test::get_address_from_pk ... ok
[INFO] [stdout] test tests::account_test::account_test::get_contract_price_per_full_share ... FAILED
[INFO] [stdout] 
[INFO] [stdout] failures:
[INFO] [stdout] 
[INFO] [stdout] ---- tests::account_test::account_test::get_contract_price_per_full_share stdout ----
[INFO] [stdout] thread 'tests::account_test::account_test::get_contract_price_per_full_share' panicked at src/utilities/get_addresses.rs:76:10:
[INFO] [stdout] called `Result::unwrap()` on an `Err` value: reqwest::Error { kind: Request, url: Url { scheme: "https", cannot_be_a_base: false, username: "", password: None, host: Some(Domain("api.xend.finance")), port: None, path: "/xend-finance/addresses", query: None, fragment: None }, source: hyper::Error(Connect, ConnectError("dns error", Custom { kind: Uncategorized, error: "failed to lookup address information: Temporary failure in name resolution" })) }
[INFO] [stdout] stack backtrace:
[INFO] [stdout]    0:     0x55d85692624c - std::backtrace_rs::backtrace::libunwind::trace::ha637c64ce894333a
[INFO] [stdout]                                at /rustc/82e1608dfa6e0b5569232559e3d385fea5a93112/library/std/src/../../backtrace/src/backtrace/libunwind.rs:104:5
[INFO] [stdout]    1:     0x55d85692624c - std::backtrace_rs::backtrace::trace_unsynchronized::h47f62dea28e0c88d
[INFO] [stdout]                                at /rustc/82e1608dfa6e0b5569232559e3d385fea5a93112/library/std/src/../../backtrace/src/backtrace/mod.rs:66:5
[INFO] [stdout]    2:     0x55d85692624c - std::sys_common::backtrace::_print_fmt::h9eef0abe20ede486
[INFO] [stdout]                                at /rustc/82e1608dfa6e0b5569232559e3d385fea5a93112/library/std/src/sys_common/backtrace.rs:67:5
[INFO] [stdout]    3:     0x55d85692624c - <std::sys_common::backtrace::_print::DisplayBacktrace as core::fmt::Display>::fmt::hed7f999df88cc644
[INFO] [stdout]                                at /rustc/82e1608dfa6e0b5569232559e3d385fea5a93112/library/std/src/sys_common/backtrace.rs:44:22
[INFO] [stdout]    4:     0x55d856953610 - core::fmt::rt::Argument::fmt::h1539a9308b8d058d
[INFO] [stdout]                                at /rustc/82e1608dfa6e0b5569232559e3d385fea5a93112/library/core/src/fmt/rt.rs:142:9
[INFO] [stdout]    5:     0x55d856953610 - core::fmt::write::h3a39390d8560d9c9
[INFO] [stdout]                                at /rustc/82e1608dfa6e0b5569232559e3d385fea5a93112/library/core/src/fmt/mod.rs:1120:17
[INFO] [stdout]    6:     0x55d8569230ff - std::io::Write::write_fmt::h040b369f3a0f9cbc
[INFO] [stdout]                                at /rustc/82e1608dfa6e0b5569232559e3d385fea5a93112/library/std/src/io/mod.rs:1762:15
[INFO] [stdout]    7:     0x55d856926034 - std::sys_common::backtrace::_print::h894006fb5c6f3d45
[INFO] [stdout]                                at /rustc/82e1608dfa6e0b5569232559e3d385fea5a93112/library/std/src/sys_common/backtrace.rs:47:5
[INFO] [stdout]    8:     0x55d856926034 - std::sys_common::backtrace::print::h23a2d212c6fff936
[INFO] [stdout]                                at /rustc/82e1608dfa6e0b5569232559e3d385fea5a93112/library/std/src/sys_common/backtrace.rs:34:9
[INFO] [stdout]    9:     0x55d856927cf7 - std::panicking::default_hook::{{closure}}::h8a1d2ee00185001a
[INFO] [stdout]   10:     0x55d8569279e3 - std::panicking::default_hook::h6038f2eba384e475
[INFO] [stdout]                                at /rustc/82e1608dfa6e0b5569232559e3d385fea5a93112/library/std/src/panicking.rs:289:9
[INFO] [stdout]   11:     0x55d856220247 - <alloc::boxed::Box<F,A> as core::ops::function::Fn<Args>>::call::h0ad024c9bdc6d768
[INFO] [stdout]                                at /rustc/82e1608dfa6e0b5569232559e3d385fea5a93112/library/alloc/src/boxed.rs:2021:9
[INFO] [stdout]   12:     0x55d856220247 - test::test_main::{{closure}}::h7500b54257359db6
[INFO] [stdout]                                at /rustc/82e1608dfa6e0b5569232559e3d385fea5a93112/library/test/src/lib.rs:138:21
[INFO] [stdout]   13:     0x55d856928308 - <alloc::boxed::Box<F,A> as core::ops::function::Fn<Args>>::call::h1f8f335eaa9cfaee
[INFO] [stdout]                                at /rustc/82e1608dfa6e0b5569232559e3d385fea5a93112/library/alloc/src/boxed.rs:2021:9
[INFO] [stdout]   14:     0x55d856928308 - std::panicking::rust_panic_with_hook::h2b5517d590cab22e
[INFO] [stdout]                                at /rustc/82e1608dfa6e0b5569232559e3d385fea5a93112/library/std/src/panicking.rs:783:13
[INFO] [stdout]   15:     0x55d85692805e - std::panicking::begin_panic_handler::{{closure}}::h233112c06e0ef43e
[INFO] [stdout]                                at /rustc/82e1608dfa6e0b5569232559e3d385fea5a93112/library/std/src/panicking.rs:657:13
[INFO] [stdout]   16:     0x55d856926716 - std::sys_common::backtrace::__rust_end_short_backtrace::h6e893f24d7ebbff8
[INFO] [stdout]                                at /rustc/82e1608dfa6e0b5569232559e3d385fea5a93112/library/std/src/sys_common/backtrace.rs:170:18
[INFO] [stdout]   17:     0x55d856927dc2 - rust_begin_unwind
[INFO] [stdout]                                at /rustc/82e1608dfa6e0b5569232559e3d385fea5a93112/library/std/src/panicking.rs:645:5
[INFO] [stdout]   18:     0x55d856196695 - core::panicking::panic_fmt::hbf0e066aabfa482c
[INFO] [stdout]                                at /rustc/82e1608dfa6e0b5569232559e3d385fea5a93112/library/core/src/panicking.rs:72:14
[INFO] [stdout]   19:     0x55d856196c63 - core::result::unwrap_failed::hddb4fea594200c52
[INFO] [stdout]                                at /rustc/82e1608dfa6e0b5569232559e3d385fea5a93112/library/core/src/result.rs:1653:5
[INFO] [stdout]   20:     0x55d8561d88fd - core::result::Result<T,E>::unwrap::hc49022140642a02a
[INFO] [stdout]                                at /rustc/82e1608dfa6e0b5569232559e3d385fea5a93112/library/core/src/result.rs:1077:23
[INFO] [stdout]   21:     0x55d8561e26b3 - xendfinance_rust_sdk::utilities::get_addresses::get_bsc_mainnet_addresses::{{closure}}::h6f878e4314db2612
[INFO] [stdout]                                at /opt/rustwide/workdir/src/utilities/get_addresses.rs:74:15
[INFO] [stdout]   22:     0x55d8561e2c79 - xendfinance_rust_sdk::utilities::get_addresses::get_mainnet_protocols::{{closure}}::hd4dc9ef36669ba6d
[INFO] [stdout]                                at /opt/rustwide/workdir/src/utilities/get_addresses.rs:90:44
[INFO] [stdout]   23:     0x55d8561b818e - xendfinance_rust_sdk::sdk::Options::new::{{closure}}::h712dc57673b2171f
[INFO] [stdout]                                at /opt/rustwide/workdir/src/sdk.rs:57:48
[INFO] [stdout]   24:     0x55d8561bba90 - xendfinance_rust_sdk::tests::account_test::account_test::get_contract_price_per_full_share::{{closure}}::he2d6837a771686d5
[INFO] [stdout]                                at /opt/rustwide/workdir/src/tests/account_test.rs:26:47
[INFO] [stdout]   25:     0x55d8561d073b - <core::pin::Pin<P> as core::future::future::Future>::poll::h618c8d389ec397a8
[INFO] [stdout]                                at /rustc/82e1608dfa6e0b5569232559e3d385fea5a93112/library/core/src/future/future.rs:125:9
[INFO] [stdout]   26:     0x55d8561d01a4 - tokio::runtime::basic_scheduler::CoreGuard::block_on::{{closure}}::{{closure}}::{{closure}}::ha715ca91240239c4
[INFO] [stdout]                                at /opt/rustwide/cargo-home/registry/src/index.crates.io-6f17d22bba15001f/tokio-1.20.1/src/runtime/basic_scheduler.rs:543:48
[INFO] [stdout]   27:     0x55d8561da360 - tokio::coop::with_budget::{{closure}}::he3deffc10358d1d8
[INFO] [stdout]                                at /opt/rustwide/cargo-home/registry/src/index.crates.io-6f17d22bba15001f/tokio-1.20.1/src/coop.rs:102:9
[INFO] [stdout]   28:     0x55d8561c6dee - std::thread::local::LocalKey<T>::try_with::h3e27fd59460cd179
[INFO] [stdout]                                at /rustc/82e1608dfa6e0b5569232559e3d385fea5a93112/library/std/src/thread/local.rs:270:16
[INFO] [stdout]   29:     0x55d8561c6caa - std::thread::local::LocalKey<T>::with::hf14cf7e828598e61
[INFO] [stdout]                                at /rustc/82e1608dfa6e0b5569232559e3d385fea5a93112/library/std/src/thread/local.rs:246:9
[INFO] [stdout]   30:     0x55d8561d0146 - tokio::coop::with_budget::h11da2bd39472b479
[INFO] [stdout]                                at /opt/rustwide/cargo-home/registry/src/index.crates.io-6f17d22bba15001f/tokio-1.20.1/src/coop.rs:95:5
[INFO] [stdout]   31:     0x55d8561d0146 - tokio::coop::budget::h254e8db9d546e582
[INFO] [stdout]                                at /opt/rustwide/cargo-home/registry/src/index.crates.io-6f17d22bba15001f/tokio-1.20.1/src/coop.rs:72:5
[INFO] [stdout]   32:     0x55d8561d0146 - tokio::runtime::basic_scheduler::CoreGuard::block_on::{{closure}}::{{closure}}::hc791bd27a691115b
[INFO] [stdout]                                at /opt/rustwide/cargo-home/registry/src/index.crates.io-6f17d22bba15001f/tokio-1.20.1/src/runtime/basic_scheduler.rs:543:25
[INFO] [stdout]   33:     0x55d8561cef8c - tokio::runtime::basic_scheduler::Context::enter::hcccea6f4eb52229b
[INFO] [stdout]                                at /opt/rustwide/cargo-home/registry/src/index.crates.io-6f17d22bba15001f/tokio-1.20.1/src/runtime/basic_scheduler.rs:367:19
[INFO] [stdout]   34:     0x55d8561cf9a9 - tokio::runtime::basic_scheduler::CoreGuard::block_on::{{closure}}::h6d4878205d5556fd
[INFO] [stdout]                                at /opt/rustwide/cargo-home/registry/src/index.crates.io-6f17d22bba15001f/tokio-1.20.1/src/runtime/basic_scheduler.rs:542:36
[INFO] [stdout]   35:     0x55d8561cf6cb - tokio::runtime::basic_scheduler::CoreGuard::enter::{{closure}}::h2449b232e1734ff7
[INFO] [stdout]                                at /opt/rustwide/cargo-home/registry/src/index.crates.io-6f17d22bba15001f/tokio-1.20.1/src/runtime/basic_scheduler.rs:613:57
[INFO] [stdout]   36:     0x55d8561c8ddd - tokio::macros::scoped_tls::ScopedKey<T>::set::h625c79639186e71d
[INFO] [stdout]                                at /opt/rustwide/cargo-home/registry/src/index.crates.io-6f17d22bba15001f/tokio-1.20.1/src/macros/scoped_tls.rs:61:9
[INFO] [stdout]   37:     0x55d8561cf45f - tokio::runtime::basic_scheduler::CoreGuard::enter::h8dd3a52eec14e151
[INFO] [stdout]                                at /opt/rustwide/cargo-home/registry/src/index.crates.io-6f17d22bba15001f/tokio-1.20.1/src/runtime/basic_scheduler.rs:613:27
[INFO] [stdout]   38:     0x55d8561cf6fc - tokio::runtime::basic_scheduler::CoreGuard::block_on::hbd12bc44665ef75c
[INFO] [stdout]                                at /opt/rustwide/cargo-home/registry/src/index.crates.io-6f17d22bba15001f/tokio-1.20.1/src/runtime/basic_scheduler.rs:533:19
[INFO] [stdout]   39:     0x55d8561ce6ae - tokio::runtime::basic_scheduler::BasicScheduler::block_on::h4f5167e6dcfdb78d
[INFO] [stdout]                                at /opt/rustwide/cargo-home/registry/src/index.crates.io-6f17d22bba15001f/tokio-1.20.1/src/runtime/basic_scheduler.rs:179:24
[INFO] [stdout]   40:     0x55d8561c0ba8 - tokio::runtime::Runtime::block_on::hb5ce044b096ecabc
[INFO] [stdout]                                at /opt/rustwide/cargo-home/registry/src/index.crates.io-6f17d22bba15001f/tokio-1.20.1/src/runtime/mod.rs:482:46
[INFO] [stdout]   41:     0x55d8561bb806 - xendfinance_rust_sdk::tests::account_test::account_test::get_contract_price_per_full_share::h671224ec4b2ba6bc
[INFO] [stdout]                                at /opt/rustwide/workdir/src/tests/account_test.rs:30:9
[INFO] [stdout]   42:     0x55d8561bb6b7 - xendfinance_rust_sdk::tests::account_test::account_test::get_contract_price_per_full_share::{{closure}}::h407e5d7d7fc62ab8
[INFO] [stdout]                                at /opt/rustwide/workdir/src/tests/account_test.rs:25:49
[INFO] [stdout]   43:     0x55d8561a9466 - core::ops::function::FnOnce::call_once::h74b9cd354fb47a44
[INFO] [stdout]                                at /rustc/82e1608dfa6e0b5569232559e3d385fea5a93112/library/core/src/ops/function.rs:250:5
[INFO] [stdout]   44:     0x55d85622589f - core::ops::function::FnOnce::call_once::h2b5d431d5046312d
[INFO] [stdout]                                at /rustc/82e1608dfa6e0b5569232559e3d385fea5a93112/library/core/src/ops/function.rs:250:5
[INFO] [stdout]   45:     0x55d85622589f - test::__rust_begin_short_backtrace::h7714669af176e207
[INFO] [stdout]                                at /rustc/82e1608dfa6e0b5569232559e3d385fea5a93112/library/test/src/lib.rs:628:18
[INFO] [stdout]   46:     0x55d8562248b5 - test::run_test_in_process::{{closure}}::h85218797dcbcec12
[INFO] [stdout]                                at /rustc/82e1608dfa6e0b5569232559e3d385fea5a93112/library/test/src/lib.rs:651:60
[INFO] [stdout]   47:     0x55d8562248b5 - <core::panic::unwind_safe::AssertUnwindSafe<F> as core::ops::function::FnOnce<()>>::call_once::h76c106ea31c14d7b
[INFO] [stdout]                                at /rustc/82e1608dfa6e0b5569232559e3d385fea5a93112/library/core/src/panic/unwind_safe.rs:272:9
[INFO] [stdout]   48:     0x55d8562248b5 - std::panicking::try::do_call::h3bd5d0f6620ee946
[INFO] [stdout]                                at /rustc/82e1608dfa6e0b5569232559e3d385fea5a93112/library/std/src/panicking.rs:552:40
[INFO] [stdout]   49:     0x55d8562248b5 - std::panicking::try::h232e535e4744fe31
[INFO] [stdout]                                at /rustc/82e1608dfa6e0b5569232559e3d385fea5a93112/library/std/src/panicking.rs:516:19
[INFO] [stdout]   50:     0x55d8562248b5 - std::panic::catch_unwind::h3ce3bd6ca8dbac68
[INFO] [stdout]                                at /rustc/82e1608dfa6e0b5569232559e3d385fea5a93112/library/std/src/panic.rs:142:14
[INFO] [stdout]   51:     0x55d8562248b5 - test::run_test_in_process::hc97b257c9621286a
[INFO] [stdout]                                at /rustc/82e1608dfa6e0b5569232559e3d385fea5a93112/library/test/src/lib.rs:651:27
[INFO] [stdout]   52:     0x55d8562248b5 - test::run_test::{{closure}}::h2aa798823a438d38
[INFO] [stdout]                                at /rustc/82e1608dfa6e0b5569232559e3d385fea5a93112/library/test/src/lib.rs:574:43
[INFO] [stdout]   53:     0x55d8561ecb76 - test::run_test::{{closure}}::h87d231c78fb59832
[INFO] [stdout]                                at /rustc/82e1608dfa6e0b5569232559e3d385fea5a93112/library/test/src/lib.rs:602:41
[INFO] [stdout]   54:     0x55d8561ecb76 - std::sys_common::backtrace::__rust_begin_short_backtrace::he6df152596625789
[INFO] [stdout]                                at /rustc/82e1608dfa6e0b5569232559e3d385fea5a93112/library/std/src/sys_common/backtrace.rs:154:18
[INFO] [stdout]   55:     0x55d8561f1c27 - std::thread::Builder::spawn_unchecked_::{{closure}}::{{closure}}::ha94be15d1e0acf36
[INFO] [stdout]                                at /rustc/82e1608dfa6e0b5569232559e3d385fea5a93112/library/std/src/thread/mod.rs:529:17
[INFO] [stdout]   56:     0x55d8561f1c27 - <core::panic::unwind_safe::AssertUnwindSafe<F> as core::ops::function::FnOnce<()>>::call_once::h9dc6bd6372f16606
[INFO] [stdout]                                at /rustc/82e1608dfa6e0b5569232559e3d385fea5a93112/library/core/src/panic/unwind_safe.rs:272:9
[INFO] [stdout]   57:     0x55d8561f1c27 - std::panicking::try::do_call::h9057517f80303cd4
[INFO] [stdout]                                at /rustc/82e1608dfa6e0b5569232559e3d385fea5a93112/library/std/src/panicking.rs:552:40
[INFO] [stdout]   58:     0x55d8561f1c27 - std::panicking::try::he3a30b11ee45340c
[INFO] [stdout]                                at /rustc/82e1608dfa6e0b5569232559e3d385fea5a93112/library/std/src/panicking.rs:516:19
[INFO] [stdout]   59:     0x55d8561f1c27 - std::panic::catch_unwind::h410458cfd3528b8b
[INFO] [stdout]                                at /rustc/82e1608dfa6e0b5569232559e3d385fea5a93112/library/std/src/panic.rs:142:14
[INFO] [stdout]   60:     0x55d8561f1c27 - std::thread::Builder::spawn_unchecked_::{{closure}}::h72ac3bdb567b737b
[INFO] [stdout]                                at /rustc/82e1608dfa6e0b5569232559e3d385fea5a93112/library/std/src/thread/mod.rs:528:30
[INFO] [stdout]   61:     0x55d8561f1c27 - core::ops::function::FnOnce::call_once{{vtable.shim}}::h38f34da3654a8344
[INFO] [stdout]                                at /rustc/82e1608dfa6e0b5569232559e3d385fea5a93112/library/core/src/ops/function.rs:250:5
[INFO] [stdout]   62:     0x55d85692d025 - <alloc::boxed::Box<F,A> as core::ops::function::FnOnce<Args>>::call_once::hc7eafaff61e32df9
[INFO] [stdout]                                at /rustc/82e1608dfa6e0b5569232559e3d385fea5a93112/library/alloc/src/boxed.rs:2007:9
[INFO] [stdout]   63:     0x55d85692d025 - <alloc::boxed::Box<F,A> as core::ops::function::FnOnce<Args>>::call_once::h6ba4a5de48dd2304
[INFO] [stdout]                                at /rustc/82e1608dfa6e0b5569232559e3d385fea5a93112/library/alloc/src/boxed.rs:2007:9
[INFO] [stdout]   64:     0x55d85692d025 - std::sys::unix::thread::Thread::new::thread_start::he469335aef763e45
[INFO] [stdout]                                at /rustc/82e1608dfa6e0b5569232559e3d385fea5a93112/library/std/src/sys/unix/thread.rs:108:17
[INFO] [stdout]   65:     0x7f9131cf8ac3 - <unknown>
[INFO] [stdout]   66:     0x7f9131d89bf4 - __clone
[INFO] [stdout]   67:                0x0 - <unknown>
[INFO] [stdout] 
[INFO] [stdout] 
[INFO] [stdout] failures:
[INFO] [stdout]     tests::account_test::account_test::get_contract_price_per_full_share
[INFO] [stdout] 
[INFO] [stdout] test result: FAILED. 1 passed; 1 failed; 0 ignored; 0 measured; 0 filtered out; finished in 0.24s
[INFO] [stdout] 
[INFO] [stderr] error: test failed, to rerun pass `--lib`
[INFO] running `Command { std: "docker" "inspect" "a6d6d1a902e7fd2c26d3d81fdb554840a90381ad95b888c169922f962c348834", kill_on_drop: false }`
[INFO] running `Command { std: "docker" "rm" "-f" "a6d6d1a902e7fd2c26d3d81fdb554840a90381ad95b888c169922f962c348834", kill_on_drop: false }`
[INFO] [stdout] a6d6d1a902e7fd2c26d3d81fdb554840a90381ad95b888c169922f962c348834
[INFO] testing Dark-wiz/xendfinance_rust_sdk against beta-2023-12-22 for beta-1.76-1
[INFO] running `Command { std: "git" "clone" "/workspace/cache/git-repos/https%3A%2F%2Fgithub.com%2FDark-wiz%2Fxendfinance_rust_sdk" "/workspace/builds/worker-1-tc2/source", kill_on_drop: false }`
[INFO] [stderr] Cloning into '/workspace/builds/worker-1-tc2/source'...
[INFO] [stderr] done.
[INFO] validating manifest of git repo https://github.com/Dark-wiz/xendfinance_rust_sdk on toolchain beta-2023-12-22
[INFO] running `Command { std: CARGO_HOME="/workspace/cargo-home" RUSTUP_HOME="/workspace/rustup-home" "/workspace/cargo-home/bin/cargo" "+beta-2023-12-22" "metadata" "--manifest-path" "Cargo.toml" "--no-deps", kill_on_drop: false }`
[INFO] started tweaking git repo https://github.com/Dark-wiz/xendfinance_rust_sdk
[INFO] finished tweaking git repo https://github.com/Dark-wiz/xendfinance_rust_sdk
[INFO] tweaked toml for git repo https://github.com/Dark-wiz/xendfinance_rust_sdk written to /workspace/builds/worker-1-tc2/source/Cargo.toml
[INFO] crate git repo https://github.com/Dark-wiz/xendfinance_rust_sdk already has a lockfile, it will not be regenerated
[INFO] running `Command { std: CARGO_HOME="/workspace/cargo-home" RUSTUP_HOME="/workspace/rustup-home" "/workspace/cargo-home/bin/cargo" "+beta-2023-12-22" "fetch" "--manifest-path" "Cargo.toml", kill_on_drop: false }`
[INFO] running `Command { std: "docker" "create" "-v" "/var/lib/crater-agent-workspace/builds/worker-1-tc2/target:/opt/rustwide/target:rw,Z" "-v" "/var/lib/crater-agent-workspace/builds/worker-1-tc2/source:/opt/rustwide/workdir:ro,Z" "-v" "/var/lib/crater-agent-workspace/cargo-home:/opt/rustwide/cargo-home:ro,Z" "-v" "/var/lib/crater-agent-workspace/rustup-home:/opt/rustwide/rustup-home:ro,Z" "-e" "SOURCE_DIR=/opt/rustwide/workdir" "-e" "CARGO_TARGET_DIR=/opt/rustwide/target" "-e" "CARGO_HOME=/opt/rustwide/cargo-home" "-e" "RUSTUP_HOME=/opt/rustwide/rustup-home" "-w" "/opt/rustwide/workdir" "-m" "1610612736" "--user" "0:0" "--network" "none" "ghcr.io/rust-lang/crates-build-env/linux@sha256:2788e3201cd34a07e3172128adcd8b3090168a8e3bcc40d7c032b9dda1df7d1c" "/opt/rustwide/cargo-home/bin/cargo" "+beta-2023-12-22" "metadata" "--no-deps" "--format-version=1", kill_on_drop: false }`
[INFO] [stdout] df6cbfe88e11cf250aeca6d56ec4ff03453382ab7c2004226b51cdc2fa9456df
[INFO] running `Command { std: "docker" "start" "-a" "df6cbfe88e11cf250aeca6d56ec4ff03453382ab7c2004226b51cdc2fa9456df", kill_on_drop: false }`
[INFO] running `Command { std: "docker" "inspect" "df6cbfe88e11cf250aeca6d56ec4ff03453382ab7c2004226b51cdc2fa9456df", kill_on_drop: false }`
[INFO] running `Command { std: "docker" "rm" "-f" "df6cbfe88e11cf250aeca6d56ec4ff03453382ab7c2004226b51cdc2fa9456df", kill_on_drop: false }`
[INFO] [stdout] df6cbfe88e11cf250aeca6d56ec4ff03453382ab7c2004226b51cdc2fa9456df
[INFO] running `Command { std: "docker" "create" "-v" "/var/lib/crater-agent-workspace/builds/worker-1-tc2/target:/opt/rustwide/target:rw,Z" "-v" "/var/lib/crater-agent-workspace/builds/worker-1-tc2/source:/opt/rustwide/workdir:ro,Z" "-v" "/var/lib/crater-agent-workspace/cargo-home:/opt/rustwide/cargo-home:ro,Z" "-v" "/var/lib/crater-agent-workspace/rustup-home:/opt/rustwide/rustup-home:ro,Z" "-e" "SOURCE_DIR=/opt/rustwide/workdir" "-e" "CARGO_TARGET_DIR=/opt/rustwide/target" "-e" "CARGO_INCREMENTAL=0" "-e" "RUST_BACKTRACE=full" "-e" "RUSTFLAGS=--cap-lints=warn" "-e" "RUSTDOCFLAGS=--cap-lints=warn" "-e" "CARGO_HOME=/opt/rustwide/cargo-home" "-e" "RUSTUP_HOME=/opt/rustwide/rustup-home" "-w" "/opt/rustwide/workdir" "-m" "1610612736" "--user" "0:0" "--network" "none" "ghcr.io/rust-lang/crates-build-env/linux@sha256:2788e3201cd34a07e3172128adcd8b3090168a8e3bcc40d7c032b9dda1df7d1c" "/opt/rustwide/cargo-home/bin/cargo" "+beta-2023-12-22" "build" "--frozen" "--message-format=json", kill_on_drop: false }`
[INFO] [stdout] 57b01803f7dfa5de195bbf24351f1f5a7ad7a5e8aef81ee4eae04e8ceb130901
[INFO] running `Command { std: "docker" "start" "-a" "57b01803f7dfa5de195bbf24351f1f5a7ad7a5e8aef81ee4eae04e8ceb130901", kill_on_drop: false }`
[INFO] [stderr]    Compiling proc-macro2 v1.0.43
[INFO] [stderr]    Compiling unicode-ident v1.0.3
[INFO] [stderr]    Compiling quote v1.0.21
[INFO] [stderr]    Compiling syn v1.0.99
[INFO] [stderr]    Compiling libc v0.2.127
[INFO] [stderr]    Compiling version_check v0.9.4
[INFO] [stderr]    Compiling serde_derive v1.0.143
[INFO] [stderr]    Compiling serde v1.0.143
[INFO] [stderr]    Compiling typenum v1.15.0
[INFO] [stderr]    Compiling once_cell v1.13.0
[INFO] [stderr]    Compiling subtle v2.4.1
[INFO] [stderr]    Compiling cc v1.0.73
[INFO] [stderr]    Compiling memchr v2.5.0
[INFO] [stderr]    Compiling byteorder v1.4.3
[INFO] [stderr]    Compiling base64ct v1.0.1
[INFO] [stderr]    Compiling log v0.4.17
[INFO] [stderr]    Compiling itoa v1.0.3
[INFO] [stderr]    Compiling pin-project-lite v0.2.9
[INFO] [stderr]    Compiling zeroize v1.5.7
[INFO] [stderr]    Compiling crunchy v0.2.2
[INFO] [stderr]    Compiling lock_api v0.4.7
[INFO] [stderr]    Compiling parking_lot_core v0.9.3
[INFO] [stderr]    Compiling num-traits v0.2.15
[INFO] [stderr]    Compiling const-oid v0.9.0
[INFO] [stderr]    Compiling radium v0.7.0
[INFO] [stderr]    Compiling scopeguard v1.1.0
[INFO] [stderr]    Compiling cpufeatures v0.2.2
[INFO] [stderr]    Compiling generic-array v0.14.6
[INFO] [stderr]    Compiling hex v0.4.3
[INFO] [stderr]    Compiling rustc-hex v2.1.0
[INFO] [stderr]    Compiling smallvec v1.9.0
[INFO] [stderr]    Compiling der v0.6.0
[INFO] [stderr]    Compiling tokio v1.20.1
[INFO] [stderr]    Compiling futures-core v0.3.21
[INFO] [stderr]    Compiling tap v1.0.1
[INFO] [stderr]    Compiling keccak v0.1.2
[INFO] [stderr]    Compiling tiny-keccak v2.0.2
[INFO] [stderr]    Compiling wyz v0.5.0
[INFO] [stderr]    Compiling funty v2.0.0
[INFO] [stderr]    Compiling pkg-config v0.3.25
[INFO] [stderr]    Compiling arrayvec v0.7.2
[INFO] [stderr]    Compiling static_assertions v1.1.0
[INFO] [stderr]    Compiling num-integer v0.1.45
[INFO] [stderr]    Compiling base16ct v0.1.1
[INFO] [stderr]    Compiling getrandom v0.2.7
[INFO] [stderr]    Compiling signal-hook-registry v1.4.0
[INFO] [stderr]    Compiling num_cpus v1.13.1
[INFO] [stderr]    Compiling socket2 v0.4.4
[INFO] [stderr]    Compiling mio v0.8.4
[INFO] [stderr]    Compiling rand_core v0.6.3
[INFO] [stderr]    Compiling ring v0.16.20
[INFO] [stderr]    Compiling parking_lot v0.12.1
[INFO] [stderr]    Compiling rand_chacha v0.3.1
[INFO] [stderr]    Compiling openssl-sys v0.9.75
[INFO] [stderr]    Compiling spki v0.6.0
[INFO] [stderr]    Compiling ff v0.12.0
[INFO] [stderr]    Compiling rand v0.8.5
[INFO] [stderr]    Compiling pkcs8 v0.9.0
[INFO] [stderr]    Compiling bitvec v1.0.1
[INFO] [stderr]    Compiling futures-task v0.3.21
[INFO] [stderr]    Compiling byte-slice-cast v1.2.1
[INFO] [stderr]    Compiling ryu v1.0.11
[INFO] [stderr]    Compiling serde_json v1.0.83
[INFO] [stderr]    Compiling group v0.12.0
[INFO] [stderr]    Compiling proc-macro-error-attr v1.0.4
[INFO] [stderr]    Compiling tracing-core v0.1.29
[INFO] [stderr]    Compiling slab v0.4.7
[INFO] [stderr]    Compiling untrusted v0.7.1
[INFO] [stderr]    Compiling spin v0.5.2
[INFO] [stderr]    Compiling uint v0.9.3
[INFO] [stderr]    Compiling proc-macro-error v1.0.4
[INFO] [stderr]    Compiling indexmap v1.9.1
[INFO] [stderr]    Compiling crypto-common v0.1.6
[INFO] [stderr]    Compiling block-buffer v0.10.2
[INFO] [stderr]    Compiling crypto-bigint v0.4.8
[INFO] [stderr]    Compiling sec1 v0.3.0
[INFO] [stderr]    Compiling fnv v1.0.7
[INFO] [stderr]    Compiling futures-channel v0.3.21
[INFO] [stderr]    Compiling rustversion v1.0.9
[INFO] [stderr]    Compiling futures-util v0.3.21
[INFO] [stderr]    Compiling digest v0.10.3
[INFO] [stderr]    Compiling fixed-hash v0.7.0
[INFO] [stderr]    Compiling aho-corasick v0.7.18
[INFO] [stderr]    Compiling openssl v0.10.41
[INFO] [stderr]    Compiling hmac v0.12.1
[INFO] [stderr]    Compiling sha2 v0.10.2
[INFO] [stderr]    Compiling sha3 v0.10.2
[INFO] [stderr]    Compiling signature v1.5.0
[INFO] [stderr]    Compiling regex-syntax v0.6.27
[INFO] [stderr]    Compiling pin-utils v0.1.0
[INFO] [stderr]    Compiling hashbrown v0.12.3
[INFO] [stderr]    Compiling futures-sink v0.3.21
[INFO] [stderr]    Compiling httparse v1.7.1
[INFO] [stderr]    Compiling foreign-types-shared v0.1.1
[INFO] [stderr]    Compiling foreign-types v0.3.2
[INFO] [stderr]    Compiling generic-array v0.12.4
[INFO] [stderr]    Compiling rfc6979 v0.3.0
[INFO] [stderr]    Compiling elliptic-curve v0.12.3
[INFO] [stderr]    Compiling autocfg v0.1.8
[INFO] [stderr]    Compiling try-lock v0.2.3
[INFO] [stderr]    Compiling rustls v0.20.6
[INFO] [stderr]    Compiling rust_decimal v1.26.1
[INFO] [stderr]    Compiling matches v0.1.9
[INFO] [stderr]    Compiling tinyvec_macros v0.1.0
[INFO] [stderr]    Compiling bytes v1.2.1
[INFO] [stderr]    Compiling native-tls v0.2.10
[INFO] [stderr]    Compiling ecdsa v0.14.3
[INFO] [stderr]    Compiling byte-tools v0.3.1
[INFO] [stderr]    Compiling block-padding v0.1.5
[INFO] [stderr]    Compiling tinyvec v1.6.0
[INFO] [stderr]    Compiling want v0.3.0
[INFO] [stderr]    Compiling k256 v0.11.3
[INFO] [stderr]    Compiling tower-service v0.3.2
[INFO] [stderr]    Compiling percent-encoding v2.1.0
[INFO] [stderr]    Compiling rand_core v0.4.2
[INFO] [stderr]    Compiling openssl-probe v0.1.5
[INFO] [stderr]    Compiling httpdate v1.0.2
[INFO] [stderr]    Compiling lazy_static v1.4.0
[INFO] [stderr]    Compiling form_urlencoded v1.0.1
[INFO] [stderr]    Compiling block-buffer v0.7.3
[INFO] [stderr]    Compiling digest v0.8.1
[INFO] [stderr]    Compiling chrono v0.4.20
[INFO] [stderr]    Compiling cipher v0.3.0
[INFO] [stderr]    Compiling encoding_rs v0.8.31
[INFO] [stderr]    Compiling convert_case v0.5.0
[INFO] [stderr]    Compiling fake-simd v0.1.2
[INFO] [stderr]    Compiling toml v0.5.9
[INFO] [stderr]    Compiling unicode-bidi v0.3.8
[INFO] [stderr]    Compiling opaque-debug v0.2.3
[INFO] [stderr]    Compiling unicode-xid v0.2.3
[INFO] [stderr]    Compiling sha2 v0.8.2
[INFO] [stderr]    Compiling base64 v0.13.0
[INFO] [stderr]    Compiling base58 v0.1.0
[INFO] [stderr]    Compiling async-trait v0.1.57
[INFO] [stderr]    Compiling unicode-normalization v0.1.21
[INFO] [stderr]    Compiling rand_core v0.3.1
[INFO] [stderr]    Compiling base58check v0.1.0
[INFO] [stderr]    Compiling rustls-pemfile v1.0.1
[INFO] [stderr]    Compiling regex v1.6.0
[INFO] [stderr]    Compiling blake2 v0.10.4
[INFO] [stderr]    Compiling ripemd v0.1.1
[INFO] [stderr]    Compiling password-hash v0.4.2
[INFO] [stderr]    Compiling bech32 v0.7.3
[INFO] [stderr]    Compiling base64 v0.12.3
[INFO] [stderr]    Compiling idna v0.2.3
[INFO] [stderr]    Compiling mime v0.3.16
[INFO] [stderr]    Compiling ipnet v2.5.0
[INFO] [stderr]    Compiling pbkdf2 v0.11.0
[INFO] [stderr]    Compiling salsa20 v0.9.0
[INFO] [stderr]    Compiling pbkdf2 v0.10.1
[INFO] [stderr]    Compiling password-hash v0.3.2
[INFO] [stderr]    Compiling secp256k1-sys v0.4.2
[INFO] [stderr]    Compiling fxhash v0.2.1
[INFO] [stderr]    Compiling semver v1.0.13
[INFO] [stderr]    Compiling bs58 v0.4.0
[INFO] [stderr]    Compiling opaque-debug v0.3.0
[INFO] [stderr]    Compiling radium v0.3.0
[INFO] [stderr]    Compiling url v2.2.2
[INFO] [stderr]    Compiling either v1.7.0
[INFO] [stderr]    Compiling webpki v0.22.0
[INFO] [stderr]    Compiling sct v0.7.0
[INFO] [stderr]    Compiling bitvec v0.17.4
[INFO] [stderr]    Compiling scrypt v0.8.1
[INFO] [stderr]    Compiling aes v0.7.5
[INFO] [stderr]    Compiling webpki-roots v0.22.4
[INFO] [stderr]    Compiling hashers v1.0.1
[INFO] [stderr]    Compiling ctr v0.8.0
[INFO] [stderr]    Compiling rand_chacha v0.1.1
[INFO] [stderr]    Compiling rand_pcg v0.1.2
[INFO] [stderr]    Compiling num-bigint v0.2.6
[INFO] [stderr]    Compiling futures-timer v3.0.2
[INFO] [stderr]    Compiling rand v0.6.5
[INFO] [stderr]    Compiling rand_isaac v0.1.1
[INFO] [stderr]    Compiling rand_hc v0.1.0
[INFO] [stderr]    Compiling rand_xorshift v0.1.1
[INFO] [stderr]    Compiling rand_jitter v0.1.4
[INFO] [stderr]    Compiling instant v0.1.12
[INFO] [stderr]    Compiling eyre v0.6.8
[INFO] [stderr]    Compiling secp256k1 v0.21.3
[INFO] [stderr]    Compiling indenter v0.3.3
[INFO] [stderr]    Compiling tiny-keccak v1.5.0
[INFO] [stderr]    Compiling dotenv v0.15.0
[INFO] [stderr]    Compiling secp256k1 v0.20.3
[INFO] [stderr]    Compiling bigdecimal v0.0.14
[INFO] [stderr]    Compiling thiserror-impl v1.0.32
[INFO] [stderr]    Compiling tokio-macros v1.8.0
[INFO] [stderr]    Compiling impl-trait-for-tuples v0.2.2
[INFO] [stderr]    Compiling tracing-attributes v0.1.22
[INFO] [stderr]    Compiling futures-macro v0.3.21
[INFO] [stderr]    Compiling openssl-macros v0.1.0
[INFO] [stderr]    Compiling fastrlp-derive v0.1.2
[INFO] [stderr]    Compiling auto_impl v1.0.1
[INFO] [stderr]    Compiling strum_macros v0.24.3
[INFO] [stderr]    Compiling rlp-derive v0.1.0
[INFO] [stderr]    Compiling pin-project-internal v1.0.11
[INFO] [stderr]    Compiling ether-converter v0.1.3
[INFO] [stderr]    Compiling pin-project v1.0.11
[INFO] [stderr]    Compiling tracing v0.1.36
[INFO] [stderr]    Compiling thiserror v1.0.32
[INFO] [stderr]    Compiling proc-macro-crate v1.2.1
[INFO] [stderr]    Compiling tracing-futures v0.2.5
[INFO] [stderr]    Compiling strum v0.24.1
[INFO] [stderr]    Compiling parity-scale-codec-derive v3.1.3
[INFO] [stderr]    Compiling parity-scale-codec v3.1.5
[INFO] [stderr]    Compiling impl-serde v0.3.2
[INFO] [stderr]    Compiling serde_urlencoded v0.7.1
[INFO] [stderr]    Compiling bincode v1.3.3
[INFO] [stderr]    Compiling coins-core v0.7.0
[INFO] [stderr]    Compiling uuid v0.8.2
[INFO] [stderr]    Compiling coins-bip32 v0.7.0
[INFO] [stderr]    Compiling rlp v0.5.1
[INFO] [stderr]    Compiling http v0.2.8
[INFO] [stderr]    Compiling impl-rlp v0.3.0
[INFO] [stderr]    Compiling ethereum-tx-sign v4.0.0
[INFO] [stderr]    Compiling ethbloom v0.12.1
[INFO] [stderr]    Compiling impl-codec v0.6.0
[INFO] [stderr]    Compiling primitive-types v0.11.1
[INFO] [stderr]    Compiling coins-bip39 v0.7.0
[INFO] [stderr]    Compiling eth-keystore v0.4.2
[INFO] [stderr]    Compiling serde-aux v3.1.0
[INFO] [stderr]    Compiling http-body v0.4.5
[INFO] [stderr]    Compiling ethereum-types v0.13.1
[INFO] [stderr]    Compiling fastrlp v0.1.3
[INFO] [stderr]    Compiling ethabi v17.1.0
[INFO] [stderr]    Compiling ethers-core v0.17.0 (https://github.com/gakonst/ethers-rs#88844b12)
[INFO] [stderr]    Compiling tokio-util v0.7.3
[INFO] [stderr]    Compiling tokio-rustls v0.23.4
[INFO] [stderr]    Compiling tokio-native-tls v0.3.0
[INFO] [stderr]    Compiling futures-locks v0.7.0
[INFO] [stderr]    Compiling h2 v0.3.13
[INFO] [stderr]    Compiling ethers-signers v0.17.0 (https://github.com/gakonst/ethers-rs#88844b12)
[INFO] [stderr]    Compiling ethers-addressbook v0.17.0 (https://github.com/gakonst/ethers-rs#88844b12)
[INFO] [stderr]    Compiling hyper v0.14.20
[INFO] [stderr]    Compiling hyper-tls v0.5.0
[INFO] [stderr]    Compiling hyper-rustls v0.23.0
[INFO] [stderr]    Compiling reqwest v0.11.11
[INFO] [stderr]    Compiling ethers-providers v0.17.0 (https://github.com/gakonst/ethers-rs#88844b12)
[INFO] [stderr]    Compiling ethers-etherscan v0.17.0 (https://github.com/gakonst/ethers-rs#88844b12)
[INFO] [stderr]    Compiling ethers-contract v0.17.0 (https://github.com/gakonst/ethers-rs#88844b12)
[INFO] [stderr]    Compiling ethers-middleware v0.17.0 (https://github.com/gakonst/ethers-rs#88844b12)
[INFO] [stderr]    Compiling ethers v0.17.0 (https://github.com/gakonst/ethers-rs#88844b12)
[INFO] [stderr]    Compiling xendfinance_rust_sdk v0.1.0 (/opt/rustwide/workdir)
[INFO] [stdout] warning: unused import: `ProtocolAddress`
[INFO] [stdout]   --> src/sdk.rs:15:55
[INFO] [stdout]    |
[INFO] [stdout] 15 |     get_addresses::{get_mainnet_protocols, Addresses, ProtocolAddress},
[INFO] [stdout]    |                                                       ^^^^^^^^^^^^^^^
[INFO] [stdout]    |
[INFO] [stdout]    = note: `#[warn(unused_imports)]` on by default
[INFO] [stdout] 
[INFO] [stdout] 
[INFO] [stdout] warning: unused imports: `PathBuf`, `Path`, `self`
[INFO] [stdout]  --> src/strategies/create_contract.rs:7:22
[INFO] [stdout]   |
[INFO] [stdout] 7 | use std::{fs::{File, self}, str::FromStr, path::{Path, PathBuf}};
[INFO] [stdout]   |                      ^^^^                        ^^^^  ^^^^^^^
[INFO] [stdout] 
[INFO] [stdout] 
[INFO] [stdout] warning: unused imports: `U256`, `U64`
[INFO] [stdout]  --> src/utilities/helpers.rs:6:24
[INFO] [stdout]   |
[INFO] [stdout] 6 | use ethers::prelude::{ U256, U64};
[INFO] [stdout]   |                        ^^^^  ^^^
[INFO] [stdout] 
[INFO] [stdout] 
[INFO] [stdout] warning: unused variable: `env`
[INFO] [stdout]   --> src/sdk.rs:62:24
[INFO] [stdout]    |
[INFO] [stdout] 62 |     pub async fn local(env: &str, protocols: get_addresses::Protocols, protocol_name: String) {}
[INFO] [stdout]    |                        ^^^ help: if this is intentional, prefix it with an underscore: `_env`
[INFO] [stdout]    |
[INFO] [stdout]    = note: `#[warn(unused_variables)]` on by default
[INFO] [stdout] 
[INFO] [stdout] 
[INFO] [stdout] warning: unused variable: `protocols`
[INFO] [stdout]   --> src/sdk.rs:62:35
[INFO] [stdout]    |
[INFO] [stdout] 62 |     pub async fn local(env: &str, protocols: get_addresses::Protocols, protocol_name: String) {}
[INFO] [stdout]    |                                   ^^^^^^^^^ help: if this is intentional, prefix it with an underscore: `_protocols`
[INFO] [stdout] 
[INFO] [stdout] 
[INFO] [stdout] warning: unused variable: `protocol_name`
[INFO] [stdout]   --> src/sdk.rs:62:72
[INFO] [stdout]    |
[INFO] [stdout] 62 |     pub async fn local(env: &str, protocols: get_addresses::Protocols, protocol_name: String) {}
[INFO] [stdout]    |                                                                        ^^^^^^^^^^^^^ help: if this is intentional, prefix it with an underscore: `_protocol_name`
[INFO] [stdout] 
[INFO] [stdout] 
[INFO] [stdout] warning: unused variable: `rpc`
[INFO] [stdout]   --> src/strategies/xauto/index.rs:32:9
[INFO] [stdout]    |
[INFO] [stdout] 32 |         rpc: String,
[INFO] [stdout]    |         ^^^ help: if this is intentional, prefix it with an underscore: `_rpc`
[INFO] [stdout] 
[INFO] [stdout] 
[INFO] [stdout] warning: unused variable: `rpc`
[INFO] [stdout]   --> src/strategies/xvault/index.rs:32:9
[INFO] [stdout]    |
[INFO] [stdout] 32 |         rpc: String,
[INFO] [stdout]    |         ^^^ help: if this is intentional, prefix it with an underscore: `_rpc`
[INFO] [stdout] 
[INFO] [stdout] 
[INFO] [stdout] warning: value assigned to `name` is never read
[INFO] [stdout]   --> src/utilities/protocol_selector.rs:24:13
[INFO] [stdout]    |
[INFO] [stdout] 24 |     let mut name: String = "".to_string();
[INFO] [stdout]    |             ^^^^
[INFO] [stdout]    |
[INFO] [stdout]    = help: maybe it is overwritten before being read?
[INFO] [stdout]    = note: `#[warn(unused_assignments)]` on by default
[INFO] [stdout] 
[INFO] [stdout] 
[INFO] [stdout] warning: field `assets` is never read
[INFO] [stdout]   --> src/strategies/xauto/index.rs:22:5
[INFO] [stdout]    |
[INFO] [stdout] 18 | pub struct XAuto {
[INFO] [stdout]    |            ----- field in this struct
[INFO] [stdout] ...
[INFO] [stdout] 22 |     assets: [Layer2Asset; 11],
[INFO] [stdout]    |     ^^^^^^
[INFO] [stdout]    |
[INFO] [stdout]    = note: `XAuto` has derived impls for the traits `Debug` and `Clone`, but these are intentionally ignored during dead code analysis
[INFO] [stdout]    = note: `#[warn(dead_code)]` on by default
[INFO] [stdout] 
[INFO] [stdout] 
[INFO] [stdout] warning: field `assets` is never read
[INFO] [stdout]   --> src/strategies/xvault/index.rs:22:5
[INFO] [stdout]    |
[INFO] [stdout] 18 | pub struct XVault {
[INFO] [stdout]    |            ------ field in this struct
[INFO] [stdout] ...
[INFO] [stdout] 22 |     assets: [Layer2Asset; 11],
[INFO] [stdout]    |     ^^^^^^
[INFO] [stdout]    |
[INFO] [stdout]    = note: `XVault` has derived impls for the traits `Debug` and `Clone`, but these are intentionally ignored during dead code analysis
[INFO] [stdout] 
[INFO] [stdout] 
[INFO] [stdout] warning: call to `.clone()` on a reference in this situation does nothing
[INFO] [stdout]    --> src/sdk.rs:145:38
[INFO] [stdout]     |
[INFO] [stdout] 145 |             self.private_key.as_str().clone(),
[INFO] [stdout]     |                                      ^^^^^^^^ help: remove this redundant call
[INFO] [stdout]     |
[INFO] [stdout]     = note: the type `str` does not implement `Clone`, so calling `clone` on `&str` copies the reference, which does not do anything and can be removed
[INFO] [stdout]     = note: `#[warn(noop_method_call)]` on by default
[INFO] [stdout] 
[INFO] [stdout] 
[INFO] [stdout] warning: call to `.clone()` on a reference in this situation does nothing
[INFO] [stdout]   --> src/strategies/xauto/index.rs:53:38
[INFO] [stdout]    |
[INFO] [stdout] 53 |             self.private_key.as_str().clone(),
[INFO] [stdout]    |                                      ^^^^^^^^ help: remove this redundant call
[INFO] [stdout]    |
[INFO] [stdout]    = note: the type `str` does not implement `Clone`, so calling `clone` on `&str` copies the reference, which does not do anything and can be removed
[INFO] [stdout] 
[INFO] [stdout] 
[INFO] [stdout] warning: call to `.clone()` on a reference in this situation does nothing
[INFO] [stdout]   --> src/strategies/xauto/index.rs:83:38
[INFO] [stdout]    |
[INFO] [stdout] 83 |             self.private_key.as_str().clone(),
[INFO] [stdout]    |                                      ^^^^^^^^ help: remove this redundant call
[INFO] [stdout]    |
[INFO] [stdout]    = note: the type `str` does not implement `Clone`, so calling `clone` on `&str` copies the reference, which does not do anything and can be removed
[INFO] [stdout] 
[INFO] [stdout] 
[INFO] [stdout] warning: call to `.clone()` on a reference in this situation does nothing
[INFO] [stdout]    --> src/strategies/xauto/index.rs:112:38
[INFO] [stdout]     |
[INFO] [stdout] 112 |             self.private_key.as_str().clone(),
[INFO] [stdout]     |                                      ^^^^^^^^ help: remove this redundant call
[INFO] [stdout]     |
[INFO] [stdout]     = note: the type `str` does not implement `Clone`, so calling `clone` on `&str` copies the reference, which does not do anything and can be removed
[INFO] [stdout] 
[INFO] [stdout] 
[INFO] [stdout] warning: call to `.clone()` on a reference in this situation does nothing
[INFO] [stdout]    --> src/strategies/xauto/index.rs:169:38
[INFO] [stdout]     |
[INFO] [stdout] 169 |             self.private_key.as_str().clone(),
[INFO] [stdout]     |                                      ^^^^^^^^ help: remove this redundant call
[INFO] [stdout]     |
[INFO] [stdout]     = note: the type `str` does not implement `Clone`, so calling `clone` on `&str` copies the reference, which does not do anything and can be removed
[INFO] [stdout] 
[INFO] [stdout] 
[INFO] [stdout] warning: call to `.clone()` on a reference in this situation does nothing
[INFO] [stdout]    --> src/strategies/xauto/index.rs:196:38
[INFO] [stdout]     |
[INFO] [stdout] 196 |             self.private_key.as_str().clone(),
[INFO] [stdout]     |                                      ^^^^^^^^ help: remove this redundant call
[INFO] [stdout]     |
[INFO] [stdout]     = note: the type `str` does not implement `Clone`, so calling `clone` on `&str` copies the reference, which does not do anything and can be removed
[INFO] [stdout] 
[INFO] [stdout] 
[INFO] [stdout] warning: call to `.clone()` on a reference in this situation does nothing
[INFO] [stdout]   --> src/strategies/xvault/index.rs:53:38
[INFO] [stdout]    |
[INFO] [stdout] 53 |             self.private_key.as_str().clone(),
[INFO] [stdout]    |                                      ^^^^^^^^ help: remove this redundant call
[INFO] [stdout]    |
[INFO] [stdout]    = note: the type `str` does not implement `Clone`, so calling `clone` on `&str` copies the reference, which does not do anything and can be removed
[INFO] [stdout] 
[INFO] [stdout] 
[INFO] [stdout] warning: call to `.clone()` on a reference in this situation does nothing
[INFO] [stdout]   --> src/strategies/xvault/index.rs:83:38
[INFO] [stdout]    |
[INFO] [stdout] 83 |             self.private_key.as_str().clone(),
[INFO] [stdout]    |                                      ^^^^^^^^ help: remove this redundant call
[INFO] [stdout]    |
[INFO] [stdout]    = note: the type `str` does not implement `Clone`, so calling `clone` on `&str` copies the reference, which does not do anything and can be removed
[INFO] [stdout] 
[INFO] [stdout] 
[INFO] [stdout] warning: call to `.clone()` on a reference in this situation does nothing
[INFO] [stdout]    --> src/strategies/xvault/index.rs:112:38
[INFO] [stdout]     |
[INFO] [stdout] 112 |             self.private_key.as_str().clone(),
[INFO] [stdout]     |                                      ^^^^^^^^ help: remove this redundant call
[INFO] [stdout]     |
[INFO] [stdout]     = note: the type `str` does not implement `Clone`, so calling `clone` on `&str` copies the reference, which does not do anything and can be removed
[INFO] [stdout] 
[INFO] [stdout] 
[INFO] [stdout] warning: call to `.clone()` on a reference in this situation does nothing
[INFO] [stdout]    --> src/strategies/xvault/index.rs:171:38
[INFO] [stdout]     |
[INFO] [stdout] 171 |             self.private_key.as_str().clone(),
[INFO] [stdout]     |                                      ^^^^^^^^ help: remove this redundant call
[INFO] [stdout]     |
[INFO] [stdout]     = note: the type `str` does not implement `Clone`, so calling `clone` on `&str` copies the reference, which does not do anything and can be removed
[INFO] [stdout] 
[INFO] [stdout] 
[INFO] [stdout] warning: call to `.clone()` on a reference in this situation does nothing
[INFO] [stdout]    --> src/strategies/xvault/index.rs:198:38
[INFO] [stdout]     |
[INFO] [stdout] 198 |             self.private_key.as_str().clone(),
[INFO] [stdout]     |                                      ^^^^^^^^ help: remove this redundant call
[INFO] [stdout]     |
[INFO] [stdout]     = note: the type `str` does not implement `Clone`, so calling `clone` on `&str` copies the reference, which does not do anything and can be removed
[INFO] [stdout] 
[INFO] [stdout] 
[INFO] [stdout] warning: variable `layer2Assets` should have a snake case name
[INFO] [stdout]   --> src/utilities/layer2_assets.rs:50:9
[INFO] [stdout]    |
[INFO] [stdout] 50 |     let layer2Assets = [
[INFO] [stdout]    |         ^^^^^^^^^^^^ help: convert the identifier to snake case: `layer2_assets`
[INFO] [stdout]    |
[INFO] [stdout]    = note: `#[warn(non_snake_case)]` on by default
[INFO] [stdout] 
[INFO] [stdout] 
[INFO] [stdout] warning: 23 warnings emitted
[INFO] [stdout] 
[INFO] [stdout] 
[INFO] [stderr]     Finished dev [unoptimized + debuginfo] target(s) in 25.35s
[INFO] running `Command { std: "docker" "inspect" "57b01803f7dfa5de195bbf24351f1f5a7ad7a5e8aef81ee4eae04e8ceb130901", kill_on_drop: false }`
[INFO] running `Command { std: "docker" "rm" "-f" "57b01803f7dfa5de195bbf24351f1f5a7ad7a5e8aef81ee4eae04e8ceb130901", kill_on_drop: false }`
[INFO] [stdout] 57b01803f7dfa5de195bbf24351f1f5a7ad7a5e8aef81ee4eae04e8ceb130901
[INFO] running `Command { std: "docker" "create" "-v" "/var/lib/crater-agent-workspace/builds/worker-1-tc2/target:/opt/rustwide/target:rw,Z" "-v" "/var/lib/crater-agent-workspace/builds/worker-1-tc2/source:/opt/rustwide/workdir:ro,Z" "-v" "/var/lib/crater-agent-workspace/cargo-home:/opt/rustwide/cargo-home:ro,Z" "-v" "/var/lib/crater-agent-workspace/rustup-home:/opt/rustwide/rustup-home:ro,Z" "-e" "SOURCE_DIR=/opt/rustwide/workdir" "-e" "CARGO_TARGET_DIR=/opt/rustwide/target" "-e" "CARGO_INCREMENTAL=0" "-e" "RUST_BACKTRACE=full" "-e" "RUSTFLAGS=--cap-lints=warn" "-e" "RUSTDOCFLAGS=--cap-lints=warn" "-e" "CARGO_HOME=/opt/rustwide/cargo-home" "-e" "RUSTUP_HOME=/opt/rustwide/rustup-home" "-w" "/opt/rustwide/workdir" "-m" "1610612736" "--user" "0:0" "--network" "none" "ghcr.io/rust-lang/crates-build-env/linux@sha256:2788e3201cd34a07e3172128adcd8b3090168a8e3bcc40d7c032b9dda1df7d1c" "/opt/rustwide/cargo-home/bin/cargo" "+beta-2023-12-22" "test" "--frozen" "--no-run" "--message-format=json", kill_on_drop: false }`
[INFO] [stdout] 2a3977d56f3c66730f3f8c5b06b61ce3588f7b471a1905e1f6ecb2b4ca780d88
[INFO] running `Command { std: "docker" "start" "-a" "2a3977d56f3c66730f3f8c5b06b61ce3588f7b471a1905e1f6ecb2b4ca780d88", kill_on_drop: false }`
[INFO] [stdout] warning: unused import: `ProtocolAddress`
[INFO] [stdout]   --> src/sdk.rs:15:55
[INFO] [stdout]    |
[INFO] [stdout] 15 |     get_addresses::{get_mainnet_protocols, Addresses, ProtocolAddress},
[INFO] [stdout]    |                                                       ^^^^^^^^^^^^^^^
[INFO] [stdout]    |
[INFO] [stdout]    = note: `#[warn(unused_imports)]` on by default
[INFO] [stdout] 
[INFO] [stdout] 
[INFO] [stdout] warning: unused imports: `PathBuf`, `Path`, `self`
[INFO] [stdout]  --> src/strategies/create_contract.rs:7:22
[INFO] [stdout]   |
[INFO] [stdout] 7 | use std::{fs::{File, self}, str::FromStr, path::{Path, PathBuf}};
[INFO] [stdout]   |                      ^^^^                        ^^^^  ^^^^^^^
[INFO] [stdout] 
[INFO] [stdout] 
[INFO] [stdout] warning: unused imports: `U256`, `U64`
[INFO] [stdout]  --> src/utilities/helpers.rs:6:24
[INFO] [stdout]   |
[INFO] [stdout] 6 | use ethers::prelude::{ U256, U64};
[INFO] [stdout]   |                        ^^^^  ^^^
[INFO] [stdout] 
[INFO] [stdout] 
[INFO] [stdout] warning: unused variable: `env`
[INFO] [stdout]   --> src/sdk.rs:62:24
[INFO] [stdout]    |
[INFO] [stdout] 62 |     pub async fn local(env: &str, protocols: get_addresses::Protocols, protocol_name: String) {}
[INFO] [stdout]    |                        ^^^ help: if this is intentional, prefix it with an underscore: `_env`
[INFO] [stdout]    |
[INFO] [stdout]    = note: `#[warn(unused_variables)]` on by default
[INFO] [stdout] 
[INFO] [stdout] 
[INFO] [stdout] warning: unused variable: `protocols`
[INFO] [stdout]   --> src/sdk.rs:62:35
[INFO] [stdout]    |
[INFO] [stdout] 62 |     pub async fn local(env: &str, protocols: get_addresses::Protocols, protocol_name: String) {}
[INFO] [stdout]    |                                   ^^^^^^^^^ help: if this is intentional, prefix it with an underscore: `_protocols`
[INFO] [stdout] 
[INFO] [stdout] 
[INFO] [stdout] warning: unused variable: `protocol_name`
[INFO] [stdout]   --> src/sdk.rs:62:72
[INFO] [stdout]    |
[INFO] [stdout] 62 |     pub async fn local(env: &str, protocols: get_addresses::Protocols, protocol_name: String) {}
[INFO] [stdout]    |                                                                        ^^^^^^^^^^^^^ help: if this is intentional, prefix it with an underscore: `_protocol_name`
[INFO] [stdout] 
[INFO] [stdout] 
[INFO] [stdout] warning: unused variable: `rpc`
[INFO] [stdout]   --> src/strategies/xauto/index.rs:32:9
[INFO] [stdout]    |
[INFO] [stdout] 32 |         rpc: String,
[INFO] [stdout]    |         ^^^ help: if this is intentional, prefix it with an underscore: `_rpc`
[INFO] [stdout] 
[INFO] [stdout] 
[INFO] [stdout] warning: unused variable: `rpc`
[INFO] [stdout]   --> src/strategies/xvault/index.rs:32:9
[INFO] [stdout]    |
[INFO] [stdout] 32 |         rpc: String,
[INFO] [stdout]    |         ^^^ help: if this is intentional, prefix it with an underscore: `_rpc`
[INFO] [stdout] 
[INFO] [stdout] 
[INFO] [stdout] warning: value assigned to `name` is never read
[INFO] [stdout]   --> src/utilities/protocol_selector.rs:24:13
[INFO] [stdout]    |
[INFO] [stdout] 24 |     let mut name: String = "".to_string();
[INFO] [stdout]    |             ^^^^
[INFO] [stdout]    |
[INFO] [stdout]    = help: maybe it is overwritten before being read?
[INFO] [stdout]    = note: `#[warn(unused_assignments)]` on by default
[INFO] [stdout] 
[INFO] [stdout] 
[INFO] [stdout] warning: field `assets` is never read
[INFO] [stdout]   --> src/strategies/xauto/index.rs:22:5
[INFO] [stdout]    |
[INFO] [stdout] 18 | pub struct XAuto {
[INFO] [stdout]    |            ----- field in this struct
[INFO] [stdout] ...
[INFO] [stdout] 22 |     assets: [Layer2Asset; 11],
[INFO] [stdout]    |     ^^^^^^
[INFO] [stdout]    |
[INFO] [stdout]    = note: `XAuto` has derived impls for the traits `Debug` and `Clone`, but these are intentionally ignored during dead code analysis
[INFO] [stdout]    = note: `#[warn(dead_code)]` on by default
[INFO] [stdout] 
[INFO] [stdout] 
[INFO] [stdout] warning: field `assets` is never read
[INFO] [stdout]   --> src/strategies/xvault/index.rs:22:5
[INFO] [stdout]    |
[INFO] [stdout] 18 | pub struct XVault {
[INFO] [stdout]    |            ------ field in this struct
[INFO] [stdout] ...
[INFO] [stdout] 22 |     assets: [Layer2Asset; 11],
[INFO] [stdout]    |     ^^^^^^
[INFO] [stdout]    |
[INFO] [stdout]    = note: `XVault` has derived impls for the traits `Debug` and `Clone`, but these are intentionally ignored during dead code analysis
[INFO] [stdout] 
[INFO] [stdout] 
[INFO] [stdout] warning: call to `.clone()` on a reference in this situation does nothing
[INFO] [stdout]    --> src/sdk.rs:145:38
[INFO] [stdout]     |
[INFO] [stdout] 145 |             self.private_key.as_str().clone(),
[INFO] [stdout]     |                                      ^^^^^^^^ help: remove this redundant call
[INFO] [stdout]     |
[INFO] [stdout]     = note: the type `str` does not implement `Clone`, so calling `clone` on `&str` copies the reference, which does not do anything and can be removed
[INFO] [stdout]     = note: `#[warn(noop_method_call)]` on by default
[INFO] [stdout] 
[INFO] [stdout] 
[INFO] [stdout] warning: call to `.clone()` on a reference in this situation does nothing
[INFO] [stdout]   --> src/strategies/xauto/index.rs:53:38
[INFO] [stdout]    |
[INFO] [stdout] 53 |             self.private_key.as_str().clone(),
[INFO] [stdout]    |                                      ^^^^^^^^ help: remove this redundant call
[INFO] [stdout]    |
[INFO] [stdout]    = note: the type `str` does not implement `Clone`, so calling `clone` on `&str` copies the reference, which does not do anything and can be removed
[INFO] [stdout] 
[INFO] [stdout] 
[INFO] [stdout] warning: call to `.clone()` on a reference in this situation does nothing
[INFO] [stdout]   --> src/strategies/xauto/index.rs:83:38
[INFO] [stdout]    |
[INFO] [stdout] 83 |             self.private_key.as_str().clone(),
[INFO] [stdout]    |                                      ^^^^^^^^ help: remove this redundant call
[INFO] [stdout]    |
[INFO] [stdout]    = note: the type `str` does not implement `Clone`, so calling `clone` on `&str` copies the reference, which does not do anything and can be removed
[INFO] [stdout] 
[INFO] [stdout] 
[INFO] [stdout] warning: call to `.clone()` on a reference in this situation does nothing
[INFO] [stdout]    --> src/strategies/xauto/index.rs:112:38
[INFO] [stdout]     |
[INFO] [stdout] 112 |             self.private_key.as_str().clone(),
[INFO] [stdout]     |                                      ^^^^^^^^ help: remove this redundant call
[INFO] [stdout]     |
[INFO] [stdout]     = note: the type `str` does not implement `Clone`, so calling `clone` on `&str` copies the reference, which does not do anything and can be removed
[INFO] [stdout] 
[INFO] [stdout] 
[INFO] [stdout] warning: call to `.clone()` on a reference in this situation does nothing
[INFO] [stdout]    --> src/strategies/xauto/index.rs:169:38
[INFO] [stdout]     |
[INFO] [stdout] 169 |             self.private_key.as_str().clone(),
[INFO] [stdout]     |                                      ^^^^^^^^ help: remove this redundant call
[INFO] [stdout]     |
[INFO] [stdout]     = note: the type `str` does not implement `Clone`, so calling `clone` on `&str` copies the reference, which does not do anything and can be removed
[INFO] [stdout] 
[INFO] [stdout] 
[INFO] [stdout] warning: call to `.clone()` on a reference in this situation does nothing
[INFO] [stdout]    --> src/strategies/xauto/index.rs:196:38
[INFO] [stdout]     |
[INFO] [stdout] 196 |             self.private_key.as_str().clone(),
[INFO] [stdout]     |                                      ^^^^^^^^ help: remove this redundant call
[INFO] [stdout]     |
[INFO] [stdout]     = note: the type `str` does not implement `Clone`, so calling `clone` on `&str` copies the reference, which does not do anything and can be removed
[INFO] [stdout] 
[INFO] [stdout] 
[INFO] [stdout] warning: call to `.clone()` on a reference in this situation does nothing
[INFO] [stdout]   --> src/strategies/xvault/index.rs:53:38
[INFO] [stdout]    |
[INFO] [stdout] 53 |             self.private_key.as_str().clone(),
[INFO] [stdout]    |                                      ^^^^^^^^ help: remove this redundant call
[INFO] [stdout]    |
[INFO] [stdout]    = note: the type `str` does not implement `Clone`, so calling `clone` on `&str` copies the reference, which does not do anything and can be removed
[INFO] [stdout] 
[INFO] [stdout] 
[INFO] [stdout] warning: call to `.clone()` on a reference in this situation does nothing
[INFO] [stdout]   --> src/strategies/xvault/index.rs:83:38
[INFO] [stdout]    |
[INFO] [stdout] 83 |             self.private_key.as_str().clone(),
[INFO] [stdout]    |                                      ^^^^^^^^ help: remove this redundant call
[INFO] [stdout]    |
[INFO] [stdout]    = note: the type `str` does not implement `Clone`, so calling `clone` on `&str` copies the reference, which does not do anything and can be removed
[INFO] [stdout] 
[INFO] [stdout] 
[INFO] [stdout] warning: call to `.clone()` on a reference in this situation does nothing
[INFO] [stdout]    --> src/strategies/xvault/index.rs:112:38
[INFO] [stdout]     |
[INFO] [stdout] 112 |             self.private_key.as_str().clone(),
[INFO] [stdout]     |                                      ^^^^^^^^ help: remove this redundant call
[INFO] [stdout]     |
[INFO] [stdout]     = note: the type `str` does not implement `Clone`, so calling `clone` on `&str` copies the reference, which does not do anything and can be removed
[INFO] [stdout] 
[INFO] [stdout] 
[INFO] [stdout] warning: call to `.clone()` on a reference in this situation does nothing
[INFO] [stdout]    --> src/strategies/xvault/index.rs:171:38
[INFO] [stdout]     |
[INFO] [stdout] 171 |             self.private_key.as_str().clone(),
[INFO] [stdout]     |                                      ^^^^^^^^ help: remove this redundant call
[INFO] [stdout]     |
[INFO] [stdout]     = note: the type `str` does not implement `Clone`, so calling `clone` on `&str` copies the reference, which does not do anything and can be removed
[INFO] [stdout] 
[INFO] [stdout] 
[INFO] [stdout] warning: call to `.clone()` on a reference in this situation does nothing
[INFO] [stdout]    --> src/strategies/xvault/index.rs:198:38
[INFO] [stdout]     |
[INFO] [stdout] 198 |             self.private_key.as_str().clone(),
[INFO] [stdout]     |                                      ^^^^^^^^ help: remove this redundant call
[INFO] [stdout]     |
[INFO] [stdout]     = note: the type `str` does not implement `Clone`, so calling `clone` on `&str` copies the reference, which does not do anything and can be removed
[INFO] [stdout] 
[INFO] [stdout] 
[INFO] [stderr]    Compiling xendfinance_rust_sdk v0.1.0 (/opt/rustwide/workdir)
[INFO] [stdout] warning: variable `layer2Assets` should have a snake case name
[INFO] [stdout]   --> src/utilities/layer2_assets.rs:50:9
[INFO] [stdout]    |
[INFO] [stdout] 50 |     let layer2Assets = [
[INFO] [stdout]    |         ^^^^^^^^^^^^ help: convert the identifier to snake case: `layer2_assets`
[INFO] [stdout]    |
[INFO] [stdout]    = note: `#[warn(non_snake_case)]` on by default
[INFO] [stdout] 
[INFO] [stdout] 
[INFO] [stdout] warning: 23 warnings emitted
[INFO] [stdout] 
[INFO] [stdout] 
[INFO] [stdout] warning: unused import: `ProtocolAddress`
[INFO] [stdout]   --> src/sdk.rs:15:55
[INFO] [stdout]    |
[INFO] [stdout] 15 |     get_addresses::{get_mainnet_protocols, Addresses, ProtocolAddress},
[INFO] [stdout]    |                                                       ^^^^^^^^^^^^^^^
[INFO] [stdout]    |
[INFO] [stdout]    = note: `#[warn(unused_imports)]` on by default
[INFO] [stdout] 
[INFO] [stdout] 
[INFO] [stdout] warning: unused imports: `PathBuf`, `Path`, `self`
[INFO] [stdout]  --> src/strategies/create_contract.rs:7:22
[INFO] [stdout]   |
[INFO] [stdout] 7 | use std::{fs::{File, self}, str::FromStr, path::{Path, PathBuf}};
[INFO] [stdout]   |                      ^^^^                        ^^^^  ^^^^^^^
[INFO] [stdout] 
[INFO] [stdout] 
[INFO] [stdout] warning: unused imports: `U256`, `U64`
[INFO] [stdout]  --> src/utilities/helpers.rs:6:24
[INFO] [stdout]   |
[INFO] [stdout] 6 | use ethers::prelude::{ U256, U64};
[INFO] [stdout]   |                        ^^^^  ^^^
[INFO] [stdout] 
[INFO] [stdout] 
[INFO] [stdout] warning: unused import: `crate::utilities::price_per_full_share::get_price_per_full_share`
[INFO] [stdout]  --> src/tests/account_test.rs:4:9
[INFO] [stdout]   |
[INFO] [stdout] 4 |     use crate::utilities::price_per_full_share::get_price_per_full_share;
[INFO] [stdout]   |         ^^^^^^^^^^^^^^^^^^^^^^^^^^^^^^^^^^^^^^^^^^^^^^^^^^^^^^^^^^^^^^^^
[INFO] [stdout] 
[INFO] [stdout] 
[INFO] [stdout] warning: unused import: `ethers::prelude::k256::elliptic_curve::consts::U25`
[INFO] [stdout]  --> src/tests/account_test.rs:7:9
[INFO] [stdout]   |
[INFO] [stdout] 7 |     use ethers::prelude::k256::elliptic_curve::consts::U25;
[INFO] [stdout]   |         ^^^^^^^^^^^^^^^^^^^^^^^^^^^^^^^^^^^^^^^^^^^^^^^^^^
[INFO] [stdout] 
[INFO] [stdout] 
[INFO] [stdout] warning: unused variable: `env`
[INFO] [stdout]   --> src/sdk.rs:62:24
[INFO] [stdout]    |
[INFO] [stdout] 62 |     pub async fn local(env: &str, protocols: get_addresses::Protocols, protocol_name: String) {}
[INFO] [stdout]    |                        ^^^ help: if this is intentional, prefix it with an underscore: `_env`
[INFO] [stdout]    |
[INFO] [stdout]    = note: `#[warn(unused_variables)]` on by default
[INFO] [stdout] 
[INFO] [stdout] 
[INFO] [stdout] warning: unused variable: `protocols`
[INFO] [stdout]   --> src/sdk.rs:62:35
[INFO] [stdout]    |
[INFO] [stdout] 62 |     pub async fn local(env: &str, protocols: get_addresses::Protocols, protocol_name: String) {}
[INFO] [stdout]    |                                   ^^^^^^^^^ help: if this is intentional, prefix it with an underscore: `_protocols`
[INFO] [stdout] 
[INFO] [stdout] 
[INFO] [stdout] warning: unused variable: `protocol_name`
[INFO] [stdout]   --> src/sdk.rs:62:72
[INFO] [stdout]    |
[INFO] [stdout] 62 |     pub async fn local(env: &str, protocols: get_addresses::Protocols, protocol_name: String) {}
[INFO] [stdout]    |                                                                        ^^^^^^^^^^^^^ help: if this is intentional, prefix it with an underscore: `_protocol_name`
[INFO] [stdout] 
[INFO] [stdout] 
[INFO] [stdout] warning: unused variable: `rpc`
[INFO] [stdout]   --> src/strategies/xauto/index.rs:32:9
[INFO] [stdout]    |
[INFO] [stdout] 32 |         rpc: String,
[INFO] [stdout]    |         ^^^ help: if this is intentional, prefix it with an underscore: `_rpc`
[INFO] [stdout] 
[INFO] [stdout] 
[INFO] [stdout] warning: unused variable: `rpc`
[INFO] [stdout]   --> src/strategies/xvault/index.rs:32:9
[INFO] [stdout]    |
[INFO] [stdout] 32 |         rpc: String,
[INFO] [stdout]    |         ^^^ help: if this is intentional, prefix it with an underscore: `_rpc`
[INFO] [stdout] 
[INFO] [stdout] 
[INFO] [stdout] warning: value assigned to `name` is never read
[INFO] [stdout]   --> src/utilities/protocol_selector.rs:24:13
[INFO] [stdout]    |
[INFO] [stdout] 24 |     let mut name: String = "".to_string();
[INFO] [stdout]    |             ^^^^
[INFO] [stdout]    |
[INFO] [stdout]    = help: maybe it is overwritten before being read?
[INFO] [stdout]    = note: `#[warn(unused_assignments)]` on by default
[INFO] [stdout] 
[INFO] [stdout] 
[INFO] [stdout] warning: field `assets` is never read
[INFO] [stdout]   --> src/strategies/xauto/index.rs:22:5
[INFO] [stdout]    |
[INFO] [stdout] 18 | pub struct XAuto {
[INFO] [stdout]    |            ----- field in this struct
[INFO] [stdout] ...
[INFO] [stdout] 22 |     assets: [Layer2Asset; 11],
[INFO] [stdout]    |     ^^^^^^
[INFO] [stdout]    |
[INFO] [stdout]    = note: `XAuto` has derived impls for the traits `Debug` and `Clone`, but these are intentionally ignored during dead code analysis
[INFO] [stdout]    = note: `#[warn(dead_code)]` on by default
[INFO] [stdout] 
[INFO] [stdout] 
[INFO] [stdout] warning: field `assets` is never read
[INFO] [stdout]   --> src/strategies/xvault/index.rs:22:5
[INFO] [stdout]    |
[INFO] [stdout] 18 | pub struct XVault {
[INFO] [stdout]    |            ------ field in this struct
[INFO] [stdout] ...
[INFO] [stdout] 22 |     assets: [Layer2Asset; 11],
[INFO] [stdout]    |     ^^^^^^
[INFO] [stdout]    |
[INFO] [stdout]    = note: `XVault` has derived impls for the traits `Debug` and `Clone`, but these are intentionally ignored during dead code analysis
[INFO] [stdout] 
[INFO] [stdout] 
[INFO] [stdout] warning: constant `CONTRACT_ADDRESS` is never used
[INFO] [stdout]   --> src/tests/account_test.rs:14:11
[INFO] [stdout]    |
[INFO] [stdout] 14 |     const CONTRACT_ADDRESS: &str = "0x454d6F10B18f391adD499cE39aCD5bFCD424B601";
[INFO] [stdout]    |           ^^^^^^^^^^^^^^^^
[INFO] [stdout] 
[INFO] [stdout] 
[INFO] [stdout] warning: call to `.clone()` on a reference in this situation does nothing
[INFO] [stdout]    --> src/sdk.rs:145:38
[INFO] [stdout]     |
[INFO] [stdout] 145 |             self.private_key.as_str().clone(),
[INFO] [stdout]     |                                      ^^^^^^^^ help: remove this redundant call
[INFO] [stdout]     |
[INFO] [stdout]     = note: the type `str` does not implement `Clone`, so calling `clone` on `&str` copies the reference, which does not do anything and can be removed
[INFO] [stdout]     = note: `#[warn(noop_method_call)]` on by default
[INFO] [stdout] 
[INFO] [stdout] 
[INFO] [stdout] warning: call to `.clone()` on a reference in this situation does nothing
[INFO] [stdout]   --> src/strategies/xauto/index.rs:53:38
[INFO] [stdout]    |
[INFO] [stdout] 53 |             self.private_key.as_str().clone(),
[INFO] [stdout]    |                                      ^^^^^^^^ help: remove this redundant call
[INFO] [stdout]    |
[INFO] [stdout]    = note: the type `str` does not implement `Clone`, so calling `clone` on `&str` copies the reference, which does not do anything and can be removed
[INFO] [stdout] 
[INFO] [stdout] 
[INFO] [stdout] warning: call to `.clone()` on a reference in this situation does nothing
[INFO] [stdout]   --> src/strategies/xauto/index.rs:83:38
[INFO] [stdout]    |
[INFO] [stdout] 83 |             self.private_key.as_str().clone(),
[INFO] [stdout]    |                                      ^^^^^^^^ help: remove this redundant call
[INFO] [stdout]    |
[INFO] [stdout]    = note: the type `str` does not implement `Clone`, so calling `clone` on `&str` copies the reference, which does not do anything and can be removed
[INFO] [stdout] 
[INFO] [stdout] 
[INFO] [stdout] warning: call to `.clone()` on a reference in this situation does nothing
[INFO] [stdout]    --> src/strategies/xauto/index.rs:112:38
[INFO] [stdout]     |
[INFO] [stdout] 112 |             self.private_key.as_str().clone(),
[INFO] [stdout]     |                                      ^^^^^^^^ help: remove this redundant call
[INFO] [stdout]     |
[INFO] [stdout]     = note: the type `str` does not implement `Clone`, so calling `clone` on `&str` copies the reference, which does not do anything and can be removed
[INFO] [stdout] 
[INFO] [stdout] 
[INFO] [stdout] warning: call to `.clone()` on a reference in this situation does nothing
[INFO] [stdout]    --> src/strategies/xauto/index.rs:169:38
[INFO] [stdout]     |
[INFO] [stdout] 169 |             self.private_key.as_str().clone(),
[INFO] [stdout]     |                                      ^^^^^^^^ help: remove this redundant call
[INFO] [stdout]     |
[INFO] [stdout]     = note: the type `str` does not implement `Clone`, so calling `clone` on `&str` copies the reference, which does not do anything and can be removed
[INFO] [stdout] 
[INFO] [stdout] 
[INFO] [stdout] warning: call to `.clone()` on a reference in this situation does nothing
[INFO] [stdout]    --> src/strategies/xauto/index.rs:196:38
[INFO] [stdout]     |
[INFO] [stdout] 196 |             self.private_key.as_str().clone(),
[INFO] [stdout]     |                                      ^^^^^^^^ help: remove this redundant call
[INFO] [stdout]     |
[INFO] [stdout]     = note: the type `str` does not implement `Clone`, so calling `clone` on `&str` copies the reference, which does not do anything and can be removed
[INFO] [stdout] 
[INFO] [stdout] 
[INFO] [stdout] warning: call to `.clone()` on a reference in this situation does nothing
[INFO] [stdout]   --> src/strategies/xvault/index.rs:53:38
[INFO] [stdout]    |
[INFO] [stdout] 53 |             self.private_key.as_str().clone(),
[INFO] [stdout]    |                                      ^^^^^^^^ help: remove this redundant call
[INFO] [stdout]    |
[INFO] [stdout]    = note: the type `str` does not implement `Clone`, so calling `clone` on `&str` copies the reference, which does not do anything and can be removed
[INFO] [stdout] 
[INFO] [stdout] 
[INFO] [stdout] warning: call to `.clone()` on a reference in this situation does nothing
[INFO] [stdout]   --> src/strategies/xvault/index.rs:83:38
[INFO] [stdout]    |
[INFO] [stdout] 83 |             self.private_key.as_str().clone(),
[INFO] [stdout]    |                                      ^^^^^^^^ help: remove this redundant call
[INFO] [stdout]    |
[INFO] [stdout]    = note: the type `str` does not implement `Clone`, so calling `clone` on `&str` copies the reference, which does not do anything and can be removed
[INFO] [stdout] 
[INFO] [stdout] 
[INFO] [stdout] warning: call to `.clone()` on a reference in this situation does nothing
[INFO] [stdout]    --> src/strategies/xvault/index.rs:112:38
[INFO] [stdout]     |
[INFO] [stdout] 112 |             self.private_key.as_str().clone(),
[INFO] [stdout]     |                                      ^^^^^^^^ help: remove this redundant call
[INFO] [stdout]     |
[INFO] [stdout]     = note: the type `str` does not implement `Clone`, so calling `clone` on `&str` copies the reference, which does not do anything and can be removed
[INFO] [stdout] 
[INFO] [stdout] 
[INFO] [stdout] warning: call to `.clone()` on a reference in this situation does nothing
[INFO] [stdout]    --> src/strategies/xvault/index.rs:171:38
[INFO] [stdout]     |
[INFO] [stdout] 171 |             self.private_key.as_str().clone(),
[INFO] [stdout]     |                                      ^^^^^^^^ help: remove this redundant call
[INFO] [stdout]     |
[INFO] [stdout]     = note: the type `str` does not implement `Clone`, so calling `clone` on `&str` copies the reference, which does not do anything and can be removed
[INFO] [stdout] 
[INFO] [stdout] 
[INFO] [stdout] warning: call to `.clone()` on a reference in this situation does nothing
[INFO] [stdout]    --> src/strategies/xvault/index.rs:198:38
[INFO] [stdout]     |
[INFO] [stdout] 198 |             self.private_key.as_str().clone(),
[INFO] [stdout]     |                                      ^^^^^^^^ help: remove this redundant call
[INFO] [stdout]     |
[INFO] [stdout]     = note: the type `str` does not implement `Clone`, so calling `clone` on `&str` copies the reference, which does not do anything and can be removed
[INFO] [stdout] 
[INFO] [stdout] 
[INFO] [stdout] warning: variable `layer2Assets` should have a snake case name
[INFO] [stdout]   --> src/utilities/layer2_assets.rs:50:9
[INFO] [stdout]    |
[INFO] [stdout] 50 |     let layer2Assets = [
[INFO] [stdout]    |         ^^^^^^^^^^^^ help: convert the identifier to snake case: `layer2_assets`
[INFO] [stdout]    |
[INFO] [stdout]    = note: `#[warn(non_snake_case)]` on by default
[INFO] [stdout] 
[INFO] [stdout] 
[INFO] [stdout] warning: 26 warnings emitted
[INFO] [stdout] 
[INFO] [stdout] 
[INFO] [stderr]     Finished test [unoptimized + debuginfo] target(s) in 6.13s
[INFO] running `Command { std: "docker" "inspect" "2a3977d56f3c66730f3f8c5b06b61ce3588f7b471a1905e1f6ecb2b4ca780d88", kill_on_drop: false }`
[INFO] running `Command { std: "docker" "rm" "-f" "2a3977d56f3c66730f3f8c5b06b61ce3588f7b471a1905e1f6ecb2b4ca780d88", kill_on_drop: false }`
[INFO] [stdout] 2a3977d56f3c66730f3f8c5b06b61ce3588f7b471a1905e1f6ecb2b4ca780d88
[INFO] running `Command { std: "docker" "create" "-v" "/var/lib/crater-agent-workspace/builds/worker-1-tc2/target:/opt/rustwide/target:rw,Z" "-v" "/var/lib/crater-agent-workspace/builds/worker-1-tc2/source:/opt/rustwide/workdir:ro,Z" "-v" "/var/lib/crater-agent-workspace/cargo-home:/opt/rustwide/cargo-home:ro,Z" "-v" "/var/lib/crater-agent-workspace/rustup-home:/opt/rustwide/rustup-home:ro,Z" "-e" "SOURCE_DIR=/opt/rustwide/workdir" "-e" "CARGO_TARGET_DIR=/opt/rustwide/target" "-e" "CARGO_INCREMENTAL=0" "-e" "RUST_BACKTRACE=full" "-e" "RUSTFLAGS=--cap-lints=warn" "-e" "RUSTDOCFLAGS=--cap-lints=warn" "-e" "CARGO_HOME=/opt/rustwide/cargo-home" "-e" "RUSTUP_HOME=/opt/rustwide/rustup-home" "-w" "/opt/rustwide/workdir" "-m" "1610612736" "--user" "0:0" "--network" "none" "ghcr.io/rust-lang/crates-build-env/linux@sha256:2788e3201cd34a07e3172128adcd8b3090168a8e3bcc40d7c032b9dda1df7d1c" "/opt/rustwide/cargo-home/bin/cargo" "+beta-2023-12-22" "test" "--frozen", kill_on_drop: false }`
[INFO] [stdout] 7c131b59e93f2e2d65f1f39159e0e394988a52e5ac58ae5b56da1ab29f338113
[INFO] running `Command { std: "docker" "start" "-a" "7c131b59e93f2e2d65f1f39159e0e394988a52e5ac58ae5b56da1ab29f338113", kill_on_drop: false }`
[INFO] [stderr] warning: unused import: `ProtocolAddress`
[INFO] [stderr]   --> src/sdk.rs:15:55
[INFO] [stderr]    |
[INFO] [stderr] 15 |     get_addresses::{get_mainnet_protocols, Addresses, ProtocolAddress},
[INFO] [stderr]    |                                                       ^^^^^^^^^^^^^^^
[INFO] [stderr]    |
[INFO] [stderr]    = note: `#[warn(unused_imports)]` on by default
[INFO] [stderr] 
[INFO] [stderr] warning: unused imports: `PathBuf`, `Path`, `self`
[INFO] [stderr]  --> src/strategies/create_contract.rs:7:22
[INFO] [stderr]   |
[INFO] [stderr] 7 | use std::{fs::{File, self}, str::FromStr, path::{Path, PathBuf}};
[INFO] [stderr]   |                      ^^^^                        ^^^^  ^^^^^^^
[INFO] [stderr] 
[INFO] [stderr] warning: unused imports: `U256`, `U64`
[INFO] [stderr]  --> src/utilities/helpers.rs:6:24
[INFO] [stderr]   |
[INFO] [stderr] 6 | use ethers::prelude::{ U256, U64};
[INFO] [stderr]   |                        ^^^^  ^^^
[INFO] [stderr] 
[INFO] [stderr] warning: unused variable: `env`
[INFO] [stderr]   --> src/sdk.rs:62:24
[INFO] [stderr]    |
[INFO] [stderr] 62 |     pub async fn local(env: &str, protocols: get_addresses::Protocols, protocol_name: String) {}
[INFO] [stderr]    |                        ^^^ help: if this is intentional, prefix it with an underscore: `_env`
[INFO] [stderr]    |
[INFO] [stderr]    = note: `#[warn(unused_variables)]` on by default
[INFO] [stderr] 
[INFO] [stderr] warning: unused variable: `protocols`
[INFO] [stderr]   --> src/sdk.rs:62:35
[INFO] [stderr]    |
[INFO] [stderr] 62 |     pub async fn local(env: &str, protocols: get_addresses::Protocols, protocol_name: String) {}
[INFO] [stderr]    |                                   ^^^^^^^^^ help: if this is intentional, prefix it with an underscore: `_protocols`
[INFO] [stderr] 
[INFO] [stderr] warning: unused variable: `protocol_name`
[INFO] [stderr]   --> src/sdk.rs:62:72
[INFO] [stderr]    |
[INFO] [stderr] 62 |     pub async fn local(env: &str, protocols: get_addresses::Protocols, protocol_name: String) {}
[INFO] [stderr]    |                                                                        ^^^^^^^^^^^^^ help: if this is intentional, prefix it with an underscore: `_protocol_name`
[INFO] [stderr] 
[INFO] [stderr] warning: unused variable: `rpc`
[INFO] [stderr]   --> src/strategies/xauto/index.rs:32:9
[INFO] [stderr]    |
[INFO] [stderr] 32 |         rpc: String,
[INFO] [stderr]    |         ^^^ help: if this is intentional, prefix it with an underscore: `_rpc`
[INFO] [stderr] 
[INFO] [stderr] warning: unused variable: `rpc`
[INFO] [stderr]   --> src/strategies/xvault/index.rs:32:9
[INFO] [stderr]    |
[INFO] [stderr] 32 |         rpc: String,
[INFO] [stderr]    |         ^^^ help: if this is intentional, prefix it with an underscore: `_rpc`
[INFO] [stderr] 
[INFO] [stderr] warning: value assigned to `name` is never read
[INFO] [stderr]   --> src/utilities/protocol_selector.rs:24:13
[INFO] [stderr]    |
[INFO] [stderr] 24 |     let mut name: String = "".to_string();
[INFO] [stderr]    |             ^^^^
[INFO] [stderr]    |
[INFO] [stderr]    = help: maybe it is overwritten before being read?
[INFO] [stderr]    = note: `#[warn(unused_assignments)]` on by default
[INFO] [stderr] 
[INFO] [stderr] warning: field `assets` is never read
[INFO] [stderr]   --> src/strategies/xauto/index.rs:22:5
[INFO] [stderr]    |
[INFO] [stderr] 18 | pub struct XAuto {
[INFO] [stderr]    |            ----- field in this struct
[INFO] [stderr] ...
[INFO] [stderr] 22 |     assets: [Layer2Asset; 11],
[INFO] [stderr]    |     ^^^^^^
[INFO] [stderr]    |
[INFO] [stderr]    = note: `XAuto` has derived impls for the traits `Debug` and `Clone`, but these are intentionally ignored during dead code analysis
[INFO] [stderr]    = note: `#[warn(dead_code)]` on by default
[INFO] [stderr] 
[INFO] [stderr] warning: field `assets` is never read
[INFO] [stderr]   --> src/strategies/xvault/index.rs:22:5
[INFO] [stderr]    |
[INFO] [stderr] 18 | pub struct XVault {
[INFO] [stderr]    |            ------ field in this struct
[INFO] [stderr] ...
[INFO] [stderr] 22 |     assets: [Layer2Asset; 11],
[INFO] [stderr]    |     ^^^^^^
[INFO] [stderr]    |
[INFO] [stderr]    = note: `XVault` has derived impls for the traits `Debug` and `Clone`, but these are intentionally ignored during dead code analysis
[INFO] [stderr] 
[INFO] [stderr] warning: call to `.clone()` on a reference in this situation does nothing
[INFO] [stderr]    --> src/sdk.rs:145:38
[INFO] [stderr]     |
[INFO] [stderr] 145 |             self.private_key.as_str().clone(),
[INFO] [stderr]     |                                      ^^^^^^^^ help: remove this redundant call
[INFO] [stderr]     |
[INFO] [stderr]     = note: the type `str` does not implement `Clone`, so calling `clone` on `&str` copies the reference, which does not do anything and can be removed
[INFO] [stderr]     = note: `#[warn(noop_method_call)]` on by default
[INFO] [stderr] 
[INFO] [stderr] warning: call to `.clone()` on a reference in this situation does nothing
[INFO] [stderr]   --> src/strategies/xauto/index.rs:53:38
[INFO] [stderr]    |
[INFO] [stderr] 53 |             self.private_key.as_str().clone(),
[INFO] [stderr]    |                                      ^^^^^^^^ help: remove this redundant call
[INFO] [stderr]    |
[INFO] [stderr]    = note: the type `str` does not implement `Clone`, so calling `clone` on `&str` copies the reference, which does not do anything and can be removed
[INFO] [stderr] 
[INFO] [stderr] warning: call to `.clone()` on a reference in this situation does nothing
[INFO] [stderr]   --> src/strategies/xauto/index.rs:83:38
[INFO] [stderr]    |
[INFO] [stderr] 83 |             self.private_key.as_str().clone(),
[INFO] [stderr]    |                                      ^^^^^^^^ help: remove this redundant call
[INFO] [stderr]    |
[INFO] [stderr]    = note: the type `str` does not implement `Clone`, so calling `clone` on `&str` copies the reference, which does not do anything and can be removed
[INFO] [stderr] 
[INFO] [stderr] warning: call to `.clone()` on a reference in this situation does nothing
[INFO] [stderr]    --> src/strategies/xauto/index.rs:112:38
[INFO] [stderr]     |
[INFO] [stderr] 112 |             self.private_key.as_str().clone(),
[INFO] [stderr]     |                                      ^^^^^^^^ help: remove this redundant call
[INFO] [stderr]     |
[INFO] [stderr]     = note: the type `str` does not implement `Clone`, so calling `clone` on `&str` copies the reference, which does not do anything and can be removed
[INFO] [stderr] 
[INFO] [stderr] warning: call to `.clone()` on a reference in this situation does nothing
[INFO] [stderr]    --> src/strategies/xauto/index.rs:169:38
[INFO] [stderr]     |
[INFO] [stderr] 169 |             self.private_key.as_str().clone(),
[INFO] [stderr]     |                                      ^^^^^^^^ help: remove this redundant call
[INFO] [stderr]     |
[INFO] [stderr]     = note: the type `str` does not implement `Clone`, so calling `clone` on `&str` copies the reference, which does not do anything and can be removed
[INFO] [stderr] 
[INFO] [stderr] warning: call to `.clone()` on a reference in this situation does nothing
[INFO] [stderr]    --> src/strategies/xauto/index.rs:196:38
[INFO] [stderr]     |
[INFO] [stderr] 196 |             self.private_key.as_str().clone(),
[INFO] [stderr]     |                                      ^^^^^^^^ help: remove this redundant call
[INFO] [stderr]     |
[INFO] [stderr]     = note: the type `str` does not implement `Clone`, so calling `clone` on `&str` copies the reference, which does not do anything and can be removed
[INFO] [stderr] 
[INFO] [stderr] warning: call to `.clone()` on a reference in this situation does nothing
[INFO] [stderr]   --> src/strategies/xvault/index.rs:53:38
[INFO] [stderr]    |
[INFO] [stderr] 53 |             self.private_key.as_str().clone(),
[INFO] [stderr]    |                                      ^^^^^^^^ help: remove this redundant call
[INFO] [stderr]    |
[INFO] [stderr]    = note: the type `str` does not implement `Clone`, so calling `clone` on `&str` copies the reference, which does not do anything and can be removed
[INFO] [stderr] 
[INFO] [stderr] warning: call to `.clone()` on a reference in this situation does nothing
[INFO] [stderr]   --> src/strategies/xvault/index.rs:83:38
[INFO] [stderr]    |
[INFO] [stderr] 83 |             self.private_key.as_str().clone(),
[INFO] [stderr]    |                                      ^^^^^^^^ help: remove this redundant call
[INFO] [stderr]    |
[INFO] [stderr]    = note: the type `str` does not implement `Clone`, so calling `clone` on `&str` copies the reference, which does not do anything and can be removed
[INFO] [stderr] 
[INFO] [stderr] warning: call to `.clone()` on a reference in this situation does nothing
[INFO] [stderr]    --> src/strategies/xvault/index.rs:112:38
[INFO] [stderr]     |
[INFO] [stderr] 112 |             self.private_key.as_str().clone(),
[INFO] [stderr]     |                                      ^^^^^^^^ help: remove this redundant call
[INFO] [stderr]     |
[INFO] [stderr]     = note: the type `str` does not implement `Clone`, so calling `clone` on `&str` copies the reference, which does not do anything and can be removed
[INFO] [stderr] 
[INFO] [stderr] warning: call to `.clone()` on a reference in this situation does nothing
[INFO] [stderr]    --> src/strategies/xvault/index.rs:171:38
[INFO] [stderr]     |
[INFO] [stderr] 171 |             self.private_key.as_str().clone(),
[INFO] [stderr]     |                                      ^^^^^^^^ help: remove this redundant call
[INFO] [stderr]     |
[INFO] [stderr]     = note: the type `str` does not implement `Clone`, so calling `clone` on `&str` copies the reference, which does not do anything and can be removed
[INFO] [stderr] 
[INFO] [stderr] warning: call to `.clone()` on a reference in this situation does nothing
[INFO] [stderr]    --> src/strategies/xvault/index.rs:198:38
[INFO] [stderr]     |
[INFO] [stderr] 198 |             self.private_key.as_str().clone(),
[INFO] [stderr]     |                                      ^^^^^^^^ help: remove this redundant call
[INFO] [stderr]     |
[INFO] [stderr]     = note: the type `str` does not implement `Clone`, so calling `clone` on `&str` copies the reference, which does not do anything and can be removed
[INFO] [stderr] 
[INFO] [stderr] warning: variable `layer2Assets` should have a snake case name
[INFO] [stderr]   --> src/utilities/layer2_assets.rs:50:9
[INFO] [stderr]    |
[INFO] [stderr] 50 |     let layer2Assets = [
[INFO] [stderr]    |         ^^^^^^^^^^^^ help: convert the identifier to snake case: `layer2_assets`
[INFO] [stderr]    |
[INFO] [stderr]    = note: `#[warn(non_snake_case)]` on by default
[INFO] [stderr] 
[INFO] [stderr] warning: unused import: `crate::utilities::price_per_full_share::get_price_per_full_share`
[INFO] [stderr]  --> src/tests/account_test.rs:4:9
[INFO] [stderr]   |
[INFO] [stderr] 4 |     use crate::utilities::price_per_full_share::get_price_per_full_share;
[INFO] [stderr]   |         ^^^^^^^^^^^^^^^^^^^^^^^^^^^^^^^^^^^^^^^^^^^^^^^^^^^^^^^^^^^^^^^^
[INFO] [stderr] 
[INFO] [stderr] warning: unused import: `ethers::prelude::k256::elliptic_curve::consts::U25`
[INFO] [stderr]  --> src/tests/account_test.rs:7:9
[INFO] [stderr]   |
[INFO] [stderr] 7 |     use ethers::prelude::k256::elliptic_curve::consts::U25;
[INFO] [stderr]   |         ^^^^^^^^^^^^^^^^^^^^^^^^^^^^^^^^^^^^^^^^^^^^^^^^^^
[INFO] [stderr] 
[INFO] [stderr] warning: constant `CONTRACT_ADDRESS` is never used
[INFO] [stderr]   --> src/tests/account_test.rs:14:11
[INFO] [stderr]    |
[INFO] [stderr] 14 |     const CONTRACT_ADDRESS: &str = "0x454d6F10B18f391adD499cE39aCD5bFCD424B601";
[INFO] [stderr]    |           ^^^^^^^^^^^^^^^^
[INFO] [stderr] 
[INFO] [stderr] warning: `xendfinance_rust_sdk` (lib) generated 23 warnings (run `cargo fix --lib -p xendfinance_rust_sdk` to apply 19 suggestions)
[INFO] [stderr] warning: `xendfinance_rust_sdk` (lib test) generated 26 warnings (23 duplicates) (run `cargo fix --lib -p xendfinance_rust_sdk --tests` to apply 2 suggestions)
[INFO] [stderr]     Finished test [unoptimized + debuginfo] target(s) in 0.24s
[INFO] [stderr]      Running unittests src/lib.rs (/opt/rustwide/target/debug/deps/xendfinance_rust_sdk-d2bce3d441c5d476)
[INFO] [stdout] 
[INFO] [stdout] running 2 tests
[INFO] [stdout] test tests::account_test::account_test::get_address_from_pk ... ok
[INFO] [stdout] test tests::account_test::account_test::get_contract_price_per_full_share ... FAILED
[INFO] [stdout] 
[INFO] [stdout] failures:
[INFO] [stdout] 
[INFO] [stdout] ---- tests::account_test::account_test::get_contract_price_per_full_share stdout ----
[INFO] [stdout] thread 'tests::account_test::account_test::get_contract_price_per_full_share' panicked at src/utilities/get_addresses.rs:76:10:
[INFO] [stdout] called `Result::unwrap()` on an `Err` value: reqwest::Error { kind: Request, url: Url { scheme: "https", cannot_be_a_base: false, username: "", password: None, host: Some(Domain("api.xend.finance")), port: None, path: "/xend-finance/addresses", query: None, fragment: None }, source: hyper::Error(Connect, ConnectError("dns error", Custom { kind: Uncategorized, error: "failed to lookup address information: Temporary failure in name resolution" })) }
[INFO] [stdout] stack backtrace:
[INFO] [stdout]    0:     0x5628410202d6 - std::backtrace_rs::backtrace::libunwind::trace::h261606ad26a499c1
[INFO] [stdout]                                at /rustc/0e09125c6c3c2fd70d7de961bcf0e51575235fad/library/std/src/../../backtrace/src/backtrace/libunwind.rs:104:5
[INFO] [stdout]    1:     0x5628410202d6 - std::backtrace_rs::backtrace::trace_unsynchronized::hd183f0625477fb28
[INFO] [stdout]                                at /rustc/0e09125c6c3c2fd70d7de961bcf0e51575235fad/library/std/src/../../backtrace/src/backtrace/mod.rs:66:5
[INFO] [stdout]    2:     0x5628410202d6 - std::sys_common::backtrace::_print_fmt::hd7f8fef21b4eda67
[INFO] [stdout]                                at /rustc/0e09125c6c3c2fd70d7de961bcf0e51575235fad/library/std/src/sys_common/backtrace.rs:68:5
[INFO] [stdout]    3:     0x5628410202d6 - <std::sys_common::backtrace::_print::DisplayBacktrace as core::fmt::Display>::fmt::h623d9b51f2f453f1
[INFO] [stdout]                                at /rustc/0e09125c6c3c2fd70d7de961bcf0e51575235fad/library/std/src/sys_common/backtrace.rs:44:22
[INFO] [stdout]    4:     0x56284104c940 - core::fmt::rt::Argument::fmt::h9f417ac76a86f368
[INFO] [stdout]                                at /rustc/0e09125c6c3c2fd70d7de961bcf0e51575235fad/library/core/src/fmt/rt.rs:142:9
[INFO] [stdout]    5:     0x56284104c940 - core::fmt::write::hc9b6faf4ac2aeff7
[INFO] [stdout]                                at /rustc/0e09125c6c3c2fd70d7de961bcf0e51575235fad/library/core/src/fmt/mod.rs:1120:17
[INFO] [stdout]    6:     0x56284101d13f - std::io::Write::write_fmt::he04625a3a989fec3
[INFO] [stdout]                                at /rustc/0e09125c6c3c2fd70d7de961bcf0e51575235fad/library/std/src/io/mod.rs:1810:15
[INFO] [stdout]    7:     0x5628410200b4 - std::sys_common::backtrace::_print::hd5d66399c7df88a2
[INFO] [stdout]                                at /rustc/0e09125c6c3c2fd70d7de961bcf0e51575235fad/library/std/src/sys_common/backtrace.rs:47:5
[INFO] [stdout]    8:     0x5628410200b4 - std::sys_common::backtrace::print::he81ed2da642d37e5
[INFO] [stdout]                                at /rustc/0e09125c6c3c2fd70d7de961bcf0e51575235fad/library/std/src/sys_common/backtrace.rs:34:9
[INFO] [stdout]    9:     0x562841021e27 - std::panicking::default_hook::{{closure}}::h85773f4fa117163d
[INFO] [stdout]   10:     0x562841021b0d - std::panicking::default_hook::h6a1694a91d09b278
[INFO] [stdout]                                at /rustc/0e09125c6c3c2fd70d7de961bcf0e51575235fad/library/std/src/panicking.rs:289:9
[INFO] [stdout]   11:     0x56284091a4d7 - <alloc::boxed::Box<F,A> as core::ops::function::Fn<Args>>::call::h616ac37fa3cd6c8f
[INFO] [stdout]                                at /rustc/0e09125c6c3c2fd70d7de961bcf0e51575235fad/library/alloc/src/boxed.rs:2029:9
[INFO] [stdout]   12:     0x56284091a4d7 - test::test_main::{{closure}}::h00d84697cefdcbb6
[INFO] [stdout]                                at /rustc/0e09125c6c3c2fd70d7de961bcf0e51575235fad/library/test/src/lib.rs:138:21
[INFO] [stdout]   13:     0x562841022446 - <alloc::boxed::Box<F,A> as core::ops::function::Fn<Args>>::call::hcb3fe3b9bb537ba8
[INFO] [stdout]                                at /rustc/0e09125c6c3c2fd70d7de961bcf0e51575235fad/library/alloc/src/boxed.rs:2029:9
[INFO] [stdout]   14:     0x562841022446 - std::panicking::rust_panic_with_hook::h0a7ad96e90f7145b
[INFO] [stdout]                                at /rustc/0e09125c6c3c2fd70d7de961bcf0e51575235fad/library/std/src/panicking.rs:783:13
[INFO] [stdout]   15:     0x562841022192 - std::panicking::begin_panic_handler::{{closure}}::h7919090525c6485e
[INFO] [stdout]                                at /rustc/0e09125c6c3c2fd70d7de961bcf0e51575235fad/library/std/src/panicking.rs:657:13
[INFO] [stdout]   16:     0x5628410207d6 - std::sys_common::backtrace::__rust_end_short_backtrace::hf3289479464f7dfe
[INFO] [stdout]                                at /rustc/0e09125c6c3c2fd70d7de961bcf0e51575235fad/library/std/src/sys_common/backtrace.rs:171:18
[INFO] [stdout]   17:     0x562841021ef0 - rust_begin_unwind
[INFO] [stdout]                                at /rustc/0e09125c6c3c2fd70d7de961bcf0e51575235fad/library/std/src/panicking.rs:645:5
[INFO] [stdout]   18:     0x56284088e675 - core::panicking::panic_fmt::hcc9f77c5c132af55
[INFO] [stdout]                                at /rustc/0e09125c6c3c2fd70d7de961bcf0e51575235fad/library/core/src/panicking.rs:72:14
[INFO] [stdout]   19:     0x56284088ec53 - core::result::unwrap_failed::hbe14f498be1452f9
[INFO] [stdout]                                at /rustc/0e09125c6c3c2fd70d7de961bcf0e51575235fad/library/core/src/result.rs:1649:5
[INFO] [stdout]   20:     0x5628408c896d - core::result::Result<T,E>::unwrap::h253c702e32a80b23
[INFO] [stdout]                                at /rustc/0e09125c6c3c2fd70d7de961bcf0e51575235fad/library/core/src/result.rs:1073:23
[INFO] [stdout]   21:     0x5628408db133 - xendfinance_rust_sdk::utilities::get_addresses::get_bsc_mainnet_addresses::{{closure}}::h032fafab5c59b08a
[INFO] [stdout]                                at /opt/rustwide/workdir/src/utilities/get_addresses.rs:74:15
[INFO] [stdout]   22:     0x5628408db713 - xendfinance_rust_sdk::utilities::get_addresses::get_mainnet_protocols::{{closure}}::h73fd84ad265fc1fe
[INFO] [stdout]                                at /opt/rustwide/workdir/src/utilities/get_addresses.rs:90:44
[INFO] [stdout]   23:     0x5628408adea6 - xendfinance_rust_sdk::sdk::Options::new::{{closure}}::h44da0251ea36d204
[INFO] [stdout]                                at /opt/rustwide/workdir/src/sdk.rs:57:48
[INFO] [stdout]   24:     0x5628408b2c5a - xendfinance_rust_sdk::tests::account_test::account_test::get_contract_price_per_full_share::{{closure}}::h188e8818e9419a65
[INFO] [stdout]                                at /opt/rustwide/workdir/src/tests/account_test.rs:26:47
[INFO] [stdout]   25:     0x5628408b8ceb - <core::pin::Pin<P> as core::future::future::Future>::poll::h6e99340992e3d87a
[INFO] [stdout]                                at /rustc/0e09125c6c3c2fd70d7de961bcf0e51575235fad/library/core/src/future/future.rs:124:9
[INFO] [stdout]   26:     0x5628408a7724 - tokio::runtime::basic_scheduler::CoreGuard::block_on::{{closure}}::{{closure}}::{{closure}}::ha3959c390dd89f55
[INFO] [stdout]                                at /opt/rustwide/cargo-home/registry/src/index.crates.io-6f17d22bba15001f/tokio-1.20.1/src/runtime/basic_scheduler.rs:543:48
[INFO] [stdout]   27:     0x5628408b83e0 - tokio::coop::with_budget::{{closure}}::h31bc6e9e4296fbb9
[INFO] [stdout]                                at /opt/rustwide/cargo-home/registry/src/index.crates.io-6f17d22bba15001f/tokio-1.20.1/src/coop.rs:102:9
[INFO] [stdout]   28:     0x5628408ab5ae - std::thread::local::LocalKey<T>::try_with::h644b88fa263e8fd8
[INFO] [stdout]                                at /rustc/0e09125c6c3c2fd70d7de961bcf0e51575235fad/library/std/src/thread/local.rs:270:16
[INFO] [stdout]   29:     0x5628408ab2ea - std::thread::local::LocalKey<T>::with::hdc753776284e3974
[INFO] [stdout]                                at /rustc/0e09125c6c3c2fd70d7de961bcf0e51575235fad/library/std/src/thread/local.rs:246:9
[INFO] [stdout]   30:     0x5628408a76a6 - tokio::coop::with_budget::h6e5de8256d4a6b48
[INFO] [stdout]                                at /opt/rustwide/cargo-home/registry/src/index.crates.io-6f17d22bba15001f/tokio-1.20.1/src/coop.rs:95:5
[INFO] [stdout]   31:     0x5628408a76a6 - tokio::coop::budget::h142fa061b18c55be
[INFO] [stdout]                                at /opt/rustwide/cargo-home/registry/src/index.crates.io-6f17d22bba15001f/tokio-1.20.1/src/coop.rs:72:5
[INFO] [stdout]   32:     0x5628408a76a6 - tokio::runtime::basic_scheduler::CoreGuard::block_on::{{closure}}::{{closure}}::h8874444a6f355fcb
[INFO] [stdout]                                at /opt/rustwide/cargo-home/registry/src/index.crates.io-6f17d22bba15001f/tokio-1.20.1/src/runtime/basic_scheduler.rs:543:25
[INFO] [stdout]   33:     0x5628408a651c - tokio::runtime::basic_scheduler::Context::enter::h37296ba17b35e8d7
[INFO] [stdout]                                at /opt/rustwide/cargo-home/registry/src/index.crates.io-6f17d22bba15001f/tokio-1.20.1/src/runtime/basic_scheduler.rs:367:19
[INFO] [stdout]   34:     0x5628408a6f2f - tokio::runtime::basic_scheduler::CoreGuard::block_on::{{closure}}::h9f0309effac40acd
[INFO] [stdout]                                at /opt/rustwide/cargo-home/registry/src/index.crates.io-6f17d22bba15001f/tokio-1.20.1/src/runtime/basic_scheduler.rs:542:36
[INFO] [stdout]   35:     0x5628408a6c5b - tokio::runtime::basic_scheduler::CoreGuard::enter::{{closure}}::h33499866cb346322
[INFO] [stdout]                                at /opt/rustwide/cargo-home/registry/src/index.crates.io-6f17d22bba15001f/tokio-1.20.1/src/runtime/basic_scheduler.rs:613:57
[INFO] [stdout]   36:     0x5628408a58ad - tokio::macros::scoped_tls::ScopedKey<T>::set::h5b734c5119878b8a
[INFO] [stdout]                                at /opt/rustwide/cargo-home/registry/src/index.crates.io-6f17d22bba15001f/tokio-1.20.1/src/macros/scoped_tls.rs:61:9
[INFO] [stdout]   37:     0x5628408a69ef - tokio::runtime::basic_scheduler::CoreGuard::enter::hed68fdb6339f4380
[INFO] [stdout]                                at /opt/rustwide/cargo-home/registry/src/index.crates.io-6f17d22bba15001f/tokio-1.20.1/src/runtime/basic_scheduler.rs:613:27
[INFO] [stdout]   38:     0x5628408a6c8c - tokio::runtime::basic_scheduler::CoreGuard::block_on::h087084f41a1f8a7c
[INFO] [stdout]                                at /opt/rustwide/cargo-home/registry/src/index.crates.io-6f17d22bba15001f/tokio-1.20.1/src/runtime/basic_scheduler.rs:533:19
[INFO] [stdout]   39:     0x5628408a5c4e - tokio::runtime::basic_scheduler::BasicScheduler::block_on::h82a046c74c7d492a
[INFO] [stdout]                                at /opt/rustwide/cargo-home/registry/src/index.crates.io-6f17d22bba15001f/tokio-1.20.1/src/runtime/basic_scheduler.rs:179:24
[INFO] [stdout]   40:     0x5628408d3578 - tokio::runtime::Runtime::block_on::h8de3696aff021a70
[INFO] [stdout]                                at /opt/rustwide/cargo-home/registry/src/index.crates.io-6f17d22bba15001f/tokio-1.20.1/src/runtime/mod.rs:482:46
[INFO] [stdout]   41:     0x5628408b29d6 - xendfinance_rust_sdk::tests::account_test::account_test::get_contract_price_per_full_share::hefc1dae156254a4b
[INFO] [stdout]                                at /opt/rustwide/workdir/src/tests/account_test.rs:30:9
[INFO] [stdout]   42:     0x5628408b2887 - xendfinance_rust_sdk::tests::account_test::account_test::get_contract_price_per_full_share::{{closure}}::hcff08e13b94ce797
[INFO] [stdout]                                at /opt/rustwide/workdir/src/tests/account_test.rs:25:49
[INFO] [stdout]   43:     0x5628408a08f6 - core::ops::function::FnOnce::call_once::h27dc0ad95467a5f7
[INFO] [stdout]                                at /rustc/0e09125c6c3c2fd70d7de961bcf0e51575235fad/library/core/src/ops/function.rs:250:5
[INFO] [stdout]   44:     0x56284091fdaf - core::ops::function::FnOnce::call_once::hd64d26f405258157
[INFO] [stdout]                                at /rustc/0e09125c6c3c2fd70d7de961bcf0e51575235fad/library/core/src/ops/function.rs:250:5
[INFO] [stdout]   45:     0x56284091fdaf - test::__rust_begin_short_backtrace::he21b0b7a6d731bf9
[INFO] [stdout]                                at /rustc/0e09125c6c3c2fd70d7de961bcf0e51575235fad/library/test/src/lib.rs:627:18
[INFO] [stdout]   46:     0x56284091eb31 - test::run_test_in_process::{{closure}}::hf5c73986d7bdfde2
[INFO] [stdout]                                at /rustc/0e09125c6c3c2fd70d7de961bcf0e51575235fad/library/test/src/lib.rs:650:60
[INFO] [stdout]   47:     0x56284091eb31 - <core::panic::unwind_safe::AssertUnwindSafe<F> as core::ops::function::FnOnce<()>>::call_once::h330011ad032aadc0
[INFO] [stdout]                                at /rustc/0e09125c6c3c2fd70d7de961bcf0e51575235fad/library/core/src/panic/unwind_safe.rs:272:9
[INFO] [stdout]   48:     0x56284091eb31 - std::panicking::try::do_call::he61b0a958b795a41
[INFO] [stdout]                                at /rustc/0e09125c6c3c2fd70d7de961bcf0e51575235fad/library/std/src/panicking.rs:552:40
[INFO] [stdout]   49:     0x56284091eb31 - std::panicking::try::h7309da130f906eb7
[INFO] [stdout]                                at /rustc/0e09125c6c3c2fd70d7de961bcf0e51575235fad/library/std/src/panicking.rs:516:19
[INFO] [stdout]   50:     0x56284091eb31 - std::panic::catch_unwind::hc5c3a06fdaf0a92a
[INFO] [stdout]                                at /rustc/0e09125c6c3c2fd70d7de961bcf0e51575235fad/library/std/src/panic.rs:142:14
[INFO] [stdout]   51:     0x56284091eb31 - test::run_test_in_process::h7e7b7c71c3324e0f
[INFO] [stdout]                                at /rustc/0e09125c6c3c2fd70d7de961bcf0e51575235fad/library/test/src/lib.rs:650:27
[INFO] [stdout]   52:     0x56284091eb31 - test::run_test::{{closure}}::h1f509f28f5cf20b1
[INFO] [stdout]                                at /rustc/0e09125c6c3c2fd70d7de961bcf0e51575235fad/library/test/src/lib.rs:573:43
[INFO] [stdout]   53:     0x5628408e5e66 - test::run_test::{{closure}}::h1754218abf443f6d
[INFO] [stdout]                                at /rustc/0e09125c6c3c2fd70d7de961bcf0e51575235fad/library/test/src/lib.rs:601:41
[INFO] [stdout]   54:     0x5628408e5e66 - std::sys_common::backtrace::__rust_begin_short_backtrace::h2ee174b9d5954948
[INFO] [stdout]                                at /rustc/0e09125c6c3c2fd70d7de961bcf0e51575235fad/library/std/src/sys_common/backtrace.rs:155:18
[INFO] [stdout]   55:     0x5628408eaec7 - std::thread::Builder::spawn_unchecked_::{{closure}}::{{closure}}::hf60bee9c1a17ef09
[INFO] [stdout]                                at /rustc/0e09125c6c3c2fd70d7de961bcf0e51575235fad/library/std/src/thread/mod.rs:529:17
[INFO] [stdout]   56:     0x5628408eaec7 - <core::panic::unwind_safe::AssertUnwindSafe<F> as core::ops::function::FnOnce<()>>::call_once::h33d0dddec5216160
[INFO] [stdout]                                at /rustc/0e09125c6c3c2fd70d7de961bcf0e51575235fad/library/core/src/panic/unwind_safe.rs:272:9
[INFO] [stdout]   57:     0x5628408eaec7 - std::panicking::try::do_call::h144b3048b546f835
[INFO] [stdout]                                at /rustc/0e09125c6c3c2fd70d7de961bcf0e51575235fad/library/std/src/panicking.rs:552:40
[INFO] [stdout]   58:     0x5628408eaec7 - std::panicking::try::h978244d04646189f
[INFO] [stdout]                                at /rustc/0e09125c6c3c2fd70d7de961bcf0e51575235fad/library/std/src/panicking.rs:516:19
[INFO] [stdout]   59:     0x5628408eaec7 - std::panic::catch_unwind::hdf436369d188fe86
[INFO] [stdout]                                at /rustc/0e09125c6c3c2fd70d7de961bcf0e51575235fad/library/std/src/panic.rs:142:14
[INFO] [stdout]   60:     0x5628408eaec7 - std::thread::Builder::spawn_unchecked_::{{closure}}::h87329cbdd33c79ec
[INFO] [stdout]                                at /rustc/0e09125c6c3c2fd70d7de961bcf0e51575235fad/library/std/src/thread/mod.rs:528:30
[INFO] [stdout]   61:     0x5628408eaec7 - core::ops::function::FnOnce::call_once{{vtable.shim}}::h401abbe67897d450
[INFO] [stdout]                                at /rustc/0e09125c6c3c2fd70d7de961bcf0e51575235fad/library/core/src/ops/function.rs:250:5
[INFO] [stdout]   62:     0x562841027185 - <alloc::boxed::Box<F,A> as core::ops::function::FnOnce<Args>>::call_once::h5d7c8f150ab9c84c
[INFO] [stdout]                                at /rustc/0e09125c6c3c2fd70d7de961bcf0e51575235fad/library/alloc/src/boxed.rs:2015:9
[INFO] [stdout]   63:     0x562841027185 - <alloc::boxed::Box<F,A> as core::ops::function::FnOnce<Args>>::call_once::h570d5b005c242c15
[INFO] [stdout]                                at /rustc/0e09125c6c3c2fd70d7de961bcf0e51575235fad/library/alloc/src/boxed.rs:2015:9
[INFO] [stdout]   64:     0x562841027185 - std::sys::unix::thread::Thread::new::thread_start::h36b0a20c0b2361ad
[INFO] [stdout]                                at /rustc/0e09125c6c3c2fd70d7de961bcf0e51575235fad/library/std/src/sys/unix/thread.rs:108:17
[INFO] [stdout]   65:     0x7f3716fd2ac3 - <unknown>
[INFO] [stdout]   66:     0x7f3717063bf4 - __clone
[INFO] [stdout]   67:                0x0 - <unknown>
[INFO] [stdout] 
[INFO] [stdout] 
[INFO] [stdout] failures:
[INFO] [stdout]     tests::account_test::account_test::get_contract_price_per_full_share
[INFO] [stdout] 
[INFO] [stdout] test result: FAILED. 1 passed; 1 failed; 0 ignored; 0 measured; 0 filtered out; finished in 0.22s
[INFO] [stdout] 
[INFO] [stderr] error: test failed, to rerun pass `--lib`
[INFO] running `Command { std: "docker" "inspect" "7c131b59e93f2e2d65f1f39159e0e394988a52e5ac58ae5b56da1ab29f338113", kill_on_drop: false }`
[INFO] running `Command { std: "docker" "rm" "-f" "7c131b59e93f2e2d65f1f39159e0e394988a52e5ac58ae5b56da1ab29f338113", kill_on_drop: false }`
[INFO] [stdout] 7c131b59e93f2e2d65f1f39159e0e394988a52e5ac58ae5b56da1ab29f338113
