[INFO] cloning repository https://github.com/Danijel-Enoch/coswasm-archway-instantiator
[INFO] running `Command { std: "git" "-c" "credential.helper=" "-c" "credential.helper=/workspace/cargo-home/bin/git-credential-null" "clone" "--bare" "https://github.com/Danijel-Enoch/coswasm-archway-instantiator" "/workspace/cache/git-repos/https%3A%2F%2Fgithub.com%2FDanijel-Enoch%2Fcoswasm-archway-instantiator", kill_on_drop: false }`
[INFO] [stderr] Cloning into bare repository '/workspace/cache/git-repos/https%3A%2F%2Fgithub.com%2FDanijel-Enoch%2Fcoswasm-archway-instantiator'...
[INFO] running `Command { std: "git" "rev-parse" "HEAD", kill_on_drop: false }`
[INFO] [stdout] 56ead6ab9f26fb4e9cc3f92f80c1f2a099114655
[INFO] testing Danijel-Enoch/coswasm-archway-instantiator against 1.75.0 for beta-1.76-1
[INFO] running `Command { std: "git" "clone" "/workspace/cache/git-repos/https%3A%2F%2Fgithub.com%2FDanijel-Enoch%2Fcoswasm-archway-instantiator" "/workspace/builds/worker-1-tc1/source", kill_on_drop: false }`
[INFO] [stderr] Cloning into '/workspace/builds/worker-1-tc1/source'...
[INFO] [stderr] done.
[INFO] validating manifest of git repo https://github.com/Danijel-Enoch/coswasm-archway-instantiator on toolchain 1.75.0
[INFO] running `Command { std: CARGO_HOME="/workspace/cargo-home" RUSTUP_HOME="/workspace/rustup-home" "/workspace/cargo-home/bin/cargo" "+1.75.0" "metadata" "--manifest-path" "Cargo.toml" "--no-deps", kill_on_drop: false }`
[INFO] removed /workspace/builds/worker-1-tc1/source/.cargo/config
[INFO] started tweaking git repo https://github.com/Danijel-Enoch/coswasm-archway-instantiator
[INFO] finished tweaking git repo https://github.com/Danijel-Enoch/coswasm-archway-instantiator
[INFO] tweaked toml for git repo https://github.com/Danijel-Enoch/coswasm-archway-instantiator written to /workspace/builds/worker-1-tc1/source/Cargo.toml
[INFO] crate git repo https://github.com/Danijel-Enoch/coswasm-archway-instantiator already has a lockfile, it will not be regenerated
[INFO] running `Command { std: CARGO_HOME="/workspace/cargo-home" RUSTUP_HOME="/workspace/rustup-home" "/workspace/cargo-home/bin/cargo" "+1.75.0" "fetch" "--manifest-path" "Cargo.toml", kill_on_drop: false }`
[INFO] [stderr]  Downloading crates ...
[INFO] [stderr]   Downloaded cosmwasm-crypto v1.2.4
[INFO] [stderr]   Downloaded cw2 v0.14.0
[INFO] [stderr]   Downloaded cosmwasm-derive v1.2.4
[INFO] [stderr]   Downloaded cw-storage-plus v0.14.0
[INFO] running `Command { std: "docker" "create" "-v" "/var/lib/crater-agent-workspace/builds/worker-1-tc1/target:/opt/rustwide/target:rw,Z" "-v" "/var/lib/crater-agent-workspace/builds/worker-1-tc1/source:/opt/rustwide/workdir:ro,Z" "-v" "/var/lib/crater-agent-workspace/cargo-home:/opt/rustwide/cargo-home:ro,Z" "-v" "/var/lib/crater-agent-workspace/rustup-home:/opt/rustwide/rustup-home:ro,Z" "-e" "SOURCE_DIR=/opt/rustwide/workdir" "-e" "CARGO_TARGET_DIR=/opt/rustwide/target" "-e" "CARGO_HOME=/opt/rustwide/cargo-home" "-e" "RUSTUP_HOME=/opt/rustwide/rustup-home" "-w" "/opt/rustwide/workdir" "-m" "1610612736" "--user" "0:0" "--network" "none" "ghcr.io/rust-lang/crates-build-env/linux@sha256:2788e3201cd34a07e3172128adcd8b3090168a8e3bcc40d7c032b9dda1df7d1c" "/opt/rustwide/cargo-home/bin/cargo" "+1.75.0" "metadata" "--no-deps" "--format-version=1", kill_on_drop: false }`
[INFO] [stdout] 7ae2f9d21757401f678b30421a80ee513b465271ffcd25dddcc0b1c86912888e
[INFO] running `Command { std: "docker" "start" "-a" "7ae2f9d21757401f678b30421a80ee513b465271ffcd25dddcc0b1c86912888e", kill_on_drop: false }`
[INFO] running `Command { std: "docker" "inspect" "7ae2f9d21757401f678b30421a80ee513b465271ffcd25dddcc0b1c86912888e", kill_on_drop: false }`
[INFO] running `Command { std: "docker" "rm" "-f" "7ae2f9d21757401f678b30421a80ee513b465271ffcd25dddcc0b1c86912888e", kill_on_drop: false }`
[INFO] [stdout] 7ae2f9d21757401f678b30421a80ee513b465271ffcd25dddcc0b1c86912888e
[INFO] running `Command { std: "docker" "create" "-v" "/var/lib/crater-agent-workspace/builds/worker-1-tc1/target:/opt/rustwide/target:rw,Z" "-v" "/var/lib/crater-agent-workspace/builds/worker-1-tc1/source:/opt/rustwide/workdir:ro,Z" "-v" "/var/lib/crater-agent-workspace/cargo-home:/opt/rustwide/cargo-home:ro,Z" "-v" "/var/lib/crater-agent-workspace/rustup-home:/opt/rustwide/rustup-home:ro,Z" "-e" "SOURCE_DIR=/opt/rustwide/workdir" "-e" "CARGO_TARGET_DIR=/opt/rustwide/target" "-e" "CARGO_INCREMENTAL=0" "-e" "RUST_BACKTRACE=full" "-e" "RUSTFLAGS=--cap-lints=warn" "-e" "RUSTDOCFLAGS=--cap-lints=warn" "-e" "CARGO_HOME=/opt/rustwide/cargo-home" "-e" "RUSTUP_HOME=/opt/rustwide/rustup-home" "-w" "/opt/rustwide/workdir" "-m" "1610612736" "--user" "0:0" "--network" "none" "ghcr.io/rust-lang/crates-build-env/linux@sha256:2788e3201cd34a07e3172128adcd8b3090168a8e3bcc40d7c032b9dda1df7d1c" "/opt/rustwide/cargo-home/bin/cargo" "+1.75.0" "build" "--frozen" "--message-format=json", kill_on_drop: false }`
[INFO] [stdout] e878357a6127ee6f4adcaac6655fcf32071b39e6db2c396a29f417e94f96e208
[INFO] running `Command { std: "docker" "start" "-a" "e878357a6127ee6f4adcaac6655fcf32071b39e6db2c396a29f417e94f96e208", kill_on_drop: false }`
[INFO] [stderr]    Compiling version_check v0.9.4
[INFO] [stderr]    Compiling typenum v1.16.0
[INFO] [stderr]    Compiling cfg-if v1.0.0
[INFO] [stderr]    Compiling libc v0.2.142
[INFO] [stderr]    Compiling subtle v2.4.1
[INFO] [stderr]    Compiling zeroize v1.6.0
[INFO] [stderr]    Compiling serde_derive v1.0.160
[INFO] [stderr]    Compiling const-oid v0.9.2
[INFO] [stderr]    Compiling serde v1.0.160
[INFO] [stderr]    Compiling base64ct v1.6.0
[INFO] [stderr]    Compiling syn v1.0.109
[INFO] [stderr]    Compiling base16ct v0.1.1
[INFO] [stderr]    Compiling cpufeatures v0.2.7
[INFO] [stderr]    Compiling byteorder v1.4.3
[INFO] [stderr]    Compiling once_cell v1.17.1
[INFO] [stderr]    Compiling syn v2.0.15
[INFO] [stderr]    Compiling serde_json v1.0.96
[INFO] [stderr]    Compiling crunchy v0.2.2
[INFO] [stderr]    Compiling opaque-debug v0.3.0
[INFO] [stderr]    Compiling rand_core v0.5.1
[INFO] [stderr]    Compiling der v0.6.1
[INFO] [stderr]    Compiling hex v0.4.3
[INFO] [stderr]    Compiling thiserror v1.0.40
[INFO] [stderr]    Compiling itoa v1.0.6
[INFO] [stderr]    Compiling ryu v1.0.13
[INFO] [stderr]    Compiling schemars v0.8.12
[INFO] [stderr]    Compiling dyn-clone v1.0.11
[INFO] [stderr]    Compiling static_assertions v1.1.0
[INFO] [stderr]    Compiling forward_ref v1.0.0
[INFO] [stderr]    Compiling base64 v0.13.1
[INFO] [stderr]    Compiling generic-array v0.14.7
[INFO] [stderr]    Compiling ahash v0.7.6
[INFO] [stderr]    Compiling uint v0.9.5
[INFO] [stderr]    Compiling getrandom v0.2.9
[INFO] [stderr]    Compiling spki v0.6.0
[INFO] [stderr]    Compiling pkcs8 v0.9.0
[INFO] [stderr]    Compiling rand_core v0.6.4
[INFO] [stderr]    Compiling hashbrown v0.12.3
[INFO] [stderr]    Compiling ff v0.12.1
[INFO] [stderr]    Compiling group v0.12.1
[INFO] [stderr]    Compiling crypto-common v0.1.6
[INFO] [stderr]    Compiling block-buffer v0.10.4
[INFO] [stderr]    Compiling crypto-bigint v0.4.9
[INFO] [stderr]    Compiling sec1 v0.3.0
[INFO] [stderr]    Compiling digest v0.9.0
[INFO] [stderr]    Compiling block-buffer v0.9.0
[INFO] [stderr]    Compiling sha2 v0.9.9
[INFO] [stderr]    Compiling curve25519-dalek v3.2.0
[INFO] [stderr]    Compiling digest v0.10.6
[INFO] [stderr]    Compiling thiserror-impl v1.0.40
[INFO] [stderr]    Compiling hmac v0.12.1
[INFO] [stderr]    Compiling signature v1.6.4
[INFO] [stderr]    Compiling sha2 v0.10.6
[INFO] [stderr]    Compiling elliptic-curve v0.12.3
[INFO] [stderr]    Compiling rfc6979 v0.3.1
[INFO] [stderr]    Compiling ecdsa v0.14.8
[INFO] [stderr]    Compiling k256 v0.11.6
[INFO] [stderr]    Compiling serde_derive_internals v0.26.0
[INFO] [stderr]    Compiling cosmwasm-derive v1.2.4
[INFO] [stderr]    Compiling schemars_derive v0.8.12
[INFO] [stderr]    Compiling ed25519-zebra v3.1.0
[INFO] [stderr]    Compiling serde-json-wasm v0.4.1
[INFO] [stderr]    Compiling cosmwasm-crypto v1.2.4
[INFO] [stderr]    Compiling cosmwasm-std v1.0.0
[INFO] [stderr]    Compiling cw-storage-plus v0.14.0
[INFO] [stderr]    Compiling cosmwasm-storage v1.0.0
[INFO] [stderr]    Compiling cw2 v0.14.0
[INFO] [stderr]    Compiling instantiator v0.1.0 (/opt/rustwide/workdir)
[INFO] [stderr]     Finished dev [unoptimized + debuginfo] target(s) in 12.00s
[INFO] running `Command { std: "docker" "inspect" "e878357a6127ee6f4adcaac6655fcf32071b39e6db2c396a29f417e94f96e208", kill_on_drop: false }`
[INFO] running `Command { std: "docker" "rm" "-f" "e878357a6127ee6f4adcaac6655fcf32071b39e6db2c396a29f417e94f96e208", kill_on_drop: false }`
[INFO] [stdout] e878357a6127ee6f4adcaac6655fcf32071b39e6db2c396a29f417e94f96e208
[INFO] running `Command { std: "docker" "create" "-v" "/var/lib/crater-agent-workspace/builds/worker-1-tc1/target:/opt/rustwide/target:rw,Z" "-v" "/var/lib/crater-agent-workspace/builds/worker-1-tc1/source:/opt/rustwide/workdir:ro,Z" "-v" "/var/lib/crater-agent-workspace/cargo-home:/opt/rustwide/cargo-home:ro,Z" "-v" "/var/lib/crater-agent-workspace/rustup-home:/opt/rustwide/rustup-home:ro,Z" "-e" "SOURCE_DIR=/opt/rustwide/workdir" "-e" "CARGO_TARGET_DIR=/opt/rustwide/target" "-e" "CARGO_INCREMENTAL=0" "-e" "RUST_BACKTRACE=full" "-e" "RUSTFLAGS=--cap-lints=warn" "-e" "RUSTDOCFLAGS=--cap-lints=warn" "-e" "CARGO_HOME=/opt/rustwide/cargo-home" "-e" "RUSTUP_HOME=/opt/rustwide/rustup-home" "-w" "/opt/rustwide/workdir" "-m" "1610612736" "--user" "0:0" "--network" "none" "ghcr.io/rust-lang/crates-build-env/linux@sha256:2788e3201cd34a07e3172128adcd8b3090168a8e3bcc40d7c032b9dda1df7d1c" "/opt/rustwide/cargo-home/bin/cargo" "+1.75.0" "test" "--frozen" "--no-run" "--message-format=json", kill_on_drop: false }`
[INFO] [stdout] 21eec8b1a9c5d5b8856220268c8a73acb5e41d5ccdad5290d2f688c0427ac45e
[INFO] running `Command { std: "docker" "start" "-a" "21eec8b1a9c5d5b8856220268c8a73acb5e41d5ccdad5290d2f688c0427ac45e", kill_on_drop: false }`
[INFO] [stderr]    Compiling cosmwasm-schema v1.0.0
[INFO] [stderr]    Compiling instantiator v0.1.0 (/opt/rustwide/workdir)
[INFO] [stderr]     Finished test [unoptimized + debuginfo] target(s) in 1.11s
[INFO] running `Command { std: "docker" "inspect" "21eec8b1a9c5d5b8856220268c8a73acb5e41d5ccdad5290d2f688c0427ac45e", kill_on_drop: false }`
[INFO] running `Command { std: "docker" "rm" "-f" "21eec8b1a9c5d5b8856220268c8a73acb5e41d5ccdad5290d2f688c0427ac45e", kill_on_drop: false }`
[INFO] [stdout] 21eec8b1a9c5d5b8856220268c8a73acb5e41d5ccdad5290d2f688c0427ac45e
[INFO] running `Command { std: "docker" "create" "-v" "/var/lib/crater-agent-workspace/builds/worker-1-tc1/target:/opt/rustwide/target:rw,Z" "-v" "/var/lib/crater-agent-workspace/builds/worker-1-tc1/source:/opt/rustwide/workdir:ro,Z" "-v" "/var/lib/crater-agent-workspace/cargo-home:/opt/rustwide/cargo-home:ro,Z" "-v" "/var/lib/crater-agent-workspace/rustup-home:/opt/rustwide/rustup-home:ro,Z" "-e" "SOURCE_DIR=/opt/rustwide/workdir" "-e" "CARGO_TARGET_DIR=/opt/rustwide/target" "-e" "CARGO_INCREMENTAL=0" "-e" "RUST_BACKTRACE=full" "-e" "RUSTFLAGS=--cap-lints=warn" "-e" "RUSTDOCFLAGS=--cap-lints=warn" "-e" "CARGO_HOME=/opt/rustwide/cargo-home" "-e" "RUSTUP_HOME=/opt/rustwide/rustup-home" "-w" "/opt/rustwide/workdir" "-m" "1610612736" "--user" "0:0" "--network" "none" "ghcr.io/rust-lang/crates-build-env/linux@sha256:2788e3201cd34a07e3172128adcd8b3090168a8e3bcc40d7c032b9dda1df7d1c" "/opt/rustwide/cargo-home/bin/cargo" "+1.75.0" "test" "--frozen", kill_on_drop: false }`
[INFO] [stdout] b72f9b970a7ee655c803644677999fdc7f13fe755340365e776a2b70922acff4
[INFO] running `Command { std: "docker" "start" "-a" "b72f9b970a7ee655c803644677999fdc7f13fe755340365e776a2b70922acff4", kill_on_drop: false }`
[INFO] [stderr]     Finished test [unoptimized + debuginfo] target(s) in 0.06s
[INFO] [stderr]      Running unittests src/lib.rs (/opt/rustwide/target/debug/deps/instantiator-bc50029fcebf578c)
[INFO] [stdout] 
[INFO] [stdout] running 1 test
[INFO] [stdout] test tests::test_instantiate_stored_contract ... FAILED
[INFO] [stdout] 
[INFO] [stdout] failures:
[INFO] [stdout] 
[INFO] [stdout] ---- tests::test_instantiate_stored_contract stdout ----
[INFO] [stdout] thread 'tests::test_instantiate_stored_contract' panicked at src/tests.rs:68:5:
[INFO] [stdout] assertion `left == right` failed: Unexpected attributes in the response
[INFO] [stdout]   left: [Attribute { key: "hello", value: "world" }, Attribute { key: "action", value: "instantiate_stored_contract" }]
[INFO] [stdout]  right: [("action", "instantiate_stored_contract")]
[INFO] [stdout] stack backtrace:
[INFO] [stdout]    0:     0x562919796b3c - std::backtrace_rs::backtrace::libunwind::trace::ha637c64ce894333a
[INFO] [stdout]                                at /rustc/82e1608dfa6e0b5569232559e3d385fea5a93112/library/std/src/../../backtrace/src/backtrace/libunwind.rs:104:5
[INFO] [stdout]    1:     0x562919796b3c - std::backtrace_rs::backtrace::trace_unsynchronized::h47f62dea28e0c88d
[INFO] [stdout]                                at /rustc/82e1608dfa6e0b5569232559e3d385fea5a93112/library/std/src/../../backtrace/src/backtrace/mod.rs:66:5
[INFO] [stdout]    2:     0x562919796b3c - std::sys_common::backtrace::_print_fmt::h9eef0abe20ede486
[INFO] [stdout]                                at /rustc/82e1608dfa6e0b5569232559e3d385fea5a93112/library/std/src/sys_common/backtrace.rs:67:5
[INFO] [stdout]    3:     0x562919796b3c - <std::sys_common::backtrace::_print::DisplayBacktrace as core::fmt::Display>::fmt::hed7f999df88cc644
[INFO] [stdout]                                at /rustc/82e1608dfa6e0b5569232559e3d385fea5a93112/library/std/src/sys_common/backtrace.rs:44:22
[INFO] [stdout]    4:     0x5629197c0e50 - core::fmt::rt::Argument::fmt::h1539a9308b8d058d
[INFO] [stdout]                                at /rustc/82e1608dfa6e0b5569232559e3d385fea5a93112/library/core/src/fmt/rt.rs:142:9
[INFO] [stdout]    5:     0x5629197c0e50 - core::fmt::write::h3a39390d8560d9c9
[INFO] [stdout]                                at /rustc/82e1608dfa6e0b5569232559e3d385fea5a93112/library/core/src/fmt/mod.rs:1120:17
[INFO] [stdout]    6:     0x5629197944ef - std::io::Write::write_fmt::h040b369f3a0f9cbc
[INFO] [stdout]                                at /rustc/82e1608dfa6e0b5569232559e3d385fea5a93112/library/std/src/io/mod.rs:1762:15
[INFO] [stdout]    7:     0x562919796924 - std::sys_common::backtrace::_print::h894006fb5c6f3d45
[INFO] [stdout]                                at /rustc/82e1608dfa6e0b5569232559e3d385fea5a93112/library/std/src/sys_common/backtrace.rs:47:5
[INFO] [stdout]    8:     0x562919796924 - std::sys_common::backtrace::print::h23a2d212c6fff936
[INFO] [stdout]                                at /rustc/82e1608dfa6e0b5569232559e3d385fea5a93112/library/std/src/sys_common/backtrace.rs:34:9
[INFO] [stdout]    9:     0x5629197985e7 - std::panicking::default_hook::{{closure}}::h8a1d2ee00185001a
[INFO] [stdout]   10:     0x5629197982d3 - std::panicking::default_hook::h6038f2eba384e475
[INFO] [stdout]                                at /rustc/82e1608dfa6e0b5569232559e3d385fea5a93112/library/std/src/panicking.rs:289:9
[INFO] [stdout]   11:     0x5629196a2577 - <alloc::boxed::Box<F,A> as core::ops::function::Fn<Args>>::call::h0ad024c9bdc6d768
[INFO] [stdout]                                at /rustc/82e1608dfa6e0b5569232559e3d385fea5a93112/library/alloc/src/boxed.rs:2021:9
[INFO] [stdout]   12:     0x5629196a2577 - test::test_main::{{closure}}::h7500b54257359db6
[INFO] [stdout]                                at /rustc/82e1608dfa6e0b5569232559e3d385fea5a93112/library/test/src/lib.rs:138:21
[INFO] [stdout]   13:     0x562919798bf8 - <alloc::boxed::Box<F,A> as core::ops::function::Fn<Args>>::call::h1f8f335eaa9cfaee
[INFO] [stdout]                                at /rustc/82e1608dfa6e0b5569232559e3d385fea5a93112/library/alloc/src/boxed.rs:2021:9
[INFO] [stdout]   14:     0x562919798bf8 - std::panicking::rust_panic_with_hook::h2b5517d590cab22e
[INFO] [stdout]                                at /rustc/82e1608dfa6e0b5569232559e3d385fea5a93112/library/std/src/panicking.rs:783:13
[INFO] [stdout]   15:     0x56291979894e - std::panicking::begin_panic_handler::{{closure}}::h233112c06e0ef43e
[INFO] [stdout]                                at /rustc/82e1608dfa6e0b5569232559e3d385fea5a93112/library/std/src/panicking.rs:657:13
[INFO] [stdout]   16:     0x562919797006 - std::sys_common::backtrace::__rust_end_short_backtrace::h6e893f24d7ebbff8
[INFO] [stdout]                                at /rustc/82e1608dfa6e0b5569232559e3d385fea5a93112/library/std/src/sys_common/backtrace.rs:170:18
[INFO] [stdout]   17:     0x5629197986b2 - rust_begin_unwind
[INFO] [stdout]                                at /rustc/82e1608dfa6e0b5569232559e3d385fea5a93112/library/std/src/panicking.rs:645:5
[INFO] [stdout]   18:     0x562919650cf5 - core::panicking::panic_fmt::hbf0e066aabfa482c
[INFO] [stdout]                                at /rustc/82e1608dfa6e0b5569232559e3d385fea5a93112/library/core/src/panicking.rs:72:14
[INFO] [stdout]   19:     0x5629196511f1 - core::panicking::assert_failed_inner::h0bba8b7c26ee4492
[INFO] [stdout]   20:     0x562919666322 - core::panicking::assert_failed::h6c74e61f88597f90
[INFO] [stdout]                                at /rustc/82e1608dfa6e0b5569232559e3d385fea5a93112/library/core/src/panicking.rs:279:5
[INFO] [stdout]   21:     0x56291966913c - instantiator::tests::test_instantiate_stored_contract::h93d339a7794b0b7e
[INFO] [stdout]                                at /opt/rustwide/workdir/src/tests.rs:68:5
[INFO] [stdout]   22:     0x5629196686a7 - instantiator::tests::test_instantiate_stored_contract::{{closure}}::h4161d923535294e6
[INFO] [stdout]                                at /opt/rustwide/workdir/src/tests.rs:12:38
[INFO] [stdout]   23:     0x562919652b56 - core::ops::function::FnOnce::call_once::h8adcf5edec512195
[INFO] [stdout]                                at /rustc/82e1608dfa6e0b5569232559e3d385fea5a93112/library/core/src/ops/function.rs:250:5
[INFO] [stdout]   24:     0x5629196a7bcf - core::ops::function::FnOnce::call_once::h2b5d431d5046312d
[INFO] [stdout]                                at /rustc/82e1608dfa6e0b5569232559e3d385fea5a93112/library/core/src/ops/function.rs:250:5
[INFO] [stdout]   25:     0x5629196a7bcf - test::__rust_begin_short_backtrace::h7714669af176e207
[INFO] [stdout]                                at /rustc/82e1608dfa6e0b5569232559e3d385fea5a93112/library/test/src/lib.rs:628:18
[INFO] [stdout]   26:     0x5629196a6be5 - test::run_test_in_process::{{closure}}::h85218797dcbcec12
[INFO] [stdout]                                at /rustc/82e1608dfa6e0b5569232559e3d385fea5a93112/library/test/src/lib.rs:651:60
[INFO] [stdout]   27:     0x5629196a6be5 - <core::panic::unwind_safe::AssertUnwindSafe<F> as core::ops::function::FnOnce<()>>::call_once::h76c106ea31c14d7b
[INFO] [stdout]                                at /rustc/82e1608dfa6e0b5569232559e3d385fea5a93112/library/core/src/panic/unwind_safe.rs:272:9
[INFO] [stdout]   28:     0x5629196a6be5 - std::panicking::try::do_call::h3bd5d0f6620ee946
[INFO] [stdout]                                at /rustc/82e1608dfa6e0b5569232559e3d385fea5a93112/library/std/src/panicking.rs:552:40
[INFO] [stdout]   29:     0x5629196a6be5 - std::panicking::try::h232e535e4744fe31
[INFO] [stdout]                                at /rustc/82e1608dfa6e0b5569232559e3d385fea5a93112/library/std/src/panicking.rs:516:19
[INFO] [stdout]   30:     0x5629196a6be5 - std::panic::catch_unwind::h3ce3bd6ca8dbac68
[INFO] [stdout]                                at /rustc/82e1608dfa6e0b5569232559e3d385fea5a93112/library/std/src/panic.rs:142:14
[INFO] [stdout]   31:     0x5629196a6be5 - test::run_test_in_process::hc97b257c9621286a
[INFO] [stdout]                                at /rustc/82e1608dfa6e0b5569232559e3d385fea5a93112/library/test/src/lib.rs:651:27
[INFO] [stdout]   32:     0x5629196a6be5 - test::run_test::{{closure}}::h2aa798823a438d38
[INFO] [stdout]                                at /rustc/82e1608dfa6e0b5569232559e3d385fea5a93112/library/test/src/lib.rs:574:43
[INFO] [stdout]   33:     0x56291966eea6 - test::run_test::{{closure}}::h87d231c78fb59832
[INFO] [stdout]                                at /rustc/82e1608dfa6e0b5569232559e3d385fea5a93112/library/test/src/lib.rs:602:41
[INFO] [stdout]   34:     0x56291966eea6 - std::sys_common::backtrace::__rust_begin_short_backtrace::he6df152596625789
[INFO] [stdout]                                at /rustc/82e1608dfa6e0b5569232559e3d385fea5a93112/library/std/src/sys_common/backtrace.rs:154:18
[INFO] [stdout]   35:     0x562919673f57 - std::thread::Builder::spawn_unchecked_::{{closure}}::{{closure}}::ha94be15d1e0acf36
[INFO] [stdout]                                at /rustc/82e1608dfa6e0b5569232559e3d385fea5a93112/library/std/src/thread/mod.rs:529:17
[INFO] [stdout]   36:     0x562919673f57 - <core::panic::unwind_safe::AssertUnwindSafe<F> as core::ops::function::FnOnce<()>>::call_once::h9dc6bd6372f16606
[INFO] [stdout]                                at /rustc/82e1608dfa6e0b5569232559e3d385fea5a93112/library/core/src/panic/unwind_safe.rs:272:9
[INFO] [stdout]   37:     0x562919673f57 - std::panicking::try::do_call::h9057517f80303cd4
[INFO] [stdout]                                at /rustc/82e1608dfa6e0b5569232559e3d385fea5a93112/library/std/src/panicking.rs:552:40
[INFO] [stdout]   38:     0x562919673f57 - std::panicking::try::he3a30b11ee45340c
[INFO] [stdout]                                at /rustc/82e1608dfa6e0b5569232559e3d385fea5a93112/library/std/src/panicking.rs:516:19
[INFO] [stdout]   39:     0x562919673f57 - std::panic::catch_unwind::h410458cfd3528b8b
[INFO] [stdout]                                at /rustc/82e1608dfa6e0b5569232559e3d385fea5a93112/library/std/src/panic.rs:142:14
[INFO] [stdout]   40:     0x562919673f57 - std::thread::Builder::spawn_unchecked_::{{closure}}::h72ac3bdb567b737b
[INFO] [stdout]                                at /rustc/82e1608dfa6e0b5569232559e3d385fea5a93112/library/std/src/thread/mod.rs:528:30
[INFO] [stdout]   41:     0x562919673f57 - core::ops::function::FnOnce::call_once{{vtable.shim}}::h38f34da3654a8344
[INFO] [stdout]                                at /rustc/82e1608dfa6e0b5569232559e3d385fea5a93112/library/core/src/ops/function.rs:250:5
[INFO] [stdout]   42:     0x56291979d685 - <alloc::boxed::Box<F,A> as core::ops::function::FnOnce<Args>>::call_once::hc7eafaff61e32df9
[INFO] [stdout]                                at /rustc/82e1608dfa6e0b5569232559e3d385fea5a93112/library/alloc/src/boxed.rs:2007:9
[INFO] [stdout]   43:     0x56291979d685 - <alloc::boxed::Box<F,A> as core::ops::function::FnOnce<Args>>::call_once::h6ba4a5de48dd2304
[INFO] [stdout]                                at /rustc/82e1608dfa6e0b5569232559e3d385fea5a93112/library/alloc/src/boxed.rs:2007:9
[INFO] [stdout]   44:     0x56291979d685 - std::sys::unix::thread::Thread::new::thread_start::he469335aef763e45
[INFO] [stdout]                                at /rustc/82e1608dfa6e0b5569232559e3d385fea5a93112/library/std/src/sys/unix/thread.rs:108:17
[INFO] [stdout]   45:     0x7feea4dd9ac3 - <unknown>
[INFO] [stdout]   46:     0x7feea4e6abf4 - __clone
[INFO] [stdout]   47:                0x0 - <unknown>
[INFO] [stdout] 
[INFO] [stdout] 
[INFO] [stdout] failures:
[INFO] [stdout]     tests::test_instantiate_stored_contract
[INFO] [stdout] 
[INFO] [stdout] test result: FAILED. 0 passed; 1 failed; 0 ignored; 0 measured; 0 filtered out; finished in 0.03s
[INFO] [stdout] 
[INFO] [stderr] error: test failed, to rerun pass `--lib`
[INFO] running `Command { std: "docker" "inspect" "b72f9b970a7ee655c803644677999fdc7f13fe755340365e776a2b70922acff4", kill_on_drop: false }`
[INFO] running `Command { std: "docker" "rm" "-f" "b72f9b970a7ee655c803644677999fdc7f13fe755340365e776a2b70922acff4", kill_on_drop: false }`
[INFO] [stdout] b72f9b970a7ee655c803644677999fdc7f13fe755340365e776a2b70922acff4
[INFO] testing Danijel-Enoch/coswasm-archway-instantiator against beta-2023-12-22 for beta-1.76-1
[INFO] running `Command { std: "git" "clone" "/workspace/cache/git-repos/https%3A%2F%2Fgithub.com%2FDanijel-Enoch%2Fcoswasm-archway-instantiator" "/workspace/builds/worker-1-tc2/source", kill_on_drop: false }`
[INFO] [stderr] Cloning into '/workspace/builds/worker-1-tc2/source'...
[INFO] [stderr] done.
[INFO] validating manifest of git repo https://github.com/Danijel-Enoch/coswasm-archway-instantiator on toolchain beta-2023-12-22
[INFO] running `Command { std: CARGO_HOME="/workspace/cargo-home" RUSTUP_HOME="/workspace/rustup-home" "/workspace/cargo-home/bin/cargo" "+beta-2023-12-22" "metadata" "--manifest-path" "Cargo.toml" "--no-deps", kill_on_drop: false }`
[INFO] removed /workspace/builds/worker-1-tc2/source/.cargo/config
[INFO] started tweaking git repo https://github.com/Danijel-Enoch/coswasm-archway-instantiator
[INFO] finished tweaking git repo https://github.com/Danijel-Enoch/coswasm-archway-instantiator
[INFO] tweaked toml for git repo https://github.com/Danijel-Enoch/coswasm-archway-instantiator written to /workspace/builds/worker-1-tc2/source/Cargo.toml
[INFO] crate git repo https://github.com/Danijel-Enoch/coswasm-archway-instantiator already has a lockfile, it will not be regenerated
[INFO] running `Command { std: CARGO_HOME="/workspace/cargo-home" RUSTUP_HOME="/workspace/rustup-home" "/workspace/cargo-home/bin/cargo" "+beta-2023-12-22" "fetch" "--manifest-path" "Cargo.toml", kill_on_drop: false }`
[INFO] running `Command { std: "docker" "create" "-v" "/var/lib/crater-agent-workspace/builds/worker-1-tc2/target:/opt/rustwide/target:rw,Z" "-v" "/var/lib/crater-agent-workspace/builds/worker-1-tc2/source:/opt/rustwide/workdir:ro,Z" "-v" "/var/lib/crater-agent-workspace/cargo-home:/opt/rustwide/cargo-home:ro,Z" "-v" "/var/lib/crater-agent-workspace/rustup-home:/opt/rustwide/rustup-home:ro,Z" "-e" "SOURCE_DIR=/opt/rustwide/workdir" "-e" "CARGO_TARGET_DIR=/opt/rustwide/target" "-e" "CARGO_HOME=/opt/rustwide/cargo-home" "-e" "RUSTUP_HOME=/opt/rustwide/rustup-home" "-w" "/opt/rustwide/workdir" "-m" "1610612736" "--user" "0:0" "--network" "none" "ghcr.io/rust-lang/crates-build-env/linux@sha256:2788e3201cd34a07e3172128adcd8b3090168a8e3bcc40d7c032b9dda1df7d1c" "/opt/rustwide/cargo-home/bin/cargo" "+beta-2023-12-22" "metadata" "--no-deps" "--format-version=1", kill_on_drop: false }`
[INFO] [stdout] cba814a4f8345b300e0f3b28404f65b17ece9d9ecee52a455f32172d1b8caebc
[INFO] running `Command { std: "docker" "start" "-a" "cba814a4f8345b300e0f3b28404f65b17ece9d9ecee52a455f32172d1b8caebc", kill_on_drop: false }`
[INFO] running `Command { std: "docker" "inspect" "cba814a4f8345b300e0f3b28404f65b17ece9d9ecee52a455f32172d1b8caebc", kill_on_drop: false }`
[INFO] running `Command { std: "docker" "rm" "-f" "cba814a4f8345b300e0f3b28404f65b17ece9d9ecee52a455f32172d1b8caebc", kill_on_drop: false }`
[INFO] [stdout] cba814a4f8345b300e0f3b28404f65b17ece9d9ecee52a455f32172d1b8caebc
[INFO] running `Command { std: "docker" "create" "-v" "/var/lib/crater-agent-workspace/builds/worker-1-tc2/target:/opt/rustwide/target:rw,Z" "-v" "/var/lib/crater-agent-workspace/builds/worker-1-tc2/source:/opt/rustwide/workdir:ro,Z" "-v" "/var/lib/crater-agent-workspace/cargo-home:/opt/rustwide/cargo-home:ro,Z" "-v" "/var/lib/crater-agent-workspace/rustup-home:/opt/rustwide/rustup-home:ro,Z" "-e" "SOURCE_DIR=/opt/rustwide/workdir" "-e" "CARGO_TARGET_DIR=/opt/rustwide/target" "-e" "CARGO_INCREMENTAL=0" "-e" "RUST_BACKTRACE=full" "-e" "RUSTFLAGS=--cap-lints=warn" "-e" "RUSTDOCFLAGS=--cap-lints=warn" "-e" "CARGO_HOME=/opt/rustwide/cargo-home" "-e" "RUSTUP_HOME=/opt/rustwide/rustup-home" "-w" "/opt/rustwide/workdir" "-m" "1610612736" "--user" "0:0" "--network" "none" "ghcr.io/rust-lang/crates-build-env/linux@sha256:2788e3201cd34a07e3172128adcd8b3090168a8e3bcc40d7c032b9dda1df7d1c" "/opt/rustwide/cargo-home/bin/cargo" "+beta-2023-12-22" "build" "--frozen" "--message-format=json", kill_on_drop: false }`
[INFO] [stdout] 72ef43c73e6256da09b66ae26019b2635c84faf6227bf1bfe63f99a77ef8814b
[INFO] running `Command { std: "docker" "start" "-a" "72ef43c73e6256da09b66ae26019b2635c84faf6227bf1bfe63f99a77ef8814b", kill_on_drop: false }`
[INFO] [stderr]    Compiling version_check v0.9.4
[INFO] [stderr]    Compiling typenum v1.16.0
[INFO] [stderr]    Compiling libc v0.2.142
[INFO] [stderr]    Compiling cfg-if v1.0.0
[INFO] [stderr]    Compiling subtle v2.4.1
[INFO] [stderr]    Compiling zeroize v1.6.0
[INFO] [stderr]    Compiling serde_derive v1.0.160
[INFO] [stderr]    Compiling const-oid v0.9.2
[INFO] [stderr]    Compiling base64ct v1.6.0
[INFO] [stderr]    Compiling serde v1.0.160
[INFO] [stderr]    Compiling syn v1.0.109
[INFO] [stderr]    Compiling base16ct v0.1.1
[INFO] [stderr]    Compiling cpufeatures v0.2.7
[INFO] [stderr]    Compiling byteorder v1.4.3
[INFO] [stderr]    Compiling once_cell v1.17.1
[INFO] [stderr]    Compiling syn v2.0.15
[INFO] [stderr]    Compiling serde_json v1.0.96
[INFO] [stderr]    Compiling rand_core v0.5.1
[INFO] [stderr]    Compiling crunchy v0.2.2
[INFO] [stderr]    Compiling der v0.6.1
[INFO] [stderr]    Compiling opaque-debug v0.3.0
[INFO] [stderr]    Compiling hex v0.4.3
[INFO] [stderr]    Compiling thiserror v1.0.40
[INFO] [stderr]    Compiling ryu v1.0.13
[INFO] [stderr]    Compiling itoa v1.0.6
[INFO] [stderr]    Compiling schemars v0.8.12
[INFO] [stderr]    Compiling generic-array v0.14.7
[INFO] [stderr]    Compiling ahash v0.7.6
[INFO] [stderr]    Compiling dyn-clone v1.0.11
[INFO] [stderr]    Compiling static_assertions v1.1.0
[INFO] [stderr]    Compiling base64 v0.13.1
[INFO] [stderr]    Compiling forward_ref v1.0.0
[INFO] [stderr]    Compiling uint v0.9.5
[INFO] [stderr]    Compiling spki v0.6.0
[INFO] [stderr]    Compiling getrandom v0.2.9
[INFO] [stderr]    Compiling pkcs8 v0.9.0
[INFO] [stderr]    Compiling rand_core v0.6.4
[INFO] [stderr]    Compiling hashbrown v0.12.3
[INFO] [stderr]    Compiling ff v0.12.1
[INFO] [stderr]    Compiling group v0.12.1
[INFO] [stderr]    Compiling block-buffer v0.10.4
[INFO] [stderr]    Compiling crypto-common v0.1.6
[INFO] [stderr]    Compiling crypto-bigint v0.4.9
[INFO] [stderr]    Compiling sec1 v0.3.0
[INFO] [stderr]    Compiling digest v0.9.0
[INFO] [stderr]    Compiling block-buffer v0.9.0
[INFO] [stderr]    Compiling digest v0.10.6
[INFO] [stderr]    Compiling sha2 v0.9.9
[INFO] [stderr]    Compiling curve25519-dalek v3.2.0
[INFO] [stderr]    Compiling hmac v0.12.1
[INFO] [stderr]    Compiling signature v1.6.4
[INFO] [stderr]    Compiling sha2 v0.10.6
[INFO] [stderr]    Compiling thiserror-impl v1.0.40
[INFO] [stderr]    Compiling rfc6979 v0.3.1
[INFO] [stderr]    Compiling elliptic-curve v0.12.3
[INFO] [stderr]    Compiling ecdsa v0.14.8
[INFO] [stderr]    Compiling k256 v0.11.6
[INFO] [stderr]    Compiling serde_derive_internals v0.26.0
[INFO] [stderr]    Compiling schemars_derive v0.8.12
[INFO] [stderr]    Compiling cosmwasm-derive v1.2.4
[INFO] [stderr]    Compiling ed25519-zebra v3.1.0
[INFO] [stderr]    Compiling serde-json-wasm v0.4.1
[INFO] [stderr]    Compiling cosmwasm-crypto v1.2.4
[INFO] [stderr]    Compiling cosmwasm-std v1.0.0
[INFO] [stderr]    Compiling cw-storage-plus v0.14.0
[INFO] [stderr]    Compiling cosmwasm-storage v1.0.0
[INFO] [stderr]    Compiling cw2 v0.14.0
[INFO] [stderr]    Compiling instantiator v0.1.0 (/opt/rustwide/workdir)
[INFO] [stderr]     Finished dev [unoptimized + debuginfo] target(s) in 14.12s
[INFO] running `Command { std: "docker" "inspect" "72ef43c73e6256da09b66ae26019b2635c84faf6227bf1bfe63f99a77ef8814b", kill_on_drop: false }`
[INFO] running `Command { std: "docker" "rm" "-f" "72ef43c73e6256da09b66ae26019b2635c84faf6227bf1bfe63f99a77ef8814b", kill_on_drop: false }`
[INFO] [stdout] 72ef43c73e6256da09b66ae26019b2635c84faf6227bf1bfe63f99a77ef8814b
[INFO] running `Command { std: "docker" "create" "-v" "/var/lib/crater-agent-workspace/builds/worker-1-tc2/target:/opt/rustwide/target:rw,Z" "-v" "/var/lib/crater-agent-workspace/builds/worker-1-tc2/source:/opt/rustwide/workdir:ro,Z" "-v" "/var/lib/crater-agent-workspace/cargo-home:/opt/rustwide/cargo-home:ro,Z" "-v" "/var/lib/crater-agent-workspace/rustup-home:/opt/rustwide/rustup-home:ro,Z" "-e" "SOURCE_DIR=/opt/rustwide/workdir" "-e" "CARGO_TARGET_DIR=/opt/rustwide/target" "-e" "CARGO_INCREMENTAL=0" "-e" "RUST_BACKTRACE=full" "-e" "RUSTFLAGS=--cap-lints=warn" "-e" "RUSTDOCFLAGS=--cap-lints=warn" "-e" "CARGO_HOME=/opt/rustwide/cargo-home" "-e" "RUSTUP_HOME=/opt/rustwide/rustup-home" "-w" "/opt/rustwide/workdir" "-m" "1610612736" "--user" "0:0" "--network" "none" "ghcr.io/rust-lang/crates-build-env/linux@sha256:2788e3201cd34a07e3172128adcd8b3090168a8e3bcc40d7c032b9dda1df7d1c" "/opt/rustwide/cargo-home/bin/cargo" "+beta-2023-12-22" "test" "--frozen" "--no-run" "--message-format=json", kill_on_drop: false }`
[INFO] [stdout] f63b9a17e233fd0516ed55efc13cf681b9bceed26fa0584af9fd3f3a977011a5
[INFO] running `Command { std: "docker" "start" "-a" "f63b9a17e233fd0516ed55efc13cf681b9bceed26fa0584af9fd3f3a977011a5", kill_on_drop: false }`
[INFO] [stderr]    Compiling cosmwasm-schema v1.0.0
[INFO] [stderr]    Compiling instantiator v0.1.0 (/opt/rustwide/workdir)
[INFO] [stderr]     Finished test [unoptimized + debuginfo] target(s) in 0.96s
[INFO] running `Command { std: "docker" "inspect" "f63b9a17e233fd0516ed55efc13cf681b9bceed26fa0584af9fd3f3a977011a5", kill_on_drop: false }`
[INFO] running `Command { std: "docker" "rm" "-f" "f63b9a17e233fd0516ed55efc13cf681b9bceed26fa0584af9fd3f3a977011a5", kill_on_drop: false }`
[INFO] [stdout] f63b9a17e233fd0516ed55efc13cf681b9bceed26fa0584af9fd3f3a977011a5
[INFO] running `Command { std: "docker" "create" "-v" "/var/lib/crater-agent-workspace/builds/worker-1-tc2/target:/opt/rustwide/target:rw,Z" "-v" "/var/lib/crater-agent-workspace/builds/worker-1-tc2/source:/opt/rustwide/workdir:ro,Z" "-v" "/var/lib/crater-agent-workspace/cargo-home:/opt/rustwide/cargo-home:ro,Z" "-v" "/var/lib/crater-agent-workspace/rustup-home:/opt/rustwide/rustup-home:ro,Z" "-e" "SOURCE_DIR=/opt/rustwide/workdir" "-e" "CARGO_TARGET_DIR=/opt/rustwide/target" "-e" "CARGO_INCREMENTAL=0" "-e" "RUST_BACKTRACE=full" "-e" "RUSTFLAGS=--cap-lints=warn" "-e" "RUSTDOCFLAGS=--cap-lints=warn" "-e" "CARGO_HOME=/opt/rustwide/cargo-home" "-e" "RUSTUP_HOME=/opt/rustwide/rustup-home" "-w" "/opt/rustwide/workdir" "-m" "1610612736" "--user" "0:0" "--network" "none" "ghcr.io/rust-lang/crates-build-env/linux@sha256:2788e3201cd34a07e3172128adcd8b3090168a8e3bcc40d7c032b9dda1df7d1c" "/opt/rustwide/cargo-home/bin/cargo" "+beta-2023-12-22" "test" "--frozen", kill_on_drop: false }`
[INFO] [stdout] f49024963bacc04745593cfdc4bf72ef3d40326c2f30613e0a50fef9a7fd1c99
[INFO] running `Command { std: "docker" "start" "-a" "f49024963bacc04745593cfdc4bf72ef3d40326c2f30613e0a50fef9a7fd1c99", kill_on_drop: false }`
[INFO] [stderr]     Finished test [unoptimized + debuginfo] target(s) in 0.04s
[INFO] [stderr]      Running unittests src/lib.rs (/opt/rustwide/target/debug/deps/instantiator-1df744cb8994a646)
[INFO] [stdout] 
[INFO] [stdout] running 1 test
[INFO] [stdout] test tests::test_instantiate_stored_contract ... FAILED
[INFO] [stdout] 
[INFO] [stdout] failures:
[INFO] [stdout] 
[INFO] [stdout] ---- tests::test_instantiate_stored_contract stdout ----
[INFO] [stdout] thread 'tests::test_instantiate_stored_contract' panicked at src/tests.rs:68:5:
[INFO] [stdout] assertion `left == right` failed: Unexpected attributes in the response
[INFO] [stdout]   left: [Attribute { key: "hello", value: "world" }, Attribute { key: "action", value: "instantiate_stored_contract" }]
[INFO] [stdout]  right: [("action", "instantiate_stored_contract")]
[INFO] [stdout] stack backtrace:
[INFO] [stdout]    0:     0x560af52737a6 - std::backtrace_rs::backtrace::libunwind::trace::h261606ad26a499c1
[INFO] [stdout]                                at /rustc/0e09125c6c3c2fd70d7de961bcf0e51575235fad/library/std/src/../../backtrace/src/backtrace/libunwind.rs:104:5
[INFO] [stdout]    1:     0x560af52737a6 - std::backtrace_rs::backtrace::trace_unsynchronized::hd183f0625477fb28
[INFO] [stdout]                                at /rustc/0e09125c6c3c2fd70d7de961bcf0e51575235fad/library/std/src/../../backtrace/src/backtrace/mod.rs:66:5
[INFO] [stdout]    2:     0x560af52737a6 - std::sys_common::backtrace::_print_fmt::hd7f8fef21b4eda67
[INFO] [stdout]                                at /rustc/0e09125c6c3c2fd70d7de961bcf0e51575235fad/library/std/src/sys_common/backtrace.rs:68:5
[INFO] [stdout]    3:     0x560af52737a6 - <std::sys_common::backtrace::_print::DisplayBacktrace as core::fmt::Display>::fmt::h623d9b51f2f453f1
[INFO] [stdout]                                at /rustc/0e09125c6c3c2fd70d7de961bcf0e51575235fad/library/std/src/sys_common/backtrace.rs:44:22
[INFO] [stdout]    4:     0x560af529cdc0 - core::fmt::rt::Argument::fmt::h9f417ac76a86f368
[INFO] [stdout]                                at /rustc/0e09125c6c3c2fd70d7de961bcf0e51575235fad/library/core/src/fmt/rt.rs:142:9
[INFO] [stdout]    5:     0x560af529cdc0 - core::fmt::write::hc9b6faf4ac2aeff7
[INFO] [stdout]                                at /rustc/0e09125c6c3c2fd70d7de961bcf0e51575235fad/library/core/src/fmt/mod.rs:1120:17
[INFO] [stdout]    6:     0x560af527120f - std::io::Write::write_fmt::he04625a3a989fec3
[INFO] [stdout]                                at /rustc/0e09125c6c3c2fd70d7de961bcf0e51575235fad/library/std/src/io/mod.rs:1810:15
[INFO] [stdout]    7:     0x560af5273584 - std::sys_common::backtrace::_print::hd5d66399c7df88a2
[INFO] [stdout]                                at /rustc/0e09125c6c3c2fd70d7de961bcf0e51575235fad/library/std/src/sys_common/backtrace.rs:47:5
[INFO] [stdout]    8:     0x560af5273584 - std::sys_common::backtrace::print::he81ed2da642d37e5
[INFO] [stdout]                                at /rustc/0e09125c6c3c2fd70d7de961bcf0e51575235fad/library/std/src/sys_common/backtrace.rs:34:9
[INFO] [stdout]    9:     0x560af52752f7 - std::panicking::default_hook::{{closure}}::h85773f4fa117163d
[INFO] [stdout]   10:     0x560af5274fdd - std::panicking::default_hook::h6a1694a91d09b278
[INFO] [stdout]                                at /rustc/0e09125c6c3c2fd70d7de961bcf0e51575235fad/library/std/src/panicking.rs:289:9
[INFO] [stdout]   11:     0x560af517ce17 - <alloc::boxed::Box<F,A> as core::ops::function::Fn<Args>>::call::h616ac37fa3cd6c8f
[INFO] [stdout]                                at /rustc/0e09125c6c3c2fd70d7de961bcf0e51575235fad/library/alloc/src/boxed.rs:2029:9
[INFO] [stdout]   12:     0x560af517ce17 - test::test_main::{{closure}}::h00d84697cefdcbb6
[INFO] [stdout]                                at /rustc/0e09125c6c3c2fd70d7de961bcf0e51575235fad/library/test/src/lib.rs:138:21
[INFO] [stdout]   13:     0x560af5275916 - <alloc::boxed::Box<F,A> as core::ops::function::Fn<Args>>::call::hcb3fe3b9bb537ba8
[INFO] [stdout]                                at /rustc/0e09125c6c3c2fd70d7de961bcf0e51575235fad/library/alloc/src/boxed.rs:2029:9
[INFO] [stdout]   14:     0x560af5275916 - std::panicking::rust_panic_with_hook::h0a7ad96e90f7145b
[INFO] [stdout]                                at /rustc/0e09125c6c3c2fd70d7de961bcf0e51575235fad/library/std/src/panicking.rs:783:13
[INFO] [stdout]   15:     0x560af5275662 - std::panicking::begin_panic_handler::{{closure}}::h7919090525c6485e
[INFO] [stdout]                                at /rustc/0e09125c6c3c2fd70d7de961bcf0e51575235fad/library/std/src/panicking.rs:657:13
[INFO] [stdout]   16:     0x560af5273ca6 - std::sys_common::backtrace::__rust_end_short_backtrace::hf3289479464f7dfe
[INFO] [stdout]                                at /rustc/0e09125c6c3c2fd70d7de961bcf0e51575235fad/library/std/src/sys_common/backtrace.rs:171:18
[INFO] [stdout]   17:     0x560af52753c0 - rust_begin_unwind
[INFO] [stdout]                                at /rustc/0e09125c6c3c2fd70d7de961bcf0e51575235fad/library/std/src/panicking.rs:645:5
[INFO] [stdout]   18:     0x560af512acd5 - core::panicking::panic_fmt::hcc9f77c5c132af55
[INFO] [stdout]                                at /rustc/0e09125c6c3c2fd70d7de961bcf0e51575235fad/library/core/src/panicking.rs:72:14
[INFO] [stdout]   19:     0x560af512b1ef - core::panicking::assert_failed_inner::h9f13e27dd63c3a08
[INFO] [stdout]                                at /rustc/0e09125c6c3c2fd70d7de961bcf0e51575235fad/library/core/src/panicking.rs:337:23
[INFO] [stdout]   20:     0x560af5138012 - core::panicking::assert_failed::h4988dad68038cfc5
[INFO] [stdout]                                at /rustc/0e09125c6c3c2fd70d7de961bcf0e51575235fad/library/core/src/panicking.rs:297:5
[INFO] [stdout]   21:     0x560af513697a - instantiator::tests::test_instantiate_stored_contract::h3efb3ae3b2a19a7f
[INFO] [stdout]                                at /opt/rustwide/workdir/src/tests.rs:68:5
[INFO] [stdout]   22:     0x560af5135ee7 - instantiator::tests::test_instantiate_stored_contract::{{closure}}::h5972e9973a542e9f
[INFO] [stdout]                                at /opt/rustwide/workdir/src/tests.rs:12:38
[INFO] [stdout]   23:     0x560af512d446 - core::ops::function::FnOnce::call_once::h02853587746a6e4e
[INFO] [stdout]                                at /rustc/0e09125c6c3c2fd70d7de961bcf0e51575235fad/library/core/src/ops/function.rs:250:5
[INFO] [stdout]   24:     0x560af51826ef - core::ops::function::FnOnce::call_once::hd64d26f405258157
[INFO] [stdout]                                at /rustc/0e09125c6c3c2fd70d7de961bcf0e51575235fad/library/core/src/ops/function.rs:250:5
[INFO] [stdout]   25:     0x560af51826ef - test::__rust_begin_short_backtrace::he21b0b7a6d731bf9
[INFO] [stdout]                                at /rustc/0e09125c6c3c2fd70d7de961bcf0e51575235fad/library/test/src/lib.rs:627:18
[INFO] [stdout]   26:     0x560af5181471 - test::run_test_in_process::{{closure}}::hf5c73986d7bdfde2
[INFO] [stdout]                                at /rustc/0e09125c6c3c2fd70d7de961bcf0e51575235fad/library/test/src/lib.rs:650:60
[INFO] [stdout]   27:     0x560af5181471 - <core::panic::unwind_safe::AssertUnwindSafe<F> as core::ops::function::FnOnce<()>>::call_once::h330011ad032aadc0
[INFO] [stdout]                                at /rustc/0e09125c6c3c2fd70d7de961bcf0e51575235fad/library/core/src/panic/unwind_safe.rs:272:9
[INFO] [stdout]   28:     0x560af5181471 - std::panicking::try::do_call::he61b0a958b795a41
[INFO] [stdout]                                at /rustc/0e09125c6c3c2fd70d7de961bcf0e51575235fad/library/std/src/panicking.rs:552:40
[INFO] [stdout]   29:     0x560af5181471 - std::panicking::try::h7309da130f906eb7
[INFO] [stdout]                                at /rustc/0e09125c6c3c2fd70d7de961bcf0e51575235fad/library/std/src/panicking.rs:516:19
[INFO] [stdout]   30:     0x560af5181471 - std::panic::catch_unwind::hc5c3a06fdaf0a92a
[INFO] [stdout]                                at /rustc/0e09125c6c3c2fd70d7de961bcf0e51575235fad/library/std/src/panic.rs:142:14
[INFO] [stdout]   31:     0x560af5181471 - test::run_test_in_process::h7e7b7c71c3324e0f
[INFO] [stdout]                                at /rustc/0e09125c6c3c2fd70d7de961bcf0e51575235fad/library/test/src/lib.rs:650:27
[INFO] [stdout]   32:     0x560af5181471 - test::run_test::{{closure}}::h1f509f28f5cf20b1
[INFO] [stdout]                                at /rustc/0e09125c6c3c2fd70d7de961bcf0e51575235fad/library/test/src/lib.rs:573:43
[INFO] [stdout]   33:     0x560af51487a6 - test::run_test::{{closure}}::h1754218abf443f6d
[INFO] [stdout]                                at /rustc/0e09125c6c3c2fd70d7de961bcf0e51575235fad/library/test/src/lib.rs:601:41
[INFO] [stdout]   34:     0x560af51487a6 - std::sys_common::backtrace::__rust_begin_short_backtrace::h2ee174b9d5954948
[INFO] [stdout]                                at /rustc/0e09125c6c3c2fd70d7de961bcf0e51575235fad/library/std/src/sys_common/backtrace.rs:155:18
[INFO] [stdout]   35:     0x560af514d807 - std::thread::Builder::spawn_unchecked_::{{closure}}::{{closure}}::hf60bee9c1a17ef09
[INFO] [stdout]                                at /rustc/0e09125c6c3c2fd70d7de961bcf0e51575235fad/library/std/src/thread/mod.rs:529:17
[INFO] [stdout]   36:     0x560af514d807 - <core::panic::unwind_safe::AssertUnwindSafe<F> as core::ops::function::FnOnce<()>>::call_once::h33d0dddec5216160
[INFO] [stdout]                                at /rustc/0e09125c6c3c2fd70d7de961bcf0e51575235fad/library/core/src/panic/unwind_safe.rs:272:9
[INFO] [stdout]   37:     0x560af514d807 - std::panicking::try::do_call::h144b3048b546f835
[INFO] [stdout]                                at /rustc/0e09125c6c3c2fd70d7de961bcf0e51575235fad/library/std/src/panicking.rs:552:40
[INFO] [stdout]   38:     0x560af514d807 - std::panicking::try::h978244d04646189f
[INFO] [stdout]                                at /rustc/0e09125c6c3c2fd70d7de961bcf0e51575235fad/library/std/src/panicking.rs:516:19
[INFO] [stdout]   39:     0x560af514d807 - std::panic::catch_unwind::hdf436369d188fe86
[INFO] [stdout]                                at /rustc/0e09125c6c3c2fd70d7de961bcf0e51575235fad/library/std/src/panic.rs:142:14
[INFO] [stdout]   40:     0x560af514d807 - std::thread::Builder::spawn_unchecked_::{{closure}}::h87329cbdd33c79ec
[INFO] [stdout]                                at /rustc/0e09125c6c3c2fd70d7de961bcf0e51575235fad/library/std/src/thread/mod.rs:528:30
[INFO] [stdout]   41:     0x560af514d807 - core::ops::function::FnOnce::call_once{{vtable.shim}}::h401abbe67897d450
[INFO] [stdout]                                at /rustc/0e09125c6c3c2fd70d7de961bcf0e51575235fad/library/core/src/ops/function.rs:250:5
[INFO] [stdout]   42:     0x560af527a3c5 - <alloc::boxed::Box<F,A> as core::ops::function::FnOnce<Args>>::call_once::h5d7c8f150ab9c84c
[INFO] [stdout]                                at /rustc/0e09125c6c3c2fd70d7de961bcf0e51575235fad/library/alloc/src/boxed.rs:2015:9
[INFO] [stdout]   43:     0x560af527a3c5 - <alloc::boxed::Box<F,A> as core::ops::function::FnOnce<Args>>::call_once::h570d5b005c242c15
[INFO] [stdout]                                at /rustc/0e09125c6c3c2fd70d7de961bcf0e51575235fad/library/alloc/src/boxed.rs:2015:9
[INFO] [stdout]   44:     0x560af527a3c5 - std::sys::unix::thread::Thread::new::thread_start::h36b0a20c0b2361ad
[INFO] [stdout]                                at /rustc/0e09125c6c3c2fd70d7de961bcf0e51575235fad/library/std/src/sys/unix/thread.rs:108:17
[INFO] [stdout]   45:     0x7f637faf1ac3 - <unknown>
[INFO] [stdout]   46:     0x7f637fb82bf4 - __clone
[INFO] [stdout]   47:                0x0 - <unknown>
[INFO] [stdout] 
[INFO] [stdout] 
[INFO] [stdout] failures:
[INFO] [stdout]     tests::test_instantiate_stored_contract
[INFO] [stdout] 
[INFO] [stdout] test result: FAILED. 0 passed; 1 failed; 0 ignored; 0 measured; 0 filtered out; finished in 0.02s
[INFO] [stdout] 
[INFO] [stderr] error: test failed, to rerun pass `--lib`
[INFO] running `Command { std: "docker" "inspect" "f49024963bacc04745593cfdc4bf72ef3d40326c2f30613e0a50fef9a7fd1c99", kill_on_drop: false }`
[INFO] running `Command { std: "docker" "rm" "-f" "f49024963bacc04745593cfdc4bf72ef3d40326c2f30613e0a50fef9a7fd1c99", kill_on_drop: false }`
[INFO] [stdout] f49024963bacc04745593cfdc4bf72ef3d40326c2f30613e0a50fef9a7fd1c99
