[INFO] cloning repository https://github.com/DanglingPointer/mtorrent
[INFO] running `Command { std: "git" "-c" "credential.helper=" "-c" "credential.helper=/workspace/cargo-home/bin/git-credential-null" "clone" "--bare" "https://github.com/DanglingPointer/mtorrent" "/workspace/cache/git-repos/https%3A%2F%2Fgithub.com%2FDanglingPointer%2Fmtorrent", kill_on_drop: false }`
[INFO] [stderr] Cloning into bare repository '/workspace/cache/git-repos/https%3A%2F%2Fgithub.com%2FDanglingPointer%2Fmtorrent'...
[INFO] running `Command { std: "git" "rev-parse" "HEAD", kill_on_drop: false }`
[INFO] [stdout] 6dd2785d02f82ea300d69cdc79bce3111588bd6e
[INFO] testing DanglingPointer/mtorrent against 1.75.0 for beta-1.76-1
[INFO] running `Command { std: "git" "clone" "/workspace/cache/git-repos/https%3A%2F%2Fgithub.com%2FDanglingPointer%2Fmtorrent" "/workspace/builds/worker-1-tc1/source", kill_on_drop: false }`
[INFO] [stderr] Cloning into '/workspace/builds/worker-1-tc1/source'...
[INFO] [stderr] done.
[INFO] validating manifest of git repo https://github.com/DanglingPointer/mtorrent on toolchain 1.75.0
[INFO] running `Command { std: CARGO_HOME="/workspace/cargo-home" RUSTUP_HOME="/workspace/rustup-home" "/workspace/cargo-home/bin/cargo" "+1.75.0" "metadata" "--manifest-path" "Cargo.toml" "--no-deps", kill_on_drop: false }`
[INFO] started tweaking git repo https://github.com/DanglingPointer/mtorrent
[INFO] finished tweaking git repo https://github.com/DanglingPointer/mtorrent
[INFO] tweaked toml for git repo https://github.com/DanglingPointer/mtorrent written to /workspace/builds/worker-1-tc1/source/Cargo.toml
[INFO] crate git repo https://github.com/DanglingPointer/mtorrent already has a lockfile, it will not be regenerated
[INFO] running `Command { std: CARGO_HOME="/workspace/cargo-home" RUSTUP_HOME="/workspace/rustup-home" "/workspace/cargo-home/bin/cargo" "+1.75.0" "fetch" "--manifest-path" "Cargo.toml", kill_on_drop: false }`
[INFO] [stderr]  Downloading crates ...
[INFO] [stderr]   Downloaded wildmatch v1.1.0
[INFO] [stderr]   Downloaded simple_logger v4.1.0
[INFO] [stderr]   Downloaded igd v0.12.0
[INFO] [stderr]   Downloaded attohttpc v0.16.3
[INFO] running `Command { std: "docker" "create" "-v" "/var/lib/crater-agent-workspace/builds/worker-1-tc1/target:/opt/rustwide/target:rw,Z" "-v" "/var/lib/crater-agent-workspace/builds/worker-1-tc1/source:/opt/rustwide/workdir:ro,Z" "-v" "/var/lib/crater-agent-workspace/cargo-home:/opt/rustwide/cargo-home:ro,Z" "-v" "/var/lib/crater-agent-workspace/rustup-home:/opt/rustwide/rustup-home:ro,Z" "-e" "SOURCE_DIR=/opt/rustwide/workdir" "-e" "CARGO_TARGET_DIR=/opt/rustwide/target" "-e" "CARGO_HOME=/opt/rustwide/cargo-home" "-e" "RUSTUP_HOME=/opt/rustwide/rustup-home" "-w" "/opt/rustwide/workdir" "-m" "1610612736" "--user" "0:0" "--network" "none" "ghcr.io/rust-lang/crates-build-env/linux@sha256:2788e3201cd34a07e3172128adcd8b3090168a8e3bcc40d7c032b9dda1df7d1c" "/opt/rustwide/cargo-home/bin/cargo" "+1.75.0" "metadata" "--no-deps" "--format-version=1", kill_on_drop: false }`
[INFO] [stdout] fd1b46dad09012924c991ff6ab8f71009813f9f04432b20687c00f25b56b7aa0
[INFO] running `Command { std: "docker" "start" "-a" "fd1b46dad09012924c991ff6ab8f71009813f9f04432b20687c00f25b56b7aa0", kill_on_drop: false }`
[INFO] running `Command { std: "docker" "inspect" "fd1b46dad09012924c991ff6ab8f71009813f9f04432b20687c00f25b56b7aa0", kill_on_drop: false }`
[INFO] running `Command { std: "docker" "rm" "-f" "fd1b46dad09012924c991ff6ab8f71009813f9f04432b20687c00f25b56b7aa0", kill_on_drop: false }`
[INFO] [stdout] fd1b46dad09012924c991ff6ab8f71009813f9f04432b20687c00f25b56b7aa0
[INFO] running `Command { std: "docker" "create" "-v" "/var/lib/crater-agent-workspace/builds/worker-1-tc1/target:/opt/rustwide/target:rw,Z" "-v" "/var/lib/crater-agent-workspace/builds/worker-1-tc1/source:/opt/rustwide/workdir:ro,Z" "-v" "/var/lib/crater-agent-workspace/cargo-home:/opt/rustwide/cargo-home:ro,Z" "-v" "/var/lib/crater-agent-workspace/rustup-home:/opt/rustwide/rustup-home:ro,Z" "-e" "SOURCE_DIR=/opt/rustwide/workdir" "-e" "CARGO_TARGET_DIR=/opt/rustwide/target" "-e" "CARGO_INCREMENTAL=0" "-e" "RUST_BACKTRACE=full" "-e" "RUSTFLAGS=--cap-lints=warn" "-e" "RUSTDOCFLAGS=--cap-lints=warn" "-e" "CARGO_HOME=/opt/rustwide/cargo-home" "-e" "RUSTUP_HOME=/opt/rustwide/rustup-home" "-w" "/opt/rustwide/workdir" "-m" "1610612736" "--user" "0:0" "--network" "none" "ghcr.io/rust-lang/crates-build-env/linux@sha256:2788e3201cd34a07e3172128adcd8b3090168a8e3bcc40d7c032b9dda1df7d1c" "/opt/rustwide/cargo-home/bin/cargo" "+1.75.0" "build" "--frozen" "--message-format=json", kill_on_drop: false }`
[INFO] [stdout] 4f0fed524eff6d81c4b660ac420d876dbfadbaa490a0c4376a0c12a8c93c392d
[INFO] running `Command { std: "docker" "start" "-a" "4f0fed524eff6d81c4b660ac420d876dbfadbaa490a0c4376a0c12a8c93c392d", kill_on_drop: false }`
[INFO] [stderr]    Compiling proc-macro2 v1.0.51
[INFO] [stderr]    Compiling quote v1.0.23
[INFO] [stderr]    Compiling unicode-ident v1.0.6
[INFO] [stderr]    Compiling syn v1.0.109
[INFO] [stderr]    Compiling pin-project-lite v0.2.9
[INFO] [stderr]    Compiling futures-core v0.3.26
[INFO] [stderr]    Compiling bytes v1.4.0
[INFO] [stderr]    Compiling once_cell v1.17.1
[INFO] [stderr]    Compiling itoa v1.0.5
[INFO] [stderr]    Compiling slab v0.4.8
[INFO] [stderr]    Compiling tokio v1.25.0
[INFO] [stderr]    Compiling futures-sink v0.3.26
[INFO] [stderr]    Compiling cc v1.0.79
[INFO] [stderr]    Compiling futures-task v0.3.26
[INFO] [stderr]    Compiling futures-channel v0.3.26
[INFO] [stderr]    Compiling mio v0.8.6
[INFO] [stderr]    Compiling socket2 v0.4.7
[INFO] [stderr]    Compiling futures-util v0.3.26
[INFO] [stderr]    Compiling futures-io v0.3.26
[INFO] [stderr]    Compiling http v0.2.9
[INFO] [stderr]    Compiling tracing-core v0.1.30
[INFO] [stderr]    Compiling indexmap v1.9.2
[INFO] [stderr]    Compiling hashbrown v0.12.3
[INFO] [stderr]    Compiling percent-encoding v2.2.0
[INFO] [stderr]    Compiling tracing v0.1.37
[INFO] [stderr]    Compiling openssl v0.10.45
[INFO] [stderr]    Compiling form_urlencoded v1.1.0
[INFO] [stderr]    Compiling unicode-normalization v0.1.22
[INFO] [stderr]    Compiling try-lock v0.2.4
[INFO] [stderr]    Compiling unicode-bidi v0.3.10
[INFO] [stderr]    Compiling want v0.3.0
[INFO] [stderr]    Compiling openssl-sys v0.9.80
[INFO] [stderr]    Compiling http-body v0.4.5
[INFO] [stderr]    Compiling idna v0.3.0
[INFO] [stderr]    Compiling getrandom v0.2.8
[INFO] [stderr]    Compiling httpdate v1.0.2
[INFO] [stderr]    Compiling serde v1.0.152
[INFO] [stderr]    Compiling rand_core v0.6.4
[INFO] [stderr]    Compiling native-tls v0.2.11
[INFO] [stderr]    Compiling radium v0.7.0
[INFO] [stderr]    Compiling url v2.3.1
[INFO] [stderr]    Compiling ppv-lite86 v0.2.17
[INFO] [stderr]    Compiling time-macros v0.2.8
[INFO] [stderr]    Compiling rand_chacha v0.3.1
[INFO] [stderr]    Compiling flate2 v1.0.25
[INFO] [stderr]    Compiling atty v0.2.14
[INFO] [stderr]    Compiling wildmatch v1.1.0
[INFO] [stderr]    Compiling num_threads v0.1.6
[INFO] [stderr]    Compiling xml-rs v0.8.4
[INFO] [stderr]    Compiling ryu v1.0.12
[INFO] [stderr]    Compiling tap v1.0.1
[INFO] [stderr]    Compiling attohttpc v0.16.3
[INFO] [stderr]    Compiling wyz v0.5.1
[INFO] [stderr]    Compiling colored v2.0.0
[INFO] [stderr]    Compiling rand v0.8.5
[INFO] [stderr]    Compiling xmltree v0.10.3
[INFO] [stderr]    Compiling tokio-util v0.7.7
[INFO] [stderr]    Compiling time v0.3.20
[INFO] [stderr]    Compiling async-compression v0.3.15
[INFO] [stderr]    Compiling encoding_rs v0.8.32
[INFO] [stderr]    Compiling base64 v0.21.0
[INFO] [stderr]    Compiling mime v0.3.16
[INFO] [stderr]    Compiling ipnet v2.7.1
[INFO] [stderr]    Compiling funty v2.0.0
[INFO] [stderr]    Compiling simple_logger v4.1.0
[INFO] [stderr]    Compiling futures-macro v0.3.26
[INFO] [stderr]    Compiling openssl-macros v0.1.0
[INFO] [stderr]    Compiling serde_urlencoded v0.7.1
[INFO] [stderr]    Compiling sha1_smol v1.0.0
[INFO] [stderr]    Compiling bitvec v1.0.1
[INFO] [stderr]    Compiling tokio-native-tls v0.3.1
[INFO] [stderr]    Compiling h2 v0.3.16
[INFO] [stderr]    Compiling futures-executor v0.3.26
[INFO] [stderr]    Compiling futures v0.3.26
[INFO] [stderr]    Compiling hyper v0.14.24
[INFO] [stderr]    Compiling hyper-tls v0.5.0
[INFO] [stderr]    Compiling igd v0.12.0
[INFO] [stderr]    Compiling reqwest v0.11.14
[INFO] [stderr]    Compiling mtorrent v0.1.0 (/opt/rustwide/workdir)
[INFO] [stderr]     Finished dev [unoptimized + debuginfo] target(s) in 31.21s
[INFO] running `Command { std: "docker" "inspect" "4f0fed524eff6d81c4b660ac420d876dbfadbaa490a0c4376a0c12a8c93c392d", kill_on_drop: false }`
[INFO] running `Command { std: "docker" "rm" "-f" "4f0fed524eff6d81c4b660ac420d876dbfadbaa490a0c4376a0c12a8c93c392d", kill_on_drop: false }`
[INFO] [stdout] 4f0fed524eff6d81c4b660ac420d876dbfadbaa490a0c4376a0c12a8c93c392d
[INFO] running `Command { std: "docker" "create" "-v" "/var/lib/crater-agent-workspace/builds/worker-1-tc1/target:/opt/rustwide/target:rw,Z" "-v" "/var/lib/crater-agent-workspace/builds/worker-1-tc1/source:/opt/rustwide/workdir:ro,Z" "-v" "/var/lib/crater-agent-workspace/cargo-home:/opt/rustwide/cargo-home:ro,Z" "-v" "/var/lib/crater-agent-workspace/rustup-home:/opt/rustwide/rustup-home:ro,Z" "-e" "SOURCE_DIR=/opt/rustwide/workdir" "-e" "CARGO_TARGET_DIR=/opt/rustwide/target" "-e" "CARGO_INCREMENTAL=0" "-e" "RUST_BACKTRACE=full" "-e" "RUSTFLAGS=--cap-lints=warn" "-e" "RUSTDOCFLAGS=--cap-lints=warn" "-e" "CARGO_HOME=/opt/rustwide/cargo-home" "-e" "RUSTUP_HOME=/opt/rustwide/rustup-home" "-w" "/opt/rustwide/workdir" "-m" "1610612736" "--user" "0:0" "--network" "none" "ghcr.io/rust-lang/crates-build-env/linux@sha256:2788e3201cd34a07e3172128adcd8b3090168a8e3bcc40d7c032b9dda1df7d1c" "/opt/rustwide/cargo-home/bin/cargo" "+1.75.0" "test" "--frozen" "--no-run" "--message-format=json", kill_on_drop: false }`
[INFO] [stdout] de6350b4551e61adb8c8bfd009c718a06eca5d7d2d87728c2653ba61ba4e9275
[INFO] running `Command { std: "docker" "start" "-a" "de6350b4551e61adb8c8bfd009c718a06eca5d7d2d87728c2653ba61ba4e9275", kill_on_drop: false }`
[INFO] [stderr]    Compiling tokio v1.25.0
[INFO] [stderr]    Compiling tokio-macros v1.8.2
[INFO] [stderr]    Compiling tokio-util v0.7.7
[INFO] [stderr]    Compiling tokio-native-tls v0.3.1
[INFO] [stderr]    Compiling async-compression v0.3.15
[INFO] [stderr]    Compiling h2 v0.3.16
[INFO] [stderr]    Compiling hyper v0.14.24
[INFO] [stderr]    Compiling hyper-tls v0.5.0
[INFO] [stderr]    Compiling igd v0.12.0
[INFO] [stderr]    Compiling reqwest v0.11.14
[INFO] [stderr]    Compiling mtorrent v0.1.0 (/opt/rustwide/workdir)
[INFO] [stderr]     Finished test [unoptimized + debuginfo] target(s) in 16.81s
[INFO] running `Command { std: "docker" "inspect" "de6350b4551e61adb8c8bfd009c718a06eca5d7d2d87728c2653ba61ba4e9275", kill_on_drop: false }`
[INFO] running `Command { std: "docker" "rm" "-f" "de6350b4551e61adb8c8bfd009c718a06eca5d7d2d87728c2653ba61ba4e9275", kill_on_drop: false }`
[INFO] [stdout] de6350b4551e61adb8c8bfd009c718a06eca5d7d2d87728c2653ba61ba4e9275
[INFO] running `Command { std: "docker" "create" "-v" "/var/lib/crater-agent-workspace/builds/worker-1-tc1/target:/opt/rustwide/target:rw,Z" "-v" "/var/lib/crater-agent-workspace/builds/worker-1-tc1/source:/opt/rustwide/workdir:ro,Z" "-v" "/var/lib/crater-agent-workspace/cargo-home:/opt/rustwide/cargo-home:ro,Z" "-v" "/var/lib/crater-agent-workspace/rustup-home:/opt/rustwide/rustup-home:ro,Z" "-e" "SOURCE_DIR=/opt/rustwide/workdir" "-e" "CARGO_TARGET_DIR=/opt/rustwide/target" "-e" "CARGO_INCREMENTAL=0" "-e" "RUST_BACKTRACE=full" "-e" "RUSTFLAGS=--cap-lints=warn" "-e" "RUSTDOCFLAGS=--cap-lints=warn" "-e" "CARGO_HOME=/opt/rustwide/cargo-home" "-e" "RUSTUP_HOME=/opt/rustwide/rustup-home" "-w" "/opt/rustwide/workdir" "-m" "1610612736" "--user" "0:0" "--network" "none" "ghcr.io/rust-lang/crates-build-env/linux@sha256:2788e3201cd34a07e3172128adcd8b3090168a8e3bcc40d7c032b9dda1df7d1c" "/opt/rustwide/cargo-home/bin/cargo" "+1.75.0" "test" "--frozen", kill_on_drop: false }`
[INFO] [stdout] b07df43c10ecdcae6e9c58172d48bc93d1c4a5f785719394f27f4ff6418c2772
[INFO] running `Command { std: "docker" "start" "-a" "b07df43c10ecdcae6e9c58172d48bc93d1c4a5f785719394f27f4ff6418c2772", kill_on_drop: false }`
[INFO] [stderr]     Finished test [unoptimized + debuginfo] target(s) in 0.16s
[INFO] [stderr]      Running unittests src/lib.rs (/opt/rustwide/target/debug/deps/mtorrent-0fc7b74a299e9922)
[INFO] [stdout] 
[INFO] [stdout] running 109 tests
[INFO] [stdout] test ctrl::operations::tests::test_sizeof_action ... ok
[INFO] [stdout] test ctrl::peers::tests::test_manager_adds_and_removes_peers ... ok
[INFO] [stdout] test ctrl::peers::tests::test_duplicated_outbound_upload_messages_are_dropped ... ok
[INFO] [stdout] test ctrl::peers::tests::test_mutually_negating_outbound_download_messages_are_dropped ... ok
[INFO] [stdout] test ctrl::peers::tests::test_duplicated_outbound_download_messages_are_dropped ... ok
[INFO] [stdout] test ctrl::peers::tests::test_mutually_negating_outbound_upload_messages_are_dropped ... ok
[INFO] [stdout] test ctrl::peers::tests::test_peer_has_correct_initial_state ... ok
[INFO] [stdout] test ctrl::peers::tests::test_peer_updates_state_on_download_channel_update ... ok
[INFO] [stdout] test ctrl::peers::tests::test_peer_updates_state_on_upload_channel_update ... ok
[INFO] [stdout] test ctrl::peers::tests::test_pending_outbound_blocks_are_dropped_when_canceled_by_peer ... ok
[INFO] [stdout] test ctrl::peers::tests::test_pending_outbound_request_can_be_repeated_if_canceled ... ok
[INFO] [stdout] test ctrl::peers::tests::test_pending_outbound_request_is_not_repeated_until_fulfilled_by_peer ... ok
[INFO] [stdout] test data::block_accountant::tests::test_accountant_has_exact_block_with_one_block ... ok
[INFO] [stdout] test data::block_accountant::tests::test_accountant_merge_into_preceding_block ... ok
[INFO] [stdout] test data::block_accountant::tests::test_accountant_block_length_with_two_blocks ... ok
[INFO] [stdout] test data::block_accountant::tests::test_accountant_ignore_overlapping_block ... ok
[INFO] [stdout] test data::block_accountant::tests::test_accountant_block_length_with_one_block ... ok
[INFO] [stdout] test data::block_accountant::tests::test_accountant_merge_into_following_block ... ok
[INFO] [stdout] test data::block_accountant::tests::test_accountant_merge_overlapping_into_preceding_block ... ok
[INFO] [stdout] test data::block_accountant::tests::test_accountant_merge_overlapping_into_following_block ... ok
[INFO] [stdout] test data::block_accountant::tests::test_accountant_merge_with_following_and_preceding_blocks ... ok
[INFO] [stdout] test data::block_accountant::tests::test_accountant_merge_with_overlapping_following_and_preceding_blocks ... ok
[INFO] [stdout] test data::block_accountant::tests::test_accountant_remove_exact_block ... ok
[INFO] [stdout] test data::block_accountant::tests::test_accountant_remove_multiple_nonadjacent_blocks ... ok
[INFO] [stdout] test data::block_accountant::tests::test_accountant_remove_multiple_nonadjacent_blocks_and_shrink ... ok
[INFO] [stdout] test data::block_accountant::tests::test_accountant_replace_overlapping_block ... ok
[INFO] [stdout] test data::block_accountant::tests::test_accountant_shrink_block_from_head_end ... ok
[INFO] [stdout] test data::block_accountant::tests::test_accountant_shrink_block_from_tail_end ... ok
[INFO] [stdout] test data::block_accountant::tests::test_accountant_submit_one_block ... ok
[INFO] [stdout] test data::block_accountant::tests::test_accountant_split_block_into_two ... ok
[INFO] [stdout] test data::piece_tracker::tests::test_add_records_and_get_owners ... ok
[INFO] [stdout] test data::piece_tracker::tests::test_add_records_and_forget_peer ... ok
[INFO] [stdout] test data::piece_tracker::tests::test_process_entire_bitfield_ignoring_forgotten_pieces ... ok
[INFO] [stdout] test data::piece_tracker::tests::test_dont_leak_empty_owner_count_entries ... ok
[INFO] [stdout] test data::piece_tracker::tests::test_dont_leak_empty_piece_count_entries ... ok
[INFO] [stdout] test data::piece_tracker::tests::test_add_records_and_get_rarest_and_poorest ... ok
[INFO] [stdout] test data::piece_tracker::tests::test_add_records_and_forget_piece ... ok
[INFO] [stdout] test data::storage::tests::test_read_piece_on_file_boundary ... ok
[INFO] [stdout] test data::storage::tests::test_write_piece_on_file_boundary ... ok
[INFO] [stdout] test data::storage::tests::test_read_piece_within_one_file ... ok
[INFO] [stdout] test data::storage::tests::test_write_piece_within_one_file ... ok
[INFO] [stdout] test engine::interest::tests::test_show_desperate_interest ... ok
[INFO] [stdout] test engine::interest::tests::test_remove_unneeded_interest ... ok
[INFO] [stdout] test data::storage::tests::test_async_detached_write_then_read_on_file_boundary ... ok
[INFO] [stdout] test data::storage::tests::test_async_verify_block ... ok
[INFO] [stdout] test engine::interest::tests::test_update_state_leechers_count ... ok
[INFO] [stdout] test engine::interest::tests::test_show_interest_to_any_nonchoking_owners ... ok
[INFO] [stdout] test engine::interest::tests::test_show_interest_to_the_only_nonchoking_owners ... ok
[INFO] [stdout] test engine::interest::tests::test_show_interest_to_nonchoking_single_owners ... ok
[INFO] [stdout] test engine::interest::tests::test_update_state_seeders_count ... ok
[INFO] [stdout] test engine::matcher::tests::test_2l_2r_prioritize_earlier_vertices ... ok
[INFO] [stdout] test engine::matcher::tests::test_2l_2r_vertices_upside_down ... ok
[INFO] [stdout] test engine::matcher::tests::test_2l_2r_vertices ... ok
[INFO] [stdout] test engine::matcher::tests::test_5l_4r_vertices_rotated ... ok
[INFO] [stdout] test engine::matcher::tests::test_5l_4r_vertices ... ok
[INFO] [stdout] test engine::matcher::tests::test_real_input ... ok
[INFO] [stdout] test engine::matcher::tests::test_5l_4r_vertices_upside_down ... ok
[INFO] [stdout] test engine::matcher::tests::test_3l_3r_vertices ... ok
[INFO] [stdout] test engine::matcher::tests::test_simple_2l_2r_vertices ... ok
[INFO] [stdout] test engine::matcher::tests::test_4l_5r_vertices ... ok
[INFO] [stdout] test engine::matcher::tests::test_verify_slot_size ... ok
[INFO] [stdout] test engine::requests::tests::test_divide_piece_into_multiple_blocks ... ok
[INFO] [stdout] test engine::matcher::tests::test_very_simple_2l_2r_vertices ... ok
[INFO] [stdout] test engine::requests::tests::test_piece_fits_in_single_block ... ok
[INFO] [stdout] test engine::testutils::tests::test_fake_timer_advances_time ... ok
[INFO] [stdout] test engine::testutils::tests::test_peers_stored_in_the_order_of_creation ... ok
[INFO] [stdout] test pwp::channels::tests::test_channel_receive_timeout ... ok
[INFO] [stdout] test pwp::channels::tests::test_channel_send_timeout ... ok
[INFO] [stdout] test pwp::channels::tests::test_read_downloader_message ... ok
[INFO] [stdout] test pwp::channels::tests::test_receiver_times_out_after_2_min ... ok
[INFO] [stdout] test pwp::channels::tests::test_read_error ... ok
[INFO] [stdout] test pwp::channels::tests::test_read_uploader_and_downloader_messages ... ok
[INFO] [stdout] test pwp::channels::tests::test_read_uploader_message ... ok
[INFO] [stdout] test pwp::channels::tests::test_write_downloader_message ... ok
[INFO] [stdout] test pwp::channels::tests::test_send_keepalive_every_30s ... ok
[INFO] [stdout] test pwp::channels::tests::test_writing_downloader_messages_takes_priority_over_uploader_messages ... ok
[INFO] [stdout] test pwp::channels::tests::test_write_uploader_message ... ok
[INFO] [stdout] test pwp::handshake::tests::test_handshake_parse_entire_real_hanshake_message ... ok
[INFO] [stdout] test pwp::channels::tests::test_write_error ... ok
[INFO] [stdout] test pwp::handshake::tests::test_handshake_any_server_info_hash ... ok
[INFO] [stdout] test pwp::message::tests::test_bitfield_is_parsed_correctly ... ok
[INFO] [stdout] test tracker::http::tests::test_scrape_uri ... ok
[INFO] [stdout] test tracker::http::tests::test_announce_uri ... ok
[INFO] [stdout] test tracker::http::tests::test_unsupported_scrape_uri ... ok
[INFO] [stdout] test pwp::handshake::tests::test_handshake_peer_id_doesnt_match ... ok
[INFO] [stdout] test pwp::handshake::tests::test_handshake_info_hash_doesnt_match ... ok
[INFO] [stdout] test pwp::handshake::tests::test_handshake_specified_server_info_hash ... ok
[INFO] [stdout] test tracker::udp::tests::test_parse_connect_response ... ok
[INFO] [stdout] test tracker::udp::tests::test_serialize_connect_request ... ok
[INFO] [stdout] test utils::benc::tests::test_decode_and_encode_binary_string ... ok
[INFO] [stdout] test utils::benc::tests::test_decode_and_encode_list_with_binary_string ... ok
[INFO] [stdout] test utils::benc::tests::test_decode_and_encode_negative_integer ... ok
[INFO] [stdout] test utils::benc::tests::test_decode_and_encode_non_ascii_string ... ok
[INFO] [stdout] test utils::benc::tests::test_decode_and_encode_simple_dictionary ... ok
[INFO] [stdout] test utils::benc::tests::test_decode_and_encode_simple_string ... ok
[INFO] [stdout] test utils::benc::tests::test_decode_invalid_integer ... ok
[INFO] [stdout] test utils::benc::tests::test_decode_and_encode_simple_list ... ok
[INFO] [stdout] test utils::benc::tests::test_decode_list_without_end_postfix ... ok
[INFO] [stdout] test utils::benc::tests::test_decode_and_encode_real_dictionary ... ok
[INFO] [stdout] test utils::canceller::tests::test_detached_canceller_active_state ... ok
[INFO] [stdout] test utils::canceller::tests::test_owning_canceller_active_state ... ok
[INFO] [stdout] test utils::benc::tests::test_decode_non_utf8_integer ... ok
[INFO] [stdout] test utils::benc::tests::test_decode_string_with_invalid_length ... ok
[INFO] [stdout] test utils::canceller::tests::test_owning_canceller_cancels ... ok
[INFO] [stdout] test utils::canceller::tests::test_detached_canceller_cancels ... ok
[INFO] [stdout] test utils::canceller::tests::test_detached_handle_detaches ... ok
[INFO] [stdout] test utils::fifo::tests::test_queue_is_send_but_not_sync ... ok
[INFO] [stdout] test utils::worker::tests::test_rt_worker_handle_doesnt_block_forever ... ok
[INFO] [stdout] test tracker::udp::tests::test_connect_request_response ... ok
[INFO] [stdout] 
[INFO] [stdout] test result: ok. 109 passed; 0 failed; 0 ignored; 0 measured; 0 filtered out; finished in 0.01s
[INFO] [stdout] 
[INFO] [stderr]      Running unittests src/bin/copy_torrent_file.rs (/opt/rustwide/target/debug/deps/copy_torrent_file-26bc3569bae77b6a)
[INFO] [stdout] 
[INFO] [stdout] running 0 tests
[INFO] [stdout] 
[INFO] [stdout] test result: ok. 0 passed; 0 failed; 0 ignored; 0 measured; 0 filtered out; finished in 0.00s
[INFO] [stdout] 
[INFO] [stderr]      Running unittests src/bin/mtorrent.rs (/opt/rustwide/target/debug/deps/mtorrent-8d8e3733d13d408d)
[INFO] [stdout] 
[INFO] [stdout] running 0 tests
[INFO] [stdout] 
[INFO] [stdout] test result: ok. 0 passed; 0 failed; 0 ignored; 0 measured; 0 filtered out; finished in 0.00s
[INFO] [stdout] 
[INFO] [stderr]      Running tests/test_port_opener.rs (/opt/rustwide/target/debug/deps/test_port_opener-bb6ec490c021ffeb)
[INFO] [stdout] 
[INFO] [stdout] running 1 test
[INFO] [stdout] test test_async_port_opener ... ignored
[INFO] [stdout] 
[INFO] [stdout] test result: ok. 0 passed; 0 failed; 1 ignored; 0 measured; 0 filtered out; finished in 0.00s
[INFO] [stdout] 
[INFO] [stderr]      Running tests/test_torrent_file.rs (/opt/rustwide/target/debug/deps/test_torrent_file-b57e4e06d4ebe093)
[INFO] [stdout] 
[INFO] [stdout] running 2 tests
[INFO] [stdout] test test_read_example_torrent_file ... ok
[INFO] [stdout] test test_read_metainfo_and_spawn_files ... FAILED
[INFO] [stdout] 
[INFO] [stdout] failures:
[INFO] [stdout] 
[INFO] [stdout] ---- test_read_metainfo_and_spawn_files stdout ----
[INFO] [stdout] thread 'test_read_metainfo_and_spawn_files' panicked at tests/test_torrent_file.rs:254:5:
[INFO] [stdout] assertion `left == right` failed
[INFO] [stdout]   left: 35
[INFO] [stdout]  right: 0
[INFO] [stdout] stack backtrace:
[INFO] [stdout]    0:     0x559ec7bcfd1c - std::backtrace_rs::backtrace::libunwind::trace::ha637c64ce894333a
[INFO] [stdout]                                at /rustc/82e1608dfa6e0b5569232559e3d385fea5a93112/library/std/src/../../backtrace/src/backtrace/libunwind.rs:104:5
[INFO] [stdout]    1:     0x559ec7bcfd1c - std::backtrace_rs::backtrace::trace_unsynchronized::h47f62dea28e0c88d
[INFO] [stdout]                                at /rustc/82e1608dfa6e0b5569232559e3d385fea5a93112/library/std/src/../../backtrace/src/backtrace/mod.rs:66:5
[INFO] [stdout]    2:     0x559ec7bcfd1c - std::sys_common::backtrace::_print_fmt::h9eef0abe20ede486
[INFO] [stdout]                                at /rustc/82e1608dfa6e0b5569232559e3d385fea5a93112/library/std/src/sys_common/backtrace.rs:67:5
[INFO] [stdout]    3:     0x559ec7bcfd1c - <std::sys_common::backtrace::_print::DisplayBacktrace as core::fmt::Display>::fmt::hed7f999df88cc644
[INFO] [stdout]                                at /rustc/82e1608dfa6e0b5569232559e3d385fea5a93112/library/std/src/sys_common/backtrace.rs:44:22
[INFO] [stdout]    4:     0x559ec7bfa710 - core::fmt::rt::Argument::fmt::h1539a9308b8d058d
[INFO] [stdout]                                at /rustc/82e1608dfa6e0b5569232559e3d385fea5a93112/library/core/src/fmt/rt.rs:142:9
[INFO] [stdout]    5:     0x559ec7bfa710 - core::fmt::write::h3a39390d8560d9c9
[INFO] [stdout]                                at /rustc/82e1608dfa6e0b5569232559e3d385fea5a93112/library/core/src/fmt/mod.rs:1120:17
[INFO] [stdout]    6:     0x559ec7bcd46f - std::io::Write::write_fmt::h040b369f3a0f9cbc
[INFO] [stdout]                                at /rustc/82e1608dfa6e0b5569232559e3d385fea5a93112/library/std/src/io/mod.rs:1762:15
[INFO] [stdout]    7:     0x559ec7bcfb04 - std::sys_common::backtrace::_print::h894006fb5c6f3d45
[INFO] [stdout]                                at /rustc/82e1608dfa6e0b5569232559e3d385fea5a93112/library/std/src/sys_common/backtrace.rs:47:5
[INFO] [stdout]    8:     0x559ec7bcfb04 - std::sys_common::backtrace::print::h23a2d212c6fff936
[INFO] [stdout]                                at /rustc/82e1608dfa6e0b5569232559e3d385fea5a93112/library/std/src/sys_common/backtrace.rs:34:9
[INFO] [stdout]    9:     0x559ec7bd17c7 - std::panicking::default_hook::{{closure}}::h8a1d2ee00185001a
[INFO] [stdout]   10:     0x559ec7bd14b3 - std::panicking::default_hook::h6038f2eba384e475
[INFO] [stdout]                                at /rustc/82e1608dfa6e0b5569232559e3d385fea5a93112/library/std/src/panicking.rs:289:9
[INFO] [stdout]   11:     0x559ec7b66167 - <alloc::boxed::Box<F,A> as core::ops::function::Fn<Args>>::call::h0ad024c9bdc6d768
[INFO] [stdout]                                at /rustc/82e1608dfa6e0b5569232559e3d385fea5a93112/library/alloc/src/boxed.rs:2021:9
[INFO] [stdout]   12:     0x559ec7b66167 - test::test_main::{{closure}}::h7500b54257359db6
[INFO] [stdout]                                at /rustc/82e1608dfa6e0b5569232559e3d385fea5a93112/library/test/src/lib.rs:138:21
[INFO] [stdout]   13:     0x559ec7bd1dd8 - <alloc::boxed::Box<F,A> as core::ops::function::Fn<Args>>::call::h1f8f335eaa9cfaee
[INFO] [stdout]                                at /rustc/82e1608dfa6e0b5569232559e3d385fea5a93112/library/alloc/src/boxed.rs:2021:9
[INFO] [stdout]   14:     0x559ec7bd1dd8 - std::panicking::rust_panic_with_hook::h2b5517d590cab22e
[INFO] [stdout]                                at /rustc/82e1608dfa6e0b5569232559e3d385fea5a93112/library/std/src/panicking.rs:783:13
[INFO] [stdout]   15:     0x559ec7bd1b2e - std::panicking::begin_panic_handler::{{closure}}::h233112c06e0ef43e
[INFO] [stdout]                                at /rustc/82e1608dfa6e0b5569232559e3d385fea5a93112/library/std/src/panicking.rs:657:13
[INFO] [stdout]   16:     0x559ec7bd01e6 - std::sys_common::backtrace::__rust_end_short_backtrace::h6e893f24d7ebbff8
[INFO] [stdout]                                at /rustc/82e1608dfa6e0b5569232559e3d385fea5a93112/library/std/src/sys_common/backtrace.rs:170:18
[INFO] [stdout]   17:     0x559ec7bd1892 - rust_begin_unwind
[INFO] [stdout]                                at /rustc/82e1608dfa6e0b5569232559e3d385fea5a93112/library/std/src/panicking.rs:645:5
[INFO] [stdout]   18:     0x559ec7b1f0e5 - core::panicking::panic_fmt::hbf0e066aabfa482c
[INFO] [stdout]                                at /rustc/82e1608dfa6e0b5569232559e3d385fea5a93112/library/core/src/panicking.rs:72:14
[INFO] [stdout]   19:     0x559ec7b1f4fb - core::panicking::assert_failed_inner::h0bba8b7c26ee4492
[INFO] [stdout]   20:     0x559ec7ba2e9e - core::panicking::assert_failed::h31c33d9c6c7df490
[INFO] [stdout]                                at /rustc/82e1608dfa6e0b5569232559e3d385fea5a93112/library/core/src/panicking.rs:279:5
[INFO] [stdout]   21:     0x559ec7b29a9b - test_torrent_file::test_read_metainfo_and_spawn_files::hc04101d8470a0719
[INFO] [stdout]                                at /opt/rustwide/workdir/tests/test_torrent_file.rs:254:5
[INFO] [stdout]   22:     0x559ec7b29597 - test_torrent_file::test_read_metainfo_and_spawn_files::{{closure}}::h197bb2944c452f45
[INFO] [stdout]                                at /opt/rustwide/workdir/tests/test_torrent_file.rs:224:40
[INFO] [stdout]   23:     0x559ec7b1fdc6 - core::ops::function::FnOnce::call_once::h380f3dc8f09a50cd
[INFO] [stdout]                                at /rustc/82e1608dfa6e0b5569232559e3d385fea5a93112/library/core/src/ops/function.rs:250:5
[INFO] [stdout]   24:     0x559ec7b6b7bf - core::ops::function::FnOnce::call_once::h2b5d431d5046312d
[INFO] [stdout]                                at /rustc/82e1608dfa6e0b5569232559e3d385fea5a93112/library/core/src/ops/function.rs:250:5
[INFO] [stdout]   25:     0x559ec7b6b7bf - test::__rust_begin_short_backtrace::h7714669af176e207
[INFO] [stdout]                                at /rustc/82e1608dfa6e0b5569232559e3d385fea5a93112/library/test/src/lib.rs:628:18
[INFO] [stdout]   26:     0x559ec7b6a7d5 - test::run_test_in_process::{{closure}}::h85218797dcbcec12
[INFO] [stdout]                                at /rustc/82e1608dfa6e0b5569232559e3d385fea5a93112/library/test/src/lib.rs:651:60
[INFO] [stdout]   27:     0x559ec7b6a7d5 - <core::panic::unwind_safe::AssertUnwindSafe<F> as core::ops::function::FnOnce<()>>::call_once::h76c106ea31c14d7b
[INFO] [stdout]                                at /rustc/82e1608dfa6e0b5569232559e3d385fea5a93112/library/core/src/panic/unwind_safe.rs:272:9
[INFO] [stdout]   28:     0x559ec7b6a7d5 - std::panicking::try::do_call::h3bd5d0f6620ee946
[INFO] [stdout]                                at /rustc/82e1608dfa6e0b5569232559e3d385fea5a93112/library/std/src/panicking.rs:552:40
[INFO] [stdout]   29:     0x559ec7b6a7d5 - std::panicking::try::h232e535e4744fe31
[INFO] [stdout]                                at /rustc/82e1608dfa6e0b5569232559e3d385fea5a93112/library/std/src/panicking.rs:516:19
[INFO] [stdout]   30:     0x559ec7b6a7d5 - std::panic::catch_unwind::h3ce3bd6ca8dbac68
[INFO] [stdout]                                at /rustc/82e1608dfa6e0b5569232559e3d385fea5a93112/library/std/src/panic.rs:142:14
[INFO] [stdout]   31:     0x559ec7b6a7d5 - test::run_test_in_process::hc97b257c9621286a
[INFO] [stdout]                                at /rustc/82e1608dfa6e0b5569232559e3d385fea5a93112/library/test/src/lib.rs:651:27
[INFO] [stdout]   32:     0x559ec7b6a7d5 - test::run_test::{{closure}}::h2aa798823a438d38
[INFO] [stdout]                                at /rustc/82e1608dfa6e0b5569232559e3d385fea5a93112/library/test/src/lib.rs:574:43
[INFO] [stdout]   33:     0x559ec7b32a96 - test::run_test::{{closure}}::h87d231c78fb59832
[INFO] [stdout]                                at /rustc/82e1608dfa6e0b5569232559e3d385fea5a93112/library/test/src/lib.rs:602:41
[INFO] [stdout]   34:     0x559ec7b32a96 - std::sys_common::backtrace::__rust_begin_short_backtrace::he6df152596625789
[INFO] [stdout]                                at /rustc/82e1608dfa6e0b5569232559e3d385fea5a93112/library/std/src/sys_common/backtrace.rs:154:18
[INFO] [stdout]   35:     0x559ec7b37b47 - std::thread::Builder::spawn_unchecked_::{{closure}}::{{closure}}::ha94be15d1e0acf36
[INFO] [stdout]                                at /rustc/82e1608dfa6e0b5569232559e3d385fea5a93112/library/std/src/thread/mod.rs:529:17
[INFO] [stdout]   36:     0x559ec7b37b47 - <core::panic::unwind_safe::AssertUnwindSafe<F> as core::ops::function::FnOnce<()>>::call_once::h9dc6bd6372f16606
[INFO] [stdout]                                at /rustc/82e1608dfa6e0b5569232559e3d385fea5a93112/library/core/src/panic/unwind_safe.rs:272:9
[INFO] [stdout]   37:     0x559ec7b37b47 - std::panicking::try::do_call::h9057517f80303cd4
[INFO] [stdout]                                at /rustc/82e1608dfa6e0b5569232559e3d385fea5a93112/library/std/src/panicking.rs:552:40
[INFO] [stdout]   38:     0x559ec7b37b47 - std::panicking::try::he3a30b11ee45340c
[INFO] [stdout]                                at /rustc/82e1608dfa6e0b5569232559e3d385fea5a93112/library/std/src/panicking.rs:516:19
[INFO] [stdout]   39:     0x559ec7b37b47 - std::panic::catch_unwind::h410458cfd3528b8b
[INFO] [stdout]                                at /rustc/82e1608dfa6e0b5569232559e3d385fea5a93112/library/std/src/panic.rs:142:14
[INFO] [stdout]   40:     0x559ec7b37b47 - std::thread::Builder::spawn_unchecked_::{{closure}}::h72ac3bdb567b737b
[INFO] [stdout]                                at /rustc/82e1608dfa6e0b5569232559e3d385fea5a93112/library/std/src/thread/mod.rs:528:30
[INFO] [stdout]   41:     0x559ec7b37b47 - core::ops::function::FnOnce::call_once{{vtable.shim}}::h38f34da3654a8344
[INFO] [stdout]                                at /rustc/82e1608dfa6e0b5569232559e3d385fea5a93112/library/core/src/ops/function.rs:250:5
[INFO] [stdout]   42:     0x559ec7bd72d5 - <alloc::boxed::Box<F,A> as core::ops::function::FnOnce<Args>>::call_once::hc7eafaff61e32df9
[INFO] [stdout]                                at /rustc/82e1608dfa6e0b5569232559e3d385fea5a93112/library/alloc/src/boxed.rs:2007:9
[INFO] [stdout]   43:     0x559ec7bd72d5 - <alloc::boxed::Box<F,A> as core::ops::function::FnOnce<Args>>::call_once::h6ba4a5de48dd2304
[INFO] [stdout]                                at /rustc/82e1608dfa6e0b5569232559e3d385fea5a93112/library/alloc/src/boxed.rs:2007:9
[INFO] [stdout]   44:     0x559ec7bd72d5 - std::sys::unix::thread::Thread::new::thread_start::he469335aef763e45
[INFO] [stdout]                                at /rustc/82e1608dfa6e0b5569232559e3d385fea5a93112/library/std/src/sys/unix/thread.rs:108:17
[INFO] [stdout]   45:     0x7f1683c6eac3 - <unknown>
[INFO] [stdout]   46:     0x7f1683cffbf4 - __clone
[INFO] [stdout]   47:                0x0 - <unknown>
[INFO] [stdout] 
[INFO] [stdout] 
[INFO] [stdout] failures:
[INFO] [stdout]     test_read_metainfo_and_spawn_files
[INFO] [stdout] 
[INFO] [stdout] test result: FAILED. 1 passed; 1 failed; 0 ignored; 0 measured; 0 filtered out; finished in 0.22s
[INFO] [stdout] 
[INFO] [stderr] error: test failed, to rerun pass `--test test_torrent_file`
[INFO] running `Command { std: "docker" "inspect" "b07df43c10ecdcae6e9c58172d48bc93d1c4a5f785719394f27f4ff6418c2772", kill_on_drop: false }`
[INFO] running `Command { std: "docker" "rm" "-f" "b07df43c10ecdcae6e9c58172d48bc93d1c4a5f785719394f27f4ff6418c2772", kill_on_drop: false }`
[INFO] [stdout] b07df43c10ecdcae6e9c58172d48bc93d1c4a5f785719394f27f4ff6418c2772
