[INFO] cloning repository https://github.com/Cubic-Knight/macro_clap
[INFO] running `Command { std: "git" "-c" "credential.helper=" "-c" "credential.helper=/workspace/cargo-home/bin/git-credential-null" "clone" "--bare" "https://github.com/Cubic-Knight/macro_clap" "/workspace/cache/git-repos/https%3A%2F%2Fgithub.com%2FCubic-Knight%2Fmacro_clap", kill_on_drop: false }`
[INFO] [stderr] Cloning into bare repository '/workspace/cache/git-repos/https%3A%2F%2Fgithub.com%2FCubic-Knight%2Fmacro_clap'...
[INFO] running `Command { std: "git" "rev-parse" "HEAD", kill_on_drop: false }`
[INFO] [stdout] ee05d0f75db8317d329267a056ef6abe4687f344
[INFO] testing Cubic-Knight/macro_clap against 1.75.0 for beta-1.76-1
[INFO] running `Command { std: "git" "clone" "/workspace/cache/git-repos/https%3A%2F%2Fgithub.com%2FCubic-Knight%2Fmacro_clap" "/workspace/builds/worker-1-tc1/source", kill_on_drop: false }`
[INFO] [stderr] Cloning into '/workspace/builds/worker-1-tc1/source'...
[INFO] [stderr] done.
[INFO] validating manifest of git repo https://github.com/Cubic-Knight/macro_clap on toolchain 1.75.0
[INFO] running `Command { std: CARGO_HOME="/workspace/cargo-home" RUSTUP_HOME="/workspace/rustup-home" "/workspace/cargo-home/bin/cargo" "+1.75.0" "metadata" "--manifest-path" "Cargo.toml" "--no-deps", kill_on_drop: false }`
[INFO] started tweaking git repo https://github.com/Cubic-Knight/macro_clap
[INFO] finished tweaking git repo https://github.com/Cubic-Knight/macro_clap
[INFO] tweaked toml for git repo https://github.com/Cubic-Knight/macro_clap written to /workspace/builds/worker-1-tc1/source/Cargo.toml
[INFO] crate git repo https://github.com/Cubic-Knight/macro_clap already has a lockfile, it will not be regenerated
[INFO] running `Command { std: CARGO_HOME="/workspace/cargo-home" RUSTUP_HOME="/workspace/rustup-home" "/workspace/cargo-home/bin/cargo" "+1.75.0" "fetch" "--manifest-path" "Cargo.toml", kill_on_drop: false }`
[INFO] running `Command { std: "docker" "create" "-v" "/var/lib/crater-agent-workspace/builds/worker-1-tc1/target:/opt/rustwide/target:rw,Z" "-v" "/var/lib/crater-agent-workspace/builds/worker-1-tc1/source:/opt/rustwide/workdir:ro,Z" "-v" "/var/lib/crater-agent-workspace/cargo-home:/opt/rustwide/cargo-home:ro,Z" "-v" "/var/lib/crater-agent-workspace/rustup-home:/opt/rustwide/rustup-home:ro,Z" "-e" "SOURCE_DIR=/opt/rustwide/workdir" "-e" "CARGO_TARGET_DIR=/opt/rustwide/target" "-e" "CARGO_HOME=/opt/rustwide/cargo-home" "-e" "RUSTUP_HOME=/opt/rustwide/rustup-home" "-w" "/opt/rustwide/workdir" "-m" "1610612736" "--user" "0:0" "--network" "none" "ghcr.io/rust-lang/crates-build-env/linux@sha256:2788e3201cd34a07e3172128adcd8b3090168a8e3bcc40d7c032b9dda1df7d1c" "/opt/rustwide/cargo-home/bin/cargo" "+1.75.0" "metadata" "--no-deps" "--format-version=1", kill_on_drop: false }`
[INFO] [stdout] 6208b3b108e76c76857c61ea598da07a5dd860b9c6db91670582f86117723276
[INFO] running `Command { std: "docker" "start" "-a" "6208b3b108e76c76857c61ea598da07a5dd860b9c6db91670582f86117723276", kill_on_drop: false }`
[INFO] running `Command { std: "docker" "inspect" "6208b3b108e76c76857c61ea598da07a5dd860b9c6db91670582f86117723276", kill_on_drop: false }`
[INFO] running `Command { std: "docker" "rm" "-f" "6208b3b108e76c76857c61ea598da07a5dd860b9c6db91670582f86117723276", kill_on_drop: false }`
[INFO] [stdout] 6208b3b108e76c76857c61ea598da07a5dd860b9c6db91670582f86117723276
[INFO] running `Command { std: "docker" "create" "-v" "/var/lib/crater-agent-workspace/builds/worker-1-tc1/target:/opt/rustwide/target:rw,Z" "-v" "/var/lib/crater-agent-workspace/builds/worker-1-tc1/source:/opt/rustwide/workdir:ro,Z" "-v" "/var/lib/crater-agent-workspace/cargo-home:/opt/rustwide/cargo-home:ro,Z" "-v" "/var/lib/crater-agent-workspace/rustup-home:/opt/rustwide/rustup-home:ro,Z" "-e" "SOURCE_DIR=/opt/rustwide/workdir" "-e" "CARGO_TARGET_DIR=/opt/rustwide/target" "-e" "CARGO_INCREMENTAL=0" "-e" "RUST_BACKTRACE=full" "-e" "RUSTFLAGS=--cap-lints=warn" "-e" "RUSTDOCFLAGS=--cap-lints=warn" "-e" "CARGO_HOME=/opt/rustwide/cargo-home" "-e" "RUSTUP_HOME=/opt/rustwide/rustup-home" "-w" "/opt/rustwide/workdir" "-m" "1610612736" "--user" "0:0" "--network" "none" "ghcr.io/rust-lang/crates-build-env/linux@sha256:2788e3201cd34a07e3172128adcd8b3090168a8e3bcc40d7c032b9dda1df7d1c" "/opt/rustwide/cargo-home/bin/cargo" "+1.75.0" "build" "--frozen" "--message-format=json", kill_on_drop: false }`
[INFO] [stdout] 80daecd7fe5ae6e637731b8d9712135656f52a375a5c6ad7d4ee18b1e2e95ffb
[INFO] running `Command { std: "docker" "start" "-a" "80daecd7fe5ae6e637731b8d9712135656f52a375a5c6ad7d4ee18b1e2e95ffb", kill_on_drop: false }`
[INFO] [stderr]    Compiling macro_clap v0.1.0 (/opt/rustwide/workdir)
[INFO] [stderr]     Finished dev [unoptimized + debuginfo] target(s) in 0.18s
[INFO] running `Command { std: "docker" "inspect" "80daecd7fe5ae6e637731b8d9712135656f52a375a5c6ad7d4ee18b1e2e95ffb", kill_on_drop: false }`
[INFO] running `Command { std: "docker" "rm" "-f" "80daecd7fe5ae6e637731b8d9712135656f52a375a5c6ad7d4ee18b1e2e95ffb", kill_on_drop: false }`
[INFO] [stdout] 80daecd7fe5ae6e637731b8d9712135656f52a375a5c6ad7d4ee18b1e2e95ffb
[INFO] running `Command { std: "docker" "create" "-v" "/var/lib/crater-agent-workspace/builds/worker-1-tc1/target:/opt/rustwide/target:rw,Z" "-v" "/var/lib/crater-agent-workspace/builds/worker-1-tc1/source:/opt/rustwide/workdir:ro,Z" "-v" "/var/lib/crater-agent-workspace/cargo-home:/opt/rustwide/cargo-home:ro,Z" "-v" "/var/lib/crater-agent-workspace/rustup-home:/opt/rustwide/rustup-home:ro,Z" "-e" "SOURCE_DIR=/opt/rustwide/workdir" "-e" "CARGO_TARGET_DIR=/opt/rustwide/target" "-e" "CARGO_INCREMENTAL=0" "-e" "RUST_BACKTRACE=full" "-e" "RUSTFLAGS=--cap-lints=warn" "-e" "RUSTDOCFLAGS=--cap-lints=warn" "-e" "CARGO_HOME=/opt/rustwide/cargo-home" "-e" "RUSTUP_HOME=/opt/rustwide/rustup-home" "-w" "/opt/rustwide/workdir" "-m" "1610612736" "--user" "0:0" "--network" "none" "ghcr.io/rust-lang/crates-build-env/linux@sha256:2788e3201cd34a07e3172128adcd8b3090168a8e3bcc40d7c032b9dda1df7d1c" "/opt/rustwide/cargo-home/bin/cargo" "+1.75.0" "test" "--frozen" "--no-run" "--message-format=json", kill_on_drop: false }`
[INFO] [stdout] e02637d06627bec1cbe3676595fb121ba236f0c00997ff13253958d8542bc1cd
[INFO] running `Command { std: "docker" "start" "-a" "e02637d06627bec1cbe3676595fb121ba236f0c00997ff13253958d8542bc1cd", kill_on_drop: false }`
[INFO] [stderr]    Compiling macro_clap v0.1.0 (/opt/rustwide/workdir)
[INFO] [stderr]     Finished test [unoptimized + debuginfo] target(s) in 0.25s
[INFO] running `Command { std: "docker" "inspect" "e02637d06627bec1cbe3676595fb121ba236f0c00997ff13253958d8542bc1cd", kill_on_drop: false }`
[INFO] running `Command { std: "docker" "rm" "-f" "e02637d06627bec1cbe3676595fb121ba236f0c00997ff13253958d8542bc1cd", kill_on_drop: false }`
[INFO] [stdout] e02637d06627bec1cbe3676595fb121ba236f0c00997ff13253958d8542bc1cd
[INFO] running `Command { std: "docker" "create" "-v" "/var/lib/crater-agent-workspace/builds/worker-1-tc1/target:/opt/rustwide/target:rw,Z" "-v" "/var/lib/crater-agent-workspace/builds/worker-1-tc1/source:/opt/rustwide/workdir:ro,Z" "-v" "/var/lib/crater-agent-workspace/cargo-home:/opt/rustwide/cargo-home:ro,Z" "-v" "/var/lib/crater-agent-workspace/rustup-home:/opt/rustwide/rustup-home:ro,Z" "-e" "SOURCE_DIR=/opt/rustwide/workdir" "-e" "CARGO_TARGET_DIR=/opt/rustwide/target" "-e" "CARGO_INCREMENTAL=0" "-e" "RUST_BACKTRACE=full" "-e" "RUSTFLAGS=--cap-lints=warn" "-e" "RUSTDOCFLAGS=--cap-lints=warn" "-e" "CARGO_HOME=/opt/rustwide/cargo-home" "-e" "RUSTUP_HOME=/opt/rustwide/rustup-home" "-w" "/opt/rustwide/workdir" "-m" "1610612736" "--user" "0:0" "--network" "none" "ghcr.io/rust-lang/crates-build-env/linux@sha256:2788e3201cd34a07e3172128adcd8b3090168a8e3bcc40d7c032b9dda1df7d1c" "/opt/rustwide/cargo-home/bin/cargo" "+1.75.0" "test" "--frozen", kill_on_drop: false }`
[INFO] [stdout] 99dd867a3cbddf3e5650743ae10c606eee43dfa54235601f8182d1418bc777d7
[INFO] running `Command { std: "docker" "start" "-a" "99dd867a3cbddf3e5650743ae10c606eee43dfa54235601f8182d1418bc777d7", kill_on_drop: false }`
[INFO] [stderr]     Finished test [unoptimized + debuginfo] target(s) in 0.00s
[INFO] [stderr]      Running unittests src/lib.rs (/opt/rustwide/target/debug/deps/macro_clap-730bb11c5fccd91d)
[INFO] [stdout] 
[INFO] [stdout] running 0 tests
[INFO] [stdout] 
[INFO] [stdout] test result: ok. 0 passed; 0 failed; 0 ignored; 0 measured; 0 filtered out; finished in 0.00s
[INFO] [stdout] 
[INFO] [stderr]    Doc-tests macro_clap
[INFO] [stdout] 
[INFO] [stdout] running 7 tests
[INFO] [stdout] test src/macros.rs - macros::branch (line 379) ... FAILED
[INFO] [stdout] test src/macros.rs - macros::collect (line 492) ... FAILED
[INFO] [stdout] test src/macros.rs - macros::maybe (line 349) ... FAILED
[INFO] [stdout] test src/macros.rs - macros::arg (line 319) ... FAILED
[INFO] [stdout] test src/macros.rs - macros::cli (line 4) ... FAILED
[INFO] [stdout] test src/macros.rs - macros::opt (line 440) ... FAILED
[INFO] [stdout] test src/lib.rs - (line 4) ... ok
[INFO] [stdout] 
[INFO] [stdout] failures:
[INFO] [stdout] 
[INFO] [stdout] ---- src/macros.rs - macros::branch (line 379) stdout ----
[INFO] [stdout] error: cannot find macro `branch` in this scope
[INFO] [stdout]  --> src/macros.rs:380:1
[INFO] [stdout]   |
[INFO] [stdout] 3 | branch!(name as BranchEnum {
[INFO] [stdout]   | ^^^^^^
[INFO] [stdout]   |
[INFO] [stdout] help: consider importing this macro
[INFO] [stdout]   |
[INFO] [stdout] 2 + use macro_clap::branch;
[INFO] [stdout]   |
[INFO] [stdout] 
[INFO] [stdout] error: aborting due to previous error
[INFO] [stdout] 
[INFO] [stdout] Couldn't compile the test.
[INFO] [stdout] ---- src/macros.rs - macros::collect (line 492) stdout ----
[INFO] [stdout] error: cannot find macro `collect` in this scope
[INFO] [stdout]  --> src/macros.rs:493:1
[INFO] [stdout]   |
[INFO] [stdout] 3 | collect!(rest as (Vec<String>))
[INFO] [stdout]   | ^^^^^^^
[INFO] [stdout]   |
[INFO] [stdout] help: consider importing this macro
[INFO] [stdout]   |
[INFO] [stdout] 2 + use macro_clap::collect;
[INFO] [stdout]   |
[INFO] [stdout] 
[INFO] [stdout] error: aborting due to previous error
[INFO] [stdout] 
[INFO] [stdout] Couldn't compile the test.
[INFO] [stdout] ---- src/macros.rs - macros::maybe (line 349) stdout ----
[INFO] [stdout] error: cannot find macro `maybe` in this scope
[INFO] [stdout]  --> src/macros.rs:350:1
[INFO] [stdout]   |
[INFO] [stdout] 3 | maybe!(name as (Option<Type>))
[INFO] [stdout]   | ^^^^^
[INFO] [stdout]   |
[INFO] [stdout] help: consider importing this macro
[INFO] [stdout]   |
[INFO] [stdout] 2 + use macro_clap::maybe;
[INFO] [stdout]   |
[INFO] [stdout] 
[INFO] [stdout] error: aborting due to previous error
[INFO] [stdout] 
[INFO] [stdout] Couldn't compile the test.
[INFO] [stdout] ---- src/macros.rs - macros::arg (line 319) stdout ----
[INFO] [stdout] error: cannot find macro `arg` in this scope
[INFO] [stdout]  --> src/macros.rs:320:1
[INFO] [stdout]   |
[INFO] [stdout] 3 | arg!(name as Type)
[INFO] [stdout]   | ^^^
[INFO] [stdout]   |
[INFO] [stdout] help: consider importing this macro
[INFO] [stdout]   |
[INFO] [stdout] 2 + use macro_clap::arg;
[INFO] [stdout]   |
[INFO] [stdout] 
[INFO] [stdout] error: aborting due to previous error
[INFO] [stdout] 
[INFO] [stdout] Couldn't compile the test.
[INFO] [stdout] ---- src/macros.rs - macros::cli (line 4) stdout ----
[INFO] [stdout] error: cannot find macro `cli` in this scope
[INFO] [stdout]  --> src/macros.rs:5:1
[INFO] [stdout]   |
[INFO] [stdout] 3 | cli!(
[INFO] [stdout]   | ^^^
[INFO] [stdout]   |
[INFO] [stdout] help: consider importing this macro
[INFO] [stdout]   |
[INFO] [stdout] 2 + use macro_clap::cli;
[INFO] [stdout]   |
[INFO] [stdout] 
[INFO] [stdout] error: aborting due to previous error
[INFO] [stdout] 
[INFO] [stdout] Couldn't compile the test.
[INFO] [stdout] ---- src/macros.rs - macros::opt (line 440) stdout ----
[INFO] [stdout] error: cannot find macro `opt` in this scope
[INFO] [stdout]  --> src/macros.rs:441:1
[INFO] [stdout]   |
[INFO] [stdout] 3 | opt!(name as OptionStruct {
[INFO] [stdout]   | ^^^
[INFO] [stdout]   |
[INFO] [stdout] help: consider importing this macro
[INFO] [stdout]   |
[INFO] [stdout] 2 + use macro_clap::opt;
[INFO] [stdout]   |
[INFO] [stdout] 
[INFO] [stdout] error: aborting due to previous error
[INFO] [stdout] 
[INFO] [stdout] Couldn't compile the test.
[INFO] [stdout] 
[INFO] [stdout] failures:
[INFO] [stdout]     src/macros.rs - macros::arg (line 319)
[INFO] [stdout]     src/macros.rs - macros::branch (line 379)
[INFO] [stdout]     src/macros.rs - macros::cli (line 4)
[INFO] [stdout]     src/macros.rs - macros::collect (line 492)
[INFO] [stdout]     src/macros.rs - macros::maybe (line 349)
[INFO] [stdout]     src/macros.rs - macros::opt (line 440)
[INFO] [stdout] 
[INFO] [stdout] test result: FAILED. 1 passed; 6 failed; 0 ignored; 0 measured; 0 filtered out; finished in 0.14s
[INFO] [stdout] 
[INFO] [stderr] error: doctest failed, to rerun pass `--doc`
[INFO] running `Command { std: "docker" "inspect" "99dd867a3cbddf3e5650743ae10c606eee43dfa54235601f8182d1418bc777d7", kill_on_drop: false }`
[INFO] running `Command { std: "docker" "rm" "-f" "99dd867a3cbddf3e5650743ae10c606eee43dfa54235601f8182d1418bc777d7", kill_on_drop: false }`
[INFO] [stdout] 99dd867a3cbddf3e5650743ae10c606eee43dfa54235601f8182d1418bc777d7
