[INFO] cloning repository https://github.com/Congyuwang/quicnet
[INFO] running `Command { std: "git" "-c" "credential.helper=" "-c" "credential.helper=/workspace/cargo-home/bin/git-credential-null" "clone" "--bare" "https://github.com/Congyuwang/quicnet" "/workspace/cache/git-repos/https%3A%2F%2Fgithub.com%2FCongyuwang%2Fquicnet", kill_on_drop: false }`
[INFO] [stderr] Cloning into bare repository '/workspace/cache/git-repos/https%3A%2F%2Fgithub.com%2FCongyuwang%2Fquicnet'...
[INFO] running `Command { std: "git" "rev-parse" "HEAD", kill_on_drop: false }`
[INFO] [stdout] e5f00a1bac4e81e6e88c10e4e5852f7f17ce56a9
[INFO] testing Congyuwang/quicnet against 1.75.0 for beta-1.76-1
[INFO] running `Command { std: "git" "clone" "/workspace/cache/git-repos/https%3A%2F%2Fgithub.com%2FCongyuwang%2Fquicnet" "/workspace/builds/worker-0-tc1/source", kill_on_drop: false }`
[INFO] [stderr] Cloning into '/workspace/builds/worker-0-tc1/source'...
[INFO] [stderr] done.
[INFO] validating manifest of git repo https://github.com/Congyuwang/quicnet on toolchain 1.75.0
[INFO] running `Command { std: CARGO_HOME="/workspace/cargo-home" RUSTUP_HOME="/workspace/rustup-home" "/workspace/cargo-home/bin/cargo" "+1.75.0" "metadata" "--manifest-path" "Cargo.toml" "--no-deps", kill_on_drop: false }`
[INFO] started tweaking git repo https://github.com/Congyuwang/quicnet
[INFO] finished tweaking git repo https://github.com/Congyuwang/quicnet
[INFO] tweaked toml for git repo https://github.com/Congyuwang/quicnet written to /workspace/builds/worker-0-tc1/source/Cargo.toml
[INFO] crate git repo https://github.com/Congyuwang/quicnet already has a lockfile, it will not be regenerated
[INFO] running `Command { std: CARGO_HOME="/workspace/cargo-home" RUSTUP_HOME="/workspace/rustup-home" "/workspace/cargo-home/bin/cargo" "+1.75.0" "fetch" "--manifest-path" "Cargo.toml", kill_on_drop: false }`
[INFO] [stderr]  Downloading crates ...
[INFO] [stderr]   Downloaded serde v1.0.186
[INFO] [stderr]   Downloaded serde_derive v1.0.186
[INFO] [stderr]   Downloaded quinn-proto v0.10.4
[INFO] [stderr]   Downloaded rustls v0.21.6
[INFO] running `Command { std: "docker" "create" "-v" "/var/lib/crater-agent-workspace/builds/worker-0-tc1/target:/opt/rustwide/target:rw,Z" "-v" "/var/lib/crater-agent-workspace/builds/worker-0-tc1/source:/opt/rustwide/workdir:ro,Z" "-v" "/var/lib/crater-agent-workspace/cargo-home:/opt/rustwide/cargo-home:ro,Z" "-v" "/var/lib/crater-agent-workspace/rustup-home:/opt/rustwide/rustup-home:ro,Z" "-e" "SOURCE_DIR=/opt/rustwide/workdir" "-e" "CARGO_TARGET_DIR=/opt/rustwide/target" "-e" "CARGO_HOME=/opt/rustwide/cargo-home" "-e" "RUSTUP_HOME=/opt/rustwide/rustup-home" "-w" "/opt/rustwide/workdir" "-m" "1610612736" "--user" "0:0" "--network" "none" "ghcr.io/rust-lang/crates-build-env/linux@sha256:2788e3201cd34a07e3172128adcd8b3090168a8e3bcc40d7c032b9dda1df7d1c" "/opt/rustwide/cargo-home/bin/cargo" "+1.75.0" "metadata" "--no-deps" "--format-version=1", kill_on_drop: false }`
[INFO] [stdout] 565b6e9bf02a4fe2be0f65791401aad5d044df417bf7f5bbe794f89e59baa373
[INFO] running `Command { std: "docker" "start" "-a" "565b6e9bf02a4fe2be0f65791401aad5d044df417bf7f5bbe794f89e59baa373", kill_on_drop: false }`
[INFO] running `Command { std: "docker" "inspect" "565b6e9bf02a4fe2be0f65791401aad5d044df417bf7f5bbe794f89e59baa373", kill_on_drop: false }`
[INFO] running `Command { std: "docker" "rm" "-f" "565b6e9bf02a4fe2be0f65791401aad5d044df417bf7f5bbe794f89e59baa373", kill_on_drop: false }`
[INFO] [stdout] 565b6e9bf02a4fe2be0f65791401aad5d044df417bf7f5bbe794f89e59baa373
[INFO] running `Command { std: "docker" "create" "-v" "/var/lib/crater-agent-workspace/builds/worker-0-tc1/target:/opt/rustwide/target:rw,Z" "-v" "/var/lib/crater-agent-workspace/builds/worker-0-tc1/source:/opt/rustwide/workdir:ro,Z" "-v" "/var/lib/crater-agent-workspace/cargo-home:/opt/rustwide/cargo-home:ro,Z" "-v" "/var/lib/crater-agent-workspace/rustup-home:/opt/rustwide/rustup-home:ro,Z" "-e" "SOURCE_DIR=/opt/rustwide/workdir" "-e" "CARGO_TARGET_DIR=/opt/rustwide/target" "-e" "CARGO_INCREMENTAL=0" "-e" "RUST_BACKTRACE=full" "-e" "RUSTFLAGS=--cap-lints=warn" "-e" "RUSTDOCFLAGS=--cap-lints=warn" "-e" "CARGO_HOME=/opt/rustwide/cargo-home" "-e" "RUSTUP_HOME=/opt/rustwide/rustup-home" "-w" "/opt/rustwide/workdir" "-m" "1610612736" "--user" "0:0" "--network" "none" "ghcr.io/rust-lang/crates-build-env/linux@sha256:2788e3201cd34a07e3172128adcd8b3090168a8e3bcc40d7c032b9dda1df7d1c" "/opt/rustwide/cargo-home/bin/cargo" "+1.75.0" "build" "--frozen" "--message-format=json", kill_on_drop: false }`
[INFO] [stdout] f3f3696514ab07343cf110ca0dfdb57888f37c1f86bb674b1f5db65999289482
[INFO] running `Command { std: "docker" "start" "-a" "f3f3696514ab07343cf110ca0dfdb57888f37c1f86bb674b1f5db65999289482", kill_on_drop: false }`
[INFO] [stderr]    Compiling libc v0.2.147
[INFO] [stderr]    Compiling proc-macro2 v1.0.66
[INFO] [stderr]    Compiling unicode-ident v1.0.11
[INFO] [stderr]    Compiling once_cell v1.18.0
[INFO] [stderr]    Compiling thiserror v1.0.47
[INFO] [stderr]    Compiling spin v0.5.2
[INFO] [stderr]    Compiling untrusted v0.7.1
[INFO] [stderr]    Compiling serde v1.0.186
[INFO] [stderr]    Compiling ucd-trie v0.1.6
[INFO] [stderr]    Compiling pin-project-lite v0.2.12
[INFO] [stderr]    Compiling log v0.4.20
[INFO] [stderr]    Compiling parking_lot_core v0.9.8
[INFO] [stderr]    Compiling ahash v0.7.6
[INFO] [stderr]    Compiling lock_api v0.4.10
[INFO] [stderr]    Compiling smallvec v1.11.0
[INFO] [stderr]    Compiling base64 v0.21.2
[INFO] [stderr]    Compiling memchr v2.5.0
[INFO] [stderr]    Compiling rustls v0.21.6
[INFO] [stderr]    Compiling ppv-lite86 v0.2.17
[INFO] [stderr]    Compiling tracing-core v0.1.31
[INFO] [stderr]    Compiling dlv-list v0.3.0
[INFO] [stderr]    Compiling async-trait v0.1.73
[INFO] [stderr]    Compiling openssl-probe v0.1.5
[INFO] [stderr]    Compiling tinyvec_macros v0.1.1
[INFO] [stderr]    Compiling regex-syntax v0.7.4
[INFO] [stderr]    Compiling serde_json v1.0.105
[INFO] [stderr]    Compiling tinyvec v1.6.0
[INFO] [stderr]    Compiling rustls-pemfile v1.0.3
[INFO] [stderr]    Compiling base64 v0.13.1
[INFO] [stderr]    Compiling rustls-native-certs v0.6.3
[INFO] [stderr]    Compiling linked-hash-map v0.5.6
[INFO] [stderr]    Compiling itoa v1.0.9
[INFO] [stderr]    Compiling ryu v1.0.15
[INFO] [stderr]    Compiling minimal-lexical v0.2.1
[INFO] [stderr]    Compiling sharded-slab v0.1.4
[INFO] [stderr]    Compiling thread_local v1.1.7
[INFO] [stderr]    Compiling hashbrown v0.14.0
[INFO] [stderr]    Compiling yaml-rust v0.4.5
[INFO] [stderr]    Compiling pathdiff v0.2.1
[INFO] [stderr]    Compiling quote v1.0.33
[INFO] [stderr]    Compiling nom v7.1.3
[INFO] [stderr]    Compiling cc v1.0.83
[INFO] [stderr]    Compiling syn v2.0.29
[INFO] [stderr]    Compiling getrandom v0.2.10
[INFO] [stderr]    Compiling socket2 v0.5.3
[INFO] [stderr]    Compiling mio v0.8.8
[INFO] [stderr]    Compiling num_cpus v1.16.0
[INFO] [stderr]    Compiling rand_core v0.6.4
[INFO] [stderr]    Compiling parking_lot v0.12.1
[INFO] [stderr]    Compiling dashmap v5.5.1
[INFO] [stderr]    Compiling hashbrown v0.12.3
[INFO] [stderr]    Compiling rand_chacha v0.3.1
[INFO] [stderr]    Compiling rand v0.8.5
[INFO] [stderr]    Compiling ring v0.16.20
[INFO] [stderr]    Compiling regex-automata v0.3.6
[INFO] [stderr]    Compiling ordered-multimap v0.4.3
[INFO] [stderr]    Compiling rust-ini v0.18.0
[INFO] [stderr]    Compiling regex v1.9.3
[INFO] [stderr]    Compiling sct v0.7.0
[INFO] [stderr]    Compiling rustls-webpki v0.101.4
[INFO] [stderr]    Compiling webpki v0.22.0
[INFO] [stderr]    Compiling thiserror-impl v1.0.47
[INFO] [stderr]    Compiling serde_derive v1.0.186
[INFO] [stderr]    Compiling tracing-attributes v0.1.26
[INFO] [stderr]    Compiling tokio-macros v2.1.0
[INFO] [stderr]    Compiling tokio v1.32.0
[INFO] [stderr]    Compiling pest v2.7.2
[INFO] [stderr]    Compiling tracing v0.1.37
[INFO] [stderr]    Compiling quinn-udp v0.4.1
[INFO] [stderr]    Compiling tracing-subscriber v0.3.17
[INFO] [stderr]    Compiling quinn-proto v0.10.4
[INFO] [stderr]    Compiling pest_meta v2.7.2
[INFO] [stderr]    Compiling pest_generator v2.7.2
[INFO] [stderr]    Compiling pest_derive v2.7.2
[INFO] [stderr]    Compiling quinn v0.10.2
[INFO] [stderr]    Compiling json5 v0.4.1
[INFO] [stderr]    Compiling toml v0.5.11
[INFO] [stderr]    Compiling ron v0.7.1
[INFO] [stderr]    Compiling config v0.13.3
[INFO] [stderr]    Compiling quicnet v0.1.0 (/opt/rustwide/workdir)
[INFO] [stdout] warning: unused variable: `endpoint`
[INFO] [stdout]   --> src/server.rs:30:13
[INFO] [stdout]    |
[INFO] [stdout] 30 |         let endpoint = Server::make_endpoint(config)?;
[INFO] [stdout]    |             ^^^^^^^^ help: if this is intentional, prefix it with an underscore: `_endpoint`
[INFO] [stdout]    |
[INFO] [stdout]    = note: `#[warn(unused_variables)]` on by default
[INFO] [stdout] 
[INFO] [stdout] 
[INFO] [stdout] warning: unused variable: `handle`
[INFO] [stdout]   --> src/server.rs:33:17
[INFO] [stdout]    |
[INFO] [stdout] 33 |             let handle = runtime.handle();
[INFO] [stdout]    |                 ^^^^^^ help: if this is intentional, prefix it with an underscore: `_handle`
[INFO] [stdout] 
[INFO] [stdout] 
[INFO] [stdout] warning: associated function `load` is never used
[INFO] [stdout]   --> src/config/mod.rs:22:12
[INFO] [stdout]    |
[INFO] [stdout] 19 | impl ServerConfig {
[INFO] [stdout]    | ----------------- associated function in this implementation
[INFO] [stdout] ...
[INFO] [stdout] 22 |     pub fn load<S: AsRef<str>>(name: S) -> std::io::Result<ServerConfig> {
[INFO] [stdout]    |            ^^^^
[INFO] [stdout]    |
[INFO] [stdout]    = note: `#[warn(dead_code)]` on by default
[INFO] [stdout] 
[INFO] [stdout] 
[INFO] [stdout] warning: associated items `new` and `boxed` are never used
[INFO] [stdout]   --> src/config/client_auth.rs:34:12
[INFO] [stdout]    |
[INFO] [stdout] 33 | impl AllowWhitelistAuthenticatedClient {
[INFO] [stdout]    | -------------------------------------- associated items in this implementation
[INFO] [stdout] 34 |     pub fn new(
[INFO] [stdout]    |            ^^^
[INFO] [stdout] ...
[INFO] [stdout] 49 |     pub fn boxed(self) -> Arc<dyn ClientCertVerifier> {
[INFO] [stdout]    |            ^^^^^
[INFO] [stdout] 
[INFO] [stdout] 
[INFO] [stdout] warning: constant `KEEP_ALIVE_INTERVAL` is never used
[INFO] [stdout]  --> src/config/quic.rs:7:11
[INFO] [stdout]   |
[INFO] [stdout] 7 | pub const KEEP_ALIVE_INTERVAL: Option<Duration> = Some(Duration::from_secs(15));
[INFO] [stdout]   |           ^^^^^^^^^^^^^^^^^^^
[INFO] [stdout] 
[INFO] [stdout] 
[INFO] [stdout] warning: function `default_config` is never used
[INFO] [stdout]   --> src/config/quic.rs:10:15
[INFO] [stdout]    |
[INFO] [stdout] 10 | pub(crate) fn default_config(
[INFO] [stdout]    |               ^^^^^^^^^^^^^^
[INFO] [stdout] 
[INFO] [stdout] 
[INFO] [stdout] warning: function `default_transport_config` is never used
[INFO] [stdout]   --> src/config/quic.rs:30:4
[INFO] [stdout]    |
[INFO] [stdout] 30 | fn default_transport_config() -> Arc<quinn::TransportConfig> {
[INFO] [stdout]    |    ^^^^^^^^^^^^^^^^^^^^^^^^
[INFO] [stdout] 
[INFO] [stdout] 
[INFO] [stdout] warning: function `load_certificates` is never used
[INFO] [stdout]   --> src/config/tls.rs:11:15
[INFO] [stdout]    |
[INFO] [stdout] 11 | pub(crate) fn load_certificates<P: AsRef<Path>>(
[INFO] [stdout]    |               ^^^^^^^^^^^^^^^^^
[INFO] [stdout] 
[INFO] [stdout] 
[INFO] [stdout] warning: function `load_private_key` is never used
[INFO] [stdout]   --> src/config/tls.rs:25:15
[INFO] [stdout]    |
[INFO] [stdout] 25 | pub(crate) fn load_private_key<P: AsRef<Path>>(path: P) -> std::io::Result<rustls::PrivateKey> {
[INFO] [stdout]    |               ^^^^^^^^^^^^^^^^
[INFO] [stdout] 
[INFO] [stdout] 
[INFO] [stdout] warning: function `load_whitelist` is never used
[INFO] [stdout]   --> src/config/tls.rs:57:15
[INFO] [stdout]    |
[INFO] [stdout] 57 | pub(crate) fn load_whitelist(whitelist: &Option<Vec<DomainName>>) -> Option<Vec<webpki::DnsName>> {
[INFO] [stdout]    |               ^^^^^^^^^^^^^^
[INFO] [stdout] 
[INFO] [stdout] 
[INFO] [stdout] warning: function `build_crypto` is never used
[INFO] [stdout]   --> src/config/tls.rs:64:15
[INFO] [stdout]    |
[INFO] [stdout] 64 | pub(crate) fn build_crypto(
[INFO] [stdout]    |               ^^^^^^^^^^^^
[INFO] [stdout] 
[INFO] [stdout] 
[INFO] [stdout] warning: function `match_certs_domain` is never used
[INFO] [stdout]   --> src/config/tls.rs:77:15
[INFO] [stdout]    |
[INFO] [stdout] 77 | pub(crate) fn match_certs_domain<'a>(
[INFO] [stdout]    |               ^^^^^^^^^^^^^^^^^^
[INFO] [stdout] 
[INFO] [stdout] 
[INFO] [stdout] warning: function `build_server_config` is never used
[INFO] [stdout]   --> src/config/tls.rs:99:4
[INFO] [stdout]    |
[INFO] [stdout] 99 | fn build_server_config(
[INFO] [stdout]    |    ^^^^^^^^^^^^^^^^^^^
[INFO] [stdout] 
[INFO] [stdout] 
[INFO] [stdout] warning: function `build_client_config` is never used
[INFO] [stdout]    --> src/config/tls.rs:120:4
[INFO] [stdout]     |
[INFO] [stdout] 120 | fn build_client_config(
[INFO] [stdout]     |    ^^^^^^^^^^^^^^^^^^^
[INFO] [stdout] 
[INFO] [stdout] 
[INFO] [stdout] warning: function `build_root_store` is never used
[INFO] [stdout]    --> src/config/tls.rs:137:4
[INFO] [stdout]     |
[INFO] [stdout] 137 | fn build_root_store(ca: &[rustls::Certificate]) -> std::io::Result<RootCertStore> {
[INFO] [stdout]     |    ^^^^^^^^^^^^^^^^
[INFO] [stdout] 
[INFO] [stdout] 
[INFO] [stdout] warning: constant `NET_LOG` is never used
[INFO] [stdout]  --> src/server.rs:8:7
[INFO] [stdout]   |
[INFO] [stdout] 8 | const NET_LOG: &str = "quicnet";
[INFO] [stdout]   |       ^^^^^^^
[INFO] [stdout] 
[INFO] [stdout] 
[INFO] [stdout] warning: constant `MAX_WORKER_THREADS` is never used
[INFO] [stdout]  --> src/server.rs:9:7
[INFO] [stdout]   |
[INFO] [stdout] 9 | const MAX_WORKER_THREADS: usize = 256;
[INFO] [stdout]   |       ^^^^^^^^^^^^^^^^^^
[INFO] [stdout] 
[INFO] [stdout] 
[INFO] [stdout] warning: constant `SHUTDOWN_TIMEOUT` is never used
[INFO] [stdout]   --> src/server.rs:10:7
[INFO] [stdout]    |
[INFO] [stdout] 10 | const SHUTDOWN_TIMEOUT: Duration = Duration::from_secs(5);
[INFO] [stdout]    |       ^^^^^^^^^^^^^^^^
[INFO] [stdout] 
[INFO] [stdout] 
[INFO] [stdout] warning: enum `ServerCommand` is never used
[INFO] [stdout]   --> src/server.rs:12:10
[INFO] [stdout]    |
[INFO] [stdout] 12 | pub enum ServerCommand {
[INFO] [stdout]    |          ^^^^^^^^^^^^^
[INFO] [stdout] 
[INFO] [stdout] 
[INFO] [stdout] warning: struct `Server` is never constructed
[INFO] [stdout]   --> src/server.rs:17:12
[INFO] [stdout]    |
[INFO] [stdout] 17 | pub struct Server {
[INFO] [stdout]    |            ^^^^^^
[INFO] [stdout] 
[INFO] [stdout] 
[INFO] [stdout] warning: associated functions `init`, `main`, `make_endpoint`, `init_logger`, `make_cmd_channel`, and `make_runtime` are never used
[INFO] [stdout]   --> src/server.rs:27:12
[INFO] [stdout]    |
[INFO] [stdout] 26 | impl Server {
[INFO] [stdout]    | ----------- associated functions in this implementation
[INFO] [stdout] 27 |     pub fn init(n_threads: usize, config: ServerConfig) -> std::io::Result<Self> {
[INFO] [stdout]    |            ^^^^
[INFO] [stdout] ...
[INFO] [stdout] 47 |     async fn main(mut cmd_receiver: UnboundedReceiver<ServerCommand>) {
[INFO] [stdout]    |              ^^^^
[INFO] [stdout] ...
[INFO] [stdout] 57 |     fn make_endpoint(config: ServerConfig) -> std::io::Result<Endpoint> {
[INFO] [stdout]    |        ^^^^^^^^^^^^^
[INFO] [stdout] ...
[INFO] [stdout] 64 |     fn init_logger() {
[INFO] [stdout]    |        ^^^^^^^^^^^
[INFO] [stdout] ...
[INFO] [stdout] 70 |     fn make_cmd_channel() -> (
[INFO] [stdout]    |        ^^^^^^^^^^^^^^^^
[INFO] [stdout] ...
[INFO] [stdout] 77 |     fn make_runtime(n_threads: usize) -> std::io::Result<tokio::runtime::Runtime> {
[INFO] [stdout]    |        ^^^^^^^^^^^^
[INFO] [stdout] 
[INFO] [stdout] 
[INFO] [stdout] warning: 21 warnings emitted
[INFO] [stdout] 
[INFO] [stdout] 
[INFO] [stderr]     Finished dev [unoptimized + debuginfo] target(s) in 15.23s
[INFO] running `Command { std: "docker" "inspect" "f3f3696514ab07343cf110ca0dfdb57888f37c1f86bb674b1f5db65999289482", kill_on_drop: false }`
[INFO] running `Command { std: "docker" "rm" "-f" "f3f3696514ab07343cf110ca0dfdb57888f37c1f86bb674b1f5db65999289482", kill_on_drop: false }`
[INFO] [stdout] f3f3696514ab07343cf110ca0dfdb57888f37c1f86bb674b1f5db65999289482
[INFO] running `Command { std: "docker" "create" "-v" "/var/lib/crater-agent-workspace/builds/worker-0-tc1/target:/opt/rustwide/target:rw,Z" "-v" "/var/lib/crater-agent-workspace/builds/worker-0-tc1/source:/opt/rustwide/workdir:ro,Z" "-v" "/var/lib/crater-agent-workspace/cargo-home:/opt/rustwide/cargo-home:ro,Z" "-v" "/var/lib/crater-agent-workspace/rustup-home:/opt/rustwide/rustup-home:ro,Z" "-e" "SOURCE_DIR=/opt/rustwide/workdir" "-e" "CARGO_TARGET_DIR=/opt/rustwide/target" "-e" "CARGO_INCREMENTAL=0" "-e" "RUST_BACKTRACE=full" "-e" "RUSTFLAGS=--cap-lints=warn" "-e" "RUSTDOCFLAGS=--cap-lints=warn" "-e" "CARGO_HOME=/opt/rustwide/cargo-home" "-e" "RUSTUP_HOME=/opt/rustwide/rustup-home" "-w" "/opt/rustwide/workdir" "-m" "1610612736" "--user" "0:0" "--network" "none" "ghcr.io/rust-lang/crates-build-env/linux@sha256:2788e3201cd34a07e3172128adcd8b3090168a8e3bcc40d7c032b9dda1df7d1c" "/opt/rustwide/cargo-home/bin/cargo" "+1.75.0" "test" "--frozen" "--no-run" "--message-format=json", kill_on_drop: false }`
[INFO] [stdout] 37c795ea10aa5e296bb5905910d70a41c11b32cf8539c18e4ae259e37b458efb
[INFO] running `Command { std: "docker" "start" "-a" "37c795ea10aa5e296bb5905910d70a41c11b32cf8539c18e4ae259e37b458efb", kill_on_drop: false }`
[INFO] [stderr]    Compiling quicnet v0.1.0 (/opt/rustwide/workdir)
[INFO] [stdout] warning: unused variable: `endpoint`
[INFO] [stdout]   --> src/server.rs:30:13
[INFO] [stdout]    |
[INFO] [stdout] 30 |         let endpoint = Server::make_endpoint(config)?;
[INFO] [stdout]    |             ^^^^^^^^ help: if this is intentional, prefix it with an underscore: `_endpoint`
[INFO] [stdout]    |
[INFO] [stdout]    = note: `#[warn(unused_variables)]` on by default
[INFO] [stdout] 
[INFO] [stdout] 
[INFO] [stdout] warning: unused variable: `handle`
[INFO] [stdout]   --> src/server.rs:33:17
[INFO] [stdout]    |
[INFO] [stdout] 33 |             let handle = runtime.handle();
[INFO] [stdout]    |                 ^^^^^^ help: if this is intentional, prefix it with an underscore: `_handle`
[INFO] [stdout] 
[INFO] [stdout] 
[INFO] [stdout] warning: method `boxed` is never used
[INFO] [stdout]   --> src/config/client_auth.rs:49:12
[INFO] [stdout]    |
[INFO] [stdout] 33 | impl AllowWhitelistAuthenticatedClient {
[INFO] [stdout]    | -------------------------------------- method in this implementation
[INFO] [stdout] ...
[INFO] [stdout] 49 |     pub fn boxed(self) -> Arc<dyn ClientCertVerifier> {
[INFO] [stdout]    |            ^^^^^
[INFO] [stdout]    |
[INFO] [stdout]    = note: `#[warn(dead_code)]` on by default
[INFO] [stdout] 
[INFO] [stdout] 
[INFO] [stdout] warning: constant `NET_LOG` is never used
[INFO] [stdout]  --> src/server.rs:8:7
[INFO] [stdout]   |
[INFO] [stdout] 8 | const NET_LOG: &str = "quicnet";
[INFO] [stdout]   |       ^^^^^^^
[INFO] [stdout] 
[INFO] [stdout] 
[INFO] [stdout] warning: constant `MAX_WORKER_THREADS` is never used
[INFO] [stdout]  --> src/server.rs:9:7
[INFO] [stdout]   |
[INFO] [stdout] 9 | const MAX_WORKER_THREADS: usize = 256;
[INFO] [stdout]   |       ^^^^^^^^^^^^^^^^^^
[INFO] [stdout] 
[INFO] [stdout] 
[INFO] [stdout] warning: constant `SHUTDOWN_TIMEOUT` is never used
[INFO] [stdout]   --> src/server.rs:10:7
[INFO] [stdout]    |
[INFO] [stdout] 10 | const SHUTDOWN_TIMEOUT: Duration = Duration::from_secs(5);
[INFO] [stdout]    |       ^^^^^^^^^^^^^^^^
[INFO] [stdout] 
[INFO] [stdout] 
[INFO] [stdout] warning: enum `ServerCommand` is never used
[INFO] [stdout]   --> src/server.rs:12:10
[INFO] [stdout]    |
[INFO] [stdout] 12 | pub enum ServerCommand {
[INFO] [stdout]    |          ^^^^^^^^^^^^^
[INFO] [stdout] 
[INFO] [stdout] 
[INFO] [stdout] warning: struct `Server` is never constructed
[INFO] [stdout]   --> src/server.rs:17:12
[INFO] [stdout]    |
[INFO] [stdout] 17 | pub struct Server {
[INFO] [stdout]    |            ^^^^^^
[INFO] [stdout] 
[INFO] [stdout] 
[INFO] [stdout] warning: associated functions `init`, `main`, `make_endpoint`, `init_logger`, `make_cmd_channel`, and `make_runtime` are never used
[INFO] [stdout]   --> src/server.rs:27:12
[INFO] [stdout]    |
[INFO] [stdout] 26 | impl Server {
[INFO] [stdout]    | ----------- associated functions in this implementation
[INFO] [stdout] 27 |     pub fn init(n_threads: usize, config: ServerConfig) -> std::io::Result<Self> {
[INFO] [stdout]    |            ^^^^
[INFO] [stdout] ...
[INFO] [stdout] 47 |     async fn main(mut cmd_receiver: UnboundedReceiver<ServerCommand>) {
[INFO] [stdout]    |              ^^^^
[INFO] [stdout] ...
[INFO] [stdout] 57 |     fn make_endpoint(config: ServerConfig) -> std::io::Result<Endpoint> {
[INFO] [stdout]    |        ^^^^^^^^^^^^^
[INFO] [stdout] ...
[INFO] [stdout] 64 |     fn init_logger() {
[INFO] [stdout]    |        ^^^^^^^^^^^
[INFO] [stdout] ...
[INFO] [stdout] 70 |     fn make_cmd_channel() -> (
[INFO] [stdout]    |        ^^^^^^^^^^^^^^^^
[INFO] [stdout] ...
[INFO] [stdout] 77 |     fn make_runtime(n_threads: usize) -> std::io::Result<tokio::runtime::Runtime> {
[INFO] [stdout]    |        ^^^^^^^^^^^^
[INFO] [stdout] 
[INFO] [stdout] 
[INFO] [stdout] warning: 9 warnings emitted
[INFO] [stdout] 
[INFO] [stdout] 
[INFO] [stderr]     Finished test [unoptimized + debuginfo] target(s) in 2.89s
[INFO] running `Command { std: "docker" "inspect" "37c795ea10aa5e296bb5905910d70a41c11b32cf8539c18e4ae259e37b458efb", kill_on_drop: false }`
[INFO] running `Command { std: "docker" "rm" "-f" "37c795ea10aa5e296bb5905910d70a41c11b32cf8539c18e4ae259e37b458efb", kill_on_drop: false }`
[INFO] [stdout] 37c795ea10aa5e296bb5905910d70a41c11b32cf8539c18e4ae259e37b458efb
[INFO] running `Command { std: "docker" "create" "-v" "/var/lib/crater-agent-workspace/builds/worker-0-tc1/target:/opt/rustwide/target:rw,Z" "-v" "/var/lib/crater-agent-workspace/builds/worker-0-tc1/source:/opt/rustwide/workdir:ro,Z" "-v" "/var/lib/crater-agent-workspace/cargo-home:/opt/rustwide/cargo-home:ro,Z" "-v" "/var/lib/crater-agent-workspace/rustup-home:/opt/rustwide/rustup-home:ro,Z" "-e" "SOURCE_DIR=/opt/rustwide/workdir" "-e" "CARGO_TARGET_DIR=/opt/rustwide/target" "-e" "CARGO_INCREMENTAL=0" "-e" "RUST_BACKTRACE=full" "-e" "RUSTFLAGS=--cap-lints=warn" "-e" "RUSTDOCFLAGS=--cap-lints=warn" "-e" "CARGO_HOME=/opt/rustwide/cargo-home" "-e" "RUSTUP_HOME=/opt/rustwide/rustup-home" "-w" "/opt/rustwide/workdir" "-m" "1610612736" "--user" "0:0" "--network" "none" "ghcr.io/rust-lang/crates-build-env/linux@sha256:2788e3201cd34a07e3172128adcd8b3090168a8e3bcc40d7c032b9dda1df7d1c" "/opt/rustwide/cargo-home/bin/cargo" "+1.75.0" "test" "--frozen", kill_on_drop: false }`
[INFO] [stdout] 840c59128bc97a722439b3a2a2b4408b85ed521148cd72ed2eabcfab471001b3
[INFO] running `Command { std: "docker" "start" "-a" "840c59128bc97a722439b3a2a2b4408b85ed521148cd72ed2eabcfab471001b3", kill_on_drop: false }`
[INFO] [stderr] warning: unused variable: `endpoint`
[INFO] [stderr]   --> src/server.rs:30:13
[INFO] [stderr]    |
[INFO] [stderr] 30 |         let endpoint = Server::make_endpoint(config)?;
[INFO] [stderr]    |             ^^^^^^^^ help: if this is intentional, prefix it with an underscore: `_endpoint`
[INFO] [stderr]    |
[INFO] [stderr]    = note: `#[warn(unused_variables)]` on by default
[INFO] [stderr] 
[INFO] [stderr] warning: unused variable: `handle`
[INFO] [stderr]   --> src/server.rs:33:17
[INFO] [stderr]    |
[INFO] [stderr] 33 |             let handle = runtime.handle();
[INFO] [stderr]    |                 ^^^^^^ help: if this is intentional, prefix it with an underscore: `_handle`
[INFO] [stderr] 
[INFO] [stderr] warning: method `boxed` is never used
[INFO] [stderr]   --> src/config/client_auth.rs:49:12
[INFO] [stderr]    |
[INFO] [stderr] 33 | impl AllowWhitelistAuthenticatedClient {
[INFO] [stderr]    | -------------------------------------- method in this implementation
[INFO] [stderr] ...
[INFO] [stderr] 49 |     pub fn boxed(self) -> Arc<dyn ClientCertVerifier> {
[INFO] [stderr]    |            ^^^^^
[INFO] [stderr]    |
[INFO] [stderr]    = note: `#[warn(dead_code)]` on by default
[INFO] [stderr] 
[INFO] [stderr] warning: constant `NET_LOG` is never used
[INFO] [stderr]  --> src/server.rs:8:7
[INFO] [stderr]   |
[INFO] [stderr] 8 | const NET_LOG: &str = "quicnet";
[INFO] [stderr]   |       ^^^^^^^
[INFO] [stderr] 
[INFO] [stderr] warning: constant `MAX_WORKER_THREADS` is never used
[INFO] [stderr]  --> src/server.rs:9:7
[INFO] [stderr]   |
[INFO] [stderr] 9 | const MAX_WORKER_THREADS: usize = 256;
[INFO] [stderr]   |       ^^^^^^^^^^^^^^^^^^
[INFO] [stderr] 
[INFO] [stderr] warning: constant `SHUTDOWN_TIMEOUT` is never used
[INFO] [stderr]   --> src/server.rs:10:7
[INFO] [stderr]    |
[INFO] [stderr] 10 | const SHUTDOWN_TIMEOUT: Duration = Duration::from_secs(5);
[INFO] [stderr]    |       ^^^^^^^^^^^^^^^^
[INFO] [stderr] 
[INFO] [stderr] warning: enum `ServerCommand` is never used
[INFO] [stderr]   --> src/server.rs:12:10
[INFO] [stderr]    |
[INFO] [stderr] 12 | pub enum ServerCommand {
[INFO] [stderr]    |          ^^^^^^^^^^^^^
[INFO] [stderr] 
[INFO] [stderr] warning: struct `Server` is never constructed
[INFO] [stderr]   --> src/server.rs:17:12
[INFO] [stderr]    |
[INFO] [stderr] 17 | pub struct Server {
[INFO] [stderr]    |            ^^^^^^
[INFO] [stderr] 
[INFO] [stderr] warning: associated functions `init`, `main`, `make_endpoint`, `init_logger`, `make_cmd_channel`, and `make_runtime` are never used
[INFO] [stderr]   --> src/server.rs:27:12
[INFO] [stderr]    |
[INFO] [stderr] 26 | impl Server {
[INFO] [stderr]    | ----------- associated functions in this implementation
[INFO] [stderr] 27 |     pub fn init(n_threads: usize, config: ServerConfig) -> std::io::Result<Self> {
[INFO] [stderr]    |            ^^^^
[INFO] [stderr] ...
[INFO] [stderr] 47 |     async fn main(mut cmd_receiver: UnboundedReceiver<ServerCommand>) {
[INFO] [stderr]    |              ^^^^
[INFO] [stderr] ...
[INFO] [stderr] 57 |     fn make_endpoint(config: ServerConfig) -> std::io::Result<Endpoint> {
[INFO] [stderr]    |        ^^^^^^^^^^^^^
[INFO] [stderr] ...
[INFO] [stderr] 64 |     fn init_logger() {
[INFO] [stderr]    |        ^^^^^^^^^^^
[INFO] [stderr] ...
[INFO] [stderr] 70 |     fn make_cmd_channel() -> (
[INFO] [stderr]    |        ^^^^^^^^^^^^^^^^
[INFO] [stderr] ...
[INFO] [stderr] 77 |     fn make_runtime(n_threads: usize) -> std::io::Result<tokio::runtime::Runtime> {
[INFO] [stderr]    |        ^^^^^^^^^^^^
[INFO] [stderr] 
[INFO] [stderr] warning: `quicnet` (lib test) generated 9 warnings (run `cargo fix --lib -p quicnet --tests` to apply 2 suggestions)
[INFO] [stderr]     Finished test [unoptimized + debuginfo] target(s) in 0.07s
[INFO] [stderr]      Running unittests src/lib.rs (/opt/rustwide/target/debug/deps/quicnet-2b5bf6c342ee5d40)
[INFO] [stdout] 
[INFO] [stdout] running 5 tests
[INFO] [stdout] test config::tls::tls_tests::test_empty_key ... ok
[INFO] [stdout] test config::tls::tls_tests::test_empty_cert ... FAILED
[INFO] [stdout] test config::tls::tls_tests::test_concat ... FAILED
[INFO] [stdout] test config::tls::tls_tests::test_server_config ... FAILED
[INFO] [stdout] test config::test_config::test_config ... FAILED
[INFO] [stdout] 
[INFO] [stdout] failures:
[INFO] [stdout] 
[INFO] [stdout] ---- config::tls::tls_tests::test_empty_cert stdout ----
[INFO] [stdout] thread 'config::tls::tls_tests::test_empty_cert' panicked at src/config/tls.rs:174:13:
[INFO] [stdout] load_certificates should be OK reading empty file
[INFO] [stdout] stack backtrace:
[INFO] [stdout]    0:     0x561dafb752cc - std::backtrace_rs::backtrace::libunwind::trace::ha637c64ce894333a
[INFO] [stdout]                                at /rustc/82e1608dfa6e0b5569232559e3d385fea5a93112/library/std/src/../../backtrace/src/backtrace/libunwind.rs:104:5
[INFO] [stdout]    1:     0x561dafb752cc - std::backtrace_rs::backtrace::trace_unsynchronized::h47f62dea28e0c88d
[INFO] [stdout]                                at /rustc/82e1608dfa6e0b5569232559e3d385fea5a93112/library/std/src/../../backtrace/src/backtrace/mod.rs:66:5
[INFO] [stdout]    2:     0x561dafb752cc - std::sys_common::backtrace::_print_fmt::h9eef0abe20ede486
[INFO] [stdout]                                at /rustc/82e1608dfa6e0b5569232559e3d385fea5a93112/library/std/src/sys_common/backtrace.rs:67:5
[INFO] [stdout]    3:     0x561dafb752cc - <std::sys_common::backtrace::_print::DisplayBacktrace as core::fmt::Display>::fmt::hed7f999df88cc644
[INFO] [stdout]                                at /rustc/82e1608dfa6e0b5569232559e3d385fea5a93112/library/std/src/sys_common/backtrace.rs:44:22
[INFO] [stdout]    4:     0x561dafba4150 - core::fmt::rt::Argument::fmt::h1539a9308b8d058d
[INFO] [stdout]                                at /rustc/82e1608dfa6e0b5569232559e3d385fea5a93112/library/core/src/fmt/rt.rs:142:9
[INFO] [stdout]    5:     0x561dafba4150 - core::fmt::write::h3a39390d8560d9c9
[INFO] [stdout]                                at /rustc/82e1608dfa6e0b5569232559e3d385fea5a93112/library/core/src/fmt/mod.rs:1120:17
[INFO] [stdout]    6:     0x561dafb7242f - std::io::Write::write_fmt::h040b369f3a0f9cbc
[INFO] [stdout]                                at /rustc/82e1608dfa6e0b5569232559e3d385fea5a93112/library/std/src/io/mod.rs:1762:15
[INFO] [stdout]    7:     0x561dafb750b4 - std::sys_common::backtrace::_print::h894006fb5c6f3d45
[INFO] [stdout]                                at /rustc/82e1608dfa6e0b5569232559e3d385fea5a93112/library/std/src/sys_common/backtrace.rs:47:5
[INFO] [stdout]    8:     0x561dafb750b4 - std::sys_common::backtrace::print::h23a2d212c6fff936
[INFO] [stdout]                                at /rustc/82e1608dfa6e0b5569232559e3d385fea5a93112/library/std/src/sys_common/backtrace.rs:34:9
[INFO] [stdout]    9:     0x561dafb76d77 - std::panicking::default_hook::{{closure}}::h8a1d2ee00185001a
[INFO] [stdout]   10:     0x561dafb76a63 - std::panicking::default_hook::h6038f2eba384e475
[INFO] [stdout]                                at /rustc/82e1608dfa6e0b5569232559e3d385fea5a93112/library/std/src/panicking.rs:289:9
[INFO] [stdout]   11:     0x561daf6e55e7 - <alloc::boxed::Box<F,A> as core::ops::function::Fn<Args>>::call::h0ad024c9bdc6d768
[INFO] [stdout]                                at /rustc/82e1608dfa6e0b5569232559e3d385fea5a93112/library/alloc/src/boxed.rs:2021:9
[INFO] [stdout]   12:     0x561daf6e55e7 - test::test_main::{{closure}}::h7500b54257359db6
[INFO] [stdout]                                at /rustc/82e1608dfa6e0b5569232559e3d385fea5a93112/library/test/src/lib.rs:138:21
[INFO] [stdout]   13:     0x561dafb77388 - <alloc::boxed::Box<F,A> as core::ops::function::Fn<Args>>::call::h1f8f335eaa9cfaee
[INFO] [stdout]                                at /rustc/82e1608dfa6e0b5569232559e3d385fea5a93112/library/alloc/src/boxed.rs:2021:9
[INFO] [stdout]   14:     0x561dafb77388 - std::panicking::rust_panic_with_hook::h2b5517d590cab22e
[INFO] [stdout]                                at /rustc/82e1608dfa6e0b5569232559e3d385fea5a93112/library/std/src/panicking.rs:783:13
[INFO] [stdout]   15:     0x561dafb770a9 - std::panicking::begin_panic_handler::{{closure}}::h233112c06e0ef43e
[INFO] [stdout]                                at /rustc/82e1608dfa6e0b5569232559e3d385fea5a93112/library/std/src/panicking.rs:649:13
[INFO] [stdout]   16:     0x561dafb75796 - std::sys_common::backtrace::__rust_end_short_backtrace::h6e893f24d7ebbff8
[INFO] [stdout]                                at /rustc/82e1608dfa6e0b5569232559e3d385fea5a93112/library/std/src/sys_common/backtrace.rs:170:18
[INFO] [stdout]   17:     0x561dafb76e42 - rust_begin_unwind
[INFO] [stdout]                                at /rustc/82e1608dfa6e0b5569232559e3d385fea5a93112/library/std/src/panicking.rs:645:5
[INFO] [stdout]   18:     0x561daf4cf485 - core::panicking::panic_fmt::hbf0e066aabfa482c
[INFO] [stdout]                                at /rustc/82e1608dfa6e0b5569232559e3d385fea5a93112/library/core/src/panicking.rs:72:14
[INFO] [stdout]   19:     0x561daf5248d4 - quicnet::config::tls::tls_tests::test_empty_cert::h650028abe6627932
[INFO] [stdout]                                at /opt/rustwide/workdir/src/config/tls.rs:174:13
[INFO] [stdout]   20:     0x561daf524757 - quicnet::config::tls::tls_tests::test_empty_cert::{{closure}}::h87383825be5ff05a
[INFO] [stdout]                                at /opt/rustwide/workdir/src/config/tls.rs:170:25
[INFO] [stdout]   21:     0x561daf4fa866 - core::ops::function::FnOnce::call_once::h3e23c968f0b72747
[INFO] [stdout]                                at /rustc/82e1608dfa6e0b5569232559e3d385fea5a93112/library/core/src/ops/function.rs:250:5
[INFO] [stdout]   22:     0x561daf6eac3f - core::ops::function::FnOnce::call_once::h2b5d431d5046312d
[INFO] [stdout]                                at /rustc/82e1608dfa6e0b5569232559e3d385fea5a93112/library/core/src/ops/function.rs:250:5
[INFO] [stdout]   23:     0x561daf6eac3f - test::__rust_begin_short_backtrace::h7714669af176e207
[INFO] [stdout]                                at /rustc/82e1608dfa6e0b5569232559e3d385fea5a93112/library/test/src/lib.rs:628:18
[INFO] [stdout]   24:     0x561daf6e9c55 - test::run_test_in_process::{{closure}}::h85218797dcbcec12
[INFO] [stdout]                                at /rustc/82e1608dfa6e0b5569232559e3d385fea5a93112/library/test/src/lib.rs:651:60
[INFO] [stdout]   25:     0x561daf6e9c55 - <core::panic::unwind_safe::AssertUnwindSafe<F> as core::ops::function::FnOnce<()>>::call_once::h76c106ea31c14d7b
[INFO] [stdout]                                at /rustc/82e1608dfa6e0b5569232559e3d385fea5a93112/library/core/src/panic/unwind_safe.rs:272:9
[INFO] [stdout]   26:     0x561daf6e9c55 - std::panicking::try::do_call::h3bd5d0f6620ee946
[INFO] [stdout]                                at /rustc/82e1608dfa6e0b5569232559e3d385fea5a93112/library/std/src/panicking.rs:552:40
[INFO] [stdout]   27:     0x561daf6e9c55 - std::panicking::try::h232e535e4744fe31
[INFO] [stdout]                                at /rustc/82e1608dfa6e0b5569232559e3d385fea5a93112/library/std/src/panicking.rs:516:19
[INFO] [stdout]   28:     0x561daf6e9c55 - std::panic::catch_unwind::h3ce3bd6ca8dbac68
[INFO] [stdout]                                at /rustc/82e1608dfa6e0b5569232559e3d385fea5a93112/library/std/src/panic.rs:142:14
[INFO] [stdout]   29:     0x561daf6e9c55 - test::run_test_in_process::hc97b257c9621286a
[INFO] [stdout]                                at /rustc/82e1608dfa6e0b5569232559e3d385fea5a93112/library/test/src/lib.rs:651:27
[INFO] [stdout]   30:     0x561daf6e9c55 - test::run_test::{{closure}}::h2aa798823a438d38
[INFO] [stdout]                                at /rustc/82e1608dfa6e0b5569232559e3d385fea5a93112/library/test/src/lib.rs:574:43
[INFO] [stdout]   31:     0x561daf6b1f16 - test::run_test::{{closure}}::h87d231c78fb59832
[INFO] [stdout]                                at /rustc/82e1608dfa6e0b5569232559e3d385fea5a93112/library/test/src/lib.rs:602:41
[INFO] [stdout]   32:     0x561daf6b1f16 - std::sys_common::backtrace::__rust_begin_short_backtrace::he6df152596625789
[INFO] [stdout]                                at /rustc/82e1608dfa6e0b5569232559e3d385fea5a93112/library/std/src/sys_common/backtrace.rs:154:18
[INFO] [stdout]   33:     0x561daf6b6fc7 - std::thread::Builder::spawn_unchecked_::{{closure}}::{{closure}}::ha94be15d1e0acf36
[INFO] [stdout]                                at /rustc/82e1608dfa6e0b5569232559e3d385fea5a93112/library/std/src/thread/mod.rs:529:17
[INFO] [stdout]   34:     0x561daf6b6fc7 - <core::panic::unwind_safe::AssertUnwindSafe<F> as core::ops::function::FnOnce<()>>::call_once::h9dc6bd6372f16606
[INFO] [stdout]                                at /rustc/82e1608dfa6e0b5569232559e3d385fea5a93112/library/core/src/panic/unwind_safe.rs:272:9
[INFO] [stdout]   35:     0x561daf6b6fc7 - std::panicking::try::do_call::h9057517f80303cd4
[INFO] [stdout]                                at /rustc/82e1608dfa6e0b5569232559e3d385fea5a93112/library/std/src/panicking.rs:552:40
[INFO] [stdout]   36:     0x561daf6b6fc7 - std::panicking::try::he3a30b11ee45340c
[INFO] [stdout]                                at /rustc/82e1608dfa6e0b5569232559e3d385fea5a93112/library/std/src/panicking.rs:516:19
[INFO] [stdout]   37:     0x561daf6b6fc7 - std::panic::catch_unwind::h410458cfd3528b8b
[INFO] [stdout]                                at /rustc/82e1608dfa6e0b5569232559e3d385fea5a93112/library/std/src/panic.rs:142:14
[INFO] [stdout]   38:     0x561daf6b6fc7 - std::thread::Builder::spawn_unchecked_::{{closure}}::h72ac3bdb567b737b
[INFO] [stdout]                                at /rustc/82e1608dfa6e0b5569232559e3d385fea5a93112/library/std/src/thread/mod.rs:528:30
[INFO] [stdout]   39:     0x561daf6b6fc7 - core::ops::function::FnOnce::call_once{{vtable.shim}}::h38f34da3654a8344
[INFO] [stdout]                                at /rustc/82e1608dfa6e0b5569232559e3d385fea5a93112/library/core/src/ops/function.rs:250:5
[INFO] [stdout]   40:     0x561dafb7c035 - <alloc::boxed::Box<F,A> as core::ops::function::FnOnce<Args>>::call_once::hc7eafaff61e32df9
[INFO] [stdout]                                at /rustc/82e1608dfa6e0b5569232559e3d385fea5a93112/library/alloc/src/boxed.rs:2007:9
[INFO] [stdout]   41:     0x561dafb7c035 - <alloc::boxed::Box<F,A> as core::ops::function::FnOnce<Args>>::call_once::h6ba4a5de48dd2304
[INFO] [stdout]                                at /rustc/82e1608dfa6e0b5569232559e3d385fea5a93112/library/alloc/src/boxed.rs:2007:9
[INFO] [stdout]   42:     0x561dafb7c035 - std::sys::unix::thread::Thread::new::thread_start::he469335aef763e45
[INFO] [stdout]                                at /rustc/82e1608dfa6e0b5569232559e3d385fea5a93112/library/std/src/sys/unix/thread.rs:108:17
[INFO] [stdout]   43:     0x7fe949129ac3 - <unknown>
[INFO] [stdout]   44:     0x7fe9491babf4 - __clone
[INFO] [stdout]   45:                0x0 - <unknown>
[INFO] [stdout] 
[INFO] [stdout] ---- config::tls::tls_tests::test_concat stdout ----
[INFO] [stdout] thread 'config::tls::tls_tests::test_concat' panicked at src/config/tls.rs:185:9:
[INFO] [stdout] assertion failed: load_private_key(CONCAT_CRT_KEY).is_ok()
[INFO] [stdout] stack backtrace:
[INFO] [stdout]    0:     0x561dafb752cc - std::backtrace_rs::backtrace::libunwind::trace::ha637c64ce894333a
[INFO] [stdout]                                at /rustc/82e1608dfa6e0b5569232559e3d385fea5a93112/library/std/src/../../backtrace/src/backtrace/libunwind.rs:104:5
[INFO] [stdout]    1:     0x561dafb752cc - std::backtrace_rs::backtrace::trace_unsynchronized::h47f62dea28e0c88d
[INFO] [stdout]                                at /rustc/82e1608dfa6e0b5569232559e3d385fea5a93112/library/std/src/../../backtrace/src/backtrace/mod.rs:66:5
[INFO] [stdout]    2:     0x561dafb752cc - std::sys_common::backtrace::_print_fmt::h9eef0abe20ede486
[INFO] [stdout]                                at /rustc/82e1608dfa6e0b5569232559e3d385fea5a93112/library/std/src/sys_common/backtrace.rs:67:5
[INFO] [stdout]    3:     0x561dafb752cc - <std::sys_common::backtrace::_print::DisplayBacktrace as core::fmt::Display>::fmt::hed7f999df88cc644
[INFO] [stdout]                                at /rustc/82e1608dfa6e0b5569232559e3d385fea5a93112/library/std/src/sys_common/backtrace.rs:44:22
[INFO] [stdout]    4:     0x561dafba4150 - core::fmt::rt::Argument::fmt::h1539a9308b8d058d
[INFO] [stdout]                                at /rustc/82e1608dfa6e0b5569232559e3d385fea5a93112/library/core/src/fmt/rt.rs:142:9
[INFO] [stdout]    5:     0x561dafba4150 - core::fmt::write::h3a39390d8560d9c9
[INFO] [stdout]                                at /rustc/82e1608dfa6e0b5569232559e3d385fea5a93112/library/core/src/fmt/mod.rs:1120:17
[INFO] [stdout]    6:     0x561dafb7242f - std::io::Write::write_fmt::h040b369f3a0f9cbc
[INFO] [stdout]                                at /rustc/82e1608dfa6e0b5569232559e3d385fea5a93112/library/std/src/io/mod.rs:1762:15
[INFO] [stdout]    7:     0x561dafb750b4 - std::sys_common::backtrace::_print::h894006fb5c6f3d45
[INFO] [stdout]                                at /rustc/82e1608dfa6e0b5569232559e3d385fea5a93112/library/std/src/sys_common/backtrace.rs:47:5
[INFO] [stdout]    8:     0x561dafb750b4 - std::sys_common::backtrace::print::h23a2d212c6fff936
[INFO] [stdout]                                at /rustc/82e1608dfa6e0b5569232559e3d385fea5a93112/library/std/src/sys_common/backtrace.rs:34:9
[INFO] [stdout]    9:     0x561dafb76d77 - std::panicking::default_hook::{{closure}}::h8a1d2ee00185001a
[INFO] [stdout]   10:     0x561dafb76a63 - std::panicking::default_hook::h6038f2eba384e475
[INFO] [stdout]                                at /rustc/82e1608dfa6e0b5569232559e3d385fea5a93112/library/std/src/panicking.rs:289:9
[INFO] [stdout]   11:     0x561daf6e55e7 - <alloc::boxed::Box<F,A> as core::ops::function::Fn<Args>>::call::h0ad024c9bdc6d768
[INFO] [stdout]                                at /rustc/82e1608dfa6e0b5569232559e3d385fea5a93112/library/alloc/src/boxed.rs:2021:9
[INFO] [stdout]   12:     0x561daf6e55e7 - test::test_main::{{closure}}::h7500b54257359db6
[INFO] [stdout]                                at /rustc/82e1608dfa6e0b5569232559e3d385fea5a93112/library/test/src/lib.rs:138:21
[INFO] [stdout]   13:     0x561dafb77388 - <alloc::boxed::Box<F,A> as core::ops::function::Fn<Args>>::call::h1f8f335eaa9cfaee
[INFO] [stdout]                                at /rustc/82e1608dfa6e0b5569232559e3d385fea5a93112/library/alloc/src/boxed.rs:2021:9
[INFO] [stdout]   14:     0x561dafb77388 - std::panicking::rust_panic_with_hook::h2b5517d590cab22e
[INFO] [stdout]                                at /rustc/82e1608dfa6e0b5569232559e3d385fea5a93112/library/std/src/panicking.rs:783:13
[INFO] [stdout]   15:     0x561dafb770a9 - std::panicking::begin_panic_handler::{{closure}}::h233112c06e0ef43e
[INFO] [stdout]                                at /rustc/82e1608dfa6e0b5569232559e3d385fea5a93112/library/std/src/panicking.rs:649:13
[INFO] [stdout]   16:     0x561dafb75796 - std::sys_common::backtrace::__rust_end_short_backtrace::h6e893f24d7ebbff8
[INFO] [stdout]                                at /rustc/82e1608dfa6e0b5569232559e3d385fea5a93112/library/std/src/sys_common/backtrace.rs:170:18
[INFO] [stdout]   17:     0x561dafb76e42 - rust_begin_unwind
[INFO] [stdout]                                at /rustc/82e1608dfa6e0b5569232559e3d385fea5a93112/library/std/src/panicking.rs:645:5
[INFO] [stdout]   18:     0x561daf4cf485 - core::panicking::panic_fmt::hbf0e066aabfa482c
[INFO] [stdout]                                at /rustc/82e1608dfa6e0b5569232559e3d385fea5a93112/library/core/src/panicking.rs:72:14
[INFO] [stdout]   19:     0x561daf4cf523 - core::panicking::panic::h195fc2a96298d4c3
[INFO] [stdout]                                at /rustc/82e1608dfa6e0b5569232559e3d385fea5a93112/library/core/src/panicking.rs:127:5
[INFO] [stdout]   20:     0x561daf524a99 - quicnet::config::tls::tls_tests::test_concat::h8b36d1e9ae592b08
[INFO] [stdout]                                at /opt/rustwide/workdir/src/config/tls.rs:185:9
[INFO] [stdout]   21:     0x561daf524a07 - quicnet::config::tls::tls_tests::test_concat::{{closure}}::he76d6ac0f34aee61
[INFO] [stdout]                                at /opt/rustwide/workdir/src/config/tls.rs:184:21
[INFO] [stdout]   22:     0x561daf4faaa6 - core::ops::function::FnOnce::call_once::h5eba426d748d39c9
[INFO] [stdout]                                at /rustc/82e1608dfa6e0b5569232559e3d385fea5a93112/library/core/src/ops/function.rs:250:5
[INFO] [stdout]   23:     0x561daf6eac3f - core::ops::function::FnOnce::call_once::h2b5d431d5046312d
[INFO] [stdout]                                at /rustc/82e1608dfa6e0b5569232559e3d385fea5a93112/library/core/src/ops/function.rs:250:5
[INFO] [stdout]   24:     0x561daf6eac3f - test::__rust_begin_short_backtrace::h7714669af176e207
[INFO] [stdout]                                at /rustc/82e1608dfa6e0b5569232559e3d385fea5a93112/library/test/src/lib.rs:628:18
[INFO] [stdout]   25:     0x561daf6e9c55 - test::run_test_in_process::{{closure}}::h85218797dcbcec12
[INFO] [stdout]                                at /rustc/82e1608dfa6e0b5569232559e3d385fea5a93112/library/test/src/lib.rs:651:60
[INFO] [stdout]   26:     0x561daf6e9c55 - <core::panic::unwind_safe::AssertUnwindSafe<F> as core::ops::function::FnOnce<()>>::call_once::h76c106ea31c14d7b
[INFO] [stdout]                                at /rustc/82e1608dfa6e0b5569232559e3d385fea5a93112/library/core/src/panic/unwind_safe.rs:272:9
[INFO] [stdout]   27:     0x561daf6e9c55 - std::panicking::try::do_call::h3bd5d0f6620ee946
[INFO] [stdout]                                at /rustc/82e1608dfa6e0b5569232559e3d385fea5a93112/library/std/src/panicking.rs:552:40
[INFO] [stdout]   28:     0x561daf6e9c55 - std::panicking::try::h232e535e4744fe31
[INFO] [stdout]                                at /rustc/82e1608dfa6e0b5569232559e3d385fea5a93112/library/std/src/panicking.rs:516:19
[INFO] [stdout]   29:     0x561daf6e9c55 - std::panic::catch_unwind::h3ce3bd6ca8dbac68
[INFO] [stdout]                                at /rustc/82e1608dfa6e0b5569232559e3d385fea5a93112/library/std/src/panic.rs:142:14
[INFO] [stdout]   30:     0x561daf6e9c55 - test::run_test_in_process::hc97b257c9621286a
[INFO] [stdout]                                at /rustc/82e1608dfa6e0b5569232559e3d385fea5a93112/library/test/src/lib.rs:651:27
[INFO] [stdout]   31:     0x561daf6e9c55 - test::run_test::{{closure}}::h2aa798823a438d38
[INFO] [stdout]                                at /rustc/82e1608dfa6e0b5569232559e3d385fea5a93112/library/test/src/lib.rs:574:43
[INFO] [stdout]   32:     0x561daf6b1f16 - test::run_test::{{closure}}::h87d231c78fb59832
[INFO] [stdout]                                at /rustc/82e1608dfa6e0b5569232559e3d385fea5a93112/library/test/src/lib.rs:602:41
[INFO] [stdout]   33:     0x561daf6b1f16 - std::sys_common::backtrace::__rust_begin_short_backtrace::he6df152596625789
[INFO] [stdout]                                at /rustc/82e1608dfa6e0b5569232559e3d385fea5a93112/library/std/src/sys_common/backtrace.rs:154:18
[INFO] [stdout]   34:     0x561daf6b6fc7 - std::thread::Builder::spawn_unchecked_::{{closure}}::{{closure}}::ha94be15d1e0acf36
[INFO] [stdout]                                at /rustc/82e1608dfa6e0b5569232559e3d385fea5a93112/library/std/src/thread/mod.rs:529:17
[INFO] [stdout]   35:     0x561daf6b6fc7 - <core::panic::unwind_safe::AssertUnwindSafe<F> as core::ops::function::FnOnce<()>>::call_once::h9dc6bd6372f16606
[INFO] [stdout]                                at /rustc/82e1608dfa6e0b5569232559e3d385fea5a93112/library/core/src/panic/unwind_safe.rs:272:9
[INFO] [stdout]   36:     0x561daf6b6fc7 - std::panicking::try::do_call::h9057517f80303cd4
[INFO] [stdout]                                at /rustc/82e1608dfa6e0b5569232559e3d385fea5a93112/library/std/src/panicking.rs:552:40
[INFO] [stdout]   37:     0x561daf6b6fc7 - std::panicking::try::he3a30b11ee45340c
[INFO] [stdout]                                at /rustc/82e1608dfa6e0b5569232559e3d385fea5a93112/library/std/src/panicking.rs:516:19
[INFO] [stdout]   38:     0x561daf6b6fc7 - std::panic::catch_unwind::h410458cfd3528b8b
[INFO] [stdout]                                at /rustc/82e1608dfa6e0b5569232559e3d385fea5a93112/library/std/src/panic.rs:142:14
[INFO] [stdout]   39:     0x561daf6b6fc7 - std::thread::Builder::spawn_unchecked_::{{closure}}::h72ac3bdb567b737b
[INFO] [stdout]                                at /rustc/82e1608dfa6e0b5569232559e3d385fea5a93112/library/std/src/thread/mod.rs:528:30
[INFO] [stdout]   40:     0x561daf6b6fc7 - core::ops::function::FnOnce::call_once{{vtable.shim}}::h38f34da3654a8344
[INFO] [stdout]                                at /rustc/82e1608dfa6e0b5569232559e3d385fea5a93112/library/core/src/ops/function.rs:250:5
[INFO] [stdout]   41:     0x561dafb7c035 - <alloc::boxed::Box<F,A> as core::ops::function::FnOnce<Args>>::call_once::hc7eafaff61e32df9
[INFO] [stdout]                                at /rustc/82e1608dfa6e0b5569232559e3d385fea5a93112/library/alloc/src/boxed.rs:2007:9
[INFO] [stdout]   42:     0x561dafb7c035 - <alloc::boxed::Box<F,A> as core::ops::function::FnOnce<Args>>::call_once::h6ba4a5de48dd2304
[INFO] [stdout]                                at /rustc/82e1608dfa6e0b5569232559e3d385fea5a93112/library/alloc/src/boxed.rs:2007:9
[INFO] [stdout]   43:     0x561dafb7c035 - std::sys::unix::thread::Thread::new::thread_start::he469335aef763e45
[INFO] [stdout]                                at /rustc/82e1608dfa6e0b5569232559e3d385fea5a93112/library/std/src/sys/unix/thread.rs:108:17
[INFO] [stdout]   44:     0x7fe949129ac3 - <unknown>
[INFO] [stdout]   45:     0x7fe9491babf4 - __clone
[INFO] [stdout]   46:                0x0 - <unknown>
[INFO] [stdout] 
[INFO] [stdout] ---- config::tls::tls_tests::test_server_config stdout ----
[INFO] [stdout] thread 'config::tls::tls_tests::test_server_config' panicked at src/config/tls.rs:163:45:
[INFO] [stdout] failed to load ca: Os { code: 2, kind: NotFound, message: "No such file or directory" }
[INFO] [stdout] stack backtrace:
[INFO] [stdout]    0:     0x561dafb752cc - std::backtrace_rs::backtrace::libunwind::trace::ha637c64ce894333a
[INFO] [stdout]                                at /rustc/82e1608dfa6e0b5569232559e3d385fea5a93112/library/std/src/../../backtrace/src/backtrace/libunwind.rs:104:5
[INFO] [stdout]    1:     0x561dafb752cc - std::backtrace_rs::backtrace::trace_unsynchronized::h47f62dea28e0c88d
[INFO] [stdout]                                at /rustc/82e1608dfa6e0b5569232559e3d385fea5a93112/library/std/src/../../backtrace/src/backtrace/mod.rs:66:5
[INFO] [stdout]    2:     0x561dafb752cc - std::sys_common::backtrace::_print_fmt::h9eef0abe20ede486
[INFO] [stdout]                                at /rustc/82e1608dfa6e0b5569232559e3d385fea5a93112/library/std/src/sys_common/backtrace.rs:67:5
[INFO] [stdout]    3:     0x561dafb752cc - <std::sys_common::backtrace::_print::DisplayBacktrace as core::fmt::Display>::fmt::hed7f999df88cc644
[INFO] [stdout]                                at /rustc/82e1608dfa6e0b5569232559e3d385fea5a93112/library/std/src/sys_common/backtrace.rs:44:22
[INFO] [stdout]    4:     0x561dafba4150 - core::fmt::rt::Argument::fmt::h1539a9308b8d058d
[INFO] [stdout]                                at /rustc/82e1608dfa6e0b5569232559e3d385fea5a93112/library/core/src/fmt/rt.rs:142:9
[INFO] [stdout]    5:     0x561dafba4150 - core::fmt::write::h3a39390d8560d9c9
[INFO] [stdout]                                at /rustc/82e1608dfa6e0b5569232559e3d385fea5a93112/library/core/src/fmt/mod.rs:1120:17
[INFO] [stdout]    6:     0x561dafb7242f - std::io::Write::write_fmt::h040b369f3a0f9cbc
[INFO] [stdout]                                at /rustc/82e1608dfa6e0b5569232559e3d385fea5a93112/library/std/src/io/mod.rs:1762:15
[INFO] [stdout]    7:     0x561dafb750b4 - std::sys_common::backtrace::_print::h894006fb5c6f3d45
[INFO] [stdout]                                at /rustc/82e1608dfa6e0b5569232559e3d385fea5a93112/library/std/src/sys_common/backtrace.rs:47:5
[INFO] [stdout]    8:     0x561dafb750b4 - std::sys_common::backtrace::print::h23a2d212c6fff936
[INFO] [stdout]                                at /rustc/82e1608dfa6e0b5569232559e3d385fea5a93112/library/std/src/sys_common/backtrace.rs:34:9
[INFO] [stdout]    9:     0x561dafb76d77 - std::panicking::default_hook::{{closure}}::h8a1d2ee00185001a
[INFO] [stdout]   10:     0x561dafb76a63 - std::panicking::default_hook::h6038f2eba384e475
[INFO] [stdout]                                at /rustc/82e1608dfa6e0b5569232559e3d385fea5a93112/library/std/src/panicking.rs:289:9
[INFO] [stdout]   11:     0x561daf6e55e7 - <alloc::boxed::Box<F,A> as core::ops::function::Fn<Args>>::call::h0ad024c9bdc6d768
[INFO] [stdout]                                at /rustc/82e1608dfa6e0b5569232559e3d385fea5a93112/library/alloc/src/boxed.rs:2021:9
[INFO] [stdout]   12:     0x561daf6e55e7 - test::test_main::{{closure}}::h7500b54257359db6
[INFO] [stdout]                                at /rustc/82e1608dfa6e0b5569232559e3d385fea5a93112/library/test/src/lib.rs:138:21
[INFO] [stdout]   13:     0x561dafb77388 - <alloc::boxed::Box<F,A> as core::ops::function::Fn<Args>>::call::h1f8f335eaa9cfaee
[INFO] [stdout]                                at /rustc/82e1608dfa6e0b5569232559e3d385fea5a93112/library/alloc/src/boxed.rs:2021:9
[INFO] [stdout]   14:     0x561dafb77388 - std::panicking::rust_panic_with_hook::h2b5517d590cab22e
[INFO] [stdout]                                at /rustc/82e1608dfa6e0b5569232559e3d385fea5a93112/library/std/src/panicking.rs:783:13
[INFO] [stdout]   15:     0x561dafb770de - std::panicking::begin_panic_handler::{{closure}}::h233112c06e0ef43e
[INFO] [stdout]                                at /rustc/82e1608dfa6e0b5569232559e3d385fea5a93112/library/std/src/panicking.rs:657:13
[INFO] [stdout]   16:     0x561dafb75796 - std::sys_common::backtrace::__rust_end_short_backtrace::h6e893f24d7ebbff8
[INFO] [stdout]                                at /rustc/82e1608dfa6e0b5569232559e3d385fea5a93112/library/std/src/sys_common/backtrace.rs:170:18
[INFO] [stdout]   17:     0x561dafb76e42 - rust_begin_unwind
[INFO] [stdout]                                at /rustc/82e1608dfa6e0b5569232559e3d385fea5a93112/library/std/src/panicking.rs:645:5
[INFO] [stdout]   18:     0x561daf4cf485 - core::panicking::panic_fmt::hbf0e066aabfa482c
[INFO] [stdout]                                at /rustc/82e1608dfa6e0b5569232559e3d385fea5a93112/library/core/src/panicking.rs:72:14
[INFO] [stdout]   19:     0x561daf4cfab3 - core::result::unwrap_failed::hddb4fea594200c52
[INFO] [stdout]                                at /rustc/82e1608dfa6e0b5569232559e3d385fea5a93112/library/core/src/result.rs:1653:5
[INFO] [stdout]   20:     0x561daf4e411e - core::result::Result<T,E>::expect::h6f8dcaaa40d65d61
[INFO] [stdout]                                at /rustc/82e1608dfa6e0b5569232559e3d385fea5a93112/library/core/src/result.rs:1034:23
[INFO] [stdout]   21:     0x561daf524554 - quicnet::config::tls::tls_tests::test_server_config::h7eb78709bd08c31b
[INFO] [stdout]                                at /opt/rustwide/workdir/src/config/tls.rs:163:18
[INFO] [stdout]   22:     0x561daf5244e7 - quicnet::config::tls::tls_tests::test_server_config::{{closure}}::hf7e2f8c4637f5f9d
[INFO] [stdout]                                at /opt/rustwide/workdir/src/config/tls.rs:162:28
[INFO] [stdout]   23:     0x561daf4fac96 - core::ops::function::FnOnce::call_once::h84edcbcd06fa63d2
[INFO] [stdout]                                at /rustc/82e1608dfa6e0b5569232559e3d385fea5a93112/library/core/src/ops/function.rs:250:5
[INFO] [stdout]   24:     0x561daf6eac3f - core::ops::function::FnOnce::call_once::h2b5d431d5046312d
[INFO] [stdout]                                at /rustc/82e1608dfa6e0b5569232559e3d385fea5a93112/library/core/src/ops/function.rs:250:5
[INFO] [stdout]   25:     0x561daf6eac3f - test::__rust_begin_short_backtrace::h7714669af176e207
[INFO] [stdout]                                at /rustc/82e1608dfa6e0b5569232559e3d385fea5a93112/library/test/src/lib.rs:628:18
[INFO] [stdout]   26:     0x561daf6e9c55 - test::run_test_in_process::{{closure}}::h85218797dcbcec12
[INFO] [stdout]                                at /rustc/82e1608dfa6e0b5569232559e3d385fea5a93112/library/test/src/lib.rs:651:60
[INFO] [stdout]   27:     0x561daf6e9c55 - <core::panic::unwind_safe::AssertUnwindSafe<F> as core::ops::function::FnOnce<()>>::call_once::h76c106ea31c14d7b
[INFO] [stdout]                                at /rustc/82e1608dfa6e0b5569232559e3d385fea5a93112/library/core/src/panic/unwind_safe.rs:272:9
[INFO] [stdout]   28:     0x561daf6e9c55 - std::panicking::try::do_call::h3bd5d0f6620ee946
[INFO] [stdout]                                at /rustc/82e1608dfa6e0b5569232559e3d385fea5a93112/library/std/src/panicking.rs:552:40
[INFO] [stdout]   29:     0x561daf6e9c55 - std::panicking::try::h232e535e4744fe31
[INFO] [stdout]                                at /rustc/82e1608dfa6e0b5569232559e3d385fea5a93112/library/std/src/panicking.rs:516:19
[INFO] [stdout]   30:     0x561daf6e9c55 - std::panic::catch_unwind::h3ce3bd6ca8dbac68
[INFO] [stdout]                                at /rustc/82e1608dfa6e0b5569232559e3d385fea5a93112/library/std/src/panic.rs:142:14
[INFO] [stdout]   31:     0x561daf6e9c55 - test::run_test_in_process::hc97b257c9621286a
[INFO] [stdout]                                at /rustc/82e1608dfa6e0b5569232559e3d385fea5a93112/library/test/src/lib.rs:651:27
[INFO] [stdout]   32:     0x561daf6e9c55 - test::run_test::{{closure}}::h2aa798823a438d38
[INFO] [stdout]                                at /rustc/82e1608dfa6e0b5569232559e3d385fea5a93112/library/test/src/lib.rs:574:43
[INFO] [stdout]   33:     0x561daf6b1f16 - test::run_test::{{closure}}::h87d231c78fb59832
[INFO] [stdout]                                at /rustc/82e1608dfa6e0b5569232559e3d385fea5a93112/library/test/src/lib.rs:602:41
[INFO] [stdout]   34:     0x561daf6b1f16 - std::sys_common::backtrace::__rust_begin_short_backtrace::he6df152596625789
[INFO] [stdout]                                at /rustc/82e1608dfa6e0b5569232559e3d385fea5a93112/library/std/src/sys_common/backtrace.rs:154:18
[INFO] [stdout]   35:     0x561daf6b6fc7 - std::thread::Builder::spawn_unchecked_::{{closure}}::{{closure}}::ha94be15d1e0acf36
[INFO] [stdout]                                at /rustc/82e1608dfa6e0b5569232559e3d385fea5a93112/library/std/src/thread/mod.rs:529:17
[INFO] [stdout]   36:     0x561daf6b6fc7 - <core::panic::unwind_safe::AssertUnwindSafe<F> as core::ops::function::FnOnce<()>>::call_once::h9dc6bd6372f16606
[INFO] [stdout]                                at /rustc/82e1608dfa6e0b5569232559e3d385fea5a93112/library/core/src/panic/unwind_safe.rs:272:9
[INFO] [stdout]   37:     0x561daf6b6fc7 - std::panicking::try::do_call::h9057517f80303cd4
[INFO] [stdout]                                at /rustc/82e1608dfa6e0b5569232559e3d385fea5a93112/library/std/src/panicking.rs:552:40
[INFO] [stdout]   38:     0x561daf6b6fc7 - std::panicking::try::he3a30b11ee45340c
[INFO] [stdout]                                at /rustc/82e1608dfa6e0b5569232559e3d385fea5a93112/library/std/src/panicking.rs:516:19
[INFO] [stdout]   39:     0x561daf6b6fc7 - std::panic::catch_unwind::h410458cfd3528b8b
[INFO] [stdout]                                at /rustc/82e1608dfa6e0b5569232559e3d385fea5a93112/library/std/src/panic.rs:142:14
[INFO] [stdout]   40:     0x561daf6b6fc7 - std::thread::Builder::spawn_unchecked_::{{closure}}::h72ac3bdb567b737b
[INFO] [stdout]                                at /rustc/82e1608dfa6e0b5569232559e3d385fea5a93112/library/std/src/thread/mod.rs:528:30
[INFO] [stdout]   41:     0x561daf6b6fc7 - core::ops::function::FnOnce::call_once{{vtable.shim}}::h38f34da3654a8344
[INFO] [stdout]                                at /rustc/82e1608dfa6e0b5569232559e3d385fea5a93112/library/core/src/ops/function.rs:250:5
[INFO] [stdout]   42:     0x561dafb7c035 - <alloc::boxed::Box<F,A> as core::ops::function::FnOnce<Args>>::call_once::hc7eafaff61e32df9
[INFO] [stdout]                                at /rustc/82e1608dfa6e0b5569232559e3d385fea5a93112/library/alloc/src/boxed.rs:2007:9
[INFO] [stdout]   43:     0x561dafb7c035 - <alloc::boxed::Box<F,A> as core::ops::function::FnOnce<Args>>::call_once::h6ba4a5de48dd2304
[INFO] [stdout]                                at /rustc/82e1608dfa6e0b5569232559e3d385fea5a93112/library/alloc/src/boxed.rs:2007:9
[INFO] [stdout]   44:     0x561dafb7c035 - std::sys::unix::thread::Thread::new::thread_start::he469335aef763e45
[INFO] [stdout]                                at /rustc/82e1608dfa6e0b5569232559e3d385fea5a93112/library/std/src/sys/unix/thread.rs:108:17
[INFO] [stdout]   45:     0x7fe949129ac3 - <unknown>
[INFO] [stdout]   46:     0x7fe9491babf4 - __clone
[INFO] [stdout]   47:                0x0 - <unknown>
[INFO] [stdout] 
[INFO] [stdout] ---- config::test_config::test_config stdout ----
[INFO] [stdout] thread 'config::test_config::test_config' panicked at src/config/mod.rs:98:48:
[INFO] [stdout] failed to build server config: Os { code: 2, kind: NotFound, message: "No such file or directory" }
[INFO] [stdout] stack backtrace:
[INFO] [stdout]    0:     0x561dafb752cc - std::backtrace_rs::backtrace::libunwind::trace::ha637c64ce894333a
[INFO] [stdout]                                at /rustc/82e1608dfa6e0b5569232559e3d385fea5a93112/library/std/src/../../backtrace/src/backtrace/libunwind.rs:104:5
[INFO] [stdout]    1:     0x561dafb752cc - std::backtrace_rs::backtrace::trace_unsynchronized::h47f62dea28e0c88d
[INFO] [stdout]                                at /rustc/82e1608dfa6e0b5569232559e3d385fea5a93112/library/std/src/../../backtrace/src/backtrace/mod.rs:66:5
[INFO] [stdout]    2:     0x561dafb752cc - std::sys_common::backtrace::_print_fmt::h9eef0abe20ede486
[INFO] [stdout]                                at /rustc/82e1608dfa6e0b5569232559e3d385fea5a93112/library/std/src/sys_common/backtrace.rs:67:5
[INFO] [stdout]    3:     0x561dafb752cc - <std::sys_common::backtrace::_print::DisplayBacktrace as core::fmt::Display>::fmt::hed7f999df88cc644
[INFO] [stdout]                                at /rustc/82e1608dfa6e0b5569232559e3d385fea5a93112/library/std/src/sys_common/backtrace.rs:44:22
[INFO] [stdout]    4:     0x561dafba4150 - core::fmt::rt::Argument::fmt::h1539a9308b8d058d
[INFO] [stdout]                                at /rustc/82e1608dfa6e0b5569232559e3d385fea5a93112/library/core/src/fmt/rt.rs:142:9
[INFO] [stdout]    5:     0x561dafba4150 - core::fmt::write::h3a39390d8560d9c9
[INFO] [stdout]                                at /rustc/82e1608dfa6e0b5569232559e3d385fea5a93112/library/core/src/fmt/mod.rs:1120:17
[INFO] [stdout]    6:     0x561dafb7242f - std::io::Write::write_fmt::h040b369f3a0f9cbc
[INFO] [stdout]                                at /rustc/82e1608dfa6e0b5569232559e3d385fea5a93112/library/std/src/io/mod.rs:1762:15
[INFO] [stdout]    7:     0x561dafb750b4 - std::sys_common::backtrace::_print::h894006fb5c6f3d45
[INFO] [stdout]                                at /rustc/82e1608dfa6e0b5569232559e3d385fea5a93112/library/std/src/sys_common/backtrace.rs:47:5
[INFO] [stdout]    8:     0x561dafb750b4 - std::sys_common::backtrace::print::h23a2d212c6fff936
[INFO] [stdout]                                at /rustc/82e1608dfa6e0b5569232559e3d385fea5a93112/library/std/src/sys_common/backtrace.rs:34:9
[INFO] [stdout]    9:     0x561dafb76d77 - std::panicking::default_hook::{{closure}}::h8a1d2ee00185001a
[INFO] [stdout]   10:     0x561dafb76a63 - std::panicking::default_hook::h6038f2eba384e475
[INFO] [stdout]                                at /rustc/82e1608dfa6e0b5569232559e3d385fea5a93112/library/std/src/panicking.rs:289:9
[INFO] [stdout]   11:     0x561daf6e55e7 - <alloc::boxed::Box<F,A> as core::ops::function::Fn<Args>>::call::h0ad024c9bdc6d768
[INFO] [stdout]                                at /rustc/82e1608dfa6e0b5569232559e3d385fea5a93112/library/alloc/src/boxed.rs:2021:9
[INFO] [stdout]   12:     0x561daf6e55e7 - test::test_main::{{closure}}::h7500b54257359db6
[INFO] [stdout]                                at /rustc/82e1608dfa6e0b5569232559e3d385fea5a93112/library/test/src/lib.rs:138:21
[INFO] [stdout]   13:     0x561dafb77388 - <alloc::boxed::Box<F,A> as core::ops::function::Fn<Args>>::call::h1f8f335eaa9cfaee
[INFO] [stdout]                                at /rustc/82e1608dfa6e0b5569232559e3d385fea5a93112/library/alloc/src/boxed.rs:2021:9
[INFO] [stdout]   14:     0x561dafb77388 - std::panicking::rust_panic_with_hook::h2b5517d590cab22e
[INFO] [stdout]                                at /rustc/82e1608dfa6e0b5569232559e3d385fea5a93112/library/std/src/panicking.rs:783:13
[INFO] [stdout]   15:     0x561dafb770de - std::panicking::begin_panic_handler::{{closure}}::h233112c06e0ef43e
[INFO] [stdout]                                at /rustc/82e1608dfa6e0b5569232559e3d385fea5a93112/library/std/src/panicking.rs:657:13
[INFO] [stdout]   16:     0x561dafb75796 - std::sys_common::backtrace::__rust_end_short_backtrace::h6e893f24d7ebbff8
[INFO] [stdout]                                at /rustc/82e1608dfa6e0b5569232559e3d385fea5a93112/library/std/src/sys_common/backtrace.rs:170:18
[INFO] [stdout]   17:     0x561dafb76e42 - rust_begin_unwind
[INFO] [stdout]                                at /rustc/82e1608dfa6e0b5569232559e3d385fea5a93112/library/std/src/panicking.rs:645:5
[INFO] [stdout]   18:     0x561daf4cf485 - core::panicking::panic_fmt::hbf0e066aabfa482c
[INFO] [stdout]                                at /rustc/82e1608dfa6e0b5569232559e3d385fea5a93112/library/core/src/panicking.rs:72:14
[INFO] [stdout]   19:     0x561daf4cfab3 - core::result::unwrap_failed::hddb4fea594200c52
[INFO] [stdout]                                at /rustc/82e1608dfa6e0b5569232559e3d385fea5a93112/library/core/src/result.rs:1653:5
[INFO] [stdout]   20:     0x561daf4e4041 - core::result::Result<T,E>::expect::h607c9aea07bc28b7
[INFO] [stdout]                                at /rustc/82e1608dfa6e0b5569232559e3d385fea5a93112/library/core/src/result.rs:1034:23
[INFO] [stdout]   21:     0x561daf4f01ea - quicnet::config::test_config::make_server::h343fc00a675a2543
[INFO] [stdout]                                at /opt/rustwide/workdir/src/config/mod.rs:98:13
[INFO] [stdout]   22:     0x561daf4f33f5 - quicnet::config::test_config::test_config::{{closure}}::h1f0488589a4064e1
[INFO] [stdout]                                at /opt/rustwide/workdir/src/config/mod.rs:64:34
[INFO] [stdout]   23:     0x561daf51e608 - <core::pin::Pin<P> as core::future::future::Future>::poll::h2843c8274d5179d6
[INFO] [stdout]                                at /rustc/82e1608dfa6e0b5569232559e3d385fea5a93112/library/core/src/future/future.rs:125:9
[INFO] [stdout]   24:     0x561daf51e71b - <core::pin::Pin<P> as core::future::future::Future>::poll::hc6138a674b29c26d
[INFO] [stdout]                                at /rustc/82e1608dfa6e0b5569232559e3d385fea5a93112/library/core/src/future/future.rs:125:9
[INFO] [stdout]   25:     0x561daf514104 - tokio::runtime::scheduler::current_thread::CoreGuard::block_on::{{closure}}::{{closure}}::{{closure}}::hb3ba863a13a211b4
[INFO] [stdout]                                at /opt/rustwide/cargo-home/registry/src/index.crates.io-6f17d22bba15001f/tokio-1.32.0/src/runtime/scheduler/current_thread/mod.rs:665:57
[INFO] [stdout]   26:     0x561daf51402a - tokio::runtime::coop::with_budget::h604359192732047a
[INFO] [stdout]                                at /opt/rustwide/cargo-home/registry/src/index.crates.io-6f17d22bba15001f/tokio-1.32.0/src/runtime/coop.rs:107:5
[INFO] [stdout]   27:     0x561daf51402a - tokio::runtime::coop::budget::hb5a409a96b9b1dfa
[INFO] [stdout]                                at /opt/rustwide/cargo-home/registry/src/index.crates.io-6f17d22bba15001f/tokio-1.32.0/src/runtime/coop.rs:73:5
[INFO] [stdout]   28:     0x561daf51402a - tokio::runtime::scheduler::current_thread::CoreGuard::block_on::{{closure}}::{{closure}}::h39ba6a21883fff93
[INFO] [stdout]                                at /opt/rustwide/cargo-home/registry/src/index.crates.io-6f17d22bba15001f/tokio-1.32.0/src/runtime/scheduler/current_thread/mod.rs:665:25
[INFO] [stdout]   29:     0x561daf5129dc - tokio::runtime::scheduler::current_thread::Context::enter::ha05d4d1f3517026b
[INFO] [stdout]                                at /opt/rustwide/cargo-home/registry/src/index.crates.io-6f17d22bba15001f/tokio-1.32.0/src/runtime/scheduler/current_thread/mod.rs:410:19
[INFO] [stdout]   30:     0x561daf51383b - tokio::runtime::scheduler::current_thread::CoreGuard::block_on::{{closure}}::h919dad1576c5f26a
[INFO] [stdout]                                at /opt/rustwide/cargo-home/registry/src/index.crates.io-6f17d22bba15001f/tokio-1.32.0/src/runtime/scheduler/current_thread/mod.rs:664:36
[INFO] [stdout]   31:     0x561daf51354b - tokio::runtime::scheduler::current_thread::CoreGuard::enter::{{closure}}::h41622d5f09ff8661
[INFO] [stdout]                                at /opt/rustwide/cargo-home/registry/src/index.crates.io-6f17d22bba15001f/tokio-1.32.0/src/runtime/scheduler/current_thread/mod.rs:743:68
[INFO] [stdout]   32:     0x561daf4f6f4b - tokio::runtime::context::scoped::Scoped<T>::set::h1f8014ded2954fd7
[INFO] [stdout]                                at /opt/rustwide/cargo-home/registry/src/index.crates.io-6f17d22bba15001f/tokio-1.32.0/src/runtime/context/scoped.rs:40:9
[INFO] [stdout]   33:     0x561daf515cd9 - tokio::runtime::context::set_scheduler::{{closure}}::habc8feee9c038f89
[INFO] [stdout]                                at /opt/rustwide/cargo-home/registry/src/index.crates.io-6f17d22bba15001f/tokio-1.32.0/src/runtime/context.rs:176:26
[INFO] [stdout]   34:     0x561daf4f5366 - std::thread::local::LocalKey<T>::try_with::h34d55515d40a8561
[INFO] [stdout]                                at /rustc/82e1608dfa6e0b5569232559e3d385fea5a93112/library/std/src/thread/local.rs:270:16
[INFO] [stdout]   35:     0x561daf4f4aca - std::thread::local::LocalKey<T>::with::he9e6ef8800f6bddd
[INFO] [stdout]                                at /rustc/82e1608dfa6e0b5569232559e3d385fea5a93112/library/std/src/thread/local.rs:246:9
[INFO] [stdout]   36:     0x561daf515c8d - tokio::runtime::context::set_scheduler::h7937a7640a79f5f6
[INFO] [stdout]                                at /opt/rustwide/cargo-home/registry/src/index.crates.io-6f17d22bba15001f/tokio-1.32.0/src/runtime/context.rs:176:9
[INFO] [stdout]   37:     0x561daf5132e0 - tokio::runtime::scheduler::current_thread::CoreGuard::enter::h3380edaca55a9c39
[INFO] [stdout]                                at /opt/rustwide/cargo-home/registry/src/index.crates.io-6f17d22bba15001f/tokio-1.32.0/src/runtime/scheduler/current_thread/mod.rs:743:27
[INFO] [stdout]   38:     0x561daf51357d - tokio::runtime::scheduler::current_thread::CoreGuard::block_on::h867349df9bf34f7e
[INFO] [stdout]                                at /opt/rustwide/cargo-home/registry/src/index.crates.io-6f17d22bba15001f/tokio-1.32.0/src/runtime/scheduler/current_thread/mod.rs:652:19
[INFO] [stdout]   39:     0x561daf511a4d - tokio::runtime::scheduler::current_thread::CurrentThread::block_on::{{closure}}::h604d8673c46e7c8d
[INFO] [stdout]                                at /opt/rustwide/cargo-home/registry/src/index.crates.io-6f17d22bba15001f/tokio-1.32.0/src/runtime/scheduler/current_thread/mod.rs:175:28
[INFO] [stdout]   40:     0x561daf4fed9a - tokio::runtime::context::runtime::enter_runtime::h568cfbe4192e94ae
[INFO] [stdout]                                at /opt/rustwide/cargo-home/registry/src/index.crates.io-6f17d22bba15001f/tokio-1.32.0/src/runtime/context/runtime.rs:65:16
[INFO] [stdout]   41:     0x561daf511960 - tokio::runtime::scheduler::current_thread::CurrentThread::block_on::h079367c5c0e2028f
[INFO] [stdout]                                at /opt/rustwide/cargo-home/registry/src/index.crates.io-6f17d22bba15001f/tokio-1.32.0/src/runtime/scheduler/current_thread/mod.rs:167:9
[INFO] [stdout]   42:     0x561daf51178d - tokio::runtime::runtime::Runtime::block_on::hcc3c7da16e8c28f4
[INFO] [stdout]                                at /opt/rustwide/cargo-home/registry/src/index.crates.io-6f17d22bba15001f/tokio-1.32.0/src/runtime/runtime.rs:347:47
[INFO] [stdout]   43:     0x561daf4f32b8 - quicnet::config::test_config::test_config::h25f2f0afc91a0844
[INFO] [stdout]                                at /opt/rustwide/workdir/src/config/mod.rs:90:9
[INFO] [stdout]   44:     0x561daf4f3147 - quicnet::config::test_config::test_config::{{closure}}::he7785b76812d8ddd
[INFO] [stdout]                                at /opt/rustwide/workdir/src/config/mod.rs:63:27
[INFO] [stdout]   45:     0x561daf4fad16 - core::ops::function::FnOnce::call_once::h8cbbdb14d0779a9f
[INFO] [stdout]                                at /rustc/82e1608dfa6e0b5569232559e3d385fea5a93112/library/core/src/ops/function.rs:250:5
[INFO] [stdout]   46:     0x561daf6eac3f - core::ops::function::FnOnce::call_once::h2b5d431d5046312d
[INFO] [stdout]                                at /rustc/82e1608dfa6e0b5569232559e3d385fea5a93112/library/core/src/ops/function.rs:250:5
[INFO] [stdout]   47:     0x561daf6eac3f - test::__rust_begin_short_backtrace::h7714669af176e207
[INFO] [stdout]                                at /rustc/82e1608dfa6e0b5569232559e3d385fea5a93112/library/test/src/lib.rs:628:18
[INFO] [stdout]   48:     0x561daf6e9c55 - test::run_test_in_process::{{closure}}::h85218797dcbcec12
[INFO] [stdout]                                at /rustc/82e1608dfa6e0b5569232559e3d385fea5a93112/library/test/src/lib.rs:651:60
[INFO] [stdout]   49:     0x561daf6e9c55 - <core::panic::unwind_safe::AssertUnwindSafe<F> as core::ops::function::FnOnce<()>>::call_once::h76c106ea31c14d7b
[INFO] [stdout]                                at /rustc/82e1608dfa6e0b5569232559e3d385fea5a93112/library/core/src/panic/unwind_safe.rs:272:9
[INFO] [stdout]   50:     0x561daf6e9c55 - std::panicking::try::do_call::h3bd5d0f6620ee946
[INFO] [stdout]                                at /rustc/82e1608dfa6e0b5569232559e3d385fea5a93112/library/std/src/panicking.rs:552:40
[INFO] [stdout]   51:     0x561daf6e9c55 - std::panicking::try::h232e535e4744fe31
[INFO] [stdout]                                at /rustc/82e1608dfa6e0b5569232559e3d385fea5a93112/library/std/src/panicking.rs:516:19
[INFO] [stdout]   52:     0x561daf6e9c55 - std::panic::catch_unwind::h3ce3bd6ca8dbac68
[INFO] [stdout]                                at /rustc/82e1608dfa6e0b5569232559e3d385fea5a93112/library/std/src/panic.rs:142:14
[INFO] [stdout]   53:     0x561daf6e9c55 - test::run_test_in_process::hc97b257c9621286a
[INFO] [stdout]                                at /rustc/82e1608dfa6e0b5569232559e3d385fea5a93112/library/test/src/lib.rs:651:27
[INFO] [stdout]   54:     0x561daf6e9c55 - test::run_test::{{closure}}::h2aa798823a438d38
[INFO] [stdout]                                at /rustc/82e1608dfa6e0b5569232559e3d385fea5a93112/library/test/src/lib.rs:574:43
[INFO] [stdout]   55:     0x561daf6b1f16 - test::run_test::{{closure}}::h87d231c78fb59832
[INFO] [stdout]                                at /rustc/82e1608dfa6e0b5569232559e3d385fea5a93112/library/test/src/lib.rs:602:41
[INFO] [stdout]   56:     0x561daf6b1f16 - std::sys_common::backtrace::__rust_begin_short_backtrace::he6df152596625789
[INFO] [stdout]                                at /rustc/82e1608dfa6e0b5569232559e3d385fea5a93112/library/std/src/sys_common/backtrace.rs:154:18
[INFO] [stdout]   57:     0x561daf6b6fc7 - std::thread::Builder::spawn_unchecked_::{{closure}}::{{closure}}::ha94be15d1e0acf36
[INFO] [stdout]                                at /rustc/82e1608dfa6e0b5569232559e3d385fea5a93112/library/std/src/thread/mod.rs:529:17
[INFO] [stdout]   58:     0x561daf6b6fc7 - <core::panic::unwind_safe::AssertUnwindSafe<F> as core::ops::function::FnOnce<()>>::call_once::h9dc6bd6372f16606
[INFO] [stdout]                                at /rustc/82e1608dfa6e0b5569232559e3d385fea5a93112/library/core/src/panic/unwind_safe.rs:272:9
[INFO] [stdout]   59:     0x561daf6b6fc7 - std::panicking::try::do_call::h9057517f80303cd4
[INFO] [stdout]                                at /rustc/82e1608dfa6e0b5569232559e3d385fea5a93112/library/std/src/panicking.rs:552:40
[INFO] [stdout]   60:     0x561daf6b6fc7 - std::panicking::try::he3a30b11ee45340c
[INFO] [stdout]                                at /rustc/82e1608dfa6e0b5569232559e3d385fea5a93112/library/std/src/panicking.rs:516:19
[INFO] [stdout]   61:     0x561daf6b6fc7 - std::panic::catch_unwind::h410458cfd3528b8b
[INFO] [stdout]                                at /rustc/82e1608dfa6e0b5569232559e3d385fea5a93112/library/std/src/panic.rs:142:14
[INFO] [stdout]   62:     0x561daf6b6fc7 - std::thread::Builder::spawn_unchecked_::{{closure}}::h72ac3bdb567b737b
[INFO] [stdout]                                at /rustc/82e1608dfa6e0b5569232559e3d385fea5a93112/library/std/src/thread/mod.rs:528:30
[INFO] [stdout]   63:     0x561daf6b6fc7 - core::ops::function::FnOnce::call_once{{vtable.shim}}::h38f34da3654a8344
[INFO] [stdout]                                at /rustc/82e1608dfa6e0b5569232559e3d385fea5a93112/library/core/src/ops/function.rs:250:5
[INFO] [stdout]   64:     0x561dafb7c035 - <alloc::boxed::Box<F,A> as core::ops::function::FnOnce<Args>>::call_once::hc7eafaff61e32df9
[INFO] [stdout]                                at /rustc/82e1608dfa6e0b5569232559e3d385fea5a93112/library/alloc/src/boxed.rs:2007:9
[INFO] [stdout]   65:     0x561dafb7c035 - <alloc::boxed::Box<F,A> as core::ops::function::FnOnce<Args>>::call_once::h6ba4a5de48dd2304
[INFO] [stdout]                                at /rustc/82e1608dfa6e0b5569232559e3d385fea5a93112/library/alloc/src/boxed.rs:2007:9
[INFO] [stdout]   66:     0x561dafb7c035 - std::sys::unix::thread::Thread::new::thread_start::he469335aef763e45
[INFO] [stdout]                                at /rustc/82e1608dfa6e0b5569232559e3d385fea5a93112/library/std/src/sys/unix/thread.rs:108:17
[INFO] [stdout]   67:     0x7fe949129ac3 - <unknown>
[INFO] [stdout]   68:     0x7fe9491babf4 - __clone
[INFO] [stdout]   69:                0x0 - <unknown>
[INFO] [stdout] 
[INFO] [stdout] 
[INFO] [stdout] failures:
[INFO] [stdout]     config::test_config::test_config
[INFO] [stdout]     config::tls::tls_tests::test_concat
[INFO] [stdout]     config::tls::tls_tests::test_empty_cert
[INFO] [stdout]     config::tls::tls_tests::test_server_config
[INFO] [stdout] 
[INFO] [stdout] test result: FAILED. 1 passed; 4 failed; 0 ignored; 0 measured; 0 filtered out; finished in 0.04s
[INFO] [stdout] 
[INFO] [stderr] error: test failed, to rerun pass `--lib`
[INFO] running `Command { std: "docker" "inspect" "840c59128bc97a722439b3a2a2b4408b85ed521148cd72ed2eabcfab471001b3", kill_on_drop: false }`
[INFO] running `Command { std: "docker" "rm" "-f" "840c59128bc97a722439b3a2a2b4408b85ed521148cd72ed2eabcfab471001b3", kill_on_drop: false }`
[INFO] [stdout] 840c59128bc97a722439b3a2a2b4408b85ed521148cd72ed2eabcfab471001b3
