[INFO] cloning repository https://github.com/CephHunter/Runescape-perk-solver
[INFO] running `Command { std: "git" "-c" "credential.helper=" "-c" "credential.helper=/workspace/cargo-home/bin/git-credential-null" "clone" "--bare" "https://github.com/CephHunter/Runescape-perk-solver" "/workspace/cache/git-repos/https%3A%2F%2Fgithub.com%2FCephHunter%2FRunescape-perk-solver", kill_on_drop: false }`
[INFO] [stderr] Cloning into bare repository '/workspace/cache/git-repos/https%3A%2F%2Fgithub.com%2FCephHunter%2FRunescape-perk-solver'...
[INFO] running `Command { std: "git" "rev-parse" "HEAD", kill_on_drop: false }`
[INFO] [stdout] 2a733dfd83b8a41cb16a0b2d1b09c1eb7f17c64c
[INFO] testing CephHunter/Runescape-perk-solver against 1.75.0 for beta-1.76-1
[INFO] running `Command { std: "git" "clone" "/workspace/cache/git-repos/https%3A%2F%2Fgithub.com%2FCephHunter%2FRunescape-perk-solver" "/workspace/builds/worker-7-tc1/source", kill_on_drop: false }`
[INFO] [stderr] Cloning into '/workspace/builds/worker-7-tc1/source'...
[INFO] [stderr] done.
[INFO] validating manifest of git repo https://github.com/CephHunter/Runescape-perk-solver on toolchain 1.75.0
[INFO] running `Command { std: CARGO_HOME="/workspace/cargo-home" RUSTUP_HOME="/workspace/rustup-home" "/workspace/cargo-home/bin/cargo" "+1.75.0" "metadata" "--manifest-path" "Cargo.toml" "--no-deps", kill_on_drop: false }`
[INFO] started tweaking git repo https://github.com/CephHunter/Runescape-perk-solver
[INFO] finished tweaking git repo https://github.com/CephHunter/Runescape-perk-solver
[INFO] tweaked toml for git repo https://github.com/CephHunter/Runescape-perk-solver written to /workspace/builds/worker-7-tc1/source/Cargo.toml
[INFO] crate git repo https://github.com/CephHunter/Runescape-perk-solver already has a lockfile, it will not be regenerated
[INFO] running `Command { std: CARGO_HOME="/workspace/cargo-home" RUSTUP_HOME="/workspace/rustup-home" "/workspace/cargo-home/bin/cargo" "+1.75.0" "fetch" "--manifest-path" "Cargo.toml", kill_on_drop: false }`
[INFO] [stderr]     Updating crates.io index
[INFO] [stderr]  Downloading crates ...
[INFO] [stderr]   Downloaded gtk3-macros v0.15.6
[INFO] [stderr]   Downloaded webbrowser v0.8.8
[INFO] [stderr]   Downloaded len-trait v0.6.1
[INFO] [stderr]   Downloaded execute v0.2.12
[INFO] [stderr]   Downloaded howlong v0.1.7
[INFO] running `Command { std: "docker" "create" "-v" "/var/lib/crater-agent-workspace/builds/worker-7-tc1/target:/opt/rustwide/target:rw,Z" "-v" "/var/lib/crater-agent-workspace/builds/worker-7-tc1/source:/opt/rustwide/workdir:ro,Z" "-v" "/var/lib/crater-agent-workspace/cargo-home:/opt/rustwide/cargo-home:ro,Z" "-v" "/var/lib/crater-agent-workspace/rustup-home:/opt/rustwide/rustup-home:ro,Z" "-e" "SOURCE_DIR=/opt/rustwide/workdir" "-e" "CARGO_TARGET_DIR=/opt/rustwide/target" "-e" "CARGO_HOME=/opt/rustwide/cargo-home" "-e" "RUSTUP_HOME=/opt/rustwide/rustup-home" "-w" "/opt/rustwide/workdir" "-m" "1610612736" "--user" "0:0" "--network" "none" "ghcr.io/rust-lang/crates-build-env/linux@sha256:2788e3201cd34a07e3172128adcd8b3090168a8e3bcc40d7c032b9dda1df7d1c" "/opt/rustwide/cargo-home/bin/cargo" "+1.75.0" "metadata" "--no-deps" "--format-version=1", kill_on_drop: false }`
[INFO] [stdout] a5880afae4dd4e83ab8a5847aea1fad14454e86bafa76ae3d9535dde6cec8c2c
[INFO] running `Command { std: "docker" "start" "-a" "a5880afae4dd4e83ab8a5847aea1fad14454e86bafa76ae3d9535dde6cec8c2c", kill_on_drop: false }`
[INFO] running `Command { std: "docker" "inspect" "a5880afae4dd4e83ab8a5847aea1fad14454e86bafa76ae3d9535dde6cec8c2c", kill_on_drop: false }`
[INFO] running `Command { std: "docker" "rm" "-f" "a5880afae4dd4e83ab8a5847aea1fad14454e86bafa76ae3d9535dde6cec8c2c", kill_on_drop: false }`
[INFO] [stdout] a5880afae4dd4e83ab8a5847aea1fad14454e86bafa76ae3d9535dde6cec8c2c
[INFO] running `Command { std: "docker" "create" "-v" "/var/lib/crater-agent-workspace/builds/worker-7-tc1/target:/opt/rustwide/target:rw,Z" "-v" "/var/lib/crater-agent-workspace/builds/worker-7-tc1/source:/opt/rustwide/workdir:ro,Z" "-v" "/var/lib/crater-agent-workspace/cargo-home:/opt/rustwide/cargo-home:ro,Z" "-v" "/var/lib/crater-agent-workspace/rustup-home:/opt/rustwide/rustup-home:ro,Z" "-e" "SOURCE_DIR=/opt/rustwide/workdir" "-e" "CARGO_TARGET_DIR=/opt/rustwide/target" "-e" "CARGO_INCREMENTAL=0" "-e" "RUST_BACKTRACE=full" "-e" "RUSTFLAGS=--cap-lints=warn" "-e" "RUSTDOCFLAGS=--cap-lints=warn" "-e" "CARGO_HOME=/opt/rustwide/cargo-home" "-e" "RUSTUP_HOME=/opt/rustwide/rustup-home" "-w" "/opt/rustwide/workdir" "-m" "1610612736" "--user" "0:0" "--network" "none" "ghcr.io/rust-lang/crates-build-env/linux@sha256:2788e3201cd34a07e3172128adcd8b3090168a8e3bcc40d7c032b9dda1df7d1c" "/opt/rustwide/cargo-home/bin/cargo" "+1.75.0" "build" "--frozen" "--message-format=json", kill_on_drop: false }`
[INFO] [stdout] e397166ffd79449fcefb597c512a00d27e2d7809fbe42fcbe0552f05090b3c94
[INFO] running `Command { std: "docker" "start" "-a" "e397166ffd79449fcefb597c512a00d27e2d7809fbe42fcbe0552f05090b3c94", kill_on_drop: false }`
[INFO] [stderr]    Compiling proc-macro2 v1.0.64
[INFO] [stderr]    Compiling quote v1.0.29
[INFO] [stderr]    Compiling unicode-ident v1.0.5
[INFO] [stderr]    Compiling libc v0.2.147
[INFO] [stderr]    Compiling syn v1.0.109
[INFO] [stderr]    Compiling once_cell v1.18.0
[INFO] [stderr]    Compiling cc v1.0.76
[INFO] [stderr]    Compiling pkg-config v0.3.26
[INFO] [stderr]    Compiling bytes v1.3.0
[INFO] [stderr]    Compiling futures-core v0.3.27
[INFO] [stderr]    Compiling tokio v1.29.1
[INFO] [stderr]    Compiling itoa v1.0.4
[INFO] [stderr]    Compiling log v0.4.17
[INFO] [stderr]    Compiling rustix v0.38.3
[INFO] [stderr]    Compiling futures-task v0.3.27
[INFO] [stderr]    Compiling siphasher v0.3.10
[INFO] [stderr]    Compiling ppv-lite86 v0.2.17
[INFO] [stderr]    Compiling tracing-core v0.1.30
[INFO] [stderr]    Compiling futures-util v0.3.27
[INFO] [stderr]    Compiling bitflags v2.3.3
[INFO] [stderr]    Compiling linux-raw-sys v0.4.3
[INFO] [stderr]    Compiling serde v1.0.171
[INFO] [stderr]    Compiling openssl v0.10.45
[INFO] [stderr]    Compiling native-tls v0.2.11
[INFO] [stderr]    Compiling http v0.2.8
[INFO] [stderr]    Compiling proc-macro-hack v0.5.20+deprecated
[INFO] [stderr]    Compiling futures-io v0.3.27
[INFO] [stderr]    Compiling futures-channel v0.3.27
[INFO] [stderr]    Compiling futures-sink v0.3.27
[INFO] [stderr]    Compiling tracing v0.1.37
[INFO] [stderr]    Compiling phf_shared v0.10.0
[INFO] [stderr]    Compiling utf8parse v0.2.1
[INFO] [stderr]    Compiling rustversion v1.0.11
[INFO] [stderr]    Compiling heck v0.4.1
[INFO] [stderr]    Compiling try-lock v0.2.4
[INFO] [stderr]    Compiling want v0.3.0
[INFO] [stderr]    Compiling anstyle-parse v0.2.1
[INFO] [stderr]    Compiling colorchoice v1.0.0
[INFO] [stderr]    Compiling anstyle-query v1.0.0
[INFO] [stderr]    Compiling portable-atomic v1.3.3
[INFO] [stderr]    Compiling anstyle v1.0.1
[INFO] [stderr]    Compiling getrandom v0.2.8
[INFO] [stderr]    Compiling num_cpus v1.16.0
[INFO] [stderr]    Compiling syn v2.0.25
[INFO] [stderr]    Compiling mio v0.8.8
[INFO] [stderr]    Compiling socket2 v0.4.9
[INFO] [stderr]    Compiling rand_core v0.6.4
[INFO] [stderr]    Compiling http-body v0.4.5
[INFO] [stderr]    Compiling aho-corasick v1.0.2
[INFO] [stderr]    Compiling openssl-sys v0.9.80
[INFO] [stderr]    Compiling rand_chacha v0.3.1
[INFO] [stderr]    Compiling is-terminal v0.4.9
[INFO] [stderr]    Compiling anstream v0.3.2
[INFO] [stderr]    Compiling clap_lex v0.5.0
[INFO] [stderr]    Compiling rand v0.8.5
[INFO] [stderr]    Compiling regex-syntax v0.7.3
[INFO] [stderr]    Compiling serde_json v1.0.100
[INFO] [stderr]    Compiling strsim v0.10.0
[INFO] [stderr]    Compiling unicode-width v0.1.10
[INFO] [stderr]    Compiling console v0.15.4
[INFO] [stderr]    Compiling clap_builder v4.3.11
[INFO] [stderr]    Compiling convert_case v0.4.0
[INFO] [stderr]    Compiling base64 v0.21.2
[INFO] [stderr]    Compiling ipnet v2.7.1
[INFO] [stderr]    Compiling number_prefix v0.4.0
[INFO] [stderr]    Compiling phf_generator v0.10.0
[INFO] [stderr]    Compiling either v1.8.0
[INFO] [stderr]    Compiling cfg-if v0.1.10
[INFO] [stderr]    Compiling indicatif v0.17.5
[INFO] [stderr]    Compiling len-trait v0.6.1
[INFO] [stderr]    Compiling colored v2.0.4
[INFO] [stderr]    Compiling itertools v0.11.0
[INFO] [stderr]    Compiling threadpool v1.8.1
[INFO] [stderr]    Compiling smallvec v1.11.0
[INFO] [stderr]    Compiling toml v0.5.11
[INFO] [stderr]    Compiling regex-automata v0.3.2
[INFO] [stderr]    Compiling winres v0.1.12
[INFO] [stderr]    Compiling perk_solver v1.7.0 (/opt/rustwide/workdir)
[INFO] [stderr]    Compiling serde_derive v1.0.171
[INFO] [stderr]    Compiling strum_macros v0.25.1
[INFO] [stderr]    Compiling clap_derive v4.3.2
[INFO] [stderr]    Compiling tokio-util v0.7.4
[INFO] [stderr]    Compiling openssl-macros v0.1.0
[INFO] [stderr]    Compiling ext-trait-proc_macros v1.0.1
[INFO] [stderr]    Compiling phf_macros v0.10.0
[INFO] [stderr]    Compiling derive_more v0.99.17
[INFO] [stderr]    Compiling derivative v2.2.0
[INFO] [stderr]    Compiling h2 v0.3.15
[INFO] [stderr]    Compiling regex v1.9.1
[INFO] [stderr]    Compiling ext-trait v1.0.1
[INFO] [stderr]    Compiling extension-traits v1.0.1
[INFO] [stderr]    Compiling uninit v0.5.1
[INFO] [stderr]    Compiling phf v0.10.1
[INFO] [stderr]    Compiling strum v0.25.0
[INFO] [stderr]    Compiling clap v4.3.11
[INFO] [stderr]    Compiling hyper v0.14.23
[INFO] [stderr]    Compiling tokio-native-tls v0.3.0
[INFO] [stderr]    Compiling hyper-tls v0.5.0
[INFO] [stderr]    Compiling serde_urlencoded v0.7.1
[INFO] [stderr]    Compiling reqwest v0.11.18
[INFO] [stdout] warning: variable does not need to be mutable
[INFO] [stdout]   --> src/perk_values.rs:35:21
[INFO] [stdout]    |
[INFO] [stdout] 35 |                 let mut values: &mut PartialPerkValues =
[INFO] [stdout]    |                     ----^^^^^^
[INFO] [stdout]    |                     |
[INFO] [stdout]    |                     help: remove this `mut`
[INFO] [stdout]    |
[INFO] [stdout]    = note: `#[warn(unused_mut)]` on by default
[INFO] [stdout] 
[INFO] [stdout] 
[INFO] [stdout] warning: variable does not need to be mutable
[INFO] [stdout]    --> src/perk_values.rs:117:17
[INFO] [stdout]     |
[INFO] [stdout] 117 |             let mut container = unsafe { perk_values.ranks.get_unchecked_mut(i) };
[INFO] [stdout]     |                 ----^^^^^^^^^
[INFO] [stdout]     |                 |
[INFO] [stdout]     |                 help: remove this `mut`
[INFO] [stdout] 
[INFO] [stdout] 
[INFO] [stdout] warning: 2 warnings emitted
[INFO] [stdout] 
[INFO] [stdout] 
[INFO] [stderr]     Finished dev [unoptimized + debuginfo] target(s) in 14.26s
[INFO] running `Command { std: "docker" "inspect" "e397166ffd79449fcefb597c512a00d27e2d7809fbe42fcbe0552f05090b3c94", kill_on_drop: false }`
[INFO] running `Command { std: "docker" "rm" "-f" "e397166ffd79449fcefb597c512a00d27e2d7809fbe42fcbe0552f05090b3c94", kill_on_drop: false }`
[INFO] [stdout] e397166ffd79449fcefb597c512a00d27e2d7809fbe42fcbe0552f05090b3c94
[INFO] running `Command { std: "docker" "create" "-v" "/var/lib/crater-agent-workspace/builds/worker-7-tc1/target:/opt/rustwide/target:rw,Z" "-v" "/var/lib/crater-agent-workspace/builds/worker-7-tc1/source:/opt/rustwide/workdir:ro,Z" "-v" "/var/lib/crater-agent-workspace/cargo-home:/opt/rustwide/cargo-home:ro,Z" "-v" "/var/lib/crater-agent-workspace/rustup-home:/opt/rustwide/rustup-home:ro,Z" "-e" "SOURCE_DIR=/opt/rustwide/workdir" "-e" "CARGO_TARGET_DIR=/opt/rustwide/target" "-e" "CARGO_INCREMENTAL=0" "-e" "RUST_BACKTRACE=full" "-e" "RUSTFLAGS=--cap-lints=warn" "-e" "RUSTDOCFLAGS=--cap-lints=warn" "-e" "CARGO_HOME=/opt/rustwide/cargo-home" "-e" "RUSTUP_HOME=/opt/rustwide/rustup-home" "-w" "/opt/rustwide/workdir" "-m" "1610612736" "--user" "0:0" "--network" "none" "ghcr.io/rust-lang/crates-build-env/linux@sha256:2788e3201cd34a07e3172128adcd8b3090168a8e3bcc40d7c032b9dda1df7d1c" "/opt/rustwide/cargo-home/bin/cargo" "+1.75.0" "test" "--frozen" "--no-run" "--message-format=json", kill_on_drop: false }`
[INFO] [stdout] d743903a8cddee99f76554f7dc00c911d35cc7d8501fe92e8d60e083ce04f163
[INFO] running `Command { std: "docker" "start" "-a" "d743903a8cddee99f76554f7dc00c911d35cc7d8501fe92e8d60e083ce04f163", kill_on_drop: false }`
[INFO] [stderr]    Compiling serde v1.0.171
[INFO] [stderr]    Compiling crossbeam-utils v0.8.14
[INFO] [stderr]    Compiling memoffset v0.7.1
[INFO] [stderr]    Compiling crossbeam-epoch v0.9.13
[INFO] [stderr]    Compiling num-traits v0.2.15
[INFO] [stderr]    Compiling proc-macro-error v1.0.4
[INFO] [stderr]    Compiling rayon-core v1.10.2
[INFO] [stderr]    Compiling proc-macro-error-attr v1.0.4
[INFO] [stderr]    Compiling os_str_bytes v6.4.0
[INFO] [stderr]    Compiling plotters-backend v0.3.4
[INFO] [stderr]    Compiling ciborium-io v0.2.0
[INFO] [stderr]    Compiling half v1.8.2
[INFO] [stderr]    Compiling itertools v0.10.5
[INFO] [stderr]    Compiling cast v0.3.0
[INFO] [stderr]    Compiling textwrap v0.16.0
[INFO] [stderr]    Compiling atty v0.2.14
[INFO] [stderr]    Compiling oorandom v11.1.3
[INFO] [stderr]    Compiling anes v0.1.6
[INFO] [stderr]    Compiling clap_lex v0.2.4
[INFO] [stderr]    Compiling plotters-svg v0.3.3
[INFO] [stderr]    Compiling ciborium-ll v0.2.0
[INFO] [stderr]    Compiling clap v3.2.23
[INFO] [stderr]    Compiling crossbeam-channel v0.5.6
[INFO] [stderr]    Compiling test-case-macros v2.2.2
[INFO] [stderr]    Compiling crossbeam-deque v0.8.2
[INFO] [stderr]    Compiling criterion-plot v0.5.0
[INFO] [stderr]    Compiling plotters v0.3.4
[INFO] [stderr]    Compiling approx v0.5.1
[INFO] [stderr]    Compiling rayon v1.6.1
[INFO] [stderr]    Compiling test-case v2.2.2
[INFO] [stderr]    Compiling serde_json v1.0.100
[INFO] [stderr]    Compiling serde_urlencoded v0.7.1
[INFO] [stderr]    Compiling ciborium v0.2.0
[INFO] [stderr]    Compiling reqwest v0.11.18
[INFO] [stderr]    Compiling tinytemplate v1.2.1
[INFO] [stderr]    Compiling criterion v0.4.0
[INFO] [stderr]    Compiling perk_solver v1.7.0 (/opt/rustwide/workdir)
[INFO] [stdout] warning: variable does not need to be mutable
[INFO] [stdout]   --> src/perk_values.rs:35:21
[INFO] [stdout]    |
[INFO] [stdout] 35 |                 let mut values: &mut PartialPerkValues =
[INFO] [stdout]    |                     ----^^^^^^
[INFO] [stdout]    |                     |
[INFO] [stdout]    |                     help: remove this `mut`
[INFO] [stdout]    |
[INFO] [stdout]    = note: `#[warn(unused_mut)]` on by default
[INFO] [stdout] 
[INFO] [stdout] 
[INFO] [stdout] warning: variable does not need to be mutable
[INFO] [stdout]    --> src/perk_values.rs:117:17
[INFO] [stdout]     |
[INFO] [stdout] 117 |             let mut container = unsafe { perk_values.ranks.get_unchecked_mut(i) };
[INFO] [stdout]     |                 ----^^^^^^^^^
[INFO] [stdout]     |                 |
[INFO] [stdout]     |                 help: remove this `mut`
[INFO] [stdout] 
[INFO] [stdout] 
[INFO] [stdout] warning: 2 warnings emitted
[INFO] [stdout] 
[INFO] [stdout] 
[INFO] [stdout] warning: variable does not need to be mutable
[INFO] [stdout]   --> src/perk_values.rs:35:21
[INFO] [stdout]    |
[INFO] [stdout] 35 |                 let mut values: &mut PartialPerkValues =
[INFO] [stdout]    |                     ----^^^^^^
[INFO] [stdout]    |                     |
[INFO] [stdout]    |                     help: remove this `mut`
[INFO] [stdout]    |
[INFO] [stdout]    = note: `#[warn(unused_mut)]` on by default
[INFO] [stdout] 
[INFO] [stdout] 
[INFO] [stdout] warning: variable does not need to be mutable
[INFO] [stdout]    --> src/perk_values.rs:117:17
[INFO] [stdout]     |
[INFO] [stdout] 117 |             let mut container = unsafe { perk_values.ranks.get_unchecked_mut(i) };
[INFO] [stdout]     |                 ----^^^^^^^^^
[INFO] [stdout]     |                 |
[INFO] [stdout]     |                 help: remove this `mut`
[INFO] [stdout] 
[INFO] [stdout] 
[INFO] [stdout] warning: 2 warnings emitted
[INFO] [stdout] 
[INFO] [stdout] 
[INFO] [stderr]     Finished test [unoptimized + debuginfo] target(s) in 9.89s
[INFO] running `Command { std: "docker" "inspect" "d743903a8cddee99f76554f7dc00c911d35cc7d8501fe92e8d60e083ce04f163", kill_on_drop: false }`
[INFO] running `Command { std: "docker" "rm" "-f" "d743903a8cddee99f76554f7dc00c911d35cc7d8501fe92e8d60e083ce04f163", kill_on_drop: false }`
[INFO] [stdout] d743903a8cddee99f76554f7dc00c911d35cc7d8501fe92e8d60e083ce04f163
[INFO] running `Command { std: "docker" "create" "-v" "/var/lib/crater-agent-workspace/builds/worker-7-tc1/target:/opt/rustwide/target:rw,Z" "-v" "/var/lib/crater-agent-workspace/builds/worker-7-tc1/source:/opt/rustwide/workdir:ro,Z" "-v" "/var/lib/crater-agent-workspace/cargo-home:/opt/rustwide/cargo-home:ro,Z" "-v" "/var/lib/crater-agent-workspace/rustup-home:/opt/rustwide/rustup-home:ro,Z" "-e" "SOURCE_DIR=/opt/rustwide/workdir" "-e" "CARGO_TARGET_DIR=/opt/rustwide/target" "-e" "CARGO_INCREMENTAL=0" "-e" "RUST_BACKTRACE=full" "-e" "RUSTFLAGS=--cap-lints=warn" "-e" "RUSTDOCFLAGS=--cap-lints=warn" "-e" "CARGO_HOME=/opt/rustwide/cargo-home" "-e" "RUSTUP_HOME=/opt/rustwide/rustup-home" "-w" "/opt/rustwide/workdir" "-m" "1610612736" "--user" "0:0" "--network" "none" "ghcr.io/rust-lang/crates-build-env/linux@sha256:2788e3201cd34a07e3172128adcd8b3090168a8e3bcc40d7c032b9dda1df7d1c" "/opt/rustwide/cargo-home/bin/cargo" "+1.75.0" "test" "--frozen", kill_on_drop: false }`
[INFO] [stdout] 91b48e4200ce6cabc6c1d455a0f23215900f2465b7d0b761a5714864d124c8e6
[INFO] running `Command { std: "docker" "start" "-a" "91b48e4200ce6cabc6c1d455a0f23215900f2465b7d0b761a5714864d124c8e6", kill_on_drop: false }`
[INFO] [stderr] warning: variable does not need to be mutable
[INFO] [stderr]   --> src/perk_values.rs:35:21
[INFO] [stderr]    |
[INFO] [stderr] 35 |                 let mut values: &mut PartialPerkValues =
[INFO] [stderr]    |                     ----^^^^^^
[INFO] [stderr]    |                     |
[INFO] [stderr]    |                     help: remove this `mut`
[INFO] [stderr]    |
[INFO] [stderr]    = note: `#[warn(unused_mut)]` on by default
[INFO] [stderr] 
[INFO] [stderr] warning: variable does not need to be mutable
[INFO] [stderr]    --> src/perk_values.rs:117:17
[INFO] [stderr]     |
[INFO] [stderr] 117 |             let mut container = unsafe { perk_values.ranks.get_unchecked_mut(i) };
[INFO] [stderr]     |                 ----^^^^^^^^^
[INFO] [stderr]     |                 |
[INFO] [stderr]     |                 help: remove this `mut`
[INFO] [stderr] 
[INFO] [stderr] warning: `perk_solver` (lib) generated 2 warnings (run `cargo fix --lib -p perk_solver` to apply 2 suggestions)
[INFO] [stderr] warning: `perk_solver` (lib test) generated 2 warnings (2 duplicates)
[INFO] [stderr]     Finished test [unoptimized + debuginfo] target(s) in 0.16s
[INFO] [stderr]      Running unittests src/lib.rs (/opt/rustwide/target/debug/deps/perk_solver-365cee54de2a7511)
[INFO] [stdout] 
[INFO] [stdout] running 199 tests
[INFO] [stdout] test dice::tests::choose_tests::_0_5_expects_complex_almost_0_0_p_f64_epsilon ... ok
[INFO] [stdout] test dice::tests::choose_tests::_5_0_expects_complex_almost_1_0_p_f64_epsilon ... ok
[INFO] [stdout] test dice::tests::choose_tests::_0_0_expects_complex_almost_1_0_p_f64_epsilon ... ok
[INFO] [stdout] test dice::tests::choose_tests::_5_2_expects_complex_almost_10_0_p_f64_epsilon ... ok
[INFO] [stdout] test dice::tests::choose_tests::_5_5_expects_complex_almost_1_0_p_f64_epsilon ... ok
[INFO] [stdout] test dice::tests::dice_roll_test::_0_0_0_expects_complex_almost_0_0_p_f64_epsilon ... ok
[INFO] [stdout] test dice::tests::get_cumulative_distribution_tests::range_rolls_0_0 ... ok
[INFO] [stdout] test dice::tests::get_distribution_tests::range_rolls_0_0 ... ok
[INFO] [stdout] test dice::tests::get_cumulative_distribution_tests::range_rolls_10_1 ... ok
[INFO] [stdout] test dice::tests::get_distribution_tests::range_rolls_10_1 ... ok
[INFO] [stdout] test gizmo_cost_thresholds::tests::find_gizmo_cost_thresholds_tests::primary_above_maxrange ... ok
[INFO] [stdout] test gizmo_cost_thresholds::tests::find_gizmo_cost_thresholds_tests::all_rank_zero ... ok
[INFO] [stdout] test gizmo_cost_thresholds::tests::find_gizmo_cost_thresholds_tests::perk_is_doubleslot ... ok
[INFO] [stdout] test gizmo_cost_thresholds::tests::find_gizmo_cost_thresholds_tests::all_above_maxrange ... ok
[INFO] [stdout] test gizmo_cost_thresholds::tests::find_gizmo_cost_thresholds_tests::secondary_above_maxrange ... ok
[INFO] [stdout] test gizmo_cost_thresholds::tests::find_gizmo_cost_thresholds_tests::three_equal_costs_excluding_first ... ok
[INFO] [stdout] test gizmo_cost_thresholds::tests::find_gizmo_cost_thresholds_tests::two_equal_costs ... ok
[INFO] [stdout] test dice::tests::get_distribution_tests::range_rolls_10_2 ... ok
[INFO] [stdout] test dice::tests::get_distribution_tests::range_rolls_10_4 ... ok
[INFO] [stdout] test dice::tests::get_cumulative_distribution_tests::range_rolls_10_2 ... ok
[INFO] [stdout] test gizmo_cost_thresholds::tests::find_wanted_gizmo_cost_thresholds_tests::double_wanted_primary_and_secondary_equal_cost::secondary_not_possible ... ok
[INFO] [stdout] test gizmo_cost_thresholds::tests::find_wanted_gizmo_cost_thresholds_tests::double_wanted_max_range_cutoff::max_range_equal_to_cost ... ok
[INFO] [stdout] test gizmo_cost_thresholds::tests::find_wanted_gizmo_cost_thresholds_tests::double_wanted_primary_above_max_range::max_range_equal_to_primary_cost ... ok
[INFO] [stdout] test gizmo_cost_thresholds::tests::find_wanted_gizmo_cost_thresholds_tests::all_rank_zero ... ok
[INFO] [stdout] test dice::tests::dice_roll_test::_1_1_6_expects_complex_almost_1_0_6_0_p_f64_epsilon ... ok
[INFO] [stdout] test gizmo_cost_thresholds::tests::find_wanted_gizmo_cost_thresholds_tests::double_wanted_max_range_cutoff::max_range_larger_than_cost ... ok
[INFO] [stdout] test dice::tests::dice_roll_test::_2_2_6_expects_complex_almost_1_0_36_0_p_f64_epsilon ... ok
[INFO] [stdout] test dice::tests::dice_roll_test::_20_5_10_expects_complex_almost_3246_0_100000_0_p_f64_epsilon ... ok
[INFO] [stdout] test dice::tests::get_cumulative_distribution_tests::range_rolls_10_4 ... ok
[INFO] [stdout] test gizmo_cost_thresholds::tests::find_wanted_gizmo_cost_thresholds_tests::double_wanted_primary_and_secondary_equal_cost::primary_and_secondary_possible ... ok
[INFO] [stdout] test dice::tests::dice_roll_test::_6_2_6_expects_complex_almost_5_0_36_0_p_f64_epsilon ... ok
[INFO] [stdout] test gizmo_cost_thresholds::tests::find_wanted_gizmo_cost_thresholds_tests::double_wanted_primary_and_secondary_equal_cost::primary_and_secondary_not_possible ... ok
[INFO] [stdout] test gizmo_cost_thresholds::tests::find_wanted_gizmo_cost_thresholds_tests::double_wanted_primary_one_of_two_equal_cost::primary_not_possible ... ok
[INFO] [stdout] test gizmo_cost_thresholds::tests::find_wanted_gizmo_cost_thresholds_tests::double_wanted_primary_one_of_two_equal_cost::primary_possible ... ok
[INFO] [stdout] test gizmo_cost_thresholds::tests::find_wanted_gizmo_cost_thresholds_tests::double_wanted_secondary_above_next_primary::sum_equal_to_next_primary ... ok
[INFO] [stdout] test gizmo_cost_thresholds::tests::find_wanted_gizmo_cost_thresholds_tests::double_wanted_primary_above_max_range::max_range_larger_than_primary_cost ... ok
[INFO] [stdout] test gizmo_cost_thresholds::tests::find_wanted_gizmo_cost_thresholds_tests::double_wanted_secondary_above_next_primary::sum_next_minor_larger_than_next_major ... ok
[INFO] [stdout] test gizmo_cost_thresholds::tests::find_wanted_gizmo_cost_thresholds_tests::double_wanted_primary_cutoff ... ok
[INFO] [stdout] test gizmo_cost_thresholds::tests::find_wanted_gizmo_cost_thresholds_tests::double_wanted_secondary_above_next_primary::sum_one_less_than_next_primary ... ok
[INFO] [stdout] test gizmo_cost_thresholds::tests::find_wanted_gizmo_cost_thresholds_tests::double_wanted_secondary_above_max_range::max_range_equal_to_cost ... ok
[INFO] [stdout] test gizmo_cost_thresholds::tests::find_wanted_gizmo_cost_thresholds_tests::single_wanted_is_double_slot_first_inline ... ok
[INFO] [stdout] test gizmo_cost_thresholds::tests::find_wanted_gizmo_cost_thresholds_tests::double_wanted_secondary_cutoff ... ok
[INFO] [stdout] test gizmo_cost_thresholds::tests::find_wanted_gizmo_cost_thresholds_tests::double_wanted_secondary_above_max_range::max_range_larger_than_cost ... ok
[INFO] [stdout] test gizmo_cost_thresholds::tests::find_wanted_gizmo_cost_thresholds_tests::single_wanted_is_double_slot_not_first_inline ... ok
[INFO] [stdout] test gizmo_cost_thresholds::tests::find_wanted_gizmo_cost_thresholds_tests::single_wanted_is_double_slot_not_first_inline_secondary_is_double_slot ... ok
[INFO] [stdout] test gizmo_cost_thresholds::tests::find_wanted_gizmo_cost_thresholds_tests::single_wanted_max_range_cutoff::max_range_50 ... ok
[INFO] [stdout] test gizmo_cost_thresholds::tests::find_wanted_gizmo_cost_thresholds_tests::double_wanted_secondary_one_of_two_equal_cost::secondary_not_possible ... ok
[INFO] [stdout] test gizmo_cost_thresholds::tests::find_wanted_gizmo_cost_thresholds_tests::double_wanted_secondary_one_of_two_equal_cost::secondary_possible ... ok
[INFO] [stdout] test gizmo_cost_thresholds::tests::find_wanted_gizmo_cost_thresholds_tests::single_wanted_max_range_cutoff::max_range_51 ... ok
[INFO] [stdout] test gizmo_cost_thresholds::tests::find_wanted_gizmo_cost_thresholds_tests::single_wanted_multiple_second_are_double_slot::one_lower_than_wanted_is_doubleslot_and_wanted_is_last ... ok
[INFO] [stdout] test gizmo_cost_thresholds::tests::find_wanted_gizmo_cost_thresholds_tests::single_wanted_multiple_second_are_double_slot::one_lower_than_wanted_is_doubleslot_and_wanted_is_not_last ... ok
[INFO] [stdout] test gizmo_cost_thresholds::tests::find_wanted_gizmo_cost_thresholds_tests::single_wanted_multiple_second_are_double_slot::one_lower_than_wanted_is_not_doubleslot ... ok
[INFO] [stdout] test gizmo_cost_thresholds::tests::find_wanted_gizmo_cost_thresholds_tests::single_wanted_multiple_second_are_double_slot::three_consecutive ... ok
[INFO] [stdout] test gizmo_cost_thresholds::tests::find_wanted_gizmo_cost_thresholds_tests::single_wanted_multiple_second_are_double_slot::two_consecutive_plus_one ... ok
[INFO] [stdout] test gizmo_cost_thresholds::tests::find_wanted_gizmo_cost_thresholds_tests::single_wanted_multiple_second_are_double_slot::two_non_consecutive ... ok
[INFO] [stdout] test gizmo_cost_thresholds::tests::find_wanted_gizmo_cost_thresholds_tests::single_wanted_one_combo_possible ... ok
[INFO] [stdout] test gizmo_cost_thresholds::tests::find_wanted_gizmo_cost_thresholds_tests::single_wanted_perk_three_equal_costs::impossible_1 ... ok
[INFO] [stdout] test gizmo_cost_thresholds::tests::find_wanted_gizmo_cost_thresholds_tests::single_wanted_perk_three_equal_costs::impossible_2 ... ok
[INFO] [stdout] test gizmo_cost_thresholds::tests::find_wanted_gizmo_cost_thresholds_tests::single_wanted_perk_three_equal_costs::possible ... ok
[INFO] [stdout] test gizmo_cost_thresholds::tests::find_wanted_gizmo_cost_thresholds_tests::single_wanted_perk_two_equal_costs::impossible_high_duplicate ... ok
[INFO] [stdout] test gizmo_cost_thresholds::tests::find_wanted_gizmo_cost_thresholds_tests::single_wanted_perk_two_equal_costs::impossible_lower_duplicate ... ok
[INFO] [stdout] test gizmo_cost_thresholds::tests::find_wanted_gizmo_cost_thresholds_tests::single_wanted_perk_two_equal_costs::possible_high_duplicate ... ok
[INFO] [stdout] test gizmo_cost_thresholds::tests::find_wanted_gizmo_cost_thresholds_tests::single_wanted_perk_two_equal_costs::possible_lower_duplicate ... ok
[INFO] [stdout] test gizmo_cost_thresholds::tests::find_wanted_gizmo_cost_thresholds_tests::single_wanted_primary_cutoff ... ok
[INFO] [stdout] test gizmo_cost_thresholds::tests::find_wanted_gizmo_cost_thresholds_tests::single_wanted_second_is_double_slot ... ok
[INFO] [stdout] test gizmo_cost_thresholds::tests::find_wanted_gizmo_cost_thresholds_tests::single_wanted_second_is_double_slot_secondary_threshold_too_high::a_as_secondary_not_possible ... ok
[INFO] [stdout] test gizmo_cost_thresholds::tests::find_wanted_gizmo_cost_thresholds_tests::single_wanted_second_is_double_slot_secondary_threshold_too_high::a_as_secondary_possible ... ok
[INFO] [stdout] test gizmo_cost_thresholds::tests::find_wanted_gizmo_cost_thresholds_tests::single_wanted_secondary_cutoff::max_range_100 ... ok
[INFO] [stdout] test gizmo_cost_thresholds::tests::find_wanted_gizmo_cost_thresholds_tests::single_wanted_secondary_cutoff::max_range_70 ... ok
[INFO] [stdout] test gizmo_cost_thresholds::tests::find_wanted_gizmo_cost_thresholds_tests::two_wanted_perks_three_equal_costs_next_is_more_than_double::impossible_1 ... ok
[INFO] [stdout] test gizmo_cost_thresholds::tests::find_wanted_gizmo_cost_thresholds_tests::two_wanted_perks_three_equal_costs_next_is_more_than_double::impossible_2 ... ok
[INFO] [stdout] test gizmo_cost_thresholds::tests::find_wanted_gizmo_cost_thresholds_tests::two_wanted_perks_three_equal_costs_next_is_more_than_double::possible ... ok
[INFO] [stdout] test gizmo_cost_thresholds::tests::find_wanted_gizmo_cost_thresholds_tests::two_wanted_perks_three_equal_costs_next_is_not_more_than_double ... ok
[INFO] [stdout] test gizmo_cost_thresholds::tests::fuzzy_find_wanted_gizmo_cost_thresholds_tests::all_below_max_range::wanted_p1 ... ok
[INFO] [stdout] test gizmo_cost_thresholds::tests::fuzzy_find_wanted_gizmo_cost_thresholds_tests::all_below_max_range::wanted_p2 ... ok
[INFO] [stdout] test gizmo_cost_thresholds::tests::fuzzy_find_wanted_gizmo_cost_thresholds_tests::all_below_max_range::wanted_p3 ... ok
[INFO] [stdout] test gizmo_cost_thresholds::tests::fuzzy_find_wanted_gizmo_cost_thresholds_tests::all_rank_zero ... ok
[INFO] [stdout] test gizmo_cost_thresholds::tests::fuzzy_find_wanted_gizmo_cost_thresholds_tests::three_equal_costs_excluding_first_next_is_more_than_double::wanted_is_first_of_triple ... ok
[INFO] [stdout] test gizmo_cost_thresholds::tests::fuzzy_find_wanted_gizmo_cost_thresholds_tests::three_equal_costs_excluding_first_next_is_more_than_double::wanted_is_second_of_triple ... ok
[INFO] [stdout] test gizmo_cost_thresholds::tests::fuzzy_find_wanted_gizmo_cost_thresholds_tests::three_equal_costs_excluding_first_next_is_more_than_double::wanted_is_third_of_triple ... ok
[INFO] [stdout] test gizmo_cost_thresholds::tests::fuzzy_find_wanted_gizmo_cost_thresholds_tests::three_equal_costs_excluding_first_next_is_not_more_than_double::wanted_is_first_of_triple ... ok
[INFO] [stdout] test gizmo_cost_thresholds::tests::fuzzy_find_wanted_gizmo_cost_thresholds_tests::three_equal_costs_excluding_first_next_is_not_more_than_double::wanted_is_second_of_triple ... ok
[INFO] [stdout] test gizmo_cost_thresholds::tests::fuzzy_find_wanted_gizmo_cost_thresholds_tests::three_equal_costs_including_first::wanted_is_first_of_triple ... ok
[INFO] [stdout] test gizmo_cost_thresholds::tests::fuzzy_find_wanted_gizmo_cost_thresholds_tests::three_equal_costs_excluding_first_next_is_not_more_than_double::wanted_is_third_of_triple ... ok
[INFO] [stdout] test gizmo_cost_thresholds::tests::fuzzy_find_wanted_gizmo_cost_thresholds_tests::three_equal_costs_including_first::wanted_is_third_of_triple ... ok
[INFO] [stdout] test gizmo_cost_thresholds::tests::fuzzy_find_wanted_gizmo_cost_thresholds_tests::two_equal_costs_next_is_more_than_double::wanted_first_of_double ... ok
[INFO] [stdout] test gizmo_cost_thresholds::tests::fuzzy_find_wanted_gizmo_cost_thresholds_tests::three_equal_costs_including_first::wanted_is_second_of_triple ... ok
[INFO] [stdout] test gizmo_cost_thresholds::tests::fuzzy_find_wanted_gizmo_cost_thresholds_tests::two_equal_costs_next_is_more_than_double::wanted_second_of_double ... ok
[INFO] [stdout] test gizmo_cost_thresholds::tests::fuzzy_find_wanted_gizmo_cost_thresholds_tests::two_equal_costs_next_is_not_more_than_double::wanted_first_of_double ... ok
[INFO] [stdout] test gizmo_cost_thresholds::tests::fuzzy_find_wanted_gizmo_cost_thresholds_tests::two_equal_costs_next_is_not_more_than_double::wanted_second_of_double ... ok
[INFO] [stdout] test gizmo_cost_thresholds::tests::fuzzy_find_wanted_gizmo_cost_thresholds_tests::wanted_as_primary_above_max_range::max_range_equal_to_cost ... ok
[INFO] [stdout] test gizmo_cost_thresholds::tests::fuzzy_find_wanted_gizmo_cost_thresholds_tests::wanted_as_primary_above_max_range::max_range_larger_than_cost ... ok
[INFO] [stdout] test gizmo_cost_thresholds::tests::fuzzy_find_wanted_gizmo_cost_thresholds_tests::wanted_as_secondary_above_max_range::max_range_equal_to_cost ... ok
[INFO] [stdout] test gizmo_cost_thresholds::tests::fuzzy_find_wanted_gizmo_cost_thresholds_tests::wanted_as_secondary_above_max_range::max_range_larger_than_cost ... ok
[INFO] [stdout] test gizmo_cost_thresholds::tests::fuzzy_find_wanted_gizmo_cost_thresholds_tests::wanted_is_double_slot::wanted_is_p1 ... ok
[INFO] [stdout] test gizmo_cost_thresholds::tests::fuzzy_find_wanted_gizmo_cost_thresholds_tests::wanted_is_double_slot::wanted_is_p3 ... ok
[INFO] [stdout] test gizmo_cost_thresholds::tests::fuzzy_find_wanted_gizmo_cost_thresholds_tests::wanted_is_double_slot::wanted_is_p2 ... ok
[INFO] [stdout] test jagex_sort::tests::even_equal_costs1 ... ok
[INFO] [stdout] test jagex_sort::tests::even_equal_costs10 ... ok
[INFO] [stdout] test jagex_sort::tests::even_equal_costs11 ... ok
[INFO] [stdout] test jagex_sort::tests::even_equal_costs12 ... ok
[INFO] [stdout] test jagex_sort::tests::even_equal_costs13 ... ok
[INFO] [stdout] test jagex_sort::tests::even_equal_costs2 ... ok
[INFO] [stdout] test jagex_sort::tests::even_equal_costs3 ... ok
[INFO] [stdout] test jagex_sort::tests::even_equal_costs4 ... ok
[INFO] [stdout] test jagex_sort::tests::even_equal_costs6 ... ok
[INFO] [stdout] test jagex_sort::tests::even_equal_costs5 ... ok
[INFO] [stdout] test jagex_sort::tests::even_equal_costs7 ... ok
[INFO] [stdout] test jagex_sort::tests::even_equal_costs9 ... ok
[INFO] [stdout] test jagex_sort::tests::even_no_equal_costs ... ok
[INFO] [stdout] test jagex_sort::tests::even_equal_costs8 ... ok
[INFO] [stdout] test jagex_sort::tests::uneven_equal_costs2 ... ok
[INFO] [stdout] test jagex_sort::tests::uneven_equal_costs4 ... ok
[INFO] [stdout] test jagex_sort::tests::uneven_equal_costs3 ... ok
[INFO] [stdout] test jagex_sort::tests::uneven_equal_costs5 ... ok
[INFO] [stdout] test jagex_sort::tests::uneven_equal_costs6 ... ok
[INFO] [stdout] test jagex_sort::tests::uneven_equal_costs1 ... ok
[INFO] [stdout] test jagex_sort::tests::uneven_equal_costs7 ... ok
[INFO] [stdout] test jagex_sort::tests::uneven_no_equal_costs ... ok
[INFO] [stdout] test perk_values::tests::can_generate_wanted_ranks_test::first_wanted_pv_base_too_high ... ok
[INFO] [stdout] test perk_values::tests::can_generate_wanted_ranks_test::second_wanted_not_in_perk_values ... ok
[INFO] [stdout] test perk_values::tests::can_generate_wanted_ranks_test::first_wanted_pv_below_threshold ... ok
[INFO] [stdout] test perk_values::tests::can_generate_wanted_ranks_test::both_wanted_pv_above_threshold ... ok
[INFO] [stdout] test perk_values::tests::can_generate_wanted_ranks_test::first_wanted_not_in_perk_values ... ok
[INFO] [stdout] test perk_values::tests::calc_perk_rank_probabilities_tests::all_ranks_possible_not_ancient_gizmo ... ok
[INFO] [stdout] test perk_values::tests::calc_perk_rank_probabilities_tests::threshold_equal_to_max_roll_plus_base ... ok
[INFO] [stdout] test perk_values::tests::calc_perk_rank_probabilities_tests::high_base_value ... ok
[INFO] [stdout] test perk_values::tests::calc_perk_rank_probabilities_tests::not_all_ranks_possible_non_ancient_gizmo ... ok
[INFO] [stdout] test perk_values::tests::calc_perk_rank_probabilities_tests::two_perks_all_ranks_possible_non_ancient_gizmo ... ok
[INFO] [stdout] test perk_values::tests::can_generate_wanted_ranks_test::second_wanted_pv_below_threshold ... ok
[INFO] [stdout] test perk_values::tests::calc_perk_rank_probabilities_tests::not_all_ranks_possible_ancient_gizmo ... ok
[INFO] [stdout] test perk_values::tests::can_generate_wanted_ranks_test::second_wanted_pv_base_too_high ... ok
[INFO] [stdout] test perk_values::tests::calc_perk_rank_probabilities_tests::all_ranks_possible_ancient_gizmo ... ok
[INFO] [stdout] test perk_values::tests::can_generate_wanted_ranks_test::single_wanted_not_in_perk_values ... ok
[INFO] [stdout] test perk_values::tests::calc_perk_rank_probabilities_tests::two_perks_not_all_ranks_possible_non_ancient_gizmo ... ok
[INFO] [stdout] test perk_values::tests::can_generate_wanted_ranks_test::single_wanted_pv_above_threshold ... ok
[INFO] [stdout] test perk_values::tests::calc_perk_rank_probabilities_tests::two_perks_not_all_ranks_possible_ancient_gizmo ... ok
[INFO] [stdout] test perk_values::tests::can_generate_wanted_ranks_test::single_wanted_pv_below_threshold ... ok
[INFO] [stdout] test perk_values::tests::calc_perk_rank_probabilities_tests::two_perks_all_ranks_possible_ancient_gizmo ... ok
[INFO] [stdout] test perk_values::tests::get_empty_gizmo_chance_tests::no_zero_and_above_plus_no_zero_and_above ... ok
[INFO] [stdout] test perk_values::tests::get_empty_gizmo_chance_tests::all_have_zero_rank_all_cost_below_min_range ... ok
[INFO] [stdout] test perk_values::tests::get_empty_gizmo_chance_tests::no_zero_and_below_plus_no_zero_and_above ... ok
[INFO] [stdout] test perk_values::tests::get_empty_gizmo_chance_tests::not_all_have_zero_rank_all_cost_below_min_range ... ok
[INFO] [stdout] test perk_values::tests::get_empty_gizmo_chance_tests::all_have_zero_rank_one_has_cost_below_min_range ... ok
[INFO] [stdout] test perk_values::tests::get_empty_gizmo_chance_tests::zero_and_above_plus_no_zero_and_above ... ok
[INFO] [stdout] test perk_values::tests::get_empty_gizmo_chance_tests::zero_and_above_plus_no_zero_and_below ... ok
[INFO] [stdout] test perk_values::tests::get_empty_gizmo_chance_tests::all_have_zero_rank_all_have_one_cost_below_min_range ... ok
[INFO] [stdout] test prelude::data::prelude::stack_vec::tests::vec_test1 ... ok
[INFO] [stdout] test perk_values::tests::permutate_perk_ranks_test::permutate_ranks ... ok
[INFO] [stdout] test prelude::data::prelude::stack_vec::tests::vec_test2 ... ok
[INFO] [stdout] test prelude::gizmo::test::fuzzy_match_first_perk ... ok
[INFO] [stdout] test perk_values::tests::permutate_perk_ranks_test::permutate_ranks_one_wanted ... ok
[INFO] [stdout] test perk_values::tests::permutate_perk_ranks_test::permutate_ranks_two_wanted ... ok
[INFO] [stdout] test prelude::gizmo::test::one_perk_equal_but_not_same_rank ... ok
[INFO] [stdout] test prelude::gizmo::test::one_perk_not_equal_but_same_rank ... ok
[INFO] [stdout] test prelude::gizmo::test::fuzzy_match_none ... ok
[INFO] [stdout] test prelude::gizmo::test::fuzzy_match_second_perk ... ok
[INFO] [stdout] test prelude::gizmo::test::one_perk_equal ... ok
[INFO] [stdout] test prelude::gizmo::test::two_perks_equal_perks_not_same_ranks ... ok
[INFO] [stdout] test prelude::gizmo::test::two_perks_equal_not_same_order ... ok
[INFO] [stdout] test prelude::gizmo::test::two_perks_not_equal_perks_same_ranks ... ok
[INFO] [stdout] test perk_values::tests::get_perk_values_tests::no_ancient_mats_non_ancient_weapon_gizmo ... ok
[INFO] [stdout] test perk_values::tests::get_perk_values_tests::ancient_mats_non_ancient_weapon_gizmo ... ok
[INFO] [stdout] test perk_values::tests::get_perk_values_tests::no_ancient_mats_non_ancient_tool_gizmo ... ok
[INFO] [stdout] test perk_values::tests::get_perk_values_tests::ancient_mats_non_ancient_armour_gizmo ... ok
[INFO] [stdout] test perk_values::tests::get_perk_values_tests::ancient_mats_non_ancient_tool_gizmo ... ok
[INFO] [stdout] test perk_values::tests::get_perk_values_tests::ancient_mats_ancient_tool_gizmo ... ok
[INFO] [stdout] test perk_values::tests::get_perk_values_tests::no_ancient_mats_non_ancient_armour_gizmo ... ok
[INFO] [stdout] test prelude::gizmo::test::two_perks_equal_same_order ... ok
[INFO] [stdout] test perk_values::tests::get_perk_values_tests::ancient_mats_ancient_armour_gizmo ... ok
[INFO] [stdout] test perk_values::tests::get_perk_values_tests::ancient_mats_ancient_weapon_gizmo ... ok
[INFO] [stdout] test utils::tests::convolve_test::vec_1_0_3_vec_1_0_6_expects_complex_contains_in_order_1_0_2_0_3_0_3_0_3_0_3_0_2_0_1_0_ ... ok
[INFO] [stdout] test utils::tests::convolve_test::vec_1_0_3_vec_1_0_6_expects_with_x_vec_f64_assert_x_len_8_ ... ok
[INFO] [stdout] test utils::tests::convolve_test::vec_1_0_6_vec_1_0_3_expects_complex_contains_in_order_1_0_2_0_3_0_3_0_3_0_3_0_2_0_1_0_ ... ok
[INFO] [stdout] test utils::tests::convolve_test::vec_1_0_6_vec_1_0_3_expects_with_x_vec_f64_assert_x_len_8_ ... ok
[INFO] [stdout] test tests::calc_gizmo_probabilities_tests::normal_weapon_120_1_precise ... ok
[INFO] [stdout] test tests::calc_gizmo_probabilities_tests::normal_armour_120_1_historic_1_tensile_2_plated ... ok
[INFO] [stdout] test utils::tests::fmt_int::_1000000000_expects_1_000_000_000_ ... ok
[INFO] [stdout] test utils::tests::fmt_int::_0_expects_0_ ... ok
[INFO] [stdout] test tests::calc_gizmo_probabilities_tests::normal_weapon_120_2_precise ... ok
[INFO] [stdout] test utils::tests::fmt_int::_10000000000_expects_10_000_000_000_ ... ok
[INFO] [stdout] test utils::tests::fmt_int::_100000_expects_100_000_ ... ok
[INFO] [stdout] test utils::tests::fmt_int::_10000000_expects_10_000_000_ ... ok
[INFO] [stdout] test utils::tests::fmt_int::_100000000_expects_100_000_000_ ... ok
[INFO] [stdout] test utils::tests::fmt_int::_1000000_expects_1_000_000_ ... ok
[INFO] [stdout] test utils::tests::fmt_int::negative_1000 ... ok
[INFO] [stdout] test utils::tests::fmt_int::negative_10000 ... ok
[INFO] [stdout] test utils::tests::fmt_int::negative_100 ... ok
[INFO] [stdout] test utils::tests::fmt_int::_100_expects_100_ ... ok
[INFO] [stdout] test tests::calc_gizmo_probabilities_tests::ancient_weapon_120_9_historic ... ok
[INFO] [stdout] test utils::tests::fmt_int::_10000_expects_10_000_ ... ok
[INFO] [stdout] test utils::tests::fmt_int::negative_10 ... ok
[INFO] [stdout] test utils::tests::fmt_int::_1000_expects_1_000_ ... ok
[INFO] [stdout] test utils::tests::fmt_int::_10_expects_10_ ... ok
[INFO] [stdout] test prelude::data::prelude::stack_vec::tests::vec_test3 - should panic ... ok
[INFO] [stdout] test tests::calc_wanted_gizmo_probabilities_test::ancient_armour_50_60_1_harnessed_1_dextrous_7_variable ... FAILED
[INFO] [stdout] test tests::calc_wanted_gizmo_probabilities_test::ancient_armour_110_120_1_harnessed_1_dextrous_7_variable ... FAILED
[INFO] [stdout] test tests::calc_wanted_gizmo_probabilities_test::ancient_armour_50_60_1_harnessed_1_dextrous_7_variable_fuzzy ... FAILED
[INFO] [stdout] test tests::calc_wanted_gizmo_probabilities_test::ancient_armour_110_120_7_zamorak_2_sara ... FAILED
[INFO] [stdout] 
[INFO] [stdout] failures:
[INFO] [stdout] 
[INFO] [stdout] ---- tests::calc_wanted_gizmo_probabilities_test::ancient_armour_50_60_1_harnessed_1_dextrous_7_variable stdout ----
[INFO] [stdout] thread 'tests::calc_wanted_gizmo_probabilities_test::ancient_armour_50_60_1_harnessed_1_dextrous_7_variable' panicked at src/component_prices.rs:24:34:
[INFO] [stdout] called `Option::unwrap()` on a `None` value
[INFO] [stdout] stack backtrace:
[INFO] [stdout]    0:     0x56302af1c37c - std::backtrace_rs::backtrace::libunwind::trace::ha637c64ce894333a
[INFO] [stdout]                                at /rustc/82e1608dfa6e0b5569232559e3d385fea5a93112/library/std/src/../../backtrace/src/backtrace/libunwind.rs:104:5
[INFO] [stdout]    1:     0x56302af1c37c - std::backtrace_rs::backtrace::trace_unsynchronized::h47f62dea28e0c88d
[INFO] [stdout]                                at /rustc/82e1608dfa6e0b5569232559e3d385fea5a93112/library/std/src/../../backtrace/src/backtrace/mod.rs:66:5
[INFO] [stdout]    2:     0x56302af1c37c - std::sys_common::backtrace::_print_fmt::h9eef0abe20ede486
[INFO] [stdout]                                at /rustc/82e1608dfa6e0b5569232559e3d385fea5a93112/library/std/src/sys_common/backtrace.rs:67:5
[INFO] [stdout]    3:     0x56302af1c37c - <std::sys_common::backtrace::_print::DisplayBacktrace as core::fmt::Display>::fmt::hed7f999df88cc644
[INFO] [stdout]                                at /rustc/82e1608dfa6e0b5569232559e3d385fea5a93112/library/std/src/sys_common/backtrace.rs:44:22
[INFO] [stdout]    4:     0x56302af4af30 - core::fmt::rt::Argument::fmt::h1539a9308b8d058d
[INFO] [stdout]                                at /rustc/82e1608dfa6e0b5569232559e3d385fea5a93112/library/core/src/fmt/rt.rs:142:9
[INFO] [stdout]    5:     0x56302af4af30 - core::fmt::write::h3a39390d8560d9c9
[INFO] [stdout]                                at /rustc/82e1608dfa6e0b5569232559e3d385fea5a93112/library/core/src/fmt/mod.rs:1120:17
[INFO] [stdout]    6:     0x56302af1930f - std::io::Write::write_fmt::h040b369f3a0f9cbc
[INFO] [stdout]                                at /rustc/82e1608dfa6e0b5569232559e3d385fea5a93112/library/std/src/io/mod.rs:1762:15
[INFO] [stdout]    7:     0x56302af1c164 - std::sys_common::backtrace::_print::h894006fb5c6f3d45
[INFO] [stdout]                                at /rustc/82e1608dfa6e0b5569232559e3d385fea5a93112/library/std/src/sys_common/backtrace.rs:47:5
[INFO] [stdout]    8:     0x56302af1c164 - std::sys_common::backtrace::print::h23a2d212c6fff936
[INFO] [stdout]                                at /rustc/82e1608dfa6e0b5569232559e3d385fea5a93112/library/std/src/sys_common/backtrace.rs:34:9
[INFO] [stdout]    9:     0x56302af1de27 - std::panicking::default_hook::{{closure}}::h8a1d2ee00185001a
[INFO] [stdout]   10:     0x56302af1db13 - std::panicking::default_hook::h6038f2eba384e475
[INFO] [stdout]                                at /rustc/82e1608dfa6e0b5569232559e3d385fea5a93112/library/std/src/panicking.rs:289:9
[INFO] [stdout]   11:     0x56302ac64047 - <alloc::boxed::Box<F,A> as core::ops::function::Fn<Args>>::call::h0ad024c9bdc6d768
[INFO] [stdout]                                at /rustc/82e1608dfa6e0b5569232559e3d385fea5a93112/library/alloc/src/boxed.rs:2021:9
[INFO] [stdout]   12:     0x56302ac64047 - test::test_main::{{closure}}::h7500b54257359db6
[INFO] [stdout]                                at /rustc/82e1608dfa6e0b5569232559e3d385fea5a93112/library/test/src/lib.rs:138:21
[INFO] [stdout]   13:     0x56302af1e438 - <alloc::boxed::Box<F,A> as core::ops::function::Fn<Args>>::call::h1f8f335eaa9cfaee
[INFO] [stdout]                                at /rustc/82e1608dfa6e0b5569232559e3d385fea5a93112/library/alloc/src/boxed.rs:2021:9
[INFO] [stdout]   14:     0x56302af1e438 - std::panicking::rust_panic_with_hook::h2b5517d590cab22e
[INFO] [stdout]                                at /rustc/82e1608dfa6e0b5569232559e3d385fea5a93112/library/std/src/panicking.rs:783:13
[INFO] [stdout]   15:     0x56302af1e159 - std::panicking::begin_panic_handler::{{closure}}::h233112c06e0ef43e
[INFO] [stdout]                                at /rustc/82e1608dfa6e0b5569232559e3d385fea5a93112/library/std/src/panicking.rs:649:13
[INFO] [stdout]   16:     0x56302af1c846 - std::sys_common::backtrace::__rust_end_short_backtrace::h6e893f24d7ebbff8
[INFO] [stdout]                                at /rustc/82e1608dfa6e0b5569232559e3d385fea5a93112/library/std/src/sys_common/backtrace.rs:170:18
[INFO] [stdout]   17:     0x56302af1def2 - rust_begin_unwind
[INFO] [stdout]                                at /rustc/82e1608dfa6e0b5569232559e3d385fea5a93112/library/std/src/panicking.rs:645:5
[INFO] [stdout]   18:     0x56302a701685 - core::panicking::panic_fmt::hbf0e066aabfa482c
[INFO] [stdout]                                at /rustc/82e1608dfa6e0b5569232559e3d385fea5a93112/library/core/src/panicking.rs:72:14
[INFO] [stdout]   19:     0x56302a701723 - core::panicking::panic::h195fc2a96298d4c3
[INFO] [stdout]                                at /rustc/82e1608dfa6e0b5569232559e3d385fea5a93112/library/core/src/panicking.rs:127:5
[INFO] [stdout]   20:     0x56302a77d700 - core::option::Option<T>::unwrap::h3b9d9b651b6463b5
[INFO] [stdout]                                at /rustc/82e1608dfa6e0b5569232559e3d385fea5a93112/library/core/src/option.rs:931:21
[INFO] [stdout]   21:     0x56302a7ef4f4 - perk_solver::component_prices::calc_gizmo_price::hbc1e3914c96bab43
[INFO] [stdout]                                at /opt/rustwide/workdir/src/component_prices.rs:24:18
[INFO] [stdout]   22:     0x56302a72e373 - perk_solver::prelude::ResultLine::create::hcc54a37491327fbc
[INFO] [stdout]                                at /opt/rustwide/workdir/src/prelude.rs:154:21
[INFO] [stdout]   23:     0x56302a753bda - perk_solver::calc_wanted_gizmo_probabilities::{{closure}}::h937265f51d3ee851
[INFO] [stdout]                                at /opt/rustwide/workdir/src/lib.rs:534:33
[INFO] [stdout]   24:     0x56302a73f4d4 - core::ops::function::impls::<impl core::ops::function::FnOnce<A> for &mut F>::call_once::hd75b185f295f4197
[INFO] [stdout]                                at /rustc/82e1608dfa6e0b5569232559e3d385fea5a93112/library/core/src/ops/function.rs:305:13
[INFO] [stdout]   25:     0x56302a7750c5 - core::option::Option<T>::map::hd0a62b5dc409e570
[INFO] [stdout]                                at /rustc/82e1608dfa6e0b5569232559e3d385fea5a93112/library/core/src/option.rs:1072:29
[INFO] [stdout]   26:     0x56302a7750c5 - <core::iter::adapters::map::Map<I,F> as core::iter::traits::iterator::Iterator>::next::hfc930ff637fedea6
[INFO] [stdout]                                at /rustc/82e1608dfa6e0b5569232559e3d385fea5a93112/library/core/src/iter/adapters/map.rs:103:26
[INFO] [stdout]   27:     0x56302a7751fc - <alloc::vec::Vec<T> as alloc::vec::spec_from_iter_nested::SpecFromIterNested<T,I>>::from_iter::h08b2db7065000526
[INFO] [stdout]                                at /rustc/82e1608dfa6e0b5569232559e3d385fea5a93112/library/alloc/src/vec/spec_from_iter_nested.rs:26:32
[INFO] [stdout]   28:     0x56302a77a2bd - <alloc::vec::Vec<T> as alloc::vec::spec_from_iter::SpecFromIter<T,I>>::from_iter::he44644f0ccfa4faf
[INFO] [stdout]                                at /rustc/82e1608dfa6e0b5569232559e3d385fea5a93112/library/alloc/src/vec/spec_from_iter.rs:33:9
[INFO] [stdout]   29:     0x56302a77a228 - <alloc::vec::Vec<T> as core::iter::traits::collect::FromIterator<T>>::from_iter::hf07fe51114df9ac6
[INFO] [stdout]                                at /rustc/82e1608dfa6e0b5569232559e3d385fea5a93112/library/alloc/src/vec/mod.rs:2753:9
[INFO] [stdout]   30:     0x56302a77671d - core::iter::traits::iterator::Iterator::collect::ha2bf65d9c59aa3e5
[INFO] [stdout]                                at /rustc/82e1608dfa6e0b5569232559e3d385fea5a93112/library/core/src/iter/traits/iterator.rs:2054:9
[INFO] [stdout]   31:     0x56302a75365c - perk_solver::calc_wanted_gizmo_probabilities::hdafaffd65daf56c1
[INFO] [stdout]                                at /opt/rustwide/workdir/src/lib.rs:532:5
[INFO] [stdout]   32:     0x56302a7bb7ad - perk_solver::tests::calc_wanted_gizmo_probabilities_test::ancient_armour_50_60_1_harnessed_1_dextrous_7_variable::h3d32801bcf547c5e
[INFO] [stdout]                                at /opt/rustwide/workdir/src/lib.rs:1234:26
[INFO] [stdout]   33:     0x56302a7bb077 - perk_solver::tests::calc_wanted_gizmo_probabilities_test::ancient_armour_50_60_1_harnessed_1_dextrous_7_variable::{{closure}}::h37061983f265a00d
[INFO] [stdout]                                at /opt/rustwide/workdir/src/lib.rs:1208:68
[INFO] [stdout]   34:     0x56302a7cd386 - core::ops::function::FnOnce::call_once::h95e57937cfe437d9
[INFO] [stdout]                                at /rustc/82e1608dfa6e0b5569232559e3d385fea5a93112/library/core/src/ops/function.rs:250:5
[INFO] [stdout]   35:     0x56302ac6969f - core::ops::function::FnOnce::call_once::h2b5d431d5046312d
[INFO] [stdout]                                at /rustc/82e1608dfa6e0b5569232559e3d385fea5a93112/library/core/src/ops/function.rs:250:5
[INFO] [stdout]   36:     0x56302ac6969f - test::__rust_begin_short_backtrace::h7714669af176e207
[INFO] [stdout]                                at /rustc/82e1608dfa6e0b5569232559e3d385fea5a93112/library/test/src/lib.rs:628:18
[INFO] [stdout]   37:     0x56302ac686b5 - test::run_test_in_process::{{closure}}::h85218797dcbcec12
[INFO] [stdout]                                at /rustc/82e1608dfa6e0b5569232559e3d385fea5a93112/library/test/src/lib.rs:651:60
[INFO] [stdout]   38:     0x56302ac686b5 - <core::panic::unwind_safe::AssertUnwindSafe<F> as core::ops::function::FnOnce<()>>::call_once::h76c106ea31c14d7b
[INFO] [stdout]                                at /rustc/82e1608dfa6e0b5569232559e3d385fea5a93112/library/core/src/panic/unwind_safe.rs:272:9
[INFO] [stdout]   39:     0x56302ac686b5 - std::panicking::try::do_call::h3bd5d0f6620ee946
[INFO] [stdout]                                at /rustc/82e1608dfa6e0b5569232559e3d385fea5a93112/library/std/src/panicking.rs:552:40
[INFO] [stdout]   40:     0x56302ac686b5 - std::panicking::try::h232e535e4744fe31
[INFO] [stdout]                                at /rustc/82e1608dfa6e0b5569232559e3d385fea5a93112/library/std/src/panicking.rs:516:19
[INFO] [stdout]   41:     0x56302ac686b5 - std::panic::catch_unwind::h3ce3bd6ca8dbac68
[INFO] [stdout]                                at /rustc/82e1608dfa6e0b5569232559e3d385fea5a93112/library/std/src/panic.rs:142:14
[INFO] [stdout]   42:     0x56302ac686b5 - test::run_test_in_process::hc97b257c9621286a
[INFO] [stdout]                                at /rustc/82e1608dfa6e0b5569232559e3d385fea5a93112/library/test/src/lib.rs:651:27
[INFO] [stdout]   43:     0x56302ac686b5 - test::run_test::{{closure}}::h2aa798823a438d38
[INFO] [stdout]                                at /rustc/82e1608dfa6e0b5569232559e3d385fea5a93112/library/test/src/lib.rs:574:43
[INFO] [stdout]   44:     0x56302ac30976 - test::run_test::{{closure}}::h87d231c78fb59832
[INFO] [stdout]                                at /rustc/82e1608dfa6e0b5569232559e3d385fea5a93112/library/test/src/lib.rs:602:41
[INFO] [stdout]   45:     0x56302ac30976 - std::sys_common::backtrace::__rust_begin_short_backtrace::he6df152596625789
[INFO] [stdout]                                at /rustc/82e1608dfa6e0b5569232559e3d385fea5a93112/library/std/src/sys_common/backtrace.rs:154:18
[INFO] [stdout]   46:     0x56302ac35a27 - std::thread::Builder::spawn_unchecked_::{{closure}}::{{closure}}::ha94be15d1e0acf36
[INFO] [stdout]                                at /rustc/82e1608dfa6e0b5569232559e3d385fea5a93112/library/std/src/thread/mod.rs:529:17
[INFO] [stdout]   47:     0x56302ac35a27 - <core::panic::unwind_safe::AssertUnwindSafe<F> as core::ops::function::FnOnce<()>>::call_once::h9dc6bd6372f16606
[INFO] [stdout]                                at /rustc/82e1608dfa6e0b5569232559e3d385fea5a93112/library/core/src/panic/unwind_safe.rs:272:9
[INFO] [stdout]   48:     0x56302ac35a27 - std::panicking::try::do_call::h9057517f80303cd4
[INFO] [stdout]                                at /rustc/82e1608dfa6e0b5569232559e3d385fea5a93112/library/std/src/panicking.rs:552:40
[INFO] [stdout]   49:     0x56302ac35a27 - std::panicking::try::he3a30b11ee45340c
[INFO] [stdout]                                at /rustc/82e1608dfa6e0b5569232559e3d385fea5a93112/library/std/src/panicking.rs:516:19
[INFO] [stdout]   50:     0x56302ac35a27 - std::panic::catch_unwind::h410458cfd3528b8b
[INFO] [stdout]                                at /rustc/82e1608dfa6e0b5569232559e3d385fea5a93112/library/std/src/panic.rs:142:14
[INFO] [stdout]   51:     0x56302ac35a27 - std::thread::Builder::spawn_unchecked_::{{closure}}::h72ac3bdb567b737b
[INFO] [stdout]                                at /rustc/82e1608dfa6e0b5569232559e3d385fea5a93112/library/std/src/thread/mod.rs:528:30
[INFO] [stdout]   52:     0x56302ac35a27 - core::ops::function::FnOnce::call_once{{vtable.shim}}::h38f34da3654a8344
[INFO] [stdout]                                at /rustc/82e1608dfa6e0b5569232559e3d385fea5a93112/library/core/src/ops/function.rs:250:5
[INFO] [stdout]   53:     0x56302af23155 - <alloc::boxed::Box<F,A> as core::ops::function::FnOnce<Args>>::call_once::hc7eafaff61e32df9
[INFO] [stdout]                                at /rustc/82e1608dfa6e0b5569232559e3d385fea5a93112/library/alloc/src/boxed.rs:2007:9
[INFO] [stdout]   54:     0x56302af23155 - <alloc::boxed::Box<F,A> as core::ops::function::FnOnce<Args>>::call_once::h6ba4a5de48dd2304
[INFO] [stdout]                                at /rustc/82e1608dfa6e0b5569232559e3d385fea5a93112/library/alloc/src/boxed.rs:2007:9
[INFO] [stdout]   55:     0x56302af23155 - std::sys::unix::thread::Thread::new::thread_start::he469335aef763e45
[INFO] [stdout]                                at /rustc/82e1608dfa6e0b5569232559e3d385fea5a93112/library/std/src/sys/unix/thread.rs:108:17
[INFO] [stdout]   56:     0x7ffa1385bac3 - <unknown>
[INFO] [stdout]   57:     0x7ffa138ecbf4 - __clone
[INFO] [stdout]   58:                0x0 - <unknown>
[INFO] [stdout] 
[INFO] [stdout] ---- tests::calc_wanted_gizmo_probabilities_test::ancient_armour_110_120_1_harnessed_1_dextrous_7_variable stdout ----
[INFO] [stdout] thread 'tests::calc_wanted_gizmo_probabilities_test::ancient_armour_110_120_1_harnessed_1_dextrous_7_variable' panicked at src/component_prices.rs:24:34:
[INFO] [stdout] called `Option::unwrap()` on a `None` value
[INFO] [stdout] stack backtrace:
[INFO] [stdout]    0:     0x56302af1c37c - std::backtrace_rs::backtrace::libunwind::trace::ha637c64ce894333a
[INFO] [stdout]                                at /rustc/82e1608dfa6e0b5569232559e3d385fea5a93112/library/std/src/../../backtrace/src/backtrace/libunwind.rs:104:5
[INFO] [stdout]    1:     0x56302af1c37c - std::backtrace_rs::backtrace::trace_unsynchronized::h47f62dea28e0c88d
[INFO] [stdout]                                at /rustc/82e1608dfa6e0b5569232559e3d385fea5a93112/library/std/src/../../backtrace/src/backtrace/mod.rs:66:5
[INFO] [stdout]    2:     0x56302af1c37c - std::sys_common::backtrace::_print_fmt::h9eef0abe20ede486
[INFO] [stdout]                                at /rustc/82e1608dfa6e0b5569232559e3d385fea5a93112/library/std/src/sys_common/backtrace.rs:67:5
[INFO] [stdout]    3:     0x56302af1c37c - <std::sys_common::backtrace::_print::DisplayBacktrace as core::fmt::Display>::fmt::hed7f999df88cc644
[INFO] [stdout]                                at /rustc/82e1608dfa6e0b5569232559e3d385fea5a93112/library/std/src/sys_common/backtrace.rs:44:22
[INFO] [stdout]    4:     0x56302af4af30 - core::fmt::rt::Argument::fmt::h1539a9308b8d058d
[INFO] [stdout]                                at /rustc/82e1608dfa6e0b5569232559e3d385fea5a93112/library/core/src/fmt/rt.rs:142:9
[INFO] [stdout]    5:     0x56302af4af30 - core::fmt::write::h3a39390d8560d9c9
[INFO] [stdout]                                at /rustc/82e1608dfa6e0b5569232559e3d385fea5a93112/library/core/src/fmt/mod.rs:1120:17
[INFO] [stdout]    6:     0x56302af1930f - std::io::Write::write_fmt::h040b369f3a0f9cbc
[INFO] [stdout]                                at /rustc/82e1608dfa6e0b5569232559e3d385fea5a93112/library/std/src/io/mod.rs:1762:15
[INFO] [stdout]    7:     0x56302af1c164 - std::sys_common::backtrace::_print::h894006fb5c6f3d45
[INFO] [stdout]                                at /rustc/82e1608dfa6e0b5569232559e3d385fea5a93112/library/std/src/sys_common/backtrace.rs:47:5
[INFO] [stdout]    8:     0x56302af1c164 - std::sys_common::backtrace::print::h23a2d212c6fff936
[INFO] [stdout]                                at /rustc/82e1608dfa6e0b5569232559e3d385fea5a93112/library/std/src/sys_common/backtrace.rs:34:9
[INFO] [stdout]    9:     0x56302af1de27 - std::panicking::default_hook::{{closure}}::h8a1d2ee00185001a
[INFO] [stdout]   10:     0x56302af1db13 - std::panicking::default_hook::h6038f2eba384e475
[INFO] [stdout]                                at /rustc/82e1608dfa6e0b5569232559e3d385fea5a93112/library/std/src/panicking.rs:289:9
[INFO] [stdout]   11:     0x56302ac64047 - <alloc::boxed::Box<F,A> as core::ops::function::Fn<Args>>::call::h0ad024c9bdc6d768
[INFO] [stdout]                                at /rustc/82e1608dfa6e0b5569232559e3d385fea5a93112/library/alloc/src/boxed.rs:2021:9
[INFO] [stdout]   12:     0x56302ac64047 - test::test_main::{{closure}}::h7500b54257359db6
[INFO] [stdout]                                at /rustc/82e1608dfa6e0b5569232559e3d385fea5a93112/library/test/src/lib.rs:138:21
[INFO] [stdout]   13:     0x56302af1e438 - <alloc::boxed::Box<F,A> as core::ops::function::Fn<Args>>::call::h1f8f335eaa9cfaee
[INFO] [stdout]                                at /rustc/82e1608dfa6e0b5569232559e3d385fea5a93112/library/alloc/src/boxed.rs:2021:9
[INFO] [stdout]   14:     0x56302af1e438 - std::panicking::rust_panic_with_hook::h2b5517d590cab22e
[INFO] [stdout]                                at /rustc/82e1608dfa6e0b5569232559e3d385fea5a93112/library/std/src/panicking.rs:783:13
[INFO] [stdout]   15:     0x56302af1e159 - std::panicking::begin_panic_handler::{{closure}}::h233112c06e0ef43e
[INFO] [stdout]                                at /rustc/82e1608dfa6e0b5569232559e3d385fea5a93112/library/std/src/panicking.rs:649:13
[INFO] [stdout]   16:     0x56302af1c846 - std::sys_common::backtrace::__rust_end_short_backtrace::h6e893f24d7ebbff8
[INFO] [stdout]                                at /rustc/82e1608dfa6e0b5569232559e3d385fea5a93112/library/std/src/sys_common/backtrace.rs:170:18
[INFO] [stdout]   17:     0x56302af1def2 - rust_begin_unwind
[INFO] [stdout]                                at /rustc/82e1608dfa6e0b5569232559e3d385fea5a93112/library/std/src/panicking.rs:645:5
[INFO] [stdout]   18:     0x56302a701685 - core::panicking::panic_fmt::hbf0e066aabfa482c
[INFO] [stdout]                                at /rustc/82e1608dfa6e0b5569232559e3d385fea5a93112/library/core/src/panicking.rs:72:14
[INFO] [stdout]   19:     0x56302a701723 - core::panicking::panic::h195fc2a96298d4c3
[INFO] [stdout]                                at /rustc/82e1608dfa6e0b5569232559e3d385fea5a93112/library/core/src/panicking.rs:127:5
[INFO] [stdout]   20:     0x56302a77d700 - core::option::Option<T>::unwrap::h3b9d9b651b6463b5
[INFO] [stdout]                                at /rustc/82e1608dfa6e0b5569232559e3d385fea5a93112/library/core/src/option.rs:931:21
[INFO] [stdout]   21:     0x56302a7ef4f4 - perk_solver::component_prices::calc_gizmo_price::hbc1e3914c96bab43
[INFO] [stdout]                                at /opt/rustwide/workdir/src/component_prices.rs:24:18
[INFO] [stdout]   22:     0x56302a72e373 - perk_solver::prelude::ResultLine::create::hcc54a37491327fbc
[INFO] [stdout]                                at /opt/rustwide/workdir/src/prelude.rs:154:21
[INFO] [stdout]   23:     0x56302a753bda - perk_solver::calc_wanted_gizmo_probabilities::{{closure}}::h937265f51d3ee851
[INFO] [stdout]                                at /opt/rustwide/workdir/src/lib.rs:534:33
[INFO] [stdout]   24:     0x56302a73f4d4 - core::ops::function::impls::<impl core::ops::function::FnOnce<A> for &mut F>::call_once::hd75b185f295f4197
[INFO] [stdout]                                at /rustc/82e1608dfa6e0b5569232559e3d385fea5a93112/library/core/src/ops/function.rs:305:13
[INFO] [stdout]   25:     0x56302a7750c5 - core::option::Option<T>::map::hd0a62b5dc409e570
[INFO] [stdout]                                at /rustc/82e1608dfa6e0b5569232559e3d385fea5a93112/library/core/src/option.rs:1072:29
[INFO] [stdout]   26:     0x56302a7750c5 - <core::iter::adapters::map::Map<I,F> as core::iter::traits::iterator::Iterator>::next::hfc930ff637fedea6
[INFO] [stdout]                                at /rustc/82e1608dfa6e0b5569232559e3d385fea5a93112/library/core/src/iter/adapters/map.rs:103:26
[INFO] [stdout]   27:     0x56302a7751fc - <alloc::vec::Vec<T> as alloc::vec::spec_from_iter_nested::SpecFromIterNested<T,I>>::from_iter::h08b2db7065000526
[INFO] [stdout]                                at /rustc/82e1608dfa6e0b5569232559e3d385fea5a93112/library/alloc/src/vec/spec_from_iter_nested.rs:26:32
[INFO] [stdout]   28:     0x56302a77a2bd - <alloc::vec::Vec<T> as alloc::vec::spec_from_iter::SpecFromIter<T,I>>::from_iter::he44644f0ccfa4faf
[INFO] [stdout]                                at /rustc/82e1608dfa6e0b5569232559e3d385fea5a93112/library/alloc/src/vec/spec_from_iter.rs:33:9
[INFO] [stdout]   29:     0x56302a77a228 - <alloc::vec::Vec<T> as core::iter::traits::collect::FromIterator<T>>::from_iter::hf07fe51114df9ac6
[INFO] [stdout]                                at /rustc/82e1608dfa6e0b5569232559e3d385fea5a93112/library/alloc/src/vec/mod.rs:2753:9
[INFO] [stdout]   30:     0x56302a77671d - core::iter::traits::iterator::Iterator::collect::ha2bf65d9c59aa3e5
[INFO] [stdout]                                at /rustc/82e1608dfa6e0b5569232559e3d385fea5a93112/library/core/src/iter/traits/iterator.rs:2054:9
[INFO] [stdout]   31:     0x56302a75365c - perk_solver::calc_wanted_gizmo_probabilities::hdafaffd65daf56c1
[INFO] [stdout]                                at /opt/rustwide/workdir/src/lib.rs:532:5
[INFO] [stdout]   32:     0x56302a7baead - perk_solver::tests::calc_wanted_gizmo_probabilities_test::ancient_armour_110_120_1_harnessed_1_dextrous_7_variable::h2a0adba77c2cebd2
[INFO] [stdout]                                at /opt/rustwide/workdir/src/lib.rs:1196:26
[INFO] [stdout]   33:     0x56302a7ba627 - perk_solver::tests::calc_wanted_gizmo_probabilities_test::ancient_armour_110_120_1_harnessed_1_dextrous_7_variable::{{closure}}::h602708dd293724ef
[INFO] [stdout]                                at /opt/rustwide/workdir/src/lib.rs:1168:70
[INFO] [stdout]   34:     0x56302a7cdc46 - core::ops::function::FnOnce::call_once::hc651750ca192bd11
[INFO] [stdout]                                at /rustc/82e1608dfa6e0b5569232559e3d385fea5a93112/library/core/src/ops/function.rs:250:5
[INFO] [stdout]   35:     0x56302ac6969f - core::ops::function::FnOnce::call_once::h2b5d431d5046312d
[INFO] [stdout]                                at /rustc/82e1608dfa6e0b5569232559e3d385fea5a93112/library/core/src/ops/function.rs:250:5
[INFO] [stdout]   36:     0x56302ac6969f - test::__rust_begin_short_backtrace::h7714669af176e207
[INFO] [stdout]                                at /rustc/82e1608dfa6e0b5569232559e3d385fea5a93112/library/test/src/lib.rs:628:18
[INFO] [stdout]   37:     0x56302ac686b5 - test::run_test_in_process::{{closure}}::h85218797dcbcec12
[INFO] [stdout]                                at /rustc/82e1608dfa6e0b5569232559e3d385fea5a93112/library/test/src/lib.rs:651:60
[INFO] [stdout]   38:     0x56302ac686b5 - <core::panic::unwind_safe::AssertUnwindSafe<F> as core::ops::function::FnOnce<()>>::call_once::h76c106ea31c14d7b
[INFO] [stdout]                                at /rustc/82e1608dfa6e0b5569232559e3d385fea5a93112/library/core/src/panic/unwind_safe.rs:272:9
[INFO] [stdout]   39:     0x56302ac686b5 - std::panicking::try::do_call::h3bd5d0f6620ee946
[INFO] [stdout]                                at /rustc/82e1608dfa6e0b5569232559e3d385fea5a93112/library/std/src/panicking.rs:552:40
[INFO] [stdout]   40:     0x56302ac686b5 - std::panicking::try::h232e535e4744fe31
[INFO] [stdout]                                at /rustc/82e1608dfa6e0b5569232559e3d385fea5a93112/library/std/src/panicking.rs:516:19
[INFO] [stdout]   41:     0x56302ac686b5 - std::panic::catch_unwind::h3ce3bd6ca8dbac68
[INFO] [stdout]                                at /rustc/82e1608dfa6e0b5569232559e3d385fea5a93112/library/std/src/panic.rs:142:14
[INFO] [stdout]   42:     0x56302ac686b5 - test::run_test_in_process::hc97b257c9621286a
[INFO] [stdout]                                at /rustc/82e1608dfa6e0b5569232559e3d385fea5a93112/library/test/src/lib.rs:651:27
[INFO] [stdout]   43:     0x56302ac686b5 - test::run_test::{{closure}}::h2aa798823a438d38
[INFO] [stdout]                                at /rustc/82e1608dfa6e0b5569232559e3d385fea5a93112/library/test/src/lib.rs:574:43
[INFO] [stdout]   44:     0x56302ac30976 - test::run_test::{{closure}}::h87d231c78fb59832
[INFO] [stdout]                                at /rustc/82e1608dfa6e0b5569232559e3d385fea5a93112/library/test/src/lib.rs:602:41
[INFO] [stdout]   45:     0x56302ac30976 - std::sys_common::backtrace::__rust_begin_short_backtrace::he6df152596625789
[INFO] [stdout]                                at /rustc/82e1608dfa6e0b5569232559e3d385fea5a93112/library/std/src/sys_common/backtrace.rs:154:18
[INFO] [stdout]   46:     0x56302ac35a27 - std::thread::Builder::spawn_unchecked_::{{closure}}::{{closure}}::ha94be15d1e0acf36
[INFO] [stdout]                                at /rustc/82e1608dfa6e0b5569232559e3d385fea5a93112/library/std/src/thread/mod.rs:529:17
[INFO] [stdout]   47:     0x56302ac35a27 - <core::panic::unwind_safe::AssertUnwindSafe<F> as core::ops::function::FnOnce<()>>::call_once::h9dc6bd6372f16606
[INFO] [stdout]                                at /rustc/82e1608dfa6e0b5569232559e3d385fea5a93112/library/core/src/panic/unwind_safe.rs:272:9
[INFO] [stdout]   48:     0x56302ac35a27 - std::panicking::try::do_call::h9057517f80303cd4
[INFO] [stdout]                                at /rustc/82e1608dfa6e0b5569232559e3d385fea5a93112/library/std/src/panicking.rs:552:40
[INFO] [stdout]   49:     0x56302ac35a27 - std::panicking::try::he3a30b11ee45340c
[INFO] [stdout]                                at /rustc/82e1608dfa6e0b5569232559e3d385fea5a93112/library/std/src/panicking.rs:516:19
[INFO] [stdout]   50:     0x56302ac35a27 - std::panic::catch_unwind::h410458cfd3528b8b
[INFO] [stdout]                                at /rustc/82e1608dfa6e0b5569232559e3d385fea5a93112/library/std/src/panic.rs:142:14
[INFO] [stdout]   51:     0x56302ac35a27 - std::thread::Builder::spawn_unchecked_::{{closure}}::h72ac3bdb567b737b
[INFO] [stdout]                                at /rustc/82e1608dfa6e0b5569232559e3d385fea5a93112/library/std/src/thread/mod.rs:528:30
[INFO] [stdout]   52:     0x56302ac35a27 - core::ops::function::FnOnce::call_once{{vtable.shim}}::h38f34da3654a8344
[INFO] [stdout]                                at /rustc/82e1608dfa6e0b5569232559e3d385fea5a93112/library/core/src/ops/function.rs:250:5
[INFO] [stdout]   53:     0x56302af23155 - <alloc::boxed::Box<F,A> as core::ops::function::FnOnce<Args>>::call_once::hc7eafaff61e32df9
[INFO] [stdout]                                at /rustc/82e1608dfa6e0b5569232559e3d385fea5a93112/library/alloc/src/boxed.rs:2007:9
[INFO] [stdout]   54:     0x56302af23155 - <alloc::boxed::Box<F,A> as core::ops::function::FnOnce<Args>>::call_once::h6ba4a5de48dd2304
[INFO] [stdout]                                at /rustc/82e1608dfa6e0b5569232559e3d385fea5a93112/library/alloc/src/boxed.rs:2007:9
[INFO] [stdout]   55:     0x56302af23155 - std::sys::unix::thread::Thread::new::thread_start::he469335aef763e45
[INFO] [stdout]                                at /rustc/82e1608dfa6e0b5569232559e3d385fea5a93112/library/std/src/sys/unix/thread.rs:108:17
[INFO] [stdout]   56:     0x7ffa1385bac3 - <unknown>
[INFO] [stdout]   57:     0x7ffa138ecbf4 - __clone
[INFO] [stdout]   58:                0x0 - <unknown>
[INFO] [stdout] 
[INFO] [stdout] ---- tests::calc_wanted_gizmo_probabilities_test::ancient_armour_50_60_1_harnessed_1_dextrous_7_variable_fuzzy stdout ----
[INFO] [stdout] thread 'tests::calc_wanted_gizmo_probabilities_test::ancient_armour_50_60_1_harnessed_1_dextrous_7_variable_fuzzy' panicked at src/component_prices.rs:24:34:
[INFO] [stdout] called `Option::unwrap()` on a `None` value
[INFO] [stdout] stack backtrace:
[INFO] [stdout]    0:     0x56302af1c37c - std::backtrace_rs::backtrace::libunwind::trace::ha637c64ce894333a
[INFO] [stdout]                                at /rustc/82e1608dfa6e0b5569232559e3d385fea5a93112/library/std/src/../../backtrace/src/backtrace/libunwind.rs:104:5
[INFO] [stdout]    1:     0x56302af1c37c - std::backtrace_rs::backtrace::trace_unsynchronized::h47f62dea28e0c88d
[INFO] [stdout]                                at /rustc/82e1608dfa6e0b5569232559e3d385fea5a93112/library/std/src/../../backtrace/src/backtrace/mod.rs:66:5
[INFO] [stdout]    2:     0x56302af1c37c - std::sys_common::backtrace::_print_fmt::h9eef0abe20ede486
[INFO] [stdout]                                at /rustc/82e1608dfa6e0b5569232559e3d385fea5a93112/library/std/src/sys_common/backtrace.rs:67:5
[INFO] [stdout]    3:     0x56302af1c37c - <std::sys_common::backtrace::_print::DisplayBacktrace as core::fmt::Display>::fmt::hed7f999df88cc644
[INFO] [stdout]                                at /rustc/82e1608dfa6e0b5569232559e3d385fea5a93112/library/std/src/sys_common/backtrace.rs:44:22
[INFO] [stdout]    4:     0x56302af4af30 - core::fmt::rt::Argument::fmt::h1539a9308b8d058d
[INFO] [stdout]                                at /rustc/82e1608dfa6e0b5569232559e3d385fea5a93112/library/core/src/fmt/rt.rs:142:9
[INFO] [stdout]    5:     0x56302af4af30 - core::fmt::write::h3a39390d8560d9c9
[INFO] [stdout]                                at /rustc/82e1608dfa6e0b5569232559e3d385fea5a93112/library/core/src/fmt/mod.rs:1120:17
[INFO] [stdout]    6:     0x56302af1930f - std::io::Write::write_fmt::h040b369f3a0f9cbc
[INFO] [stdout]                                at /rustc/82e1608dfa6e0b5569232559e3d385fea5a93112/library/std/src/io/mod.rs:1762:15
[INFO] [stdout]    7:     0x56302af1c164 - std::sys_common::backtrace::_print::h894006fb5c6f3d45
[INFO] [stdout]                                at /rustc/82e1608dfa6e0b5569232559e3d385fea5a93112/library/std/src/sys_common/backtrace.rs:47:5
[INFO] [stdout]    8:     0x56302af1c164 - std::sys_common::backtrace::print::h23a2d212c6fff936
[INFO] [stdout]                                at /rustc/82e1608dfa6e0b5569232559e3d385fea5a93112/library/std/src/sys_common/backtrace.rs:34:9
[INFO] [stdout]    9:     0x56302af1de27 - std::panicking::default_hook::{{closure}}::h8a1d2ee00185001a
[INFO] [stdout]   10:     0x56302af1db13 - std::panicking::default_hook::h6038f2eba384e475
[INFO] [stdout]                                at /rustc/82e1608dfa6e0b5569232559e3d385fea5a93112/library/std/src/panicking.rs:289:9
[INFO] [stdout]   11:     0x56302ac64047 - <alloc::boxed::Box<F,A> as core::ops::function::Fn<Args>>::call::h0ad024c9bdc6d768
[INFO] [stdout]                                at /rustc/82e1608dfa6e0b5569232559e3d385fea5a93112/library/alloc/src/boxed.rs:2021:9
[INFO] [stdout]   12:     0x56302ac64047 - test::test_main::{{closure}}::h7500b54257359db6
[INFO] [stdout]                                at /rustc/82e1608dfa6e0b5569232559e3d385fea5a93112/library/test/src/lib.rs:138:21
[INFO] [stdout]   13:     0x56302af1e438 - <alloc::boxed::Box<F,A> as core::ops::function::Fn<Args>>::call::h1f8f335eaa9cfaee
[INFO] [stdout]                                at /rustc/82e1608dfa6e0b5569232559e3d385fea5a93112/library/alloc/src/boxed.rs:2021:9
[INFO] [stdout]   14:     0x56302af1e438 - std::panicking::rust_panic_with_hook::h2b5517d590cab22e
[INFO] [stdout]                                at /rustc/82e1608dfa6e0b5569232559e3d385fea5a93112/library/std/src/panicking.rs:783:13
[INFO] [stdout]   15:     0x56302af1e159 - std::panicking::begin_panic_handler::{{closure}}::h233112c06e0ef43e
[INFO] [stdout]                                at /rustc/82e1608dfa6e0b5569232559e3d385fea5a93112/library/std/src/panicking.rs:649:13
[INFO] [stdout]   16:     0x56302af1c846 - std::sys_common::backtrace::__rust_end_short_backtrace::h6e893f24d7ebbff8
[INFO] [stdout]                                at /rustc/82e1608dfa6e0b5569232559e3d385fea5a93112/library/std/src/sys_common/backtrace.rs:170:18
[INFO] [stdout]   17:     0x56302af1def2 - rust_begin_unwind
[INFO] [stdout]                                at /rustc/82e1608dfa6e0b5569232559e3d385fea5a93112/library/std/src/panicking.rs:645:5
[INFO] [stdout]   18:     0x56302a701685 - core::panicking::panic_fmt::hbf0e066aabfa482c
[INFO] [stdout]                                at /rustc/82e1608dfa6e0b5569232559e3d385fea5a93112/library/core/src/panicking.rs:72:14
[INFO] [stdout]   19:     0x56302a701723 - core::panicking::panic::h195fc2a96298d4c3
[INFO] [stdout]                                at /rustc/82e1608dfa6e0b5569232559e3d385fea5a93112/library/core/src/panicking.rs:127:5
[INFO] [stdout]   20:     0x56302a77d700 - core::option::Option<T>::unwrap::h3b9d9b651b6463b5
[INFO] [stdout]                                at /rustc/82e1608dfa6e0b5569232559e3d385fea5a93112/library/core/src/option.rs:931:21
[INFO] [stdout]   21:     0x56302a7ef4f4 - perk_solver::component_prices::calc_gizmo_price::hbc1e3914c96bab43
[INFO] [stdout]                                at /opt/rustwide/workdir/src/component_prices.rs:24:18
[INFO] [stdout]   22:     0x56302a72e373 - perk_solver::prelude::ResultLine::create::hcc54a37491327fbc
[INFO] [stdout]                                at /opt/rustwide/workdir/src/prelude.rs:154:21
[INFO] [stdout]   23:     0x56302a753bda - perk_solver::calc_wanted_gizmo_probabilities::{{closure}}::h937265f51d3ee851
[INFO] [stdout]                                at /opt/rustwide/workdir/src/lib.rs:534:33
[INFO] [stdout]   24:     0x56302a73f4d4 - core::ops::function::impls::<impl core::ops::function::FnOnce<A> for &mut F>::call_once::hd75b185f295f4197
[INFO] [stdout]                                at /rustc/82e1608dfa6e0b5569232559e3d385fea5a93112/library/core/src/ops/function.rs:305:13
[INFO] [stdout]   25:     0x56302a7750c5 - core::option::Option<T>::map::hd0a62b5dc409e570
[INFO] [stdout]                                at /rustc/82e1608dfa6e0b5569232559e3d385fea5a93112/library/core/src/option.rs:1072:29
[INFO] [stdout]   26:     0x56302a7750c5 - <core::iter::adapters::map::Map<I,F> as core::iter::traits::iterator::Iterator>::next::hfc930ff637fedea6
[INFO] [stdout]                                at /rustc/82e1608dfa6e0b5569232559e3d385fea5a93112/library/core/src/iter/adapters/map.rs:103:26
[INFO] [stdout]   27:     0x56302a7751fc - <alloc::vec::Vec<T> as alloc::vec::spec_from_iter_nested::SpecFromIterNested<T,I>>::from_iter::h08b2db7065000526
[INFO] [stdout]                                at /rustc/82e1608dfa6e0b5569232559e3d385fea5a93112/library/alloc/src/vec/spec_from_iter_nested.rs:26:32
[INFO] [stdout]   28:     0x56302a77a2bd - <alloc::vec::Vec<T> as alloc::vec::spec_from_iter::SpecFromIter<T,I>>::from_iter::he44644f0ccfa4faf
[INFO] [stdout]                                at /rustc/82e1608dfa6e0b5569232559e3d385fea5a93112/library/alloc/src/vec/spec_from_iter.rs:33:9
[INFO] [stdout]   29:     0x56302a77a228 - <alloc::vec::Vec<T> as core::iter::traits::collect::FromIterator<T>>::from_iter::hf07fe51114df9ac6
[INFO] [stdout]                                at /rustc/82e1608dfa6e0b5569232559e3d385fea5a93112/library/alloc/src/vec/mod.rs:2753:9
[INFO] [stdout]   30:     0x56302a77671d - core::iter::traits::iterator::Iterator::collect::ha2bf65d9c59aa3e5
[INFO] [stdout]                                at /rustc/82e1608dfa6e0b5569232559e3d385fea5a93112/library/core/src/iter/traits/iterator.rs:2054:9
[INFO] [stdout]   31:     0x56302a75365c - perk_solver::calc_wanted_gizmo_probabilities::hdafaffd65daf56c1
[INFO] [stdout]                                at /opt/rustwide/workdir/src/lib.rs:532:5
[INFO] [stdout]   32:     0x56302a7bc174 - perk_solver::tests::calc_wanted_gizmo_probabilities_test::ancient_armour_50_60_1_harnessed_1_dextrous_7_variable_fuzzy::h062bcf47653a02a3
[INFO] [stdout]                                at /opt/rustwide/workdir/src/lib.rs:1274:26
[INFO] [stdout]   33:     0x56302a7bb8e7 - perk_solver::tests::calc_wanted_gizmo_probabilities_test::ancient_armour_50_60_1_harnessed_1_dextrous_7_variable_fuzzy::{{closure}}::h8f80963d50f11692
[INFO] [stdout]                                at /opt/rustwide/workdir/src/lib.rs:1246:74
[INFO] [stdout]   34:     0x56302a7cb536 - core::ops::function::FnOnce::call_once::h04df385bd3dfd431
[INFO] [stdout]                                at /rustc/82e1608dfa6e0b5569232559e3d385fea5a93112/library/core/src/ops/function.rs:250:5
[INFO] [stdout]   35:     0x56302ac6969f - core::ops::function::FnOnce::call_once::h2b5d431d5046312d
[INFO] [stdout]                                at /rustc/82e1608dfa6e0b5569232559e3d385fea5a93112/library/core/src/ops/function.rs:250:5
[INFO] [stdout]   36:     0x56302ac6969f - test::__rust_begin_short_backtrace::h7714669af176e207
[INFO] [stdout]                                at /rustc/82e1608dfa6e0b5569232559e3d385fea5a93112/library/test/src/lib.rs:628:18
[INFO] [stdout]   37:     0x56302ac686b5 - test::run_test_in_process::{{closure}}::h85218797dcbcec12
[INFO] [stdout]                                at /rustc/82e1608dfa6e0b5569232559e3d385fea5a93112/library/test/src/lib.rs:651:60
[INFO] [stdout]   38:     0x56302ac686b5 - <core::panic::unwind_safe::AssertUnwindSafe<F> as core::ops::function::FnOnce<()>>::call_once::h76c106ea31c14d7b
[INFO] [stdout]                                at /rustc/82e1608dfa6e0b5569232559e3d385fea5a93112/library/core/src/panic/unwind_safe.rs:272:9
[INFO] [stdout]   39:     0x56302ac686b5 - std::panicking::try::do_call::h3bd5d0f6620ee946
[INFO] [stdout]                                at /rustc/82e1608dfa6e0b5569232559e3d385fea5a93112/library/std/src/panicking.rs:552:40
[INFO] [stdout]   40:     0x56302ac686b5 - std::panicking::try::h232e535e4744fe31
[INFO] [stdout]                                at /rustc/82e1608dfa6e0b5569232559e3d385fea5a93112/library/std/src/panicking.rs:516:19
[INFO] [stdout]   41:     0x56302ac686b5 - std::panic::catch_unwind::h3ce3bd6ca8dbac68
[INFO] [stdout]                                at /rustc/82e1608dfa6e0b5569232559e3d385fea5a93112/library/std/src/panic.rs:142:14
[INFO] [stdout]   42:     0x56302ac686b5 - test::run_test_in_process::hc97b257c9621286a
[INFO] [stdout]                                at /rustc/82e1608dfa6e0b5569232559e3d385fea5a93112/library/test/src/lib.rs:651:27
[INFO] [stdout]   43:     0x56302ac686b5 - test::run_test::{{closure}}::h2aa798823a438d38
[INFO] [stdout]                                at /rustc/82e1608dfa6e0b5569232559e3d385fea5a93112/library/test/src/lib.rs:574:43
[INFO] [stdout]   44:     0x56302ac30976 - test::run_test::{{closure}}::h87d231c78fb59832
[INFO] [stdout]                                at /rustc/82e1608dfa6e0b5569232559e3d385fea5a93112/library/test/src/lib.rs:602:41
[INFO] [stdout]   45:     0x56302ac30976 - std::sys_common::backtrace::__rust_begin_short_backtrace::he6df152596625789
[INFO] [stdout]                                at /rustc/82e1608dfa6e0b5569232559e3d385fea5a93112/library/std/src/sys_common/backtrace.rs:154:18
[INFO] [stdout]   46:     0x56302ac35a27 - std::thread::Builder::spawn_unchecked_::{{closure}}::{{closure}}::ha94be15d1e0acf36
[INFO] [stdout]                                at /rustc/82e1608dfa6e0b5569232559e3d385fea5a93112/library/std/src/thread/mod.rs:529:17
[INFO] [stdout]   47:     0x56302ac35a27 - <core::panic::unwind_safe::AssertUnwindSafe<F> as core::ops::function::FnOnce<()>>::call_once::h9dc6bd6372f16606
[INFO] [stdout]                                at /rustc/82e1608dfa6e0b5569232559e3d385fea5a93112/library/core/src/panic/unwind_safe.rs:272:9
[INFO] [stdout]   48:     0x56302ac35a27 - std::panicking::try::do_call::h9057517f80303cd4
[INFO] [stdout]                                at /rustc/82e1608dfa6e0b5569232559e3d385fea5a93112/library/std/src/panicking.rs:552:40
[INFO] [stdout]   49:     0x56302ac35a27 - std::panicking::try::he3a30b11ee45340c
[INFO] [stdout]                                at /rustc/82e1608dfa6e0b5569232559e3d385fea5a93112/library/std/src/panicking.rs:516:19
[INFO] [stdout]   50:     0x56302ac35a27 - std::panic::catch_unwind::h410458cfd3528b8b
[INFO] [stdout]                                at /rustc/82e1608dfa6e0b5569232559e3d385fea5a93112/library/std/src/panic.rs:142:14
[INFO] [stdout]   51:     0x56302ac35a27 - std::thread::Builder::spawn_unchecked_::{{closure}}::h72ac3bdb567b737b
[INFO] [stdout]                                at /rustc/82e1608dfa6e0b5569232559e3d385fea5a93112/library/std/src/thread/mod.rs:528:30
[INFO] [stdout]   52:     0x56302ac35a27 - core::ops::function::FnOnce::call_once{{vtable.shim}}::h38f34da3654a8344
[INFO] [stdout]                                at /rustc/82e1608dfa6e0b5569232559e3d385fea5a93112/library/core/src/ops/function.rs:250:5
[INFO] [stdout]   53:     0x56302af23155 - <alloc::boxed::Box<F,A> as core::ops::function::FnOnce<Args>>::call_once::hc7eafaff61e32df9
[INFO] [stdout]                                at /rustc/82e1608dfa6e0b5569232559e3d385fea5a93112/library/alloc/src/boxed.rs:2007:9
[INFO] [stdout]   54:     0x56302af23155 - <alloc::boxed::Box<F,A> as core::ops::function::FnOnce<Args>>::call_once::h6ba4a5de48dd2304
[INFO] [stdout]                                at /rustc/82e1608dfa6e0b5569232559e3d385fea5a93112/library/alloc/src/boxed.rs:2007:9
[INFO] [stdout]   55:     0x56302af23155 - std::sys::unix::thread::Thread::new::thread_start::he469335aef763e45
[INFO] [stdout]                                at /rustc/82e1608dfa6e0b5569232559e3d385fea5a93112/library/std/src/sys/unix/thread.rs:108:17
[INFO] [stdout]   56:     0x7ffa1385bac3 - <unknown>
[INFO] [stdout]   57:     0x7ffa138ecbf4 - __clone
[INFO] [stdout]   58:                0x0 - <unknown>
[INFO] [stdout] 
[INFO] [stdout] ---- tests::calc_wanted_gizmo_probabilities_test::ancient_armour_110_120_7_zamorak_2_sara stdout ----
[INFO] [stdout] Fetching component prices from Runescape.wiki...
[INFO] [stdout] thread 'tests::calc_wanted_gizmo_probabilities_test::ancient_armour_110_120_7_zamorak_2_sara' panicked at src/component_prices.rs:73:34:
[INFO] [stdout] called `Option::unwrap()` on a `None` value
[INFO] [stdout] stack backtrace:
[INFO] [stdout]    0:     0x56302af1c37c - std::backtrace_rs::backtrace::libunwind::trace::ha637c64ce894333a
[INFO] [stdout]                                at /rustc/82e1608dfa6e0b5569232559e3d385fea5a93112/library/std/src/../../backtrace/src/backtrace/libunwind.rs:104:5
[INFO] [stdout]    1:     0x56302af1c37c - std::backtrace_rs::backtrace::trace_unsynchronized::h47f62dea28e0c88d
[INFO] [stdout]                                at /rustc/82e1608dfa6e0b5569232559e3d385fea5a93112/library/std/src/../../backtrace/src/backtrace/mod.rs:66:5
[INFO] [stdout]    2:     0x56302af1c37c - std::sys_common::backtrace::_print_fmt::h9eef0abe20ede486
[INFO] [stdout]                                at /rustc/82e1608dfa6e0b5569232559e3d385fea5a93112/library/std/src/sys_common/backtrace.rs:67:5
[INFO] [stdout]    3:     0x56302af1c37c - <std::sys_common::backtrace::_print::DisplayBacktrace as core::fmt::Display>::fmt::hed7f999df88cc644
[INFO] [stdout]                                at /rustc/82e1608dfa6e0b5569232559e3d385fea5a93112/library/std/src/sys_common/backtrace.rs:44:22
[INFO] [stdout]    4:     0x56302af4af30 - core::fmt::rt::Argument::fmt::h1539a9308b8d058d
[INFO] [stdout]                                at /rustc/82e1608dfa6e0b5569232559e3d385fea5a93112/library/core/src/fmt/rt.rs:142:9
[INFO] [stdout]    5:     0x56302af4af30 - core::fmt::write::h3a39390d8560d9c9
[INFO] [stdout]                                at /rustc/82e1608dfa6e0b5569232559e3d385fea5a93112/library/core/src/fmt/mod.rs:1120:17
[INFO] [stdout]    6:     0x56302af1930f - std::io::Write::write_fmt::h040b369f3a0f9cbc
[INFO] [stdout]                                at /rustc/82e1608dfa6e0b5569232559e3d385fea5a93112/library/std/src/io/mod.rs:1762:15
[INFO] [stdout]    7:     0x56302af1c164 - std::sys_common::backtrace::_print::h894006fb5c6f3d45
[INFO] [stdout]                                at /rustc/82e1608dfa6e0b5569232559e3d385fea5a93112/library/std/src/sys_common/backtrace.rs:47:5
[INFO] [stdout]    8:     0x56302af1c164 - std::sys_common::backtrace::print::h23a2d212c6fff936
[INFO] [stdout]                                at /rustc/82e1608dfa6e0b5569232559e3d385fea5a93112/library/std/src/sys_common/backtrace.rs:34:9
[INFO] [stdout]    9:     0x56302af1de27 - std::panicking::default_hook::{{closure}}::h8a1d2ee00185001a
[INFO] [stdout]   10:     0x56302af1db13 - std::panicking::default_hook::h6038f2eba384e475
[INFO] [stdout]                                at /rustc/82e1608dfa6e0b5569232559e3d385fea5a93112/library/std/src/panicking.rs:289:9
[INFO] [stdout]   11:     0x56302ac64047 - <alloc::boxed::Box<F,A> as core::ops::function::Fn<Args>>::call::h0ad024c9bdc6d768
[INFO] [stdout]                                at /rustc/82e1608dfa6e0b5569232559e3d385fea5a93112/library/alloc/src/boxed.rs:2021:9
[INFO] [stdout]   12:     0x56302ac64047 - test::test_main::{{closure}}::h7500b54257359db6
[INFO] [stdout]                                at /rustc/82e1608dfa6e0b5569232559e3d385fea5a93112/library/test/src/lib.rs:138:21
[INFO] [stdout]   13:     0x56302af1e438 - <alloc::boxed::Box<F,A> as core::ops::function::Fn<Args>>::call::h1f8f335eaa9cfaee
[INFO] [stdout]                                at /rustc/82e1608dfa6e0b5569232559e3d385fea5a93112/library/alloc/src/boxed.rs:2021:9
[INFO] [stdout]   14:     0x56302af1e438 - std::panicking::rust_panic_with_hook::h2b5517d590cab22e
[INFO] [stdout]                                at /rustc/82e1608dfa6e0b5569232559e3d385fea5a93112/library/std/src/panicking.rs:783:13
[INFO] [stdout]   15:     0x56302af1e159 - std::panicking::begin_panic_handler::{{closure}}::h233112c06e0ef43e
[INFO] [stdout]                                at /rustc/82e1608dfa6e0b5569232559e3d385fea5a93112/library/std/src/panicking.rs:649:13
[INFO] [stdout]   16:     0x56302af1c846 - std::sys_common::backtrace::__rust_end_short_backtrace::h6e893f24d7ebbff8
[INFO] [stdout]                                at /rustc/82e1608dfa6e0b5569232559e3d385fea5a93112/library/std/src/sys_common/backtrace.rs:170:18
[INFO] [stdout]   17:     0x56302af1def2 - rust_begin_unwind
[INFO] [stdout]                                at /rustc/82e1608dfa6e0b5569232559e3d385fea5a93112/library/std/src/panicking.rs:645:5
[INFO] [stdout]   18:     0x56302a701685 - core::panicking::panic_fmt::hbf0e066aabfa482c
[INFO] [stdout]                                at /rustc/82e1608dfa6e0b5569232559e3d385fea5a93112/library/core/src/panicking.rs:72:14
[INFO] [stdout]   19:     0x56302a701723 - core::panicking::panic::h195fc2a96298d4c3
[INFO] [stdout]                                at /rustc/82e1608dfa6e0b5569232559e3d385fea5a93112/library/core/src/panicking.rs:127:5
[INFO] [stdout]   20:     0x56302a77d700 - core::option::Option<T>::unwrap::h3b9d9b651b6463b5
[INFO] [stdout]                                at /rustc/82e1608dfa6e0b5569232559e3d385fea5a93112/library/core/src/option.rs:931:21
[INFO] [stdout]   21:     0x56302a7f03fb - perk_solver::component_prices::get_shell_price::h269ea425628b9c10
[INFO] [stdout]                                at /opt/rustwide/workdir/src/component_prices.rs:73:18
[INFO] [stdout]   22:     0x56302a7f0c3f - perk_solver::component_prices::set_shell_price::hd9eda137b326fbba
[INFO] [stdout]                                at /opt/rustwide/workdir/src/component_prices.rs:116:37
[INFO] [stdout]   23:     0x56302a7b9cdd - perk_solver::tests::calc_wanted_gizmo_probabilities_test::ancient_armour_110_120_7_zamorak_2_sara::h8dc4710ce1e350da
[INFO] [stdout]                                at /opt/rustwide/workdir/src/lib.rs:1134:13
[INFO] [stdout]   24:     0x56302a7b9b37 - perk_solver::tests::calc_wanted_gizmo_probabilities_test::ancient_armour_110_120_7_zamorak_2_sara::{{closure}}::h7d9e9604eb971b3c
[INFO] [stdout]                                at /opt/rustwide/workdir/src/lib.rs:1126:53
[INFO] [stdout]   25:     0x56302a7cd406 - core::ops::function::FnOnce::call_once::h9a0f4545cc18b830
[INFO] [stdout]                                at /rustc/82e1608dfa6e0b5569232559e3d385fea5a93112/library/core/src/ops/function.rs:250:5
[INFO] [stdout]   26:     0x56302ac6969f - core::ops::function::FnOnce::call_once::h2b5d431d5046312d
[INFO] [stdout]                                at /rustc/82e1608dfa6e0b5569232559e3d385fea5a93112/library/core/src/ops/function.rs:250:5
[INFO] [stdout]   27:     0x56302ac6969f - test::__rust_begin_short_backtrace::h7714669af176e207
[INFO] [stdout]                                at /rustc/82e1608dfa6e0b5569232559e3d385fea5a93112/library/test/src/lib.rs:628:18
[INFO] [stdout]   28:     0x56302ac686b5 - test::run_test_in_process::{{closure}}::h85218797dcbcec12
[INFO] [stdout]                                at /rustc/82e1608dfa6e0b5569232559e3d385fea5a93112/library/test/src/lib.rs:651:60
[INFO] [stdout]   29:     0x56302ac686b5 - <core::panic::unwind_safe::AssertUnwindSafe<F> as core::ops::function::FnOnce<()>>::call_once::h76c106ea31c14d7b
[INFO] [stdout]                                at /rustc/82e1608dfa6e0b5569232559e3d385fea5a93112/library/core/src/panic/unwind_safe.rs:272:9
[INFO] [stdout]   30:     0x56302ac686b5 - std::panicking::try::do_call::h3bd5d0f6620ee946
[INFO] [stdout]                                at /rustc/82e1608dfa6e0b5569232559e3d385fea5a93112/library/std/src/panicking.rs:552:40
[INFO] [stdout]   31:     0x56302ac686b5 - std::panicking::try::h232e535e4744fe31
[INFO] [stdout]                                at /rustc/82e1608dfa6e0b5569232559e3d385fea5a93112/library/std/src/panicking.rs:516:19
[INFO] [stdout]   32:     0x56302ac686b5 - std::panic::catch_unwind::h3ce3bd6ca8dbac68
[INFO] [stdout]                                at /rustc/82e1608dfa6e0b5569232559e3d385fea5a93112/library/std/src/panic.rs:142:14
[INFO] [stdout]   33:     0x56302ac686b5 - test::run_test_in_process::hc97b257c9621286a
[INFO] [stdout]                                at /rustc/82e1608dfa6e0b5569232559e3d385fea5a93112/library/test/src/lib.rs:651:27
[INFO] [stdout]   34:     0x56302ac686b5 - test::run_test::{{closure}}::h2aa798823a438d38
[INFO] [stdout]                                at /rustc/82e1608dfa6e0b5569232559e3d385fea5a93112/library/test/src/lib.rs:574:43
[INFO] [stdout]   35:     0x56302ac30976 - test::run_test::{{closure}}::h87d231c78fb59832
[INFO] [stdout]                                at /rustc/82e1608dfa6e0b5569232559e3d385fea5a93112/library/test/src/lib.rs:602:41
[INFO] [stdout]   36:     0x56302ac30976 - std::sys_common::backtrace::__rust_begin_short_backtrace::he6df152596625789
[INFO] [stdout]                                at /rustc/82e1608dfa6e0b5569232559e3d385fea5a93112/library/std/src/sys_common/backtrace.rs:154:18
[INFO] [stdout]   37:     0x56302ac35a27 - std::thread::Builder::spawn_unchecked_::{{closure}}::{{closure}}::ha94be15d1e0acf36
[INFO] [stdout]                                at /rustc/82e1608dfa6e0b5569232559e3d385fea5a93112/library/std/src/thread/mod.rs:529:17
[INFO] [stdout]   38:     0x56302ac35a27 - <core::panic::unwind_safe::AssertUnwindSafe<F> as core::ops::function::FnOnce<()>>::call_once::h9dc6bd6372f16606
[INFO] [stdout]                                at /rustc/82e1608dfa6e0b5569232559e3d385fea5a93112/library/core/src/panic/unwind_safe.rs:272:9
[INFO] [stdout]   39:     0x56302ac35a27 - std::panicking::try::do_call::h9057517f80303cd4
[INFO] [stdout]                                at /rustc/82e1608dfa6e0b5569232559e3d385fea5a93112/library/std/src/panicking.rs:552:40
[INFO] [stdout]   40:     0x56302ac35a27 - std::panicking::try::he3a30b11ee45340c
[INFO] [stdout]                                at /rustc/82e1608dfa6e0b5569232559e3d385fea5a93112/library/std/src/panicking.rs:516:19
[INFO] [stdout]   41:     0x56302ac35a27 - std::panic::catch_unwind::h410458cfd3528b8b
[INFO] [stdout]                                at /rustc/82e1608dfa6e0b5569232559e3d385fea5a93112/library/std/src/panic.rs:142:14
[INFO] [stdout]   42:     0x56302ac35a27 - std::thread::Builder::spawn_unchecked_::{{closure}}::h72ac3bdb567b737b
[INFO] [stdout]                                at /rustc/82e1608dfa6e0b5569232559e3d385fea5a93112/library/std/src/thread/mod.rs:528:30
[INFO] [stdout]   43:     0x56302ac35a27 - core::ops::function::FnOnce::call_once{{vtable.shim}}::h38f34da3654a8344
[INFO] [stdout]                                at /rustc/82e1608dfa6e0b5569232559e3d385fea5a93112/library/core/src/ops/function.rs:250:5
[INFO] [stdout]   44:     0x56302af23155 - <alloc::boxed::Box<F,A> as core::ops::function::FnOnce<Args>>::call_once::hc7eafaff61e32df9
[INFO] [stdout]                                at /rustc/82e1608dfa6e0b5569232559e3d385fea5a93112/library/alloc/src/boxed.rs:2007:9
[INFO] [stdout]   45:     0x56302af23155 - <alloc::boxed::Box<F,A> as core::ops::function::FnOnce<Args>>::call_once::h6ba4a5de48dd2304
[INFO] [stdout]                                at /rustc/82e1608dfa6e0b5569232559e3d385fea5a93112/library/alloc/src/boxed.rs:2007:9
[INFO] [stdout]   46:     0x56302af23155 - std::sys::unix::thread::Thread::new::thread_start::he469335aef763e45
[INFO] [stdout]                                at /rustc/82e1608dfa6e0b5569232559e3d385fea5a93112/library/std/src/sys/unix/thread.rs:108:17
[INFO] [stdout]   47:     0x7ffa1385bac3 - <unknown>
[INFO] [stdout]   48:     0x7ffa138ecbf4 - __clone
[INFO] [stdout]   49:                0x0 - <unknown>
[INFO] [stdout] 
[INFO] [stdout] 
[INFO] [stdout] failures:
[INFO] [stdout]     tests::calc_wanted_gizmo_probabilities_test::ancient_armour_110_120_1_harnessed_1_dextrous_7_variable
[INFO] [stdout]     tests::calc_wanted_gizmo_probabilities_test::ancient_armour_110_120_7_zamorak_2_sara
[INFO] [stdout]     tests::calc_wanted_gizmo_probabilities_test::ancient_armour_50_60_1_harnessed_1_dextrous_7_variable
[INFO] [stdout]     tests::calc_wanted_gizmo_probabilities_test::ancient_armour_50_60_1_harnessed_1_dextrous_7_variable_fuzzy
[INFO] [stdout] 
[INFO] [stdout] test result: FAILED. 195 passed; 4 failed; 0 ignored; 0 measured; 0 filtered out; finished in 0.09s
[INFO] [stdout] 
[INFO] [stderr] error: test failed, to rerun pass `--lib`
[INFO] running `Command { std: "docker" "inspect" "91b48e4200ce6cabc6c1d455a0f23215900f2465b7d0b761a5714864d124c8e6", kill_on_drop: false }`
[INFO] running `Command { std: "docker" "rm" "-f" "91b48e4200ce6cabc6c1d455a0f23215900f2465b7d0b761a5714864d124c8e6", kill_on_drop: false }`
[INFO] [stdout] 91b48e4200ce6cabc6c1d455a0f23215900f2465b7d0b761a5714864d124c8e6
[INFO] testing CephHunter/Runescape-perk-solver against beta-2023-12-22 for beta-1.76-1
[INFO] running `Command { std: "git" "clone" "/workspace/cache/git-repos/https%3A%2F%2Fgithub.com%2FCephHunter%2FRunescape-perk-solver" "/workspace/builds/worker-7-tc2/source", kill_on_drop: false }`
[INFO] [stderr] Cloning into '/workspace/builds/worker-7-tc2/source'...
[INFO] [stderr] done.
[INFO] validating manifest of git repo https://github.com/CephHunter/Runescape-perk-solver on toolchain beta-2023-12-22
[INFO] running `Command { std: CARGO_HOME="/workspace/cargo-home" RUSTUP_HOME="/workspace/rustup-home" "/workspace/cargo-home/bin/cargo" "+beta-2023-12-22" "metadata" "--manifest-path" "Cargo.toml" "--no-deps", kill_on_drop: false }`
[INFO] started tweaking git repo https://github.com/CephHunter/Runescape-perk-solver
[INFO] finished tweaking git repo https://github.com/CephHunter/Runescape-perk-solver
[INFO] tweaked toml for git repo https://github.com/CephHunter/Runescape-perk-solver written to /workspace/builds/worker-7-tc2/source/Cargo.toml
[INFO] crate git repo https://github.com/CephHunter/Runescape-perk-solver already has a lockfile, it will not be regenerated
[INFO] running `Command { std: CARGO_HOME="/workspace/cargo-home" RUSTUP_HOME="/workspace/rustup-home" "/workspace/cargo-home/bin/cargo" "+beta-2023-12-22" "fetch" "--manifest-path" "Cargo.toml", kill_on_drop: false }`
[INFO] running `Command { std: "docker" "create" "-v" "/var/lib/crater-agent-workspace/builds/worker-7-tc2/target:/opt/rustwide/target:rw,Z" "-v" "/var/lib/crater-agent-workspace/builds/worker-7-tc2/source:/opt/rustwide/workdir:ro,Z" "-v" "/var/lib/crater-agent-workspace/cargo-home:/opt/rustwide/cargo-home:ro,Z" "-v" "/var/lib/crater-agent-workspace/rustup-home:/opt/rustwide/rustup-home:ro,Z" "-e" "SOURCE_DIR=/opt/rustwide/workdir" "-e" "CARGO_TARGET_DIR=/opt/rustwide/target" "-e" "CARGO_HOME=/opt/rustwide/cargo-home" "-e" "RUSTUP_HOME=/opt/rustwide/rustup-home" "-w" "/opt/rustwide/workdir" "-m" "1610612736" "--user" "0:0" "--network" "none" "ghcr.io/rust-lang/crates-build-env/linux@sha256:2788e3201cd34a07e3172128adcd8b3090168a8e3bcc40d7c032b9dda1df7d1c" "/opt/rustwide/cargo-home/bin/cargo" "+beta-2023-12-22" "metadata" "--no-deps" "--format-version=1", kill_on_drop: false }`
[INFO] [stdout] 6193e5082fda48bf25b5ae16bd5aa8004375fc03c16f11fbf731799277d749de
[INFO] running `Command { std: "docker" "start" "-a" "6193e5082fda48bf25b5ae16bd5aa8004375fc03c16f11fbf731799277d749de", kill_on_drop: false }`
[INFO] running `Command { std: "docker" "inspect" "6193e5082fda48bf25b5ae16bd5aa8004375fc03c16f11fbf731799277d749de", kill_on_drop: false }`
[INFO] running `Command { std: "docker" "rm" "-f" "6193e5082fda48bf25b5ae16bd5aa8004375fc03c16f11fbf731799277d749de", kill_on_drop: false }`
[INFO] [stdout] 6193e5082fda48bf25b5ae16bd5aa8004375fc03c16f11fbf731799277d749de
[INFO] running `Command { std: "docker" "create" "-v" "/var/lib/crater-agent-workspace/builds/worker-7-tc2/target:/opt/rustwide/target:rw,Z" "-v" "/var/lib/crater-agent-workspace/builds/worker-7-tc2/source:/opt/rustwide/workdir:ro,Z" "-v" "/var/lib/crater-agent-workspace/cargo-home:/opt/rustwide/cargo-home:ro,Z" "-v" "/var/lib/crater-agent-workspace/rustup-home:/opt/rustwide/rustup-home:ro,Z" "-e" "SOURCE_DIR=/opt/rustwide/workdir" "-e" "CARGO_TARGET_DIR=/opt/rustwide/target" "-e" "CARGO_INCREMENTAL=0" "-e" "RUST_BACKTRACE=full" "-e" "RUSTFLAGS=--cap-lints=warn" "-e" "RUSTDOCFLAGS=--cap-lints=warn" "-e" "CARGO_HOME=/opt/rustwide/cargo-home" "-e" "RUSTUP_HOME=/opt/rustwide/rustup-home" "-w" "/opt/rustwide/workdir" "-m" "1610612736" "--user" "0:0" "--network" "none" "ghcr.io/rust-lang/crates-build-env/linux@sha256:2788e3201cd34a07e3172128adcd8b3090168a8e3bcc40d7c032b9dda1df7d1c" "/opt/rustwide/cargo-home/bin/cargo" "+beta-2023-12-22" "build" "--frozen" "--message-format=json", kill_on_drop: false }`
[INFO] [stdout] 9a0d2d9931e0cbd14bc823d9c308f271228726c5392e850d756b675bdff0297a
[INFO] running `Command { std: "docker" "start" "-a" "9a0d2d9931e0cbd14bc823d9c308f271228726c5392e850d756b675bdff0297a", kill_on_drop: false }`
[INFO] [stderr]    Compiling proc-macro2 v1.0.64
[INFO] [stderr]    Compiling unicode-ident v1.0.5
[INFO] [stderr]    Compiling quote v1.0.29
[INFO] [stderr]    Compiling libc v0.2.147
[INFO] [stderr]    Compiling syn v1.0.109
[INFO] [stderr]    Compiling once_cell v1.18.0
[INFO] [stderr]    Compiling cc v1.0.76
[INFO] [stderr]    Compiling pkg-config v0.3.26
[INFO] [stderr]    Compiling futures-core v0.3.27
[INFO] [stderr]    Compiling bytes v1.3.0
[INFO] [stderr]    Compiling itoa v1.0.4
[INFO] [stderr]    Compiling tokio v1.29.1
[INFO] [stderr]    Compiling log v0.4.17
[INFO] [stderr]    Compiling futures-task v0.3.27
[INFO] [stderr]    Compiling rustix v0.38.3
[INFO] [stderr]    Compiling ppv-lite86 v0.2.17
[INFO] [stderr]    Compiling serde v1.0.171
[INFO] [stderr]    Compiling tracing-core v0.1.30
[INFO] [stderr]    Compiling bitflags v2.3.3
[INFO] [stderr]    Compiling openssl v0.10.45
[INFO] [stderr]    Compiling siphasher v0.3.10
[INFO] [stderr]    Compiling linux-raw-sys v0.4.3
[INFO] [stderr]    Compiling futures-util v0.3.27
[INFO] [stderr]    Compiling http v0.2.8
[INFO] [stderr]    Compiling futures-sink v0.3.27
[INFO] [stderr]    Compiling native-tls v0.2.11
[INFO] [stderr]    Compiling proc-macro-hack v0.5.20+deprecated
[INFO] [stderr]    Compiling futures-io v0.3.27
[INFO] [stderr]    Compiling futures-channel v0.3.27
[INFO] [stderr]    Compiling phf_shared v0.10.0
[INFO] [stderr]    Compiling tracing v0.1.37
[INFO] [stderr]    Compiling rustversion v1.0.11
[INFO] [stderr]    Compiling heck v0.4.1
[INFO] [stderr]    Compiling utf8parse v0.2.1
[INFO] [stderr]    Compiling try-lock v0.2.4
[INFO] [stderr]    Compiling anstyle-parse v0.2.1
[INFO] [stderr]    Compiling want v0.3.0
[INFO] [stderr]    Compiling colorchoice v1.0.0
[INFO] [stderr]    Compiling syn v2.0.25
[INFO] [stderr]    Compiling num_cpus v1.16.0
[INFO] [stderr]    Compiling getrandom v0.2.8
[INFO] [stderr]    Compiling mio v0.8.8
[INFO] [stderr]    Compiling socket2 v0.4.9
[INFO] [stderr]    Compiling anstyle v1.0.1
[INFO] [stderr]    Compiling anstyle-query v1.0.0
[INFO] [stderr]    Compiling portable-atomic v1.3.3
[INFO] [stderr]    Compiling rand_core v0.6.4
[INFO] [stderr]    Compiling openssl-sys v0.9.80
[INFO] [stderr]    Compiling http-body v0.4.5
[INFO] [stderr]    Compiling rand_chacha v0.3.1
[INFO] [stderr]    Compiling aho-corasick v1.0.2
[INFO] [stderr]    Compiling rand v0.8.5
[INFO] [stderr]    Compiling is-terminal v0.4.9
[INFO] [stderr]    Compiling anstream v0.3.2
[INFO] [stderr]    Compiling serde_json v1.0.100
[INFO] [stderr]    Compiling unicode-width v0.1.10
[INFO] [stderr]    Compiling regex-syntax v0.7.3
[INFO] [stderr]    Compiling clap_lex v0.5.0
[INFO] [stderr]    Compiling strsim v0.10.0
[INFO] [stderr]    Compiling console v0.15.4
[INFO] [stderr]    Compiling clap_builder v4.3.11
[INFO] [stderr]    Compiling either v1.8.0
[INFO] [stderr]    Compiling number_prefix v0.4.0
[INFO] [stderr]    Compiling ipnet v2.7.1
[INFO] [stderr]    Compiling convert_case v0.4.0
[INFO] [stderr]    Compiling cfg-if v0.1.10
[INFO] [stderr]    Compiling base64 v0.21.2
[INFO] [stderr]    Compiling phf_generator v0.10.0
[INFO] [stderr]    Compiling len-trait v0.6.1
[INFO] [stderr]    Compiling itertools v0.11.0
[INFO] [stderr]    Compiling colored v2.0.4
[INFO] [stderr]    Compiling indicatif v0.17.5
[INFO] [stderr]    Compiling threadpool v1.8.1
[INFO] [stderr]    Compiling smallvec v1.11.0
[INFO] [stderr]    Compiling toml v0.5.11
[INFO] [stderr]    Compiling regex-automata v0.3.2
[INFO] [stderr]    Compiling winres v0.1.12
[INFO] [stderr]    Compiling perk_solver v1.7.0 (/opt/rustwide/workdir)
[INFO] [stderr]    Compiling tokio-util v0.7.4
[INFO] [stderr]    Compiling serde_derive v1.0.171
[INFO] [stderr]    Compiling clap_derive v4.3.2
[INFO] [stderr]    Compiling strum_macros v0.25.1
[INFO] [stderr]    Compiling openssl-macros v0.1.0
[INFO] [stderr]    Compiling ext-trait-proc_macros v1.0.1
[INFO] [stderr]    Compiling phf_macros v0.10.0
[INFO] [stderr]    Compiling derive_more v0.99.17
[INFO] [stderr]    Compiling derivative v2.2.0
[INFO] [stderr]    Compiling h2 v0.3.15
[INFO] [stderr]    Compiling regex v1.9.1
[INFO] [stderr]    Compiling ext-trait v1.0.1
[INFO] [stderr]    Compiling extension-traits v1.0.1
[INFO] [stderr]    Compiling uninit v0.5.1
[INFO] [stderr]    Compiling phf v0.10.1
[INFO] [stderr]    Compiling strum v0.25.0
[INFO] [stderr]    Compiling clap v4.3.11
[INFO] [stderr]    Compiling hyper v0.14.23
[INFO] [stderr]    Compiling tokio-native-tls v0.3.0
[INFO] [stderr]    Compiling hyper-tls v0.5.0
[INFO] [stderr]    Compiling serde_urlencoded v0.7.1
[INFO] [stderr]    Compiling reqwest v0.11.18
[INFO] [stdout] warning: variable does not need to be mutable
[INFO] [stdout]   --> src/perk_values.rs:35:21
[INFO] [stdout]    |
[INFO] [stdout] 35 |                 let mut values: &mut PartialPerkValues =
[INFO] [stdout]    |                     ----^^^^^^
[INFO] [stdout]    |                     |
[INFO] [stdout]    |                     help: remove this `mut`
[INFO] [stdout]    |
[INFO] [stdout]    = note: `#[warn(unused_mut)]` on by default
[INFO] [stdout] 
[INFO] [stdout] 
[INFO] [stdout] warning: variable does not need to be mutable
[INFO] [stdout]    --> src/perk_values.rs:117:17
[INFO] [stdout]     |
[INFO] [stdout] 117 |             let mut container = unsafe { perk_values.ranks.get_unchecked_mut(i) };
[INFO] [stdout]     |                 ----^^^^^^^^^
[INFO] [stdout]     |                 |
[INFO] [stdout]     |                 help: remove this `mut`
[INFO] [stdout] 
[INFO] [stdout] 
[INFO] [stdout] warning: 2 warnings emitted
[INFO] [stdout] 
[INFO] [stdout] 
[INFO] [stderr]     Finished dev [unoptimized + debuginfo] target(s) in 17.50s
[INFO] running `Command { std: "docker" "inspect" "9a0d2d9931e0cbd14bc823d9c308f271228726c5392e850d756b675bdff0297a", kill_on_drop: false }`
[INFO] running `Command { std: "docker" "rm" "-f" "9a0d2d9931e0cbd14bc823d9c308f271228726c5392e850d756b675bdff0297a", kill_on_drop: false }`
[INFO] [stdout] 9a0d2d9931e0cbd14bc823d9c308f271228726c5392e850d756b675bdff0297a
[INFO] running `Command { std: "docker" "create" "-v" "/var/lib/crater-agent-workspace/builds/worker-7-tc2/target:/opt/rustwide/target:rw,Z" "-v" "/var/lib/crater-agent-workspace/builds/worker-7-tc2/source:/opt/rustwide/workdir:ro,Z" "-v" "/var/lib/crater-agent-workspace/cargo-home:/opt/rustwide/cargo-home:ro,Z" "-v" "/var/lib/crater-agent-workspace/rustup-home:/opt/rustwide/rustup-home:ro,Z" "-e" "SOURCE_DIR=/opt/rustwide/workdir" "-e" "CARGO_TARGET_DIR=/opt/rustwide/target" "-e" "CARGO_INCREMENTAL=0" "-e" "RUST_BACKTRACE=full" "-e" "RUSTFLAGS=--cap-lints=warn" "-e" "RUSTDOCFLAGS=--cap-lints=warn" "-e" "CARGO_HOME=/opt/rustwide/cargo-home" "-e" "RUSTUP_HOME=/opt/rustwide/rustup-home" "-w" "/opt/rustwide/workdir" "-m" "1610612736" "--user" "0:0" "--network" "none" "ghcr.io/rust-lang/crates-build-env/linux@sha256:2788e3201cd34a07e3172128adcd8b3090168a8e3bcc40d7c032b9dda1df7d1c" "/opt/rustwide/cargo-home/bin/cargo" "+beta-2023-12-22" "test" "--frozen" "--no-run" "--message-format=json", kill_on_drop: false }`
[INFO] [stdout] 5ae5b8ad6b1175fa8abe96810f0d1c94711d74112acdc1dc5ac02fc4d0aff4c4
[INFO] running `Command { std: "docker" "start" "-a" "5ae5b8ad6b1175fa8abe96810f0d1c94711d74112acdc1dc5ac02fc4d0aff4c4", kill_on_drop: false }`
[INFO] [stderr]    Compiling serde v1.0.171
[INFO] [stderr]    Compiling crossbeam-utils v0.8.14
[INFO] [stderr]    Compiling memoffset v0.7.1
[INFO] [stderr]    Compiling crossbeam-epoch v0.9.13
[INFO] [stderr]    Compiling num-traits v0.2.15
[INFO] [stderr]    Compiling proc-macro-error v1.0.4
[INFO] [stderr]    Compiling rayon-core v1.10.2
[INFO] [stderr]    Compiling proc-macro-error-attr v1.0.4
[INFO] [stderr]    Compiling ciborium-io v0.2.0
[INFO] [stderr]    Compiling plotters-backend v0.3.4
[INFO] [stderr]    Compiling os_str_bytes v6.4.0
[INFO] [stderr]    Compiling half v1.8.2
[INFO] [stderr]    Compiling itertools v0.10.5
[INFO] [stderr]    Compiling textwrap v0.16.0
[INFO] [stderr]    Compiling cast v0.3.0
[INFO] [stderr]    Compiling atty v0.2.14
[INFO] [stderr]    Compiling oorandom v11.1.3
[INFO] [stderr]    Compiling anes v0.1.6
[INFO] [stderr]    Compiling clap_lex v0.2.4
[INFO] [stderr]    Compiling plotters-svg v0.3.3
[INFO] [stderr]    Compiling ciborium-ll v0.2.0
[INFO] [stderr]    Compiling clap v3.2.23
[INFO] [stderr]    Compiling crossbeam-channel v0.5.6
[INFO] [stderr]    Compiling test-case-macros v2.2.2
[INFO] [stderr]    Compiling crossbeam-deque v0.8.2
[INFO] [stderr]    Compiling plotters v0.3.4
[INFO] [stderr]    Compiling approx v0.5.1
[INFO] [stderr]    Compiling criterion-plot v0.5.0
[INFO] [stderr]    Compiling rayon v1.6.1
[INFO] [stderr]    Compiling test-case v2.2.2
[INFO] [stderr]    Compiling serde_json v1.0.100
[INFO] [stderr]    Compiling serde_urlencoded v0.7.1
[INFO] [stderr]    Compiling ciborium v0.2.0
[INFO] [stderr]    Compiling reqwest v0.11.18
[INFO] [stderr]    Compiling tinytemplate v1.2.1
[INFO] [stderr]    Compiling criterion v0.4.0
[INFO] [stderr]    Compiling perk_solver v1.7.0 (/opt/rustwide/workdir)
[INFO] [stdout] warning: variable does not need to be mutable
[INFO] [stdout]   --> src/perk_values.rs:35:21
[INFO] [stdout]    |
[INFO] [stdout] 35 |                 let mut values: &mut PartialPerkValues =
[INFO] [stdout]    |                     ----^^^^^^
[INFO] [stdout]    |                     |
[INFO] [stdout]    |                     help: remove this `mut`
[INFO] [stdout]    |
[INFO] [stdout]    = note: `#[warn(unused_mut)]` on by default
[INFO] [stdout] 
[INFO] [stdout] 
[INFO] [stdout] warning: variable does not need to be mutable
[INFO] [stdout]    --> src/perk_values.rs:117:17
[INFO] [stdout]     |
[INFO] [stdout] 117 |             let mut container = unsafe { perk_values.ranks.get_unchecked_mut(i) };
[INFO] [stdout]     |                 ----^^^^^^^^^
[INFO] [stdout]     |                 |
[INFO] [stdout]     |                 help: remove this `mut`
[INFO] [stdout] 
[INFO] [stdout] 
[INFO] [stdout] warning: 2 warnings emitted
[INFO] [stdout] 
[INFO] [stdout] 
[INFO] [stdout] warning: variable does not need to be mutable
[INFO] [stdout]   --> src/perk_values.rs:35:21
[INFO] [stdout]    |
[INFO] [stdout] 35 |                 let mut values: &mut PartialPerkValues =
[INFO] [stdout]    |                     ----^^^^^^
[INFO] [stdout]    |                     |
[INFO] [stdout]    |                     help: remove this `mut`
[INFO] [stdout]    |
[INFO] [stdout]    = note: `#[warn(unused_mut)]` on by default
[INFO] [stdout] 
[INFO] [stdout] 
[INFO] [stdout] warning: variable does not need to be mutable
[INFO] [stdout]    --> src/perk_values.rs:117:17
[INFO] [stdout]     |
[INFO] [stdout] 117 |             let mut container = unsafe { perk_values.ranks.get_unchecked_mut(i) };
[INFO] [stdout]     |                 ----^^^^^^^^^
[INFO] [stdout]     |                 |
[INFO] [stdout]     |                 help: remove this `mut`
[INFO] [stdout] 
[INFO] [stdout] 
[INFO] [stdout] warning: 2 warnings emitted
[INFO] [stdout] 
[INFO] [stdout] 
[INFO] [stderr]     Finished test [unoptimized + debuginfo] target(s) in 11.32s
[INFO] running `Command { std: "docker" "inspect" "5ae5b8ad6b1175fa8abe96810f0d1c94711d74112acdc1dc5ac02fc4d0aff4c4", kill_on_drop: false }`
[INFO] running `Command { std: "docker" "rm" "-f" "5ae5b8ad6b1175fa8abe96810f0d1c94711d74112acdc1dc5ac02fc4d0aff4c4", kill_on_drop: false }`
[INFO] [stdout] 5ae5b8ad6b1175fa8abe96810f0d1c94711d74112acdc1dc5ac02fc4d0aff4c4
[INFO] running `Command { std: "docker" "create" "-v" "/var/lib/crater-agent-workspace/builds/worker-7-tc2/target:/opt/rustwide/target:rw,Z" "-v" "/var/lib/crater-agent-workspace/builds/worker-7-tc2/source:/opt/rustwide/workdir:ro,Z" "-v" "/var/lib/crater-agent-workspace/cargo-home:/opt/rustwide/cargo-home:ro,Z" "-v" "/var/lib/crater-agent-workspace/rustup-home:/opt/rustwide/rustup-home:ro,Z" "-e" "SOURCE_DIR=/opt/rustwide/workdir" "-e" "CARGO_TARGET_DIR=/opt/rustwide/target" "-e" "CARGO_INCREMENTAL=0" "-e" "RUST_BACKTRACE=full" "-e" "RUSTFLAGS=--cap-lints=warn" "-e" "RUSTDOCFLAGS=--cap-lints=warn" "-e" "CARGO_HOME=/opt/rustwide/cargo-home" "-e" "RUSTUP_HOME=/opt/rustwide/rustup-home" "-w" "/opt/rustwide/workdir" "-m" "1610612736" "--user" "0:0" "--network" "none" "ghcr.io/rust-lang/crates-build-env/linux@sha256:2788e3201cd34a07e3172128adcd8b3090168a8e3bcc40d7c032b9dda1df7d1c" "/opt/rustwide/cargo-home/bin/cargo" "+beta-2023-12-22" "test" "--frozen", kill_on_drop: false }`
[INFO] [stdout] ab37f91f04643863ec3e50051062b5c814ad09274de1b13e04a077821ba604a2
[INFO] running `Command { std: "docker" "start" "-a" "ab37f91f04643863ec3e50051062b5c814ad09274de1b13e04a077821ba604a2", kill_on_drop: false }`
[INFO] [stderr] warning: variable does not need to be mutable
[INFO] [stderr]   --> src/perk_values.rs:35:21
[INFO] [stderr]    |
[INFO] [stderr] 35 |                 let mut values: &mut PartialPerkValues =
[INFO] [stderr]    |                     ----^^^^^^
[INFO] [stderr]    |                     |
[INFO] [stderr]    |                     help: remove this `mut`
[INFO] [stderr]    |
[INFO] [stderr]    = note: `#[warn(unused_mut)]` on by default
[INFO] [stderr] 
[INFO] [stderr] warning: variable does not need to be mutable
[INFO] [stderr]    --> src/perk_values.rs:117:17
[INFO] [stderr]     |
[INFO] [stderr] 117 |             let mut container = unsafe { perk_values.ranks.get_unchecked_mut(i) };
[INFO] [stderr]     |                 ----^^^^^^^^^
[INFO] [stderr]     |                 |
[INFO] [stderr]     |                 help: remove this `mut`
[INFO] [stderr] 
[INFO] [stderr] warning: `perk_solver` (lib) generated 2 warnings (run `cargo fix --lib -p perk_solver` to apply 2 suggestions)
[INFO] [stderr] warning: `perk_solver` (lib test) generated 2 warnings (2 duplicates)
[INFO] [stderr]     Finished test [unoptimized + debuginfo] target(s) in 0.17s
[INFO] [stderr]      Running unittests src/lib.rs (/opt/rustwide/target/debug/deps/perk_solver-d220a95a03166e8a)
[INFO] [stdout] 
[INFO] [stdout] running 199 tests
[INFO] [stdout] test dice::tests::choose_tests::_0_0_expects_complex_almost_1_0_p_f64_epsilon ... ok
[INFO] [stdout] test dice::tests::choose_tests::_5_0_expects_complex_almost_1_0_p_f64_epsilon ... ok
[INFO] [stdout] test dice::tests::choose_tests::_0_5_expects_complex_almost_0_0_p_f64_epsilon ... ok
[INFO] [stdout] test dice::tests::choose_tests::_5_2_expects_complex_almost_10_0_p_f64_epsilon ... ok
[INFO] [stdout] test dice::tests::choose_tests::_5_5_expects_complex_almost_1_0_p_f64_epsilon ... ok
[INFO] [stdout] test dice::tests::dice_roll_test::_0_0_0_expects_complex_almost_0_0_p_f64_epsilon ... ok
[INFO] [stdout] test dice::tests::get_cumulative_distribution_tests::range_rolls_0_0 ... ok
[INFO] [stdout] test dice::tests::get_cumulative_distribution_tests::range_rolls_10_1 ... ok
[INFO] [stdout] test dice::tests::get_distribution_tests::range_rolls_0_0 ... ok
[INFO] [stdout] test dice::tests::get_distribution_tests::range_rolls_10_1 ... ok
[INFO] [stdout] test gizmo_cost_thresholds::tests::find_gizmo_cost_thresholds_tests::all_rank_zero ... ok
[INFO] [stdout] test gizmo_cost_thresholds::tests::find_gizmo_cost_thresholds_tests::primary_above_maxrange ... ok
[INFO] [stdout] test gizmo_cost_thresholds::tests::find_gizmo_cost_thresholds_tests::three_equal_costs_excluding_first ... ok
[INFO] [stdout] test gizmo_cost_thresholds::tests::find_gizmo_cost_thresholds_tests::secondary_above_maxrange ... ok
[INFO] [stdout] test dice::tests::get_cumulative_distribution_tests::range_rolls_10_2 ... ok
[INFO] [stdout] test gizmo_cost_thresholds::tests::find_gizmo_cost_thresholds_tests::two_equal_costs ... ok
[INFO] [stdout] test gizmo_cost_thresholds::tests::find_gizmo_cost_thresholds_tests::all_above_maxrange ... ok
[INFO] [stdout] test dice::tests::dice_roll_test::_6_2_6_expects_complex_almost_5_0_36_0_p_f64_epsilon ... ok
[INFO] [stdout] test dice::tests::dice_roll_test::_2_2_6_expects_complex_almost_1_0_36_0_p_f64_epsilon ... ok
[INFO] [stdout] test dice::tests::dice_roll_test::_20_5_10_expects_complex_almost_3246_0_100000_0_p_f64_epsilon ... ok
[INFO] [stdout] test dice::tests::dice_roll_test::_1_1_6_expects_complex_almost_1_0_6_0_p_f64_epsilon ... ok
[INFO] [stdout] test gizmo_cost_thresholds::tests::find_wanted_gizmo_cost_thresholds_tests::all_rank_zero ... ok
[INFO] [stdout] test dice::tests::get_cumulative_distribution_tests::range_rolls_10_4 ... ok
[INFO] [stdout] test dice::tests::get_distribution_tests::range_rolls_10_2 ... ok
[INFO] [stdout] test dice::tests::get_distribution_tests::range_rolls_10_4 ... ok
[INFO] [stdout] test gizmo_cost_thresholds::tests::find_wanted_gizmo_cost_thresholds_tests::double_wanted_max_range_cutoff::max_range_equal_to_cost ... ok
[INFO] [stdout] test gizmo_cost_thresholds::tests::find_wanted_gizmo_cost_thresholds_tests::double_wanted_max_range_cutoff::max_range_larger_than_cost ... ok
[INFO] [stdout] test gizmo_cost_thresholds::tests::find_gizmo_cost_thresholds_tests::perk_is_doubleslot ... ok
[INFO] [stdout] test gizmo_cost_thresholds::tests::find_wanted_gizmo_cost_thresholds_tests::double_wanted_primary_above_max_range::max_range_larger_than_primary_cost ... ok
[INFO] [stdout] test gizmo_cost_thresholds::tests::find_wanted_gizmo_cost_thresholds_tests::double_wanted_primary_and_secondary_equal_cost::secondary_not_possible ... ok
[INFO] [stdout] test gizmo_cost_thresholds::tests::find_wanted_gizmo_cost_thresholds_tests::double_wanted_primary_and_secondary_equal_cost::primary_and_secondary_not_possible ... ok
[INFO] [stdout] test gizmo_cost_thresholds::tests::find_wanted_gizmo_cost_thresholds_tests::double_wanted_primary_and_secondary_equal_cost::primary_and_secondary_possible ... ok
[INFO] [stdout] test gizmo_cost_thresholds::tests::find_wanted_gizmo_cost_thresholds_tests::double_wanted_primary_one_of_two_equal_cost::primary_not_possible ... ok
[INFO] [stdout] test gizmo_cost_thresholds::tests::find_wanted_gizmo_cost_thresholds_tests::double_wanted_primary_above_max_range::max_range_equal_to_primary_cost ... ok
[INFO] [stdout] test gizmo_cost_thresholds::tests::find_wanted_gizmo_cost_thresholds_tests::double_wanted_primary_cutoff ... ok
[INFO] [stdout] test gizmo_cost_thresholds::tests::find_wanted_gizmo_cost_thresholds_tests::double_wanted_primary_one_of_two_equal_cost::primary_possible ... ok
[INFO] [stdout] test gizmo_cost_thresholds::tests::find_wanted_gizmo_cost_thresholds_tests::double_wanted_secondary_above_max_range::max_range_equal_to_cost ... ok
[INFO] [stdout] test gizmo_cost_thresholds::tests::find_wanted_gizmo_cost_thresholds_tests::double_wanted_secondary_above_next_primary::sum_equal_to_next_primary ... ok
[INFO] [stdout] test gizmo_cost_thresholds::tests::find_wanted_gizmo_cost_thresholds_tests::double_wanted_secondary_above_next_primary::sum_next_minor_larger_than_next_major ... ok
[INFO] [stdout] test gizmo_cost_thresholds::tests::find_wanted_gizmo_cost_thresholds_tests::double_wanted_secondary_above_next_primary::sum_one_less_than_next_primary ... ok
[INFO] [stdout] test gizmo_cost_thresholds::tests::find_wanted_gizmo_cost_thresholds_tests::double_wanted_secondary_cutoff ... ok
[INFO] [stdout] test gizmo_cost_thresholds::tests::find_wanted_gizmo_cost_thresholds_tests::double_wanted_secondary_one_of_two_equal_cost::secondary_not_possible ... ok
[INFO] [stdout] test gizmo_cost_thresholds::tests::find_wanted_gizmo_cost_thresholds_tests::double_wanted_secondary_one_of_two_equal_cost::secondary_possible ... ok
[INFO] [stdout] test gizmo_cost_thresholds::tests::find_wanted_gizmo_cost_thresholds_tests::single_wanted_is_double_slot_first_inline ... ok
[INFO] [stdout] test gizmo_cost_thresholds::tests::find_wanted_gizmo_cost_thresholds_tests::single_wanted_is_double_slot_not_first_inline ... ok
[INFO] [stdout] test gizmo_cost_thresholds::tests::find_wanted_gizmo_cost_thresholds_tests::double_wanted_secondary_above_max_range::max_range_larger_than_cost ... ok
[INFO] [stdout] test gizmo_cost_thresholds::tests::find_wanted_gizmo_cost_thresholds_tests::single_wanted_is_double_slot_not_first_inline_secondary_is_double_slot ... ok
[INFO] [stdout] test gizmo_cost_thresholds::tests::find_wanted_gizmo_cost_thresholds_tests::single_wanted_max_range_cutoff::max_range_51 ... ok
[INFO] [stdout] test gizmo_cost_thresholds::tests::find_wanted_gizmo_cost_thresholds_tests::single_wanted_multiple_second_are_double_slot::one_lower_than_wanted_is_doubleslot_and_wanted_is_last ... ok
[INFO] [stdout] test gizmo_cost_thresholds::tests::find_wanted_gizmo_cost_thresholds_tests::single_wanted_multiple_second_are_double_slot::one_lower_than_wanted_is_doubleslot_and_wanted_is_not_last ... ok
[INFO] [stdout] test gizmo_cost_thresholds::tests::find_wanted_gizmo_cost_thresholds_tests::single_wanted_multiple_second_are_double_slot::one_lower_than_wanted_is_not_doubleslot ... ok
[INFO] [stdout] test gizmo_cost_thresholds::tests::find_wanted_gizmo_cost_thresholds_tests::single_wanted_multiple_second_are_double_slot::three_consecutive ... ok
[INFO] [stdout] test gizmo_cost_thresholds::tests::find_wanted_gizmo_cost_thresholds_tests::single_wanted_max_range_cutoff::max_range_50 ... ok
[INFO] [stdout] test gizmo_cost_thresholds::tests::find_wanted_gizmo_cost_thresholds_tests::single_wanted_perk_three_equal_costs::impossible_1 ... ok
[INFO] [stdout] test gizmo_cost_thresholds::tests::find_wanted_gizmo_cost_thresholds_tests::single_wanted_multiple_second_are_double_slot::two_consecutive_plus_one ... ok
[INFO] [stdout] test gizmo_cost_thresholds::tests::find_wanted_gizmo_cost_thresholds_tests::single_wanted_perk_three_equal_costs::impossible_2 ... ok
[INFO] [stdout] test gizmo_cost_thresholds::tests::find_wanted_gizmo_cost_thresholds_tests::single_wanted_perk_three_equal_costs::possible ... ok
[INFO] [stdout] test gizmo_cost_thresholds::tests::find_wanted_gizmo_cost_thresholds_tests::single_wanted_perk_two_equal_costs::impossible_high_duplicate ... ok
[INFO] [stdout] test gizmo_cost_thresholds::tests::find_wanted_gizmo_cost_thresholds_tests::single_wanted_primary_cutoff ... ok
[INFO] [stdout] test gizmo_cost_thresholds::tests::find_wanted_gizmo_cost_thresholds_tests::single_wanted_second_is_double_slot ... ok
[INFO] [stdout] test gizmo_cost_thresholds::tests::find_wanted_gizmo_cost_thresholds_tests::single_wanted_one_combo_possible ... ok
[INFO] [stdout] test gizmo_cost_thresholds::tests::find_wanted_gizmo_cost_thresholds_tests::single_wanted_multiple_second_are_double_slot::two_non_consecutive ... ok
[INFO] [stdout] test gizmo_cost_thresholds::tests::find_wanted_gizmo_cost_thresholds_tests::single_wanted_perk_two_equal_costs::possible_lower_duplicate ... ok
[INFO] [stdout] test gizmo_cost_thresholds::tests::find_wanted_gizmo_cost_thresholds_tests::single_wanted_second_is_double_slot_secondary_threshold_too_high::a_as_secondary_not_possible ... ok
[INFO] [stdout] test gizmo_cost_thresholds::tests::find_wanted_gizmo_cost_thresholds_tests::single_wanted_perk_two_equal_costs::impossible_lower_duplicate ... ok
[INFO] [stdout] test gizmo_cost_thresholds::tests::find_wanted_gizmo_cost_thresholds_tests::single_wanted_second_is_double_slot_secondary_threshold_too_high::a_as_secondary_possible ... ok
[INFO] [stdout] test gizmo_cost_thresholds::tests::find_wanted_gizmo_cost_thresholds_tests::single_wanted_secondary_cutoff::max_range_100 ... ok
[INFO] [stdout] test gizmo_cost_thresholds::tests::find_wanted_gizmo_cost_thresholds_tests::two_wanted_perks_three_equal_costs_next_is_more_than_double::impossible_2 ... ok
[INFO] [stdout] test gizmo_cost_thresholds::tests::find_wanted_gizmo_cost_thresholds_tests::two_wanted_perks_three_equal_costs_next_is_not_more_than_double ... ok
[INFO] [stdout] test gizmo_cost_thresholds::tests::fuzzy_find_wanted_gizmo_cost_thresholds_tests::all_below_max_range::wanted_p1 ... ok
[INFO] [stdout] test gizmo_cost_thresholds::tests::fuzzy_find_wanted_gizmo_cost_thresholds_tests::all_below_max_range::wanted_p2 ... ok
[INFO] [stdout] test gizmo_cost_thresholds::tests::find_wanted_gizmo_cost_thresholds_tests::single_wanted_secondary_cutoff::max_range_70 ... ok
[INFO] [stdout] test gizmo_cost_thresholds::tests::fuzzy_find_wanted_gizmo_cost_thresholds_tests::all_below_max_range::wanted_p3 ... ok
[INFO] [stdout] test gizmo_cost_thresholds::tests::fuzzy_find_wanted_gizmo_cost_thresholds_tests::all_rank_zero ... ok
[INFO] [stdout] test gizmo_cost_thresholds::tests::find_wanted_gizmo_cost_thresholds_tests::two_wanted_perks_three_equal_costs_next_is_more_than_double::impossible_1 ... ok
[INFO] [stdout] test gizmo_cost_thresholds::tests::fuzzy_find_wanted_gizmo_cost_thresholds_tests::three_equal_costs_excluding_first_next_is_more_than_double::wanted_is_first_of_triple ... ok
[INFO] [stdout] test gizmo_cost_thresholds::tests::fuzzy_find_wanted_gizmo_cost_thresholds_tests::three_equal_costs_excluding_first_next_is_more_than_double::wanted_is_second_of_triple ... ok
[INFO] [stdout] test gizmo_cost_thresholds::tests::fuzzy_find_wanted_gizmo_cost_thresholds_tests::three_equal_costs_excluding_first_next_is_more_than_double::wanted_is_third_of_triple ... ok
[INFO] [stdout] test gizmo_cost_thresholds::tests::find_wanted_gizmo_cost_thresholds_tests::single_wanted_perk_two_equal_costs::possible_high_duplicate ... ok
[INFO] [stdout] test gizmo_cost_thresholds::tests::find_wanted_gizmo_cost_thresholds_tests::two_wanted_perks_three_equal_costs_next_is_more_than_double::possible ... ok
[INFO] [stdout] test gizmo_cost_thresholds::tests::fuzzy_find_wanted_gizmo_cost_thresholds_tests::three_equal_costs_excluding_first_next_is_not_more_than_double::wanted_is_first_of_triple ... ok
[INFO] [stdout] test gizmo_cost_thresholds::tests::fuzzy_find_wanted_gizmo_cost_thresholds_tests::three_equal_costs_excluding_first_next_is_not_more_than_double::wanted_is_second_of_triple ... ok
[INFO] [stdout] test gizmo_cost_thresholds::tests::fuzzy_find_wanted_gizmo_cost_thresholds_tests::three_equal_costs_excluding_first_next_is_not_more_than_double::wanted_is_third_of_triple ... ok
[INFO] [stdout] test gizmo_cost_thresholds::tests::fuzzy_find_wanted_gizmo_cost_thresholds_tests::three_equal_costs_including_first::wanted_is_first_of_triple ... ok
[INFO] [stdout] test gizmo_cost_thresholds::tests::fuzzy_find_wanted_gizmo_cost_thresholds_tests::three_equal_costs_including_first::wanted_is_second_of_triple ... ok
[INFO] [stdout] test gizmo_cost_thresholds::tests::fuzzy_find_wanted_gizmo_cost_thresholds_tests::three_equal_costs_including_first::wanted_is_third_of_triple ... ok
[INFO] [stdout] test gizmo_cost_thresholds::tests::fuzzy_find_wanted_gizmo_cost_thresholds_tests::two_equal_costs_next_is_more_than_double::wanted_first_of_double ... ok
[INFO] [stdout] test gizmo_cost_thresholds::tests::fuzzy_find_wanted_gizmo_cost_thresholds_tests::two_equal_costs_next_is_more_than_double::wanted_second_of_double ... ok
[INFO] [stdout] test gizmo_cost_thresholds::tests::fuzzy_find_wanted_gizmo_cost_thresholds_tests::wanted_as_primary_above_max_range::max_range_equal_to_cost ... ok
[INFO] [stdout] test gizmo_cost_thresholds::tests::fuzzy_find_wanted_gizmo_cost_thresholds_tests::two_equal_costs_next_is_not_more_than_double::wanted_first_of_double ... ok
[INFO] [stdout] test gizmo_cost_thresholds::tests::fuzzy_find_wanted_gizmo_cost_thresholds_tests::two_equal_costs_next_is_not_more_than_double::wanted_second_of_double ... ok
[INFO] [stdout] test gizmo_cost_thresholds::tests::fuzzy_find_wanted_gizmo_cost_thresholds_tests::wanted_as_secondary_above_max_range::max_range_equal_to_cost ... ok
[INFO] [stdout] test gizmo_cost_thresholds::tests::fuzzy_find_wanted_gizmo_cost_thresholds_tests::wanted_as_secondary_above_max_range::max_range_larger_than_cost ... ok
[INFO] [stdout] test gizmo_cost_thresholds::tests::fuzzy_find_wanted_gizmo_cost_thresholds_tests::wanted_as_primary_above_max_range::max_range_larger_than_cost ... ok
[INFO] [stdout] test gizmo_cost_thresholds::tests::fuzzy_find_wanted_gizmo_cost_thresholds_tests::wanted_is_double_slot::wanted_is_p1 ... ok
[INFO] [stdout] test jagex_sort::tests::even_equal_costs1 ... ok
[INFO] [stdout] test jagex_sort::tests::even_equal_costs10 ... ok
[INFO] [stdout] test jagex_sort::tests::even_equal_costs11 ... ok
[INFO] [stdout] test jagex_sort::tests::even_equal_costs12 ... ok
[INFO] [stdout] test jagex_sort::tests::even_equal_costs13 ... ok
[INFO] [stdout] test gizmo_cost_thresholds::tests::fuzzy_find_wanted_gizmo_cost_thresholds_tests::wanted_is_double_slot::wanted_is_p3 ... ok
[INFO] [stdout] test gizmo_cost_thresholds::tests::fuzzy_find_wanted_gizmo_cost_thresholds_tests::wanted_is_double_slot::wanted_is_p2 ... ok
[INFO] [stdout] test jagex_sort::tests::even_equal_costs4 ... ok
[INFO] [stdout] test jagex_sort::tests::even_equal_costs2 ... ok
[INFO] [stdout] test jagex_sort::tests::even_equal_costs6 ... ok
[INFO] [stdout] test jagex_sort::tests::even_equal_costs3 ... ok
[INFO] [stdout] test jagex_sort::tests::even_equal_costs5 ... ok
[INFO] [stdout] test jagex_sort::tests::even_equal_costs7 ... ok
[INFO] [stdout] test jagex_sort::tests::even_equal_costs9 ... ok
[INFO] [stdout] test jagex_sort::tests::even_no_equal_costs ... ok
[INFO] [stdout] test jagex_sort::tests::uneven_equal_costs1 ... ok
[INFO] [stdout] test jagex_sort::tests::even_equal_costs8 ... ok
[INFO] [stdout] test jagex_sort::tests::uneven_equal_costs2 ... ok
[INFO] [stdout] test jagex_sort::tests::uneven_equal_costs3 ... ok
[INFO] [stdout] test jagex_sort::tests::uneven_equal_costs6 ... ok
[INFO] [stdout] test jagex_sort::tests::uneven_equal_costs4 ... ok
[INFO] [stdout] test jagex_sort::tests::uneven_equal_costs7 ... ok
[INFO] [stdout] test jagex_sort::tests::uneven_no_equal_costs ... ok
[INFO] [stdout] test jagex_sort::tests::uneven_equal_costs5 ... ok
[INFO] [stdout] test perk_values::tests::calc_perk_rank_probabilities_tests::threshold_equal_to_max_roll_plus_base ... ok
[INFO] [stdout] test perk_values::tests::calc_perk_rank_probabilities_tests::high_base_value ... ok
[INFO] [stdout] test perk_values::tests::calc_perk_rank_probabilities_tests::not_all_ranks_possible_non_ancient_gizmo ... ok
[INFO] [stdout] test perk_values::tests::calc_perk_rank_probabilities_tests::all_ranks_possible_ancient_gizmo ... ok
[INFO] [stdout] test perk_values::tests::calc_perk_rank_probabilities_tests::all_ranks_possible_not_ancient_gizmo ... ok
[INFO] [stdout] test perk_values::tests::calc_perk_rank_probabilities_tests::two_perks_all_ranks_possible_non_ancient_gizmo ... ok
[INFO] [stdout] test perk_values::tests::calc_perk_rank_probabilities_tests::not_all_ranks_possible_ancient_gizmo ... ok
[INFO] [stdout] test perk_values::tests::calc_perk_rank_probabilities_tests::two_perks_not_all_ranks_possible_ancient_gizmo ... ok
[INFO] [stdout] test perk_values::tests::calc_perk_rank_probabilities_tests::two_perks_not_all_ranks_possible_non_ancient_gizmo ... ok
[INFO] [stdout] test perk_values::tests::can_generate_wanted_ranks_test::second_wanted_pv_below_threshold ... ok
[INFO] [stdout] test perk_values::tests::get_empty_gizmo_chance_tests::all_have_zero_rank_one_has_cost_below_min_range ... ok
[INFO] [stdout] test perk_values::tests::can_generate_wanted_ranks_test::single_wanted_not_in_perk_values ... ok
[INFO] [stdout] test perk_values::tests::can_generate_wanted_ranks_test::single_wanted_pv_above_threshold ... ok
[INFO] [stdout] test perk_values::tests::can_generate_wanted_ranks_test::second_wanted_not_in_perk_values ... ok
[INFO] [stdout] test perk_values::tests::can_generate_wanted_ranks_test::second_wanted_pv_base_too_high ... ok
[INFO] [stdout] test perk_values::tests::can_generate_wanted_ranks_test::both_wanted_pv_above_threshold ... ok
[INFO] [stdout] test perk_values::tests::can_generate_wanted_ranks_test::first_wanted_pv_below_threshold ... ok
[INFO] [stdout] test perk_values::tests::can_generate_wanted_ranks_test::first_wanted_pv_base_too_high ... ok
[INFO] [stdout] test perk_values::tests::can_generate_wanted_ranks_test::single_wanted_pv_below_threshold ... ok
[INFO] [stdout] test perk_values::tests::can_generate_wanted_ranks_test::first_wanted_not_in_perk_values ... ok
[INFO] [stdout] test perk_values::tests::get_empty_gizmo_chance_tests::no_zero_and_above_plus_no_zero_and_above ... ok
[INFO] [stdout] test perk_values::tests::get_empty_gizmo_chance_tests::all_have_zero_rank_all_have_one_cost_below_min_range ... ok
[INFO] [stdout] test perk_values::tests::get_empty_gizmo_chance_tests::all_have_zero_rank_all_cost_below_min_range ... ok
[INFO] [stdout] test perk_values::tests::calc_perk_rank_probabilities_tests::two_perks_all_ranks_possible_ancient_gizmo ... ok
[INFO] [stdout] test perk_values::tests::get_empty_gizmo_chance_tests::no_zero_and_below_plus_no_zero_and_above ... ok
[INFO] [stdout] test perk_values::tests::get_empty_gizmo_chance_tests::not_all_have_zero_rank_all_cost_below_min_range ... ok
[INFO] [stdout] test perk_values::tests::get_empty_gizmo_chance_tests::zero_and_above_plus_no_zero_and_above ... ok
[INFO] [stdout] test perk_values::tests::get_empty_gizmo_chance_tests::zero_and_above_plus_no_zero_and_below ... ok
[INFO] [stdout] test perk_values::tests::permutate_perk_ranks_test::permutate_ranks ... ok
[INFO] [stdout] test perk_values::tests::permutate_perk_ranks_test::permutate_ranks_one_wanted ... ok
[INFO] [stdout] test perk_values::tests::permutate_perk_ranks_test::permutate_ranks_two_wanted ... ok
[INFO] [stdout] test prelude::data::prelude::stack_vec::tests::vec_test1 ... ok
[INFO] [stdout] test prelude::data::prelude::stack_vec::tests::vec_test2 ... ok
[INFO] [stdout] test prelude::gizmo::test::fuzzy_match_first_perk ... ok
[INFO] [stdout] test prelude::gizmo::test::fuzzy_match_none ... ok
[INFO] [stdout] test perk_values::tests::get_perk_values_tests::no_ancient_mats_non_ancient_armour_gizmo ... ok
[INFO] [stdout] test prelude::gizmo::test::one_perk_equal_but_not_same_rank ... ok
[INFO] [stdout] test perk_values::tests::get_perk_values_tests::no_ancient_mats_non_ancient_tool_gizmo ... ok
[INFO] [stdout] test prelude::gizmo::test::one_perk_equal ... ok
[INFO] [stdout] test perk_values::tests::get_perk_values_tests::ancient_mats_non_ancient_tool_gizmo ... ok
[INFO] [stdout] test perk_values::tests::get_perk_values_tests::ancient_mats_non_ancient_armour_gizmo ... ok
[INFO] [stdout] test perk_values::tests::get_perk_values_tests::ancient_mats_ancient_armour_gizmo ... ok
[INFO] [stdout] test perk_values::tests::get_perk_values_tests::ancient_mats_ancient_weapon_gizmo ... ok
[INFO] [stdout] test prelude::gizmo::test::one_perk_not_equal_but_same_rank ... ok
[INFO] [stdout] test prelude::gizmo::test::two_perks_equal_not_same_order ... ok
[INFO] [stdout] test prelude::gizmo::test::two_perks_equal_perks_not_same_ranks ... ok
[INFO] [stdout] test prelude::gizmo::test::fuzzy_match_second_perk ... ok
[INFO] [stdout] test perk_values::tests::get_perk_values_tests::ancient_mats_non_ancient_weapon_gizmo ... ok
[INFO] [stdout] test perk_values::tests::get_perk_values_tests::ancient_mats_ancient_tool_gizmo ... ok
[INFO] [stdout] test perk_values::tests::get_perk_values_tests::no_ancient_mats_non_ancient_weapon_gizmo ... ok
[INFO] [stdout] test prelude::gizmo::test::two_perks_equal_same_order ... ok
[INFO] [stdout] test prelude::gizmo::test::two_perks_not_equal_perks_same_ranks ... ok
[INFO] [stdout] test utils::tests::convolve_test::vec_1_0_3_vec_1_0_6_expects_complex_contains_in_order_1_0_2_0_3_0_3_0_3_0_3_0_2_0_1_0_ ... ok
[INFO] [stdout] test utils::tests::convolve_test::vec_1_0_3_vec_1_0_6_expects_with_x_vec_f64_assert_x_len_8_ ... ok
[INFO] [stdout] test utils::tests::convolve_test::vec_1_0_6_vec_1_0_3_expects_with_x_vec_f64_assert_x_len_8_ ... ok
[INFO] [stdout] test utils::tests::fmt_int::_0_expects_0_ ... ok
[INFO] [stdout] test utils::tests::fmt_int::_10000000000_expects_10_000_000_000_ ... ok
[INFO] [stdout] test utils::tests::fmt_int::_1000000000_expects_1_000_000_000_ ... ok
[INFO] [stdout] test utils::tests::fmt_int::_100000000_expects_100_000_000_ ... ok
[INFO] [stdout] test utils::tests::fmt_int::_10000000_expects_10_000_000_ ... ok
[INFO] [stdout] test utils::tests::fmt_int::_1000000_expects_1_000_000_ ... ok
[INFO] [stdout] test utils::tests::convolve_test::vec_1_0_6_vec_1_0_3_expects_complex_contains_in_order_1_0_2_0_3_0_3_0_3_0_3_0_2_0_1_0_ ... ok
[INFO] [stdout] test tests::calc_gizmo_probabilities_tests::normal_weapon_120_1_precise ... ok
[INFO] [stdout] test utils::tests::fmt_int::_100000_expects_100_000_ ... ok
[INFO] [stdout] test tests::calc_gizmo_probabilities_tests::normal_armour_120_1_historic_1_tensile_2_plated ... ok
[INFO] [stdout] test utils::tests::fmt_int::_1000_expects_1_000_ ... ok
[INFO] [stdout] test utils::tests::fmt_int::negative_1000 ... ok
[INFO] [stdout] test tests::calc_gizmo_probabilities_tests::normal_weapon_120_2_precise ... ok
[INFO] [stdout] test utils::tests::fmt_int::_10000_expects_10_000_ ... ok
[INFO] [stdout] test utils::tests::fmt_int::negative_10 ... ok
[INFO] [stdout] test utils::tests::fmt_int::negative_100 ... ok
[INFO] [stdout] test utils::tests::fmt_int::_100_expects_100_ ... ok
[INFO] [stdout] test tests::calc_gizmo_probabilities_tests::ancient_weapon_120_9_historic ... ok
[INFO] [stdout] test utils::tests::fmt_int::_10_expects_10_ ... ok
[INFO] [stdout] test utils::tests::fmt_int::negative_10000 ... ok
[INFO] [stdout] test prelude::data::prelude::stack_vec::tests::vec_test3 - should panic ... ok
[INFO] [stdout] test tests::calc_wanted_gizmo_probabilities_test::ancient_armour_110_120_1_harnessed_1_dextrous_7_variable ... FAILED
[INFO] [stdout] test tests::calc_wanted_gizmo_probabilities_test::ancient_armour_50_60_1_harnessed_1_dextrous_7_variable ... FAILED
[INFO] [stdout] test tests::calc_wanted_gizmo_probabilities_test::ancient_armour_50_60_1_harnessed_1_dextrous_7_variable_fuzzy ... FAILED
[INFO] [stdout] test tests::calc_wanted_gizmo_probabilities_test::ancient_armour_110_120_7_zamorak_2_sara ... FAILED
[INFO] [stdout] 
[INFO] [stdout] failures:
[INFO] [stdout] 
[INFO] [stdout] ---- tests::calc_wanted_gizmo_probabilities_test::ancient_armour_110_120_1_harnessed_1_dextrous_7_variable stdout ----
[INFO] [stdout] thread 'tests::calc_wanted_gizmo_probabilities_test::ancient_armour_110_120_1_harnessed_1_dextrous_7_variable' panicked at src/component_prices.rs:24:34:
[INFO] [stdout] called `Option::unwrap()` on a `None` value
[INFO] [stdout] stack backtrace:
[INFO] [stdout]    0:     0x564715885746 - std::backtrace_rs::backtrace::libunwind::trace::h261606ad26a499c1
[INFO] [stdout]                                at /rustc/0e09125c6c3c2fd70d7de961bcf0e51575235fad/library/std/src/../../backtrace/src/backtrace/libunwind.rs:104:5
[INFO] [stdout]    1:     0x564715885746 - std::backtrace_rs::backtrace::trace_unsynchronized::hd183f0625477fb28
[INFO] [stdout]                                at /rustc/0e09125c6c3c2fd70d7de961bcf0e51575235fad/library/std/src/../../backtrace/src/backtrace/mod.rs:66:5
[INFO] [stdout]    2:     0x564715885746 - std::sys_common::backtrace::_print_fmt::hd7f8fef21b4eda67
[INFO] [stdout]                                at /rustc/0e09125c6c3c2fd70d7de961bcf0e51575235fad/library/std/src/sys_common/backtrace.rs:68:5
[INFO] [stdout]    3:     0x564715885746 - <std::sys_common::backtrace::_print::DisplayBacktrace as core::fmt::Display>::fmt::h623d9b51f2f453f1
[INFO] [stdout]                                at /rustc/0e09125c6c3c2fd70d7de961bcf0e51575235fad/library/std/src/sys_common/backtrace.rs:44:22
[INFO] [stdout]    4:     0x5647158b35a0 - core::fmt::rt::Argument::fmt::h9f417ac76a86f368
[INFO] [stdout]                                at /rustc/0e09125c6c3c2fd70d7de961bcf0e51575235fad/library/core/src/fmt/rt.rs:142:9
[INFO] [stdout]    5:     0x5647158b35a0 - core::fmt::write::hc9b6faf4ac2aeff7
[INFO] [stdout]                                at /rustc/0e09125c6c3c2fd70d7de961bcf0e51575235fad/library/core/src/fmt/mod.rs:1120:17
[INFO] [stdout]    6:     0x56471588279f - std::io::Write::write_fmt::he04625a3a989fec3
[INFO] [stdout]                                at /rustc/0e09125c6c3c2fd70d7de961bcf0e51575235fad/library/std/src/io/mod.rs:1810:15
[INFO] [stdout]    7:     0x564715885524 - std::sys_common::backtrace::_print::hd5d66399c7df88a2
[INFO] [stdout]                                at /rustc/0e09125c6c3c2fd70d7de961bcf0e51575235fad/library/std/src/sys_common/backtrace.rs:47:5
[INFO] [stdout]    8:     0x564715885524 - std::sys_common::backtrace::print::he81ed2da642d37e5
[INFO] [stdout]                                at /rustc/0e09125c6c3c2fd70d7de961bcf0e51575235fad/library/std/src/sys_common/backtrace.rs:34:9
[INFO] [stdout]    9:     0x564715887297 - std::panicking::default_hook::{{closure}}::h85773f4fa117163d
[INFO] [stdout]   10:     0x564715886f7d - std::panicking::default_hook::h6a1694a91d09b278
[INFO] [stdout]                                at /rustc/0e09125c6c3c2fd70d7de961bcf0e51575235fad/library/std/src/panicking.rs:289:9
[INFO] [stdout]   11:     0x5647155d4077 - <alloc::boxed::Box<F,A> as core::ops::function::Fn<Args>>::call::h616ac37fa3cd6c8f
[INFO] [stdout]                                at /rustc/0e09125c6c3c2fd70d7de961bcf0e51575235fad/library/alloc/src/boxed.rs:2029:9
[INFO] [stdout]   12:     0x5647155d4077 - test::test_main::{{closure}}::h00d84697cefdcbb6
[INFO] [stdout]                                at /rustc/0e09125c6c3c2fd70d7de961bcf0e51575235fad/library/test/src/lib.rs:138:21
[INFO] [stdout]   13:     0x5647158878b6 - <alloc::boxed::Box<F,A> as core::ops::function::Fn<Args>>::call::hcb3fe3b9bb537ba8
[INFO] [stdout]                                at /rustc/0e09125c6c3c2fd70d7de961bcf0e51575235fad/library/alloc/src/boxed.rs:2029:9
[INFO] [stdout]   14:     0x5647158878b6 - std::panicking::rust_panic_with_hook::h0a7ad96e90f7145b
[INFO] [stdout]                                at /rustc/0e09125c6c3c2fd70d7de961bcf0e51575235fad/library/std/src/panicking.rs:783:13
[INFO] [stdout]   15:     0x5647158875c9 - std::panicking::begin_panic_handler::{{closure}}::h7919090525c6485e
[INFO] [stdout]                                at /rustc/0e09125c6c3c2fd70d7de961bcf0e51575235fad/library/std/src/panicking.rs:649:13
[INFO] [stdout]   16:     0x564715885c46 - std::sys_common::backtrace::__rust_end_short_backtrace::hf3289479464f7dfe
[INFO] [stdout]                                at /rustc/0e09125c6c3c2fd70d7de961bcf0e51575235fad/library/std/src/sys_common/backtrace.rs:171:18
[INFO] [stdout]   17:     0x564715887360 - rust_begin_unwind
[INFO] [stdout]                                at /rustc/0e09125c6c3c2fd70d7de961bcf0e51575235fad/library/std/src/panicking.rs:645:5
[INFO] [stdout]   18:     0x564715077665 - core::panicking::panic_fmt::hcc9f77c5c132af55
[INFO] [stdout]                                at /rustc/0e09125c6c3c2fd70d7de961bcf0e51575235fad/library/core/src/panicking.rs:72:14
[INFO] [stdout]   19:     0x564715077723 - core::panicking::panic::h5a1259c1164bd480
[INFO] [stdout]                                at /rustc/0e09125c6c3c2fd70d7de961bcf0e51575235fad/library/core/src/panicking.rs:144:5
[INFO] [stdout]   20:     0x5647150e17f0 - core::option::Option<T>::unwrap::h20712cc5410e7c3a
[INFO] [stdout]                                at /rustc/0e09125c6c3c2fd70d7de961bcf0e51575235fad/library/core/src/option.rs:931:21
[INFO] [stdout]   21:     0x564715155134 - perk_solver::component_prices::calc_gizmo_price::h2d20c89707a60de2
[INFO] [stdout]                                at /opt/rustwide/workdir/src/component_prices.rs:24:18
[INFO] [stdout]   22:     0x56471515a403 - perk_solver::prelude::ResultLine::create::h49a1b7576c9f892e
[INFO] [stdout]                                at /opt/rustwide/workdir/src/prelude.rs:154:21
[INFO] [stdout]   23:     0x5647150a0c2a - perk_solver::calc_wanted_gizmo_probabilities::{{closure}}::hb4b971dcaf993df6
[INFO] [stdout]                                at /opt/rustwide/workdir/src/lib.rs:534:33
[INFO] [stdout]   24:     0x56471509eac4 - core::ops::function::impls::<impl core::ops::function::FnOnce<A> for &mut F>::call_once::h7d33ce7a95230ed3
[INFO] [stdout]                                at /rustc/0e09125c6c3c2fd70d7de961bcf0e51575235fad/library/core/src/ops/function.rs:305:13
[INFO] [stdout]   25:     0x56471515f455 - core::option::Option<T>::map::h2f009a16abf307bb
[INFO] [stdout]                                at /rustc/0e09125c6c3c2fd70d7de961bcf0e51575235fad/library/core/src/option.rs:1072:29
[INFO] [stdout]   26:     0x56471515f455 - <core::iter::adapters::map::Map<I,F> as core::iter::traits::iterator::Iterator>::next::h3bcb8f278afcbe77
[INFO] [stdout]                                at /rustc/0e09125c6c3c2fd70d7de961bcf0e51575235fad/library/core/src/iter/adapters/map.rs:104:26
[INFO] [stdout]   27:     0x5647150e95dc - <alloc::vec::Vec<T> as alloc::vec::spec_from_iter_nested::SpecFromIterNested<T,I>>::from_iter::h31854bdb9c87d712
[INFO] [stdout]                                at /rustc/0e09125c6c3c2fd70d7de961bcf0e51575235fad/library/alloc/src/vec/spec_from_iter_nested.rs:26:32
[INFO] [stdout]   28:     0x5647150eee2d - <alloc::vec::Vec<T> as alloc::vec::spec_from_iter::SpecFromIter<T,I>>::from_iter::hf389d6079017c472
[INFO] [stdout]                                at /rustc/0e09125c6c3c2fd70d7de961bcf0e51575235fad/library/alloc/src/vec/spec_from_iter.rs:33:9
[INFO] [stdout]   29:     0x5647150eebe8 - <alloc::vec::Vec<T> as core::iter::traits::collect::FromIterator<T>>::from_iter::h0a7b3633e2a9400d
[INFO] [stdout]                                at /rustc/0e09125c6c3c2fd70d7de961bcf0e51575235fad/library/alloc/src/vec/mod.rs:2791:9
[INFO] [stdout]   30:     0x56471515ffed - core::iter::traits::iterator::Iterator::collect::h65e10773c744c470
[INFO] [stdout]                                at /rustc/0e09125c6c3c2fd70d7de961bcf0e51575235fad/library/core/src/iter/traits/iterator.rs:2054:9
[INFO] [stdout]   31:     0x5647150a06ac - perk_solver::calc_wanted_gizmo_probabilities::ha0364e3725f9d68f
[INFO] [stdout]                                at /opt/rustwide/workdir/src/lib.rs:532:5
[INFO] [stdout]   32:     0x5647150e78d9 - perk_solver::tests::calc_wanted_gizmo_probabilities_test::ancient_armour_110_120_1_harnessed_1_dextrous_7_variable::h06a911d4311654e6
[INFO] [stdout]                                at /opt/rustwide/workdir/src/lib.rs:1196:26
[INFO] [stdout]   33:     0x5647150e7057 - perk_solver::tests::calc_wanted_gizmo_probabilities_test::ancient_armour_110_120_1_harnessed_1_dextrous_7_variable::{{closure}}::h6064c1b108b58c88
[INFO] [stdout]                                at /opt/rustwide/workdir/src/lib.rs:1168:70
[INFO] [stdout]   34:     0x56471511f816 - core::ops::function::FnOnce::call_once::h40b2015484785145
[INFO] [stdout]                                at /rustc/0e09125c6c3c2fd70d7de961bcf0e51575235fad/library/core/src/ops/function.rs:250:5
[INFO] [stdout]   35:     0x5647155d994f - core::ops::function::FnOnce::call_once::hd64d26f405258157
[INFO] [stdout]                                at /rustc/0e09125c6c3c2fd70d7de961bcf0e51575235fad/library/core/src/ops/function.rs:250:5
[INFO] [stdout]   36:     0x5647155d994f - test::__rust_begin_short_backtrace::he21b0b7a6d731bf9
[INFO] [stdout]                                at /rustc/0e09125c6c3c2fd70d7de961bcf0e51575235fad/library/test/src/lib.rs:627:18
[INFO] [stdout]   37:     0x5647155d86d1 - test::run_test_in_process::{{closure}}::hf5c73986d7bdfde2
[INFO] [stdout]                                at /rustc/0e09125c6c3c2fd70d7de961bcf0e51575235fad/library/test/src/lib.rs:650:60
[INFO] [stdout]   38:     0x5647155d86d1 - <core::panic::unwind_safe::AssertUnwindSafe<F> as core::ops::function::FnOnce<()>>::call_once::h330011ad032aadc0
[INFO] [stdout]                                at /rustc/0e09125c6c3c2fd70d7de961bcf0e51575235fad/library/core/src/panic/unwind_safe.rs:272:9
[INFO] [stdout]   39:     0x5647155d86d1 - std::panicking::try::do_call::he61b0a958b795a41
[INFO] [stdout]                                at /rustc/0e09125c6c3c2fd70d7de961bcf0e51575235fad/library/std/src/panicking.rs:552:40
[INFO] [stdout]   40:     0x5647155d86d1 - std::panicking::try::h7309da130f906eb7
[INFO] [stdout]                                at /rustc/0e09125c6c3c2fd70d7de961bcf0e51575235fad/library/std/src/panicking.rs:516:19
[INFO] [stdout]   41:     0x5647155d86d1 - std::panic::catch_unwind::hc5c3a06fdaf0a92a
[INFO] [stdout]                                at /rustc/0e09125c6c3c2fd70d7de961bcf0e51575235fad/library/std/src/panic.rs:142:14
[INFO] [stdout]   42:     0x5647155d86d1 - test::run_test_in_process::h7e7b7c71c3324e0f
[INFO] [stdout]                                at /rustc/0e09125c6c3c2fd70d7de961bcf0e51575235fad/library/test/src/lib.rs:650:27
[INFO] [stdout]   43:     0x5647155d86d1 - test::run_test::{{closure}}::h1f509f28f5cf20b1
[INFO] [stdout]                                at /rustc/0e09125c6c3c2fd70d7de961bcf0e51575235fad/library/test/src/lib.rs:573:43
[INFO] [stdout]   44:     0x56471559fa06 - test::run_test::{{closure}}::h1754218abf443f6d
[INFO] [stdout]                                at /rustc/0e09125c6c3c2fd70d7de961bcf0e51575235fad/library/test/src/lib.rs:601:41
[INFO] [stdout]   45:     0x56471559fa06 - std::sys_common::backtrace::__rust_begin_short_backtrace::h2ee174b9d5954948
[INFO] [stdout]                                at /rustc/0e09125c6c3c2fd70d7de961bcf0e51575235fad/library/std/src/sys_common/backtrace.rs:155:18
[INFO] [stdout]   46:     0x5647155a4a67 - std::thread::Builder::spawn_unchecked_::{{closure}}::{{closure}}::hf60bee9c1a17ef09
[INFO] [stdout]                                at /rustc/0e09125c6c3c2fd70d7de961bcf0e51575235fad/library/std/src/thread/mod.rs:529:17
[INFO] [stdout]   47:     0x5647155a4a67 - <core::panic::unwind_safe::AssertUnwindSafe<F> as core::ops::function::FnOnce<()>>::call_once::h33d0dddec5216160
[INFO] [stdout]                                at /rustc/0e09125c6c3c2fd70d7de961bcf0e51575235fad/library/core/src/panic/unwind_safe.rs:272:9
[INFO] [stdout]   48:     0x5647155a4a67 - std::panicking::try::do_call::h144b3048b546f835
[INFO] [stdout]                                at /rustc/0e09125c6c3c2fd70d7de961bcf0e51575235fad/library/std/src/panicking.rs:552:40
[INFO] [stdout]   49:     0x5647155a4a67 - std::panicking::try::h978244d04646189f
[INFO] [stdout]                                at /rustc/0e09125c6c3c2fd70d7de961bcf0e51575235fad/library/std/src/panicking.rs:516:19
[INFO] [stdout]   50:     0x5647155a4a67 - std::panic::catch_unwind::hdf436369d188fe86
[INFO] [stdout]                                at /rustc/0e09125c6c3c2fd70d7de961bcf0e51575235fad/library/std/src/panic.rs:142:14
[INFO] [stdout]   51:     0x5647155a4a67 - std::thread::Builder::spawn_unchecked_::{{closure}}::h87329cbdd33c79ec
[INFO] [stdout]                                at /rustc/0e09125c6c3c2fd70d7de961bcf0e51575235fad/library/std/src/thread/mod.rs:528:30
[INFO] [stdout]   52:     0x5647155a4a67 - core::ops::function::FnOnce::call_once{{vtable.shim}}::h401abbe67897d450
[INFO] [stdout]                                at /rustc/0e09125c6c3c2fd70d7de961bcf0e51575235fad/library/core/src/ops/function.rs:250:5
[INFO] [stdout]   53:     0x56471588c5f5 - <alloc::boxed::Box<F,A> as core::ops::function::FnOnce<Args>>::call_once::h5d7c8f150ab9c84c
[INFO] [stdout]                                at /rustc/0e09125c6c3c2fd70d7de961bcf0e51575235fad/library/alloc/src/boxed.rs:2015:9
[INFO] [stdout]   54:     0x56471588c5f5 - <alloc::boxed::Box<F,A> as core::ops::function::FnOnce<Args>>::call_once::h570d5b005c242c15
[INFO] [stdout]                                at /rustc/0e09125c6c3c2fd70d7de961bcf0e51575235fad/library/alloc/src/boxed.rs:2015:9
[INFO] [stdout]   55:     0x56471588c5f5 - std::sys::unix::thread::Thread::new::thread_start::h36b0a20c0b2361ad
[INFO] [stdout]                                at /rustc/0e09125c6c3c2fd70d7de961bcf0e51575235fad/library/std/src/sys/unix/thread.rs:108:17
[INFO] [stdout]   56:     0x7f4e34d08ac3 - <unknown>
[INFO] [stdout]   57:     0x7f4e34d99bf4 - __clone
[INFO] [stdout]   58:                0x0 - <unknown>
[INFO] [stdout] 
[INFO] [stdout] ---- tests::calc_wanted_gizmo_probabilities_test::ancient_armour_50_60_1_harnessed_1_dextrous_7_variable stdout ----
[INFO] [stdout] thread 'tests::calc_wanted_gizmo_probabilities_test::ancient_armour_50_60_1_harnessed_1_dextrous_7_variable' panicked at src/component_prices.rs:24:34:
[INFO] [stdout] called `Option::unwrap()` on a `None` value
[INFO] [stdout] stack backtrace:
[INFO] [stdout]    0:     0x564715885746 - std::backtrace_rs::backtrace::libunwind::trace::h261606ad26a499c1
[INFO] [stdout]                                at /rustc/0e09125c6c3c2fd70d7de961bcf0e51575235fad/library/std/src/../../backtrace/src/backtrace/libunwind.rs:104:5
[INFO] [stdout]    1:     0x564715885746 - std::backtrace_rs::backtrace::trace_unsynchronized::hd183f0625477fb28
[INFO] [stdout]                                at /rustc/0e09125c6c3c2fd70d7de961bcf0e51575235fad/library/std/src/../../backtrace/src/backtrace/mod.rs:66:5
[INFO] [stdout]    2:     0x564715885746 - std::sys_common::backtrace::_print_fmt::hd7f8fef21b4eda67
[INFO] [stdout]                                at /rustc/0e09125c6c3c2fd70d7de961bcf0e51575235fad/library/std/src/sys_common/backtrace.rs:68:5
[INFO] [stdout]    3:     0x564715885746 - <std::sys_common::backtrace::_print::DisplayBacktrace as core::fmt::Display>::fmt::h623d9b51f2f453f1
[INFO] [stdout]                                at /rustc/0e09125c6c3c2fd70d7de961bcf0e51575235fad/library/std/src/sys_common/backtrace.rs:44:22
[INFO] [stdout]    4:     0x5647158b35a0 - core::fmt::rt::Argument::fmt::h9f417ac76a86f368
[INFO] [stdout]                                at /rustc/0e09125c6c3c2fd70d7de961bcf0e51575235fad/library/core/src/fmt/rt.rs:142:9
[INFO] [stdout]    5:     0x5647158b35a0 - core::fmt::write::hc9b6faf4ac2aeff7
[INFO] [stdout]                                at /rustc/0e09125c6c3c2fd70d7de961bcf0e51575235fad/library/core/src/fmt/mod.rs:1120:17
[INFO] [stdout]    6:     0x56471588279f - std::io::Write::write_fmt::he04625a3a989fec3
[INFO] [stdout]                                at /rustc/0e09125c6c3c2fd70d7de961bcf0e51575235fad/library/std/src/io/mod.rs:1810:15
[INFO] [stdout]    7:     0x564715885524 - std::sys_common::backtrace::_print::hd5d66399c7df88a2
[INFO] [stdout]                                at /rustc/0e09125c6c3c2fd70d7de961bcf0e51575235fad/library/std/src/sys_common/backtrace.rs:47:5
[INFO] [stdout]    8:     0x564715885524 - std::sys_common::backtrace::print::he81ed2da642d37e5
[INFO] [stdout]                                at /rustc/0e09125c6c3c2fd70d7de961bcf0e51575235fad/library/std/src/sys_common/backtrace.rs:34:9
[INFO] [stdout]    9:     0x564715887297 - std::panicking::default_hook::{{closure}}::h85773f4fa117163d
[INFO] [stdout]   10:     0x564715886f7d - std::panicking::default_hook::h6a1694a91d09b278
[INFO] [stdout]                                at /rustc/0e09125c6c3c2fd70d7de961bcf0e51575235fad/library/std/src/panicking.rs:289:9
[INFO] [stdout]   11:     0x5647155d4077 - <alloc::boxed::Box<F,A> as core::ops::function::Fn<Args>>::call::h616ac37fa3cd6c8f
[INFO] [stdout]                                at /rustc/0e09125c6c3c2fd70d7de961bcf0e51575235fad/library/alloc/src/boxed.rs:2029:9
[INFO] [stdout]   12:     0x5647155d4077 - test::test_main::{{closure}}::h00d84697cefdcbb6
[INFO] [stdout]                                at /rustc/0e09125c6c3c2fd70d7de961bcf0e51575235fad/library/test/src/lib.rs:138:21
[INFO] [stdout]   13:     0x5647158878b6 - <alloc::boxed::Box<F,A> as core::ops::function::Fn<Args>>::call::hcb3fe3b9bb537ba8
[INFO] [stdout]                                at /rustc/0e09125c6c3c2fd70d7de961bcf0e51575235fad/library/alloc/src/boxed.rs:2029:9
[INFO] [stdout]   14:     0x5647158878b6 - std::panicking::rust_panic_with_hook::h0a7ad96e90f7145b
[INFO] [stdout]                                at /rustc/0e09125c6c3c2fd70d7de961bcf0e51575235fad/library/std/src/panicking.rs:783:13
[INFO] [stdout]   15:     0x5647158875c9 - std::panicking::begin_panic_handler::{{closure}}::h7919090525c6485e
[INFO] [stdout]                                at /rustc/0e09125c6c3c2fd70d7de961bcf0e51575235fad/library/std/src/panicking.rs:649:13
[INFO] [stdout]   16:     0x564715885c46 - std::sys_common::backtrace::__rust_end_short_backtrace::hf3289479464f7dfe
[INFO] [stdout]                                at /rustc/0e09125c6c3c2fd70d7de961bcf0e51575235fad/library/std/src/sys_common/backtrace.rs:171:18
[INFO] [stdout]   17:     0x564715887360 - rust_begin_unwind
[INFO] [stdout]                                at /rustc/0e09125c6c3c2fd70d7de961bcf0e51575235fad/library/std/src/panicking.rs:645:5
[INFO] [stdout]   18:     0x564715077665 - core::panicking::panic_fmt::hcc9f77c5c132af55
[INFO] [stdout]                                at /rustc/0e09125c6c3c2fd70d7de961bcf0e51575235fad/library/core/src/panicking.rs:72:14
[INFO] [stdout]   19:     0x564715077723 - core::panicking::panic::h5a1259c1164bd480
[INFO] [stdout]                                at /rustc/0e09125c6c3c2fd70d7de961bcf0e51575235fad/library/core/src/panicking.rs:144:5
[INFO] [stdout]   20:     0x5647150e17f0 - core::option::Option<T>::unwrap::h20712cc5410e7c3a
[INFO] [stdout]                                at /rustc/0e09125c6c3c2fd70d7de961bcf0e51575235fad/library/core/src/option.rs:931:21
[INFO] [stdout]   21:     0x564715155134 - perk_solver::component_prices::calc_gizmo_price::h2d20c89707a60de2
[INFO] [stdout]                                at /opt/rustwide/workdir/src/component_prices.rs:24:18
[INFO] [stdout]   22:     0x56471515a403 - perk_solver::prelude::ResultLine::create::h49a1b7576c9f892e
[INFO] [stdout]                                at /opt/rustwide/workdir/src/prelude.rs:154:21
[INFO] [stdout]   23:     0x5647150a0c2a - perk_solver::calc_wanted_gizmo_probabilities::{{closure}}::hb4b971dcaf993df6
[INFO] [stdout]                                at /opt/rustwide/workdir/src/lib.rs:534:33
[INFO] [stdout]   24:     0x56471509eac4 - core::ops::function::impls::<impl core::ops::function::FnOnce<A> for &mut F>::call_once::h7d33ce7a95230ed3
[INFO] [stdout]                                at /rustc/0e09125c6c3c2fd70d7de961bcf0e51575235fad/library/core/src/ops/function.rs:305:13
[INFO] [stdout]   25:     0x56471515f455 - core::option::Option<T>::map::h2f009a16abf307bb
[INFO] [stdout]                                at /rustc/0e09125c6c3c2fd70d7de961bcf0e51575235fad/library/core/src/option.rs:1072:29
[INFO] [stdout]   26:     0x56471515f455 - <core::iter::adapters::map::Map<I,F> as core::iter::traits::iterator::Iterator>::next::h3bcb8f278afcbe77
[INFO] [stdout]                                at /rustc/0e09125c6c3c2fd70d7de961bcf0e51575235fad/library/core/src/iter/adapters/map.rs:104:26
[INFO] [stdout]   27:     0x5647150e95dc - <alloc::vec::Vec<T> as alloc::vec::spec_from_iter_nested::SpecFromIterNested<T,I>>::from_iter::h31854bdb9c87d712
[INFO] [stdout]                                at /rustc/0e09125c6c3c2fd70d7de961bcf0e51575235fad/library/alloc/src/vec/spec_from_iter_nested.rs:26:32
[INFO] [stdout]   28:     0x5647150eee2d - <alloc::vec::Vec<T> as alloc::vec::spec_from_iter::SpecFromIter<T,I>>::from_iter::hf389d6079017c472
[INFO] [stdout]                                at /rustc/0e09125c6c3c2fd70d7de961bcf0e51575235fad/library/alloc/src/vec/spec_from_iter.rs:33:9
[INFO] [stdout]   29:     0x5647150eebe8 - <alloc::vec::Vec<T> as core::iter::traits::collect::FromIterator<T>>::from_iter::h0a7b3633e2a9400d
[INFO] [stdout]                                at /rustc/0e09125c6c3c2fd70d7de961bcf0e51575235fad/library/alloc/src/vec/mod.rs:2791:9
[INFO] [stdout]   30:     0x56471515ffed - core::iter::traits::iterator::Iterator::collect::h65e10773c744c470
[INFO] [stdout]                                at /rustc/0e09125c6c3c2fd70d7de961bcf0e51575235fad/library/core/src/iter/traits/iterator.rs:2054:9
[INFO] [stdout]   31:     0x5647150a06ac - perk_solver::calc_wanted_gizmo_probabilities::ha0364e3725f9d68f
[INFO] [stdout]                                at /opt/rustwide/workdir/src/lib.rs:532:5
[INFO] [stdout]   32:     0x5647150e81d9 - perk_solver::tests::calc_wanted_gizmo_probabilities_test::ancient_armour_50_60_1_harnessed_1_dextrous_7_variable::h85a29a7c880349f4
[INFO] [stdout]                                at /opt/rustwide/workdir/src/lib.rs:1234:26
[INFO] [stdout]   33:     0x5647150e7aa7 - perk_solver::tests::calc_wanted_gizmo_probabilities_test::ancient_armour_50_60_1_harnessed_1_dextrous_7_variable::{{closure}}::h95066bcf35867e86
[INFO] [stdout]                                at /opt/rustwide/workdir/src/lib.rs:1208:68
[INFO] [stdout]   34:     0x564715121e96 - core::ops::function::FnOnce::call_once::hf1332798906c7524
[INFO] [stdout]                                at /rustc/0e09125c6c3c2fd70d7de961bcf0e51575235fad/library/core/src/ops/function.rs:250:5
[INFO] [stdout]   35:     0x5647155d994f - core::ops::function::FnOnce::call_once::hd64d26f405258157
[INFO] [stdout]                                at /rustc/0e09125c6c3c2fd70d7de961bcf0e51575235fad/library/core/src/ops/function.rs:250:5
[INFO] [stdout]   36:     0x5647155d994f - test::__rust_begin_short_backtrace::he21b0b7a6d731bf9
[INFO] [stdout]                                at /rustc/0e09125c6c3c2fd70d7de961bcf0e51575235fad/library/test/src/lib.rs:627:18
[INFO] [stdout]   37:     0x5647155d86d1 - test::run_test_in_process::{{closure}}::hf5c73986d7bdfde2
[INFO] [stdout]                                at /rustc/0e09125c6c3c2fd70d7de961bcf0e51575235fad/library/test/src/lib.rs:650:60
[INFO] [stdout]   38:     0x5647155d86d1 - <core::panic::unwind_safe::AssertUnwindSafe<F> as core::ops::function::FnOnce<()>>::call_once::h330011ad032aadc0
[INFO] [stdout]                                at /rustc/0e09125c6c3c2fd70d7de961bcf0e51575235fad/library/core/src/panic/unwind_safe.rs:272:9
[INFO] [stdout]   39:     0x5647155d86d1 - std::panicking::try::do_call::he61b0a958b795a41
[INFO] [stdout]                                at /rustc/0e09125c6c3c2fd70d7de961bcf0e51575235fad/library/std/src/panicking.rs:552:40
[INFO] [stdout]   40:     0x5647155d86d1 - std::panicking::try::h7309da130f906eb7
[INFO] [stdout]                                at /rustc/0e09125c6c3c2fd70d7de961bcf0e51575235fad/library/std/src/panicking.rs:516:19
[INFO] [stdout]   41:     0x5647155d86d1 - std::panic::catch_unwind::hc5c3a06fdaf0a92a
[INFO] [stdout]                                at /rustc/0e09125c6c3c2fd70d7de961bcf0e51575235fad/library/std/src/panic.rs:142:14
[INFO] [stdout]   42:     0x5647155d86d1 - test::run_test_in_process::h7e7b7c71c3324e0f
[INFO] [stdout]                                at /rustc/0e09125c6c3c2fd70d7de961bcf0e51575235fad/library/test/src/lib.rs:650:27
[INFO] [stdout]   43:     0x5647155d86d1 - test::run_test::{{closure}}::h1f509f28f5cf20b1
[INFO] [stdout]                                at /rustc/0e09125c6c3c2fd70d7de961bcf0e51575235fad/library/test/src/lib.rs:573:43
[INFO] [stdout]   44:     0x56471559fa06 - test::run_test::{{closure}}::h1754218abf443f6d
[INFO] [stdout]                                at /rustc/0e09125c6c3c2fd70d7de961bcf0e51575235fad/library/test/src/lib.rs:601:41
[INFO] [stdout]   45:     0x56471559fa06 - std::sys_common::backtrace::__rust_begin_short_backtrace::h2ee174b9d5954948
[INFO] [stdout]                                at /rustc/0e09125c6c3c2fd70d7de961bcf0e51575235fad/library/std/src/sys_common/backtrace.rs:155:18
[INFO] [stdout]   46:     0x5647155a4a67 - std::thread::Builder::spawn_unchecked_::{{closure}}::{{closure}}::hf60bee9c1a17ef09
[INFO] [stdout]                                at /rustc/0e09125c6c3c2fd70d7de961bcf0e51575235fad/library/std/src/thread/mod.rs:529:17
[INFO] [stdout]   47:     0x5647155a4a67 - <core::panic::unwind_safe::AssertUnwindSafe<F> as core::ops::function::FnOnce<()>>::call_once::h33d0dddec5216160
[INFO] [stdout]                                at /rustc/0e09125c6c3c2fd70d7de961bcf0e51575235fad/library/core/src/panic/unwind_safe.rs:272:9
[INFO] [stdout]   48:     0x5647155a4a67 - std::panicking::try::do_call::h144b3048b546f835
[INFO] [stdout]                                at /rustc/0e09125c6c3c2fd70d7de961bcf0e51575235fad/library/std/src/panicking.rs:552:40
[INFO] [stdout]   49:     0x5647155a4a67 - std::panicking::try::h978244d04646189f
[INFO] [stdout]                                at /rustc/0e09125c6c3c2fd70d7de961bcf0e51575235fad/library/std/src/panicking.rs:516:19
[INFO] [stdout]   50:     0x5647155a4a67 - std::panic::catch_unwind::hdf436369d188fe86
[INFO] [stdout]                                at /rustc/0e09125c6c3c2fd70d7de961bcf0e51575235fad/library/std/src/panic.rs:142:14
[INFO] [stdout]   51:     0x5647155a4a67 - std::thread::Builder::spawn_unchecked_::{{closure}}::h87329cbdd33c79ec
[INFO] [stdout]                                at /rustc/0e09125c6c3c2fd70d7de961bcf0e51575235fad/library/std/src/thread/mod.rs:528:30
[INFO] [stdout]   52:     0x5647155a4a67 - core::ops::function::FnOnce::call_once{{vtable.shim}}::h401abbe67897d450
[INFO] [stdout]                                at /rustc/0e09125c6c3c2fd70d7de961bcf0e51575235fad/library/core/src/ops/function.rs:250:5
[INFO] [stdout]   53:     0x56471588c5f5 - <alloc::boxed::Box<F,A> as core::ops::function::FnOnce<Args>>::call_once::h5d7c8f150ab9c84c
[INFO] [stdout]                                at /rustc/0e09125c6c3c2fd70d7de961bcf0e51575235fad/library/alloc/src/boxed.rs:2015:9
[INFO] [stdout]   54:     0x56471588c5f5 - <alloc::boxed::Box<F,A> as core::ops::function::FnOnce<Args>>::call_once::h570d5b005c242c15
[INFO] [stdout]                                at /rustc/0e09125c6c3c2fd70d7de961bcf0e51575235fad/library/alloc/src/boxed.rs:2015:9
[INFO] [stdout]   55:     0x56471588c5f5 - std::sys::unix::thread::Thread::new::thread_start::h36b0a20c0b2361ad
[INFO] [stdout]                                at /rustc/0e09125c6c3c2fd70d7de961bcf0e51575235fad/library/std/src/sys/unix/thread.rs:108:17
[INFO] [stdout]   56:     0x7f4e34d08ac3 - <unknown>
[INFO] [stdout]   57:     0x7f4e34d99bf4 - __clone
[INFO] [stdout]   58:                0x0 - <unknown>
[INFO] [stdout] 
[INFO] [stdout] ---- tests::calc_wanted_gizmo_probabilities_test::ancient_armour_50_60_1_harnessed_1_dextrous_7_variable_fuzzy stdout ----
[INFO] [stdout] thread 'tests::calc_wanted_gizmo_probabilities_test::ancient_armour_50_60_1_harnessed_1_dextrous_7_variable_fuzzy' panicked at src/component_prices.rs:24:34:
[INFO] [stdout] called `Option::unwrap()` on a `None` value
[INFO] [stdout] stack backtrace:
[INFO] [stdout]    0:     0x564715885746 - std::backtrace_rs::backtrace::libunwind::trace::h261606ad26a499c1
[INFO] [stdout]                                at /rustc/0e09125c6c3c2fd70d7de961bcf0e51575235fad/library/std/src/../../backtrace/src/backtrace/libunwind.rs:104:5
[INFO] [stdout]    1:     0x564715885746 - std::backtrace_rs::backtrace::trace_unsynchronized::hd183f0625477fb28
[INFO] [stdout]                                at /rustc/0e09125c6c3c2fd70d7de961bcf0e51575235fad/library/std/src/../../backtrace/src/backtrace/mod.rs:66:5
[INFO] [stdout]    2:     0x564715885746 - std::sys_common::backtrace::_print_fmt::hd7f8fef21b4eda67
[INFO] [stdout]                                at /rustc/0e09125c6c3c2fd70d7de961bcf0e51575235fad/library/std/src/sys_common/backtrace.rs:68:5
[INFO] [stdout]    3:     0x564715885746 - <std::sys_common::backtrace::_print::DisplayBacktrace as core::fmt::Display>::fmt::h623d9b51f2f453f1
[INFO] [stdout]                                at /rustc/0e09125c6c3c2fd70d7de961bcf0e51575235fad/library/std/src/sys_common/backtrace.rs:44:22
[INFO] [stdout]    4:     0x5647158b35a0 - core::fmt::rt::Argument::fmt::h9f417ac76a86f368
[INFO] [stdout]                                at /rustc/0e09125c6c3c2fd70d7de961bcf0e51575235fad/library/core/src/fmt/rt.rs:142:9
[INFO] [stdout]    5:     0x5647158b35a0 - core::fmt::write::hc9b6faf4ac2aeff7
[INFO] [stdout]                                at /rustc/0e09125c6c3c2fd70d7de961bcf0e51575235fad/library/core/src/fmt/mod.rs:1120:17
[INFO] [stdout]    6:     0x56471588279f - std::io::Write::write_fmt::he04625a3a989fec3
[INFO] [stdout]                                at /rustc/0e09125c6c3c2fd70d7de961bcf0e51575235fad/library/std/src/io/mod.rs:1810:15
[INFO] [stdout]    7:     0x564715885524 - std::sys_common::backtrace::_print::hd5d66399c7df88a2
[INFO] [stdout]                                at /rustc/0e09125c6c3c2fd70d7de961bcf0e51575235fad/library/std/src/sys_common/backtrace.rs:47:5
[INFO] [stdout]    8:     0x564715885524 - std::sys_common::backtrace::print::he81ed2da642d37e5
[INFO] [stdout]                                at /rustc/0e09125c6c3c2fd70d7de961bcf0e51575235fad/library/std/src/sys_common/backtrace.rs:34:9
[INFO] [stdout]    9:     0x564715887297 - std::panicking::default_hook::{{closure}}::h85773f4fa117163d
[INFO] [stdout]   10:     0x564715886f7d - std::panicking::default_hook::h6a1694a91d09b278
[INFO] [stdout]                                at /rustc/0e09125c6c3c2fd70d7de961bcf0e51575235fad/library/std/src/panicking.rs:289:9
[INFO] [stdout]   11:     0x5647155d4077 - <alloc::boxed::Box<F,A> as core::ops::function::Fn<Args>>::call::h616ac37fa3cd6c8f
[INFO] [stdout]                                at /rustc/0e09125c6c3c2fd70d7de961bcf0e51575235fad/library/alloc/src/boxed.rs:2029:9
[INFO] [stdout]   12:     0x5647155d4077 - test::test_main::{{closure}}::h00d84697cefdcbb6
[INFO] [stdout]                                at /rustc/0e09125c6c3c2fd70d7de961bcf0e51575235fad/library/test/src/lib.rs:138:21
[INFO] [stdout]   13:     0x5647158878b6 - <alloc::boxed::Box<F,A> as core::ops::function::Fn<Args>>::call::hcb3fe3b9bb537ba8
[INFO] [stdout]                                at /rustc/0e09125c6c3c2fd70d7de961bcf0e51575235fad/library/alloc/src/boxed.rs:2029:9
[INFO] [stdout]   14:     0x5647158878b6 - std::panicking::rust_panic_with_hook::h0a7ad96e90f7145b
[INFO] [stdout]                                at /rustc/0e09125c6c3c2fd70d7de961bcf0e51575235fad/library/std/src/panicking.rs:783:13
[INFO] [stdout]   15:     0x5647158875c9 - std::panicking::begin_panic_handler::{{closure}}::h7919090525c6485e
[INFO] [stdout]                                at /rustc/0e09125c6c3c2fd70d7de961bcf0e51575235fad/library/std/src/panicking.rs:649:13
[INFO] [stdout]   16:     0x564715885c46 - std::sys_common::backtrace::__rust_end_short_backtrace::hf3289479464f7dfe
[INFO] [stdout]                                at /rustc/0e09125c6c3c2fd70d7de961bcf0e51575235fad/library/std/src/sys_common/backtrace.rs:171:18
[INFO] [stdout]   17:     0x564715887360 - rust_begin_unwind
[INFO] [stdout]                                at /rustc/0e09125c6c3c2fd70d7de961bcf0e51575235fad/library/std/src/panicking.rs:645:5
[INFO] [stdout]   18:     0x564715077665 - core::panicking::panic_fmt::hcc9f77c5c132af55
[INFO] [stdout]                                at /rustc/0e09125c6c3c2fd70d7de961bcf0e51575235fad/library/core/src/panicking.rs:72:14
[INFO] [stdout]   19:     0x564715077723 - core::panicking::panic::h5a1259c1164bd480
[INFO] [stdout]                                at /rustc/0e09125c6c3c2fd70d7de961bcf0e51575235fad/library/core/src/panicking.rs:144:5
[INFO] [stdout]   20:     0x5647150e17f0 - core::option::Option<T>::unwrap::h20712cc5410e7c3a
[INFO] [stdout]                                at /rustc/0e09125c6c3c2fd70d7de961bcf0e51575235fad/library/core/src/option.rs:931:21
[INFO] [stdout]   21:     0x564715155134 - perk_solver::component_prices::calc_gizmo_price::h2d20c89707a60de2
[INFO] [stdout]                                at /opt/rustwide/workdir/src/component_prices.rs:24:18
[INFO] [stdout]   22:     0x56471515a403 - perk_solver::prelude::ResultLine::create::h49a1b7576c9f892e
[INFO] [stdout]                                at /opt/rustwide/workdir/src/prelude.rs:154:21
[INFO] [stdout]   23:     0x5647150a0c2a - perk_solver::calc_wanted_gizmo_probabilities::{{closure}}::hb4b971dcaf993df6
[INFO] [stdout]                                at /opt/rustwide/workdir/src/lib.rs:534:33
[INFO] [stdout]   24:     0x56471509eac4 - core::ops::function::impls::<impl core::ops::function::FnOnce<A> for &mut F>::call_once::h7d33ce7a95230ed3
[INFO] [stdout]                                at /rustc/0e09125c6c3c2fd70d7de961bcf0e51575235fad/library/core/src/ops/function.rs:305:13
[INFO] [stdout]   25:     0x56471515f455 - core::option::Option<T>::map::h2f009a16abf307bb
[INFO] [stdout]                                at /rustc/0e09125c6c3c2fd70d7de961bcf0e51575235fad/library/core/src/option.rs:1072:29
[INFO] [stdout]   26:     0x56471515f455 - <core::iter::adapters::map::Map<I,F> as core::iter::traits::iterator::Iterator>::next::h3bcb8f278afcbe77
[INFO] [stdout]                                at /rustc/0e09125c6c3c2fd70d7de961bcf0e51575235fad/library/core/src/iter/adapters/map.rs:104:26
[INFO] [stdout]   27:     0x5647150e95dc - <alloc::vec::Vec<T> as alloc::vec::spec_from_iter_nested::SpecFromIterNested<T,I>>::from_iter::h31854bdb9c87d712
[INFO] [stdout]                                at /rustc/0e09125c6c3c2fd70d7de961bcf0e51575235fad/library/alloc/src/vec/spec_from_iter_nested.rs:26:32
[INFO] [stdout]   28:     0x5647150eee2d - <alloc::vec::Vec<T> as alloc::vec::spec_from_iter::SpecFromIter<T,I>>::from_iter::hf389d6079017c472
[INFO] [stdout]                                at /rustc/0e09125c6c3c2fd70d7de961bcf0e51575235fad/library/alloc/src/vec/spec_from_iter.rs:33:9
[INFO] [stdout]   29:     0x5647150eebe8 - <alloc::vec::Vec<T> as core::iter::traits::collect::FromIterator<T>>::from_iter::h0a7b3633e2a9400d
[INFO] [stdout]                                at /rustc/0e09125c6c3c2fd70d7de961bcf0e51575235fad/library/alloc/src/vec/mod.rs:2791:9
[INFO] [stdout]   30:     0x56471515ffed - core::iter::traits::iterator::Iterator::collect::h65e10773c744c470
[INFO] [stdout]                                at /rustc/0e09125c6c3c2fd70d7de961bcf0e51575235fad/library/core/src/iter/traits/iterator.rs:2054:9
[INFO] [stdout]   31:     0x5647150a06ac - perk_solver::calc_wanted_gizmo_probabilities::ha0364e3725f9d68f
[INFO] [stdout]                                at /opt/rustwide/workdir/src/lib.rs:532:5
[INFO] [stdout]   32:     0x5647150e8ba0 - perk_solver::tests::calc_wanted_gizmo_probabilities_test::ancient_armour_50_60_1_harnessed_1_dextrous_7_variable_fuzzy::hb46fc18773a07f5a
[INFO] [stdout]                                at /opt/rustwide/workdir/src/lib.rs:1274:26
[INFO] [stdout]   33:     0x5647150e8317 - perk_solver::tests::calc_wanted_gizmo_probabilities_test::ancient_armour_50_60_1_harnessed_1_dextrous_7_variable_fuzzy::{{closure}}::h9f9e6ad3760e7563
[INFO] [stdout]                                at /opt/rustwide/workdir/src/lib.rs:1246:74
[INFO] [stdout]   34:     0x56471511ecb6 - core::ops::function::FnOnce::call_once::h0c07f9db5f97f27a
[INFO] [stdout]                                at /rustc/0e09125c6c3c2fd70d7de961bcf0e51575235fad/library/core/src/ops/function.rs:250:5
[INFO] [stdout]   35:     0x5647155d994f - core::ops::function::FnOnce::call_once::hd64d26f405258157
[INFO] [stdout]                                at /rustc/0e09125c6c3c2fd70d7de961bcf0e51575235fad/library/core/src/ops/function.rs:250:5
[INFO] [stdout]   36:     0x5647155d994f - test::__rust_begin_short_backtrace::he21b0b7a6d731bf9
[INFO] [stdout]                                at /rustc/0e09125c6c3c2fd70d7de961bcf0e51575235fad/library/test/src/lib.rs:627:18
[INFO] [stdout]   37:     0x5647155d86d1 - test::run_test_in_process::{{closure}}::hf5c73986d7bdfde2
[INFO] [stdout]                                at /rustc/0e09125c6c3c2fd70d7de961bcf0e51575235fad/library/test/src/lib.rs:650:60
[INFO] [stdout]   38:     0x5647155d86d1 - <core::panic::unwind_safe::AssertUnwindSafe<F> as core::ops::function::FnOnce<()>>::call_once::h330011ad032aadc0
[INFO] [stdout]                                at /rustc/0e09125c6c3c2fd70d7de961bcf0e51575235fad/library/core/src/panic/unwind_safe.rs:272:9
[INFO] [stdout]   39:     0x5647155d86d1 - std::panicking::try::do_call::he61b0a958b795a41
[INFO] [stdout]                                at /rustc/0e09125c6c3c2fd70d7de961bcf0e51575235fad/library/std/src/panicking.rs:552:40
[INFO] [stdout]   40:     0x5647155d86d1 - std::panicking::try::h7309da130f906eb7
[INFO] [stdout]                                at /rustc/0e09125c6c3c2fd70d7de961bcf0e51575235fad/library/std/src/panicking.rs:516:19
[INFO] [stdout]   41:     0x5647155d86d1 - std::panic::catch_unwind::hc5c3a06fdaf0a92a
[INFO] [stdout]                                at /rustc/0e09125c6c3c2fd70d7de961bcf0e51575235fad/library/std/src/panic.rs:142:14
[INFO] [stdout]   42:     0x5647155d86d1 - test::run_test_in_process::h7e7b7c71c3324e0f
[INFO] [stdout]                                at /rustc/0e09125c6c3c2fd70d7de961bcf0e51575235fad/library/test/src/lib.rs:650:27
[INFO] [stdout]   43:     0x5647155d86d1 - test::run_test::{{closure}}::h1f509f28f5cf20b1
[INFO] [stdout]                                at /rustc/0e09125c6c3c2fd70d7de961bcf0e51575235fad/library/test/src/lib.rs:573:43
[INFO] [stdout]   44:     0x56471559fa06 - test::run_test::{{closure}}::h1754218abf443f6d
[INFO] [stdout]                                at /rustc/0e09125c6c3c2fd70d7de961bcf0e51575235fad/library/test/src/lib.rs:601:41
[INFO] [stdout]   45:     0x56471559fa06 - std::sys_common::backtrace::__rust_begin_short_backtrace::h2ee174b9d5954948
[INFO] [stdout]                                at /rustc/0e09125c6c3c2fd70d7de961bcf0e51575235fad/library/std/src/sys_common/backtrace.rs:155:18
[INFO] [stdout]   46:     0x5647155a4a67 - std::thread::Builder::spawn_unchecked_::{{closure}}::{{closure}}::hf60bee9c1a17ef09
[INFO] [stdout]                                at /rustc/0e09125c6c3c2fd70d7de961bcf0e51575235fad/library/std/src/thread/mod.rs:529:17
[INFO] [stdout]   47:     0x5647155a4a67 - <core::panic::unwind_safe::AssertUnwindSafe<F> as core::ops::function::FnOnce<()>>::call_once::h33d0dddec5216160
[INFO] [stdout]                                at /rustc/0e09125c6c3c2fd70d7de961bcf0e51575235fad/library/core/src/panic/unwind_safe.rs:272:9
[INFO] [stdout]   48:     0x5647155a4a67 - std::panicking::try::do_call::h144b3048b546f835
[INFO] [stdout]                                at /rustc/0e09125c6c3c2fd70d7de961bcf0e51575235fad/library/std/src/panicking.rs:552:40
[INFO] [stdout]   49:     0x5647155a4a67 - std::panicking::try::h978244d04646189f
[INFO] [stdout]                                at /rustc/0e09125c6c3c2fd70d7de961bcf0e51575235fad/library/std/src/panicking.rs:516:19
[INFO] [stdout]   50:     0x5647155a4a67 - std::panic::catch_unwind::hdf436369d188fe86
[INFO] [stdout]                                at /rustc/0e09125c6c3c2fd70d7de961bcf0e51575235fad/library/std/src/panic.rs:142:14
[INFO] [stdout]   51:     0x5647155a4a67 - std::thread::Builder::spawn_unchecked_::{{closure}}::h87329cbdd33c79ec
[INFO] [stdout]                                at /rustc/0e09125c6c3c2fd70d7de961bcf0e51575235fad/library/std/src/thread/mod.rs:528:30
[INFO] [stdout]   52:     0x5647155a4a67 - core::ops::function::FnOnce::call_once{{vtable.shim}}::h401abbe67897d450
[INFO] [stdout]                                at /rustc/0e09125c6c3c2fd70d7de961bcf0e51575235fad/library/core/src/ops/function.rs:250:5
[INFO] [stdout]   53:     0x56471588c5f5 - <alloc::boxed::Box<F,A> as core::ops::function::FnOnce<Args>>::call_once::h5d7c8f150ab9c84c
[INFO] [stdout]                                at /rustc/0e09125c6c3c2fd70d7de961bcf0e51575235fad/library/alloc/src/boxed.rs:2015:9
[INFO] [stdout]   54:     0x56471588c5f5 - <alloc::boxed::Box<F,A> as core::ops::function::FnOnce<Args>>::call_once::h570d5b005c242c15
[INFO] [stdout]                                at /rustc/0e09125c6c3c2fd70d7de961bcf0e51575235fad/library/alloc/src/boxed.rs:2015:9
[INFO] [stdout]   55:     0x56471588c5f5 - std::sys::unix::thread::Thread::new::thread_start::h36b0a20c0b2361ad
[INFO] [stdout]                                at /rustc/0e09125c6c3c2fd70d7de961bcf0e51575235fad/library/std/src/sys/unix/thread.rs:108:17
[INFO] [stdout]   56:     0x7f4e34d08ac3 - <unknown>
[INFO] [stdout]   57:     0x7f4e34d99bf4 - __clone
[INFO] [stdout]   58:                0x0 - <unknown>
[INFO] [stdout] 
[INFO] [stdout] ---- tests::calc_wanted_gizmo_probabilities_test::ancient_armour_110_120_7_zamorak_2_sara stdout ----
[INFO] [stdout] Fetching component prices from Runescape.wiki...
[INFO] [stdout] thread 'tests::calc_wanted_gizmo_probabilities_test::ancient_armour_110_120_7_zamorak_2_sara' panicked at src/component_prices.rs:73:34:
[INFO] [stdout] called `Option::unwrap()` on a `None` value
[INFO] [stdout] stack backtrace:
[INFO] [stdout]    0:     0x564715885746 - std::backtrace_rs::backtrace::libunwind::trace::h261606ad26a499c1
[INFO] [stdout]                                at /rustc/0e09125c6c3c2fd70d7de961bcf0e51575235fad/library/std/src/../../backtrace/src/backtrace/libunwind.rs:104:5
[INFO] [stdout]    1:     0x564715885746 - std::backtrace_rs::backtrace::trace_unsynchronized::hd183f0625477fb28
[INFO] [stdout]                                at /rustc/0e09125c6c3c2fd70d7de961bcf0e51575235fad/library/std/src/../../backtrace/src/backtrace/mod.rs:66:5
[INFO] [stdout]    2:     0x564715885746 - std::sys_common::backtrace::_print_fmt::hd7f8fef21b4eda67
[INFO] [stdout]                                at /rustc/0e09125c6c3c2fd70d7de961bcf0e51575235fad/library/std/src/sys_common/backtrace.rs:68:5
[INFO] [stdout]    3:     0x564715885746 - <std::sys_common::backtrace::_print::DisplayBacktrace as core::fmt::Display>::fmt::h623d9b51f2f453f1
[INFO] [stdout]                                at /rustc/0e09125c6c3c2fd70d7de961bcf0e51575235fad/library/std/src/sys_common/backtrace.rs:44:22
[INFO] [stdout]    4:     0x5647158b35a0 - core::fmt::rt::Argument::fmt::h9f417ac76a86f368
[INFO] [stdout]                                at /rustc/0e09125c6c3c2fd70d7de961bcf0e51575235fad/library/core/src/fmt/rt.rs:142:9
[INFO] [stdout]    5:     0x5647158b35a0 - core::fmt::write::hc9b6faf4ac2aeff7
[INFO] [stdout]                                at /rustc/0e09125c6c3c2fd70d7de961bcf0e51575235fad/library/core/src/fmt/mod.rs:1120:17
[INFO] [stdout]    6:     0x56471588279f - std::io::Write::write_fmt::he04625a3a989fec3
[INFO] [stdout]                                at /rustc/0e09125c6c3c2fd70d7de961bcf0e51575235fad/library/std/src/io/mod.rs:1810:15
[INFO] [stdout]    7:     0x564715885524 - std::sys_common::backtrace::_print::hd5d66399c7df88a2
[INFO] [stdout]                                at /rustc/0e09125c6c3c2fd70d7de961bcf0e51575235fad/library/std/src/sys_common/backtrace.rs:47:5
[INFO] [stdout]    8:     0x564715885524 - std::sys_common::backtrace::print::he81ed2da642d37e5
[INFO] [stdout]                                at /rustc/0e09125c6c3c2fd70d7de961bcf0e51575235fad/library/std/src/sys_common/backtrace.rs:34:9
[INFO] [stdout]    9:     0x564715887297 - std::panicking::default_hook::{{closure}}::h85773f4fa117163d
[INFO] [stdout]   10:     0x564715886f7d - std::panicking::default_hook::h6a1694a91d09b278
[INFO] [stdout]                                at /rustc/0e09125c6c3c2fd70d7de961bcf0e51575235fad/library/std/src/panicking.rs:289:9
[INFO] [stdout]   11:     0x5647155d4077 - <alloc::boxed::Box<F,A> as core::ops::function::Fn<Args>>::call::h616ac37fa3cd6c8f
[INFO] [stdout]                                at /rustc/0e09125c6c3c2fd70d7de961bcf0e51575235fad/library/alloc/src/boxed.rs:2029:9
[INFO] [stdout]   12:     0x5647155d4077 - test::test_main::{{closure}}::h00d84697cefdcbb6
[INFO] [stdout]                                at /rustc/0e09125c6c3c2fd70d7de961bcf0e51575235fad/library/test/src/lib.rs:138:21
[INFO] [stdout]   13:     0x5647158878b6 - <alloc::boxed::Box<F,A> as core::ops::function::Fn<Args>>::call::hcb3fe3b9bb537ba8
[INFO] [stdout]                                at /rustc/0e09125c6c3c2fd70d7de961bcf0e51575235fad/library/alloc/src/boxed.rs:2029:9
[INFO] [stdout]   14:     0x5647158878b6 - std::panicking::rust_panic_with_hook::h0a7ad96e90f7145b
[INFO] [stdout]                                at /rustc/0e09125c6c3c2fd70d7de961bcf0e51575235fad/library/std/src/panicking.rs:783:13
[INFO] [stdout]   15:     0x5647158875c9 - std::panicking::begin_panic_handler::{{closure}}::h7919090525c6485e
[INFO] [stdout]                                at /rustc/0e09125c6c3c2fd70d7de961bcf0e51575235fad/library/std/src/panicking.rs:649:13
[INFO] [stdout]   16:     0x564715885c46 - std::sys_common::backtrace::__rust_end_short_backtrace::hf3289479464f7dfe
[INFO] [stdout]                                at /rustc/0e09125c6c3c2fd70d7de961bcf0e51575235fad/library/std/src/sys_common/backtrace.rs:171:18
[INFO] [stdout]   17:     0x564715887360 - rust_begin_unwind
[INFO] [stdout]                                at /rustc/0e09125c6c3c2fd70d7de961bcf0e51575235fad/library/std/src/panicking.rs:645:5
[INFO] [stdout]   18:     0x564715077665 - core::panicking::panic_fmt::hcc9f77c5c132af55
[INFO] [stdout]                                at /rustc/0e09125c6c3c2fd70d7de961bcf0e51575235fad/library/core/src/panicking.rs:72:14
[INFO] [stdout]   19:     0x564715077723 - core::panicking::panic::h5a1259c1164bd480
[INFO] [stdout]                                at /rustc/0e09125c6c3c2fd70d7de961bcf0e51575235fad/library/core/src/panicking.rs:144:5
[INFO] [stdout]   20:     0x5647150e17f0 - core::option::Option<T>::unwrap::h20712cc5410e7c3a
[INFO] [stdout]                                at /rustc/0e09125c6c3c2fd70d7de961bcf0e51575235fad/library/core/src/option.rs:931:21
[INFO] [stdout]   21:     0x56471515606b - perk_solver::component_prices::get_shell_price::h77784cc6d169cb7e
[INFO] [stdout]                                at /opt/rustwide/workdir/src/component_prices.rs:73:18
[INFO] [stdout]   22:     0x56471515693f - perk_solver::component_prices::set_shell_price::h57323cb018580115
[INFO] [stdout]                                at /opt/rustwide/workdir/src/component_prices.rs:116:37
[INFO] [stdout]   23:     0x5647150e671d - perk_solver::tests::calc_wanted_gizmo_probabilities_test::ancient_armour_110_120_7_zamorak_2_sara::hd4a51ff3b6b2c14b
[INFO] [stdout]                                at /opt/rustwide/workdir/src/lib.rs:1134:13
[INFO] [stdout]   24:     0x5647150e6577 - perk_solver::tests::calc_wanted_gizmo_probabilities_test::ancient_armour_110_120_7_zamorak_2_sara::{{closure}}::hb3fa089ee70545a9
[INFO] [stdout]                                at /opt/rustwide/workdir/src/lib.rs:1126:53
[INFO] [stdout]   25:     0x56471511e9e6 - core::ops::function::FnOnce::call_once::h01a558ac53a31a19
[INFO] [stdout]                                at /rustc/0e09125c6c3c2fd70d7de961bcf0e51575235fad/library/core/src/ops/function.rs:250:5
[INFO] [stdout]   26:     0x5647155d994f - core::ops::function::FnOnce::call_once::hd64d26f405258157
[INFO] [stdout]                                at /rustc/0e09125c6c3c2fd70d7de961bcf0e51575235fad/library/core/src/ops/function.rs:250:5
[INFO] [stdout]   27:     0x5647155d994f - test::__rust_begin_short_backtrace::he21b0b7a6d731bf9
[INFO] [stdout]                                at /rustc/0e09125c6c3c2fd70d7de961bcf0e51575235fad/library/test/src/lib.rs:627:18
[INFO] [stdout]   28:     0x5647155d86d1 - test::run_test_in_process::{{closure}}::hf5c73986d7bdfde2
[INFO] [stdout]                                at /rustc/0e09125c6c3c2fd70d7de961bcf0e51575235fad/library/test/src/lib.rs:650:60
[INFO] [stdout]   29:     0x5647155d86d1 - <core::panic::unwind_safe::AssertUnwindSafe<F> as core::ops::function::FnOnce<()>>::call_once::h330011ad032aadc0
[INFO] [stdout]                                at /rustc/0e09125c6c3c2fd70d7de961bcf0e51575235fad/library/core/src/panic/unwind_safe.rs:272:9
[INFO] [stdout]   30:     0x5647155d86d1 - std::panicking::try::do_call::he61b0a958b795a41
[INFO] [stdout]                                at /rustc/0e09125c6c3c2fd70d7de961bcf0e51575235fad/library/std/src/panicking.rs:552:40
[INFO] [stdout]   31:     0x5647155d86d1 - std::panicking::try::h7309da130f906eb7
[INFO] [stdout]                                at /rustc/0e09125c6c3c2fd70d7de961bcf0e51575235fad/library/std/src/panicking.rs:516:19
[INFO] [stdout]   32:     0x5647155d86d1 - std::panic::catch_unwind::hc5c3a06fdaf0a92a
[INFO] [stdout]                                at /rustc/0e09125c6c3c2fd70d7de961bcf0e51575235fad/library/std/src/panic.rs:142:14
[INFO] [stdout]   33:     0x5647155d86d1 - test::run_test_in_process::h7e7b7c71c3324e0f
[INFO] [stdout]                                at /rustc/0e09125c6c3c2fd70d7de961bcf0e51575235fad/library/test/src/lib.rs:650:27
[INFO] [stdout]   34:     0x5647155d86d1 - test::run_test::{{closure}}::h1f509f28f5cf20b1
[INFO] [stdout]                                at /rustc/0e09125c6c3c2fd70d7de961bcf0e51575235fad/library/test/src/lib.rs:573:43
[INFO] [stdout]   35:     0x56471559fa06 - test::run_test::{{closure}}::h1754218abf443f6d
[INFO] [stdout]                                at /rustc/0e09125c6c3c2fd70d7de961bcf0e51575235fad/library/test/src/lib.rs:601:41
[INFO] [stdout]   36:     0x56471559fa06 - std::sys_common::backtrace::__rust_begin_short_backtrace::h2ee174b9d5954948
[INFO] [stdout]                                at /rustc/0e09125c6c3c2fd70d7de961bcf0e51575235fad/library/std/src/sys_common/backtrace.rs:155:18
[INFO] [stdout]   37:     0x5647155a4a67 - std::thread::Builder::spawn_unchecked_::{{closure}}::{{closure}}::hf60bee9c1a17ef09
[INFO] [stdout]                                at /rustc/0e09125c6c3c2fd70d7de961bcf0e51575235fad/library/std/src/thread/mod.rs:529:17
[INFO] [stdout]   38:     0x5647155a4a67 - <core::panic::unwind_safe::AssertUnwindSafe<F> as core::ops::function::FnOnce<()>>::call_once::h33d0dddec5216160
[INFO] [stdout]                                at /rustc/0e09125c6c3c2fd70d7de961bcf0e51575235fad/library/core/src/panic/unwind_safe.rs:272:9
[INFO] [stdout]   39:     0x5647155a4a67 - std::panicking::try::do_call::h144b3048b546f835
[INFO] [stdout]                                at /rustc/0e09125c6c3c2fd70d7de961bcf0e51575235fad/library/std/src/panicking.rs:552:40
[INFO] [stdout]   40:     0x5647155a4a67 - std::panicking::try::h978244d04646189f
[INFO] [stdout]                                at /rustc/0e09125c6c3c2fd70d7de961bcf0e51575235fad/library/std/src/panicking.rs:516:19
[INFO] [stdout]   41:     0x5647155a4a67 - std::panic::catch_unwind::hdf436369d188fe86
[INFO] [stdout]                                at /rustc/0e09125c6c3c2fd70d7de961bcf0e51575235fad/library/std/src/panic.rs:142:14
[INFO] [stdout]   42:     0x5647155a4a67 - std::thread::Builder::spawn_unchecked_::{{closure}}::h87329cbdd33c79ec
[INFO] [stdout]                                at /rustc/0e09125c6c3c2fd70d7de961bcf0e51575235fad/library/std/src/thread/mod.rs:528:30
[INFO] [stdout]   43:     0x5647155a4a67 - core::ops::function::FnOnce::call_once{{vtable.shim}}::h401abbe67897d450
[INFO] [stdout]                                at /rustc/0e09125c6c3c2fd70d7de961bcf0e51575235fad/library/core/src/ops/function.rs:250:5
[INFO] [stdout]   44:     0x56471588c5f5 - <alloc::boxed::Box<F,A> as core::ops::function::FnOnce<Args>>::call_once::h5d7c8f150ab9c84c
[INFO] [stdout]                                at /rustc/0e09125c6c3c2fd70d7de961bcf0e51575235fad/library/alloc/src/boxed.rs:2015:9
[INFO] [stdout]   45:     0x56471588c5f5 - <alloc::boxed::Box<F,A> as core::ops::function::FnOnce<Args>>::call_once::h570d5b005c242c15
[INFO] [stdout]                                at /rustc/0e09125c6c3c2fd70d7de961bcf0e51575235fad/library/alloc/src/boxed.rs:2015:9
[INFO] [stdout]   46:     0x56471588c5f5 - std::sys::unix::thread::Thread::new::thread_start::h36b0a20c0b2361ad
[INFO] [stdout]                                at /rustc/0e09125c6c3c2fd70d7de961bcf0e51575235fad/library/std/src/sys/unix/thread.rs:108:17
[INFO] [stdout]   47:     0x7f4e34d08ac3 - <unknown>
[INFO] [stdout]   48:     0x7f4e34d99bf4 - __clone
[INFO] [stdout]   49:                0x0 - <unknown>
[INFO] [stdout] 
[INFO] [stdout] 
[INFO] [stdout] failures:
[INFO] [stdout]     tests::calc_wanted_gizmo_probabilities_test::ancient_armour_110_120_1_harnessed_1_dextrous_7_variable
[INFO] [stdout]     tests::calc_wanted_gizmo_probabilities_test::ancient_armour_110_120_7_zamorak_2_sara
[INFO] [stdout]     tests::calc_wanted_gizmo_probabilities_test::ancient_armour_50_60_1_harnessed_1_dextrous_7_variable
[INFO] [stdout]     tests::calc_wanted_gizmo_probabilities_test::ancient_armour_50_60_1_harnessed_1_dextrous_7_variable_fuzzy
[INFO] [stdout] 
[INFO] [stdout] test result: FAILED. 195 passed; 4 failed; 0 ignored; 0 measured; 0 filtered out; finished in 0.08s
[INFO] [stdout] 
[INFO] [stderr] error: test failed, to rerun pass `--lib`
[INFO] running `Command { std: "docker" "inspect" "ab37f91f04643863ec3e50051062b5c814ad09274de1b13e04a077821ba604a2", kill_on_drop: false }`
[INFO] running `Command { std: "docker" "rm" "-f" "ab37f91f04643863ec3e50051062b5c814ad09274de1b13e04a077821ba604a2", kill_on_drop: false }`
[INFO] [stdout] ab37f91f04643863ec3e50051062b5c814ad09274de1b13e04a077821ba604a2
