[INFO] cloning repository https://github.com/CatUniversity/asar-explorer
[INFO] running `Command { std: "git" "-c" "credential.helper=" "-c" "credential.helper=/workspace/cargo-home/bin/git-credential-null" "clone" "--bare" "https://github.com/CatUniversity/asar-explorer" "/workspace/cache/git-repos/https%3A%2F%2Fgithub.com%2FCatUniversity%2Fasar-explorer", kill_on_drop: false }`
[INFO] [stderr] Cloning into bare repository '/workspace/cache/git-repos/https%3A%2F%2Fgithub.com%2FCatUniversity%2Fasar-explorer'...
[INFO] running `Command { std: "git" "rev-parse" "HEAD", kill_on_drop: false }`
[INFO] [stdout] f5fad6ec0fc6089662a9610c8ea2c41ba84e6125
[INFO] testing CatUniversity/asar-explorer against 1.75.0 for beta-1.76-1
[INFO] running `Command { std: "git" "clone" "/workspace/cache/git-repos/https%3A%2F%2Fgithub.com%2FCatUniversity%2Fasar-explorer" "/workspace/builds/worker-2-tc1/source", kill_on_drop: false }`
[INFO] [stderr] Cloning into '/workspace/builds/worker-2-tc1/source'...
[INFO] [stderr] done.
[INFO] validating manifest of git repo https://github.com/CatUniversity/asar-explorer on toolchain 1.75.0
[INFO] running `Command { std: CARGO_HOME="/workspace/cargo-home" RUSTUP_HOME="/workspace/rustup-home" "/workspace/cargo-home/bin/cargo" "+1.75.0" "metadata" "--manifest-path" "Cargo.toml" "--no-deps", kill_on_drop: false }`
[INFO] started tweaking git repo https://github.com/CatUniversity/asar-explorer
[INFO] finished tweaking git repo https://github.com/CatUniversity/asar-explorer
[INFO] tweaked toml for git repo https://github.com/CatUniversity/asar-explorer written to /workspace/builds/worker-2-tc1/source/Cargo.toml
[INFO] crate git repo https://github.com/CatUniversity/asar-explorer already has a lockfile, it will not be regenerated
[INFO] running `Command { std: CARGO_HOME="/workspace/cargo-home" RUSTUP_HOME="/workspace/rustup-home" "/workspace/cargo-home/bin/cargo" "+1.75.0" "fetch" "--manifest-path" "Cargo.toml", kill_on_drop: false }`
[INFO] running `Command { std: "docker" "create" "-v" "/var/lib/crater-agent-workspace/builds/worker-2-tc1/target:/opt/rustwide/target:rw,Z" "-v" "/var/lib/crater-agent-workspace/builds/worker-2-tc1/source:/opt/rustwide/workdir:ro,Z" "-v" "/var/lib/crater-agent-workspace/cargo-home:/opt/rustwide/cargo-home:ro,Z" "-v" "/var/lib/crater-agent-workspace/rustup-home:/opt/rustwide/rustup-home:ro,Z" "-e" "SOURCE_DIR=/opt/rustwide/workdir" "-e" "CARGO_TARGET_DIR=/opt/rustwide/target" "-e" "CARGO_HOME=/opt/rustwide/cargo-home" "-e" "RUSTUP_HOME=/opt/rustwide/rustup-home" "-w" "/opt/rustwide/workdir" "-m" "1610612736" "--user" "0:0" "--network" "none" "ghcr.io/rust-lang/crates-build-env/linux@sha256:2788e3201cd34a07e3172128adcd8b3090168a8e3bcc40d7c032b9dda1df7d1c" "/opt/rustwide/cargo-home/bin/cargo" "+1.75.0" "metadata" "--no-deps" "--format-version=1", kill_on_drop: false }`
[INFO] [stdout] 358993d6eebbfa8432387b404bd11023ee820e559a016bf9dc3d50d89e5e35cd
[INFO] running `Command { std: "docker" "start" "-a" "358993d6eebbfa8432387b404bd11023ee820e559a016bf9dc3d50d89e5e35cd", kill_on_drop: false }`
[INFO] running `Command { std: "docker" "inspect" "358993d6eebbfa8432387b404bd11023ee820e559a016bf9dc3d50d89e5e35cd", kill_on_drop: false }`
[INFO] running `Command { std: "docker" "rm" "-f" "358993d6eebbfa8432387b404bd11023ee820e559a016bf9dc3d50d89e5e35cd", kill_on_drop: false }`
[INFO] [stdout] 358993d6eebbfa8432387b404bd11023ee820e559a016bf9dc3d50d89e5e35cd
[INFO] running `Command { std: "docker" "create" "-v" "/var/lib/crater-agent-workspace/builds/worker-2-tc1/target:/opt/rustwide/target:rw,Z" "-v" "/var/lib/crater-agent-workspace/builds/worker-2-tc1/source:/opt/rustwide/workdir:ro,Z" "-v" "/var/lib/crater-agent-workspace/cargo-home:/opt/rustwide/cargo-home:ro,Z" "-v" "/var/lib/crater-agent-workspace/rustup-home:/opt/rustwide/rustup-home:ro,Z" "-e" "SOURCE_DIR=/opt/rustwide/workdir" "-e" "CARGO_TARGET_DIR=/opt/rustwide/target" "-e" "CARGO_INCREMENTAL=0" "-e" "RUST_BACKTRACE=full" "-e" "RUSTFLAGS=--cap-lints=warn" "-e" "RUSTDOCFLAGS=--cap-lints=warn" "-e" "CARGO_HOME=/opt/rustwide/cargo-home" "-e" "RUSTUP_HOME=/opt/rustwide/rustup-home" "-w" "/opt/rustwide/workdir" "-m" "1610612736" "--user" "0:0" "--network" "none" "ghcr.io/rust-lang/crates-build-env/linux@sha256:2788e3201cd34a07e3172128adcd8b3090168a8e3bcc40d7c032b9dda1df7d1c" "/opt/rustwide/cargo-home/bin/cargo" "+1.75.0" "build" "--frozen" "--message-format=json", kill_on_drop: false }`
[INFO] [stdout] 2b7465939d2a0cb0d0253ae4fe7dd675529309a25b9181f7276402523cc694fa
[INFO] running `Command { std: "docker" "start" "-a" "2b7465939d2a0cb0d0253ae4fe7dd675529309a25b9181f7276402523cc694fa", kill_on_drop: false }`
[INFO] [stderr]    Compiling serde v1.0.148
[INFO] [stderr]    Compiling serde_json v1.0.89
[INFO] [stderr]    Compiling itoa v1.0.4
[INFO] [stderr]    Compiling ryu v1.0.11
[INFO] [stderr]    Compiling asar-explorer v0.1.0 (/opt/rustwide/workdir)
[INFO] [stderr]     Finished dev [unoptimized + debuginfo] target(s) in 4.47s
[INFO] running `Command { std: "docker" "inspect" "2b7465939d2a0cb0d0253ae4fe7dd675529309a25b9181f7276402523cc694fa", kill_on_drop: false }`
[INFO] running `Command { std: "docker" "rm" "-f" "2b7465939d2a0cb0d0253ae4fe7dd675529309a25b9181f7276402523cc694fa", kill_on_drop: false }`
[INFO] [stdout] 2b7465939d2a0cb0d0253ae4fe7dd675529309a25b9181f7276402523cc694fa
[INFO] running `Command { std: "docker" "create" "-v" "/var/lib/crater-agent-workspace/builds/worker-2-tc1/target:/opt/rustwide/target:rw,Z" "-v" "/var/lib/crater-agent-workspace/builds/worker-2-tc1/source:/opt/rustwide/workdir:ro,Z" "-v" "/var/lib/crater-agent-workspace/cargo-home:/opt/rustwide/cargo-home:ro,Z" "-v" "/var/lib/crater-agent-workspace/rustup-home:/opt/rustwide/rustup-home:ro,Z" "-e" "SOURCE_DIR=/opt/rustwide/workdir" "-e" "CARGO_TARGET_DIR=/opt/rustwide/target" "-e" "CARGO_INCREMENTAL=0" "-e" "RUST_BACKTRACE=full" "-e" "RUSTFLAGS=--cap-lints=warn" "-e" "RUSTDOCFLAGS=--cap-lints=warn" "-e" "CARGO_HOME=/opt/rustwide/cargo-home" "-e" "RUSTUP_HOME=/opt/rustwide/rustup-home" "-w" "/opt/rustwide/workdir" "-m" "1610612736" "--user" "0:0" "--network" "none" "ghcr.io/rust-lang/crates-build-env/linux@sha256:2788e3201cd34a07e3172128adcd8b3090168a8e3bcc40d7c032b9dda1df7d1c" "/opt/rustwide/cargo-home/bin/cargo" "+1.75.0" "test" "--frozen" "--no-run" "--message-format=json", kill_on_drop: false }`
[INFO] [stdout] e85afb465dda0e4fbc5ecbcc8d62375a544997299abf2fe216a982de768821dd
[INFO] running `Command { std: "docker" "start" "-a" "e85afb465dda0e4fbc5ecbcc8d62375a544997299abf2fe216a982de768821dd", kill_on_drop: false }`
[INFO] [stderr]    Compiling asar-explorer v0.1.0 (/opt/rustwide/workdir)
[INFO] [stderr]     Finished test [unoptimized + debuginfo] target(s) in 0.32s
[INFO] running `Command { std: "docker" "inspect" "e85afb465dda0e4fbc5ecbcc8d62375a544997299abf2fe216a982de768821dd", kill_on_drop: false }`
[INFO] running `Command { std: "docker" "rm" "-f" "e85afb465dda0e4fbc5ecbcc8d62375a544997299abf2fe216a982de768821dd", kill_on_drop: false }`
[INFO] [stdout] e85afb465dda0e4fbc5ecbcc8d62375a544997299abf2fe216a982de768821dd
[INFO] running `Command { std: "docker" "create" "-v" "/var/lib/crater-agent-workspace/builds/worker-2-tc1/target:/opt/rustwide/target:rw,Z" "-v" "/var/lib/crater-agent-workspace/builds/worker-2-tc1/source:/opt/rustwide/workdir:ro,Z" "-v" "/var/lib/crater-agent-workspace/cargo-home:/opt/rustwide/cargo-home:ro,Z" "-v" "/var/lib/crater-agent-workspace/rustup-home:/opt/rustwide/rustup-home:ro,Z" "-e" "SOURCE_DIR=/opt/rustwide/workdir" "-e" "CARGO_TARGET_DIR=/opt/rustwide/target" "-e" "CARGO_INCREMENTAL=0" "-e" "RUST_BACKTRACE=full" "-e" "RUSTFLAGS=--cap-lints=warn" "-e" "RUSTDOCFLAGS=--cap-lints=warn" "-e" "CARGO_HOME=/opt/rustwide/cargo-home" "-e" "RUSTUP_HOME=/opt/rustwide/rustup-home" "-w" "/opt/rustwide/workdir" "-m" "1610612736" "--user" "0:0" "--network" "none" "ghcr.io/rust-lang/crates-build-env/linux@sha256:2788e3201cd34a07e3172128adcd8b3090168a8e3bcc40d7c032b9dda1df7d1c" "/opt/rustwide/cargo-home/bin/cargo" "+1.75.0" "test" "--frozen", kill_on_drop: false }`
[INFO] [stdout] 2cb2f322fef88a2a0a5ad01a3d066bc8bdf3d56a1d523a0abe2c9818f907c54c
[INFO] running `Command { std: "docker" "start" "-a" "2cb2f322fef88a2a0a5ad01a3d066bc8bdf3d56a1d523a0abe2c9818f907c54c", kill_on_drop: false }`
[INFO] [stderr]     Finished test [unoptimized + debuginfo] target(s) in 0.01s
[INFO] [stderr]      Running unittests src/lib.rs (/opt/rustwide/target/debug/deps/asar_explorer-509687172df2b891)
[INFO] [stdout] 
[INFO] [stdout] running 0 tests
[INFO] [stdout] 
[INFO] [stdout] test result: ok. 0 passed; 0 failed; 0 ignored; 0 measured; 0 filtered out; finished in 0.00s
[INFO] [stdout] 
[INFO] [stderr]    Doc-tests asar-explorer
[INFO] [stdout] 
[INFO] [stdout] running 1 test
[INFO] [stdout] test src/lib.rs - (line 10) ... FAILED
[INFO] [stdout] 
[INFO] [stdout] failures:
[INFO] [stdout] 
[INFO] [stdout] ---- src/lib.rs - (line 10) stdout ----
[INFO] [stdout] error[E0599]: the method `get_headers` exists for enum `Result<File, Error>`, but its trait bounds were not satisfied
[INFO] [stdout]   --> src/lib.rs:18:24
[INFO] [stdout]    |
[INFO] [stdout] 10 |     let headers = file.get_headers()?;
[INFO] [stdout]    |                        ^^^^^^^^^^^ method cannot be called on `Result<File, Error>` due to unsatisfied trait bounds
[INFO] [stdout]   --> /rustc/82e1608dfa6e0b5569232559e3d385fea5a93112/library/core/src/result.rs:502:1
[INFO] [stdout]    |
[INFO] [stdout]    = note: doesn't satisfy `Result<File, std::io::Error>: Asar`
[INFO] [stdout]    |
[INFO] [stdout]    = note: doesn't satisfy `Result<File, std::io::Error>: std::io::Read`
[INFO] [stdout]    |
[INFO] [stdout]    = note: the following trait bounds were not satisfied:
[INFO] [stdout]            `Result<File, std::io::Error>: std::io::Read`
[INFO] [stdout]            which is required by `Result<File, std::io::Error>: Asar`
[INFO] [stdout] note: the method `get_headers` exists on the type `File`
[INFO] [stdout]   --> /opt/rustwide/workdir/src/asar.rs:8:5
[INFO] [stdout]    |
[INFO] [stdout] 8  |     fn get_headers(&mut self) -> Result<Map<String, Value>>;
[INFO] [stdout]    |     ^^^^^^^^^^^^^^^^^^^^^^^^^^^^^^^^^^^^^^^^^^^^^^^^^^^^^^^^
[INFO] [stdout] help: use the `?` operator to extract the `File` value, propagating a `Result::Err` value to the caller
[INFO] [stdout]    |
[INFO] [stdout] 10 |     let headers = file?.get_headers()?;
[INFO] [stdout]    |                       +
[INFO] [stdout] 
[INFO] [stdout] error[E0599]: the method `unpack_files` exists for enum `Result<File, Error>`, but its trait bounds were not satisfied
[INFO] [stdout]   --> src/lib.rs:19:10
[INFO] [stdout]    |
[INFO] [stdout] 11 |     file.unpack_files(&headers, "./foo", None)?;
[INFO] [stdout]    |          ^^^^^^^^^^^^ method cannot be called on `Result<File, Error>` due to unsatisfied trait bounds
[INFO] [stdout]   --> /rustc/82e1608dfa6e0b5569232559e3d385fea5a93112/library/core/src/result.rs:502:1
[INFO] [stdout]    |
[INFO] [stdout]    = note: doesn't satisfy `Result<File, std::io::Error>: Asar`
[INFO] [stdout]    |
[INFO] [stdout]    = note: doesn't satisfy `Result<File, std::io::Error>: std::io::Read`
[INFO] [stdout]    |
[INFO] [stdout]    = note: the following trait bounds were not satisfied:
[INFO] [stdout]            `Result<File, std::io::Error>: std::io::Read`
[INFO] [stdout]            which is required by `Result<File, std::io::Error>: Asar`
[INFO] [stdout] note: the method `unpack_files` exists on the type `File`
[INFO] [stdout]   --> /opt/rustwide/workdir/src/asar.rs:10:5
[INFO] [stdout]    |
[INFO] [stdout] 10 | /     fn unpack_files(
[INFO] [stdout] 11 | |         &mut self,
[INFO] [stdout] 12 | |         headers: &Map<String, Value>,
[INFO] [stdout] 13 | |         base_path: &str,
[INFO] [stdout] 14 | |         data: Option<&[u8]>,
[INFO] [stdout] 15 | |     ) -> Result<()>;
[INFO] [stdout]    | |____________________^
[INFO] [stdout] help: use the `?` operator to extract the `File` value, propagating a `Result::Err` value to the caller
[INFO] [stdout]    |
[INFO] [stdout] 11 |     file?.unpack_files(&headers, "./foo", None)?;
[INFO] [stdout]    |         +
[INFO] [stdout] 
[INFO] [stdout] error: aborting due to 2 previous errors
[INFO] [stdout] 
[INFO] [stdout] For more information about this error, try `rustc --explain E0599`.
[INFO] [stdout] Couldn't compile the test.
[INFO] [stdout] 
[INFO] [stdout] failures:
[INFO] [stdout]     src/lib.rs - (line 10)
[INFO] [stdout] 
[INFO] [stdout] test result: FAILED. 0 passed; 1 failed; 0 ignored; 0 measured; 0 filtered out; finished in 0.09s
[INFO] [stdout] 
[INFO] [stderr] error: doctest failed, to rerun pass `--doc`
[INFO] running `Command { std: "docker" "inspect" "2cb2f322fef88a2a0a5ad01a3d066bc8bdf3d56a1d523a0abe2c9818f907c54c", kill_on_drop: false }`
[INFO] running `Command { std: "docker" "rm" "-f" "2cb2f322fef88a2a0a5ad01a3d066bc8bdf3d56a1d523a0abe2c9818f907c54c", kill_on_drop: false }`
[INFO] [stdout] 2cb2f322fef88a2a0a5ad01a3d066bc8bdf3d56a1d523a0abe2c9818f907c54c
