[INFO] cloning repository https://github.com/CODIANZ/another-rxrust
[INFO] running `Command { std: "git" "-c" "credential.helper=" "-c" "credential.helper=/workspace/cargo-home/bin/git-credential-null" "clone" "--bare" "https://github.com/CODIANZ/another-rxrust" "/workspace/cache/git-repos/https%3A%2F%2Fgithub.com%2FCODIANZ%2Fanother-rxrust", kill_on_drop: false }`
[INFO] [stderr] Cloning into bare repository '/workspace/cache/git-repos/https%3A%2F%2Fgithub.com%2FCODIANZ%2Fanother-rxrust'...
[INFO] running `Command { std: "git" "rev-parse" "HEAD", kill_on_drop: false }`
[INFO] [stdout] 12a1a041138ce593a465f105af151fa257ca4a4d
[INFO] testing CODIANZ/another-rxrust against 1.75.0 for beta-1.76-1
[INFO] running `Command { std: "git" "clone" "/workspace/cache/git-repos/https%3A%2F%2Fgithub.com%2FCODIANZ%2Fanother-rxrust" "/workspace/builds/worker-6-tc1/source", kill_on_drop: false }`
[INFO] [stderr] Cloning into '/workspace/builds/worker-6-tc1/source'...
[INFO] [stderr] done.
[INFO] validating manifest of git repo https://github.com/CODIANZ/another-rxrust on toolchain 1.75.0
[INFO] running `Command { std: CARGO_HOME="/workspace/cargo-home" RUSTUP_HOME="/workspace/rustup-home" "/workspace/cargo-home/bin/cargo" "+1.75.0" "metadata" "--manifest-path" "Cargo.toml" "--no-deps", kill_on_drop: false }`
[INFO] started tweaking git repo https://github.com/CODIANZ/another-rxrust
[INFO] finished tweaking git repo https://github.com/CODIANZ/another-rxrust
[INFO] tweaked toml for git repo https://github.com/CODIANZ/another-rxrust written to /workspace/builds/worker-6-tc1/source/Cargo.toml
[INFO] crate git repo https://github.com/CODIANZ/another-rxrust already has a lockfile, it will not be regenerated
[INFO] running `Command { std: CARGO_HOME="/workspace/cargo-home" RUSTUP_HOME="/workspace/rustup-home" "/workspace/cargo-home/bin/cargo" "+1.75.0" "fetch" "--manifest-path" "Cargo.toml", kill_on_drop: false }`
[INFO] running `Command { std: "docker" "create" "-v" "/var/lib/crater-agent-workspace/builds/worker-6-tc1/target:/opt/rustwide/target:rw,Z" "-v" "/var/lib/crater-agent-workspace/builds/worker-6-tc1/source:/opt/rustwide/workdir:ro,Z" "-v" "/var/lib/crater-agent-workspace/cargo-home:/opt/rustwide/cargo-home:ro,Z" "-v" "/var/lib/crater-agent-workspace/rustup-home:/opt/rustwide/rustup-home:ro,Z" "-e" "SOURCE_DIR=/opt/rustwide/workdir" "-e" "CARGO_TARGET_DIR=/opt/rustwide/target" "-e" "CARGO_HOME=/opt/rustwide/cargo-home" "-e" "RUSTUP_HOME=/opt/rustwide/rustup-home" "-w" "/opt/rustwide/workdir" "-m" "1610612736" "--user" "0:0" "--network" "none" "ghcr.io/rust-lang/crates-build-env/linux@sha256:2788e3201cd34a07e3172128adcd8b3090168a8e3bcc40d7c032b9dda1df7d1c" "/opt/rustwide/cargo-home/bin/cargo" "+1.75.0" "metadata" "--no-deps" "--format-version=1", kill_on_drop: false }`
[INFO] [stdout] 5f2418c96ba2ea917bcf314cc900152c09e78357b4ea98024cd6270829ccbbbb
[INFO] running `Command { std: "docker" "start" "-a" "5f2418c96ba2ea917bcf314cc900152c09e78357b4ea98024cd6270829ccbbbb", kill_on_drop: false }`
[INFO] running `Command { std: "docker" "inspect" "5f2418c96ba2ea917bcf314cc900152c09e78357b4ea98024cd6270829ccbbbb", kill_on_drop: false }`
[INFO] running `Command { std: "docker" "rm" "-f" "5f2418c96ba2ea917bcf314cc900152c09e78357b4ea98024cd6270829ccbbbb", kill_on_drop: false }`
[INFO] [stdout] 5f2418c96ba2ea917bcf314cc900152c09e78357b4ea98024cd6270829ccbbbb
[INFO] running `Command { std: "docker" "create" "-v" "/var/lib/crater-agent-workspace/builds/worker-6-tc1/target:/opt/rustwide/target:rw,Z" "-v" "/var/lib/crater-agent-workspace/builds/worker-6-tc1/source:/opt/rustwide/workdir:ro,Z" "-v" "/var/lib/crater-agent-workspace/cargo-home:/opt/rustwide/cargo-home:ro,Z" "-v" "/var/lib/crater-agent-workspace/rustup-home:/opt/rustwide/rustup-home:ro,Z" "-e" "SOURCE_DIR=/opt/rustwide/workdir" "-e" "CARGO_TARGET_DIR=/opt/rustwide/target" "-e" "CARGO_INCREMENTAL=0" "-e" "RUST_BACKTRACE=full" "-e" "RUSTFLAGS=--cap-lints=warn" "-e" "RUSTDOCFLAGS=--cap-lints=warn" "-e" "CARGO_HOME=/opt/rustwide/cargo-home" "-e" "RUSTUP_HOME=/opt/rustwide/rustup-home" "-w" "/opt/rustwide/workdir" "-m" "1610612736" "--user" "0:0" "--network" "none" "ghcr.io/rust-lang/crates-build-env/linux@sha256:2788e3201cd34a07e3172128adcd8b3090168a8e3bcc40d7c032b9dda1df7d1c" "/opt/rustwide/cargo-home/bin/cargo" "+1.75.0" "build" "--frozen" "--message-format=json", kill_on_drop: false }`
[INFO] [stdout] 31fcf9c7b8b28805b845ea7c5d21d2ae7845b1aa22daeea9e09f6f4b2286b13b
[INFO] running `Command { std: "docker" "start" "-a" "31fcf9c7b8b28805b845ea7c5d21d2ae7845b1aa22daeea9e09f6f4b2286b13b", kill_on_drop: false }`
[INFO] [stderr]    Compiling another-rxrust v0.0.45 (/opt/rustwide/workdir)
[INFO] [stdout] warning: unused import: `crate::internals::function_wrapper`
[INFO] [stdout]  --> src/internals.rs:5:11
[INFO] [stdout]   |
[INFO] [stdout] 5 |   pub use crate::internals::function_wrapper;
[INFO] [stdout]   |           ^^^^^^^^^^^^^^^^^^^^^^^^^^^^^^^^^^
[INFO] [stdout]   |
[INFO] [stdout]   = note: `#[warn(unused_imports)]` on by default
[INFO] [stdout] 
[INFO] [stdout] 
[INFO] [stdout] warning: unused import: `crate::internals::stream_controller`
[INFO] [stdout]  --> src/internals.rs:6:11
[INFO] [stdout]   |
[INFO] [stdout] 6 |   pub use crate::internals::stream_controller;
[INFO] [stdout]   |           ^^^^^^^^^^^^^^^^^^^^^^^^^^^^^^^^^^^
[INFO] [stdout] 
[INFO] [stdout] 
[INFO] [stdout] warning: 2 warnings emitted
[INFO] [stdout] 
[INFO] [stdout] 
[INFO] [stderr]     Finished dev [unoptimized + debuginfo] target(s) in 0.87s
[INFO] running `Command { std: "docker" "inspect" "31fcf9c7b8b28805b845ea7c5d21d2ae7845b1aa22daeea9e09f6f4b2286b13b", kill_on_drop: false }`
[INFO] running `Command { std: "docker" "rm" "-f" "31fcf9c7b8b28805b845ea7c5d21d2ae7845b1aa22daeea9e09f6f4b2286b13b", kill_on_drop: false }`
[INFO] [stdout] 31fcf9c7b8b28805b845ea7c5d21d2ae7845b1aa22daeea9e09f6f4b2286b13b
[INFO] running `Command { std: "docker" "create" "-v" "/var/lib/crater-agent-workspace/builds/worker-6-tc1/target:/opt/rustwide/target:rw,Z" "-v" "/var/lib/crater-agent-workspace/builds/worker-6-tc1/source:/opt/rustwide/workdir:ro,Z" "-v" "/var/lib/crater-agent-workspace/cargo-home:/opt/rustwide/cargo-home:ro,Z" "-v" "/var/lib/crater-agent-workspace/rustup-home:/opt/rustwide/rustup-home:ro,Z" "-e" "SOURCE_DIR=/opt/rustwide/workdir" "-e" "CARGO_TARGET_DIR=/opt/rustwide/target" "-e" "CARGO_INCREMENTAL=0" "-e" "RUST_BACKTRACE=full" "-e" "RUSTFLAGS=--cap-lints=warn" "-e" "RUSTDOCFLAGS=--cap-lints=warn" "-e" "CARGO_HOME=/opt/rustwide/cargo-home" "-e" "RUSTUP_HOME=/opt/rustwide/rustup-home" "-w" "/opt/rustwide/workdir" "-m" "1610612736" "--user" "0:0" "--network" "none" "ghcr.io/rust-lang/crates-build-env/linux@sha256:2788e3201cd34a07e3172128adcd8b3090168a8e3bcc40d7c032b9dda1df7d1c" "/opt/rustwide/cargo-home/bin/cargo" "+1.75.0" "test" "--frozen" "--no-run" "--message-format=json", kill_on_drop: false }`
[INFO] [stdout] 6875df9c3c87d6644f780ed6e44d67c2f68f876c4847491fc9d7fa491fa4f09b
[INFO] running `Command { std: "docker" "start" "-a" "6875df9c3c87d6644f780ed6e44d67c2f68f876c4847491fc9d7fa491fa4f09b", kill_on_drop: false }`
[INFO] [stderr]    Compiling libc v0.2.140
[INFO] [stderr]    Compiling proc-macro2 v1.0.56
[INFO] [stderr]    Compiling unicode-ident v1.0.8
[INFO] [stderr]    Compiling memchr v2.5.0
[INFO] [stderr]    Compiling quote v1.0.26
[INFO] [stderr]    Compiling lock_api v0.4.9
[INFO] [stderr]    Compiling cc v1.0.79
[INFO] [stderr]    Compiling parking_lot_core v0.9.7
[INFO] [stderr]    Compiling gimli v0.27.2
[INFO] [stderr]    Compiling smallvec v1.10.0
[INFO] [stderr]    Compiling tokio v1.27.0
[INFO] [stderr]    Compiling anyhow v1.0.70
[INFO] [stderr]    Compiling log v0.4.17
[INFO] [stderr]    Compiling miniz_oxide v0.6.2
[INFO] [stderr]    Compiling rustc-demangle v0.1.22
[INFO] [stderr]    Compiling bytes v1.4.0
[INFO] [stdout] warning: unused import: `crate::internals::function_wrapper`
[INFO] [stdout]  --> src/internals.rs:5:11
[INFO] [stdout]   |
[INFO] [stdout] 5 |   pub use crate::internals::function_wrapper;
[INFO] [stdout]   |           ^^^^^^^^^^^^^^^^^^^^^^^^^^^^^^^^^^
[INFO] [stdout]   |
[INFO] [stdout]   = note: `#[warn(unused_imports)]` on by default
[INFO] [stdout] 
[INFO] [stdout] 
[INFO] [stdout] warning: unused import: `crate::internals::stream_controller`
[INFO] [stdout]  --> src/internals.rs:6:11
[INFO] [stdout]   |
[INFO] [stdout] 6 |   pub use crate::internals::stream_controller;
[INFO] [stdout]   |           ^^^^^^^^^^^^^^^^^^^^^^^^^^^^^^^^^^^
[INFO] [stdout] 
[INFO] [stdout] 
[INFO] [stdout] warning: 2 warnings emitted
[INFO] [stdout] 
[INFO] [stdout] 
[INFO] [stderr]    Compiling object v0.30.3
[INFO] [stderr]    Compiling backtrace v0.3.67
[INFO] [stderr]    Compiling syn v2.0.13
[INFO] [stderr]    Compiling mio v0.8.6
[INFO] [stderr]    Compiling signal-hook-registry v1.4.1
[INFO] [stderr]    Compiling socket2 v0.4.9
[INFO] [stderr]    Compiling num_cpus v1.15.0
[INFO] [stderr]    Compiling parking_lot v0.12.1
[INFO] [stderr]    Compiling addr2line v0.19.0
[INFO] [stderr]    Compiling tokio-macros v2.0.0
[INFO] [stderr]    Compiling another-rxrust v0.0.45 (/opt/rustwide/workdir)
[INFO] [stdout] warning: unused import: `crate::internals::function_wrapper`
[INFO] [stdout]  --> src/internals.rs:5:11
[INFO] [stdout]   |
[INFO] [stdout] 5 |   pub use crate::internals::function_wrapper;
[INFO] [stdout]   |           ^^^^^^^^^^^^^^^^^^^^^^^^^^^^^^^^^^
[INFO] [stdout]   |
[INFO] [stdout]   = note: `#[warn(unused_imports)]` on by default
[INFO] [stdout] 
[INFO] [stdout] 
[INFO] [stdout] warning: unused import: `crate::internals::stream_controller`
[INFO] [stdout]  --> src/internals.rs:6:11
[INFO] [stdout]   |
[INFO] [stdout] 6 |   pub use crate::internals::stream_controller;
[INFO] [stdout]   |           ^^^^^^^^^^^^^^^^^^^^^^^^^^^^^^^^^^^
[INFO] [stdout] 
[INFO] [stdout] 
[INFO] [stdout] warning: 2 warnings emitted
[INFO] [stdout] 
[INFO] [stdout] 
[INFO] [stderr]     Finished test [unoptimized + debuginfo] target(s) in 15.56s
[INFO] running `Command { std: "docker" "inspect" "6875df9c3c87d6644f780ed6e44d67c2f68f876c4847491fc9d7fa491fa4f09b", kill_on_drop: false }`
[INFO] running `Command { std: "docker" "rm" "-f" "6875df9c3c87d6644f780ed6e44d67c2f68f876c4847491fc9d7fa491fa4f09b", kill_on_drop: false }`
[INFO] [stdout] 6875df9c3c87d6644f780ed6e44d67c2f68f876c4847491fc9d7fa491fa4f09b
[INFO] running `Command { std: "docker" "create" "-v" "/var/lib/crater-agent-workspace/builds/worker-6-tc1/target:/opt/rustwide/target:rw,Z" "-v" "/var/lib/crater-agent-workspace/builds/worker-6-tc1/source:/opt/rustwide/workdir:ro,Z" "-v" "/var/lib/crater-agent-workspace/cargo-home:/opt/rustwide/cargo-home:ro,Z" "-v" "/var/lib/crater-agent-workspace/rustup-home:/opt/rustwide/rustup-home:ro,Z" "-e" "SOURCE_DIR=/opt/rustwide/workdir" "-e" "CARGO_TARGET_DIR=/opt/rustwide/target" "-e" "CARGO_INCREMENTAL=0" "-e" "RUST_BACKTRACE=full" "-e" "RUSTFLAGS=--cap-lints=warn" "-e" "RUSTDOCFLAGS=--cap-lints=warn" "-e" "CARGO_HOME=/opt/rustwide/cargo-home" "-e" "RUSTUP_HOME=/opt/rustwide/rustup-home" "-w" "/opt/rustwide/workdir" "-m" "1610612736" "--user" "0:0" "--network" "none" "ghcr.io/rust-lang/crates-build-env/linux@sha256:2788e3201cd34a07e3172128adcd8b3090168a8e3bcc40d7c032b9dda1df7d1c" "/opt/rustwide/cargo-home/bin/cargo" "+1.75.0" "test" "--frozen", kill_on_drop: false }`
[INFO] [stdout] 00e36ece916e62725ea8d519edaa6b419cc4624dd2648378d73d8b64e375f15d
[INFO] running `Command { std: "docker" "start" "-a" "00e36ece916e62725ea8d519edaa6b419cc4624dd2648378d73d8b64e375f15d", kill_on_drop: false }`
[INFO] [stderr] warning: unused import: `crate::internals::function_wrapper`
[INFO] [stderr]  --> src/internals.rs:5:11
[INFO] [stderr]   |
[INFO] [stderr] 5 |   pub use crate::internals::function_wrapper;
[INFO] [stderr]   |           ^^^^^^^^^^^^^^^^^^^^^^^^^^^^^^^^^^
[INFO] [stderr]   |
[INFO] [stderr]   = note: `#[warn(unused_imports)]` on by default
[INFO] [stderr] 
[INFO] [stderr] warning: unused import: `crate::internals::stream_controller`
[INFO] [stderr]  --> src/internals.rs:6:11
[INFO] [stderr]   |
[INFO] [stderr] 6 |   pub use crate::internals::stream_controller;
[INFO] [stderr]   |           ^^^^^^^^^^^^^^^^^^^^^^^^^^^^^^^^^^^
[INFO] [stderr] 
[INFO] [stderr] warning: `another-rxrust` (lib) generated 2 warnings (run `cargo fix --lib -p another-rxrust` to apply 2 suggestions)
[INFO] [stderr] warning: `another-rxrust` (lib test) generated 2 warnings (2 duplicates)
[INFO] [stderr]     Finished test [unoptimized + debuginfo] target(s) in 0.03s
[INFO] [stderr]      Running unittests src/lib.rs (/opt/rustwide/target/debug/deps/another_rxrust-557253743899a7b7)
[INFO] [stdout] 
[INFO] [stdout] running 179 tests
[INFO] [stdout] test internals::function_wrapper::tset::basic ... ok
[INFO] [stdout] test internals::function_wrapper::tset::borrow2 ... ok
[INFO] [stdout] test internals::function_wrapper::tset::borrow ... ok
[INFO] [stdout] test internals::function_wrapper::tset::call_if_available ... ok
[INFO] [stdout] test internals::function_wrapper::tset::call_and_clear_if_available ... ok
[INFO] [stdout] test material::test::basic ... ok
[INFO] [stdout] test material::test::custom_type ... ok
[INFO] [stdout] test material::test::omit_scope ... ok
[INFO] [stdout] test observable::test::basic ... ok
[INFO] [stdout] test observable::test::move_to_closure ... ok
[INFO] [stdout] test observable::test::thread ... ok
[INFO] [stdout] test observables::defer::test::basic ... ok
[INFO] [stdout] test observables::empty::test::basic ... ok
[INFO] [stdout] test observables::from_iter::test::basic ... ok
[INFO] [stdout] test observables::from_iter::test::vec ... ok
[INFO] [stdout] test observables::from_result::test::error_io ... ok
[INFO] [stdout] test observables::from_result::test::basic ... ok
[INFO] [stdout] test observables::just::test::basic ... ok
[INFO] [stdout] test observables::range::test::basic ... ok
[INFO] [stdout] test observables::from_result::test::error_str ... ok
[INFO] [stdout] test observables::repeat::test::basic ... ok
[INFO] [stdout] test observables::never::test::basic ... ok
[INFO] [stdout] test observables::error::test::basic ... ok
[INFO] [stdout] test observer::test::basic_with_capture ... ok
[INFO] [stdout] test observables::start::test::basic ... ok
[INFO] [stdout] test observer::test::close ... ok
[INFO] [stdout] test observer::test::basic ... ok
[INFO] [stdout] test operators::combine_latest::test::basic ... ok
[INFO] [stdout] test operators::concat::test::basic ... ok
[INFO] [stdout] test operators::amb::test::basic ... ok
[INFO] [stdout] test operators::contains::test::empty ... ok
[INFO] [stdout] test observer::test::clone_into_thread ... ok
[INFO] [stdout] test operators::contains::test::basic ... ok
[INFO] [stdout] test operators::contains::test::not_found ... ok
[INFO] [stdout] test operators::contains::test::error ... ok
[INFO] [stdout] test operators::count::test::error ... ok
[INFO] [stdout] test operators::count::test::basic ... ok
[INFO] [stdout] test operators::count::test::empty ... ok
[INFO] [stdout] test operators::default_if_empty::test::basic ... ok
[INFO] [stdout] test operators::default_if_empty::test::error ... ok
[INFO] [stdout] test operators::default_if_empty::test::not_empty ... ok
[INFO] [stdout] test internals::function_wrapper::tset::call_and_clear_if_available_panic - should panic ... ok
[INFO] [stdout] test operators::dematerialize::test::basic ... ok
[INFO] [stdout] test operators::distinct_until_changed::test::basic ... ok
[INFO] [stdout] test operators::element_at::test::basic ... ok
[INFO] [stdout] test operators::filter::test::basic ... ok
[INFO] [stdout] test operators::first::test::basic ... ok
[INFO] [stdout] test operators::flat_map::test::basic ... ok
[INFO] [stdout] test observables::from_result::test::error_anyhow ... ok
[INFO] [stdout] test observables::interval::test::basic ... ok
[INFO] [stdout] test operators::group_by::test::basic ... ok
[INFO] [stdout] test operators::group_by::test::error ... ok
[INFO] [stdout] test operators::ignore_elements::test::basic ... ok
[INFO] [stdout] test operators::ignore_elements::test::error ... ok
[INFO] [stdout] test operators::last::test::basic ... ok
[INFO] [stdout] test operators::map::test::basic ... ok
[INFO] [stdout] test observables::timer::test::basic ... ok
[INFO] [stdout] test operators::map_to_any::test::basic ... ok
[INFO] [stdout] test operators::map_to_any::test::combination_with_zip ... ok
[INFO] [stdout] test operators::all::test::ne ... ok
[INFO] [stdout] test operators::materialize::test::basic ... ok
[INFO] [stdout] test operators::max::test::basic ... ok
[INFO] [stdout] test operators::all::test::basic ... ok
[INFO] [stdout] test operators::max::test::empty ... ok
[INFO] [stdout] test operators::max::test::error ... ok
[INFO] [stdout] test operators::merge::test::basic ... ok
[INFO] [stdout] test operators::min::test::basic ... ok
[INFO] [stdout] test operators::buffer_with_count::test::basic ... ok
[INFO] [stdout] test operators::min::test::empty ... ok
[INFO] [stdout] test operators::min::test::error ... ok
[INFO] [stdout] test operators::combine_latest::test::thread ... ok
[INFO] [stdout] test operators::on_error_resume_next::tset::basic ... ok
[INFO] [stdout] test operators::on_error_resume_next::tset::just ... ok
[INFO] [stdout] test operators::concat::test::thread ... ok
[INFO] [stdout] test operators::reduce::test::basic ... ok
[INFO] [stdout] test operators::reduce::test::empty ... ok
[INFO] [stdout] test operators::reduce::test::error ... ok
[INFO] [stdout] test operators::reduce::test::single ... ok
[INFO] [stdout] test operators::reduce::test::string ... ok
[INFO] [stdout] test operators::debounce::test::basic ... ok
[INFO] [stdout] test operators::ref_count::test::basic ... ok
[INFO] [stdout] test operators::replay::test::basic ... ok
[INFO] [stdout] test operators::flat_map::test::composite ... ok
[INFO] [stdout] test operators::retry::test::basic ... ok
[INFO] [stdout] test operators::retry_when::test::basic ... ok
[INFO] [stdout] test operators::flat_map::test::thread ... ok
[INFO] [stdout] test operators::scan::test::basic ... ok
[INFO] [stdout] test operators::scan::test::empty ... ok
[INFO] [stdout] test operators::scan::test::error ... ok
[INFO] [stdout] test operators::scan::test::single ... ok
[INFO] [stdout] test operators::scan::test::string ... ok
[INFO] [stdout] test operators::sequence_equal::test::basic ... ok
[INFO] [stdout] test observables::interval::test::thread ... ok
[INFO] [stdout] test observables::timer::test::thread ... ok
[INFO] [stdout] test operators::skip::test::basic ... ok
[INFO] [stdout] test operators::amb::test::thread ... ok
[INFO] [stdout] test operators::skip_last::test::basic ... ok
[INFO] [stdout] test operators::delay::test::thread ... ok
[INFO] [stdout] test operators::map::test::map_thread ... ok
[INFO] [stdout] test operators::skip_while::test::basic ... ok
[INFO] [stdout] test operators::start_with::test::multiple ... ok
[INFO] [stdout] test operators::start_with::test::single ... ok
[INFO] [stdout] test observable::test::unsubscribe ... ok
[INFO] [stdout] test operators::sequence_equal::test::ne ... ok
[INFO] [stdout] test operators::sum::test::basic ... ok
[INFO] [stdout] test operators::sum::test::empty ... ok
[INFO] [stdout] test operators::sum::test::error ... ok
[INFO] [stdout] test operators::sum_and_count::test::basic ... ok
[INFO] [stdout] test operators::sum_and_count::test::empty ... ok
[INFO] [stdout] test operators::sum_and_count::test::error ... ok
[INFO] [stdout] test operators::sequence_equal::test::thread ... ok
[INFO] [stdout] test operators::take::test::basic ... ok
[INFO] [stdout] test operators::merge::test::thread ... ok
[INFO] [stdout] test operators::take_last::test::basic ... ok
[INFO] [stdout] test operators::observe_on::test::basic ... ok
[INFO] [stdout] test operators::skip_until::test::basic ... ok
[INFO] [stdout] test operators::subscribe_on::test::basic ... ok
[INFO] [stdout] test operators::take_while::test::basic ... ok
[INFO] [stdout] test operators::tap::test::basic ... ok
[INFO] [stdout] test operators::tap::test::error ... ok
[INFO] [stdout] test operators::subscribe_on::test::multiple ... ok
[INFO] [stdout] test operators::skip::test::thread ... ok
[INFO] [stdout] test operators::observe_on::test::multiple ... ok
[INFO] [stdout] test operators::to_vec::test::basic ... ok
[INFO] [stdout] test operators::skip_last::test::thread ... ok
[INFO] [stdout] test operators::delay::test::basic ... ok
[INFO] [stdout] test operators::replay::test::thread ... ok
[INFO] [stdout] test operators::window_with_count::test::basic ... ok
[INFO] [stdout] test operators::window_with_count::test::error ... ok
[INFO] [stdout] test operators::zip::test::basic ... ok
[INFO] [stdout] test rx_error::test::anyhow_error ... ok
[INFO] [stdout] test rx_error::test::from_error ... ok
[INFO] [stdout] test rx_error::test::str_ref ... ok
[INFO] [stdout] test operators::sample::test::basic ... ok
[INFO] [stdout] test operators::to_vec::test::error ... ok
[INFO] [stdout] test operators::publish::test::basic ... ok
[INFO] [stdout] test operators::publish::test::first_connect ... ok
[INFO] [stdout] test subjects::async_subject::tset::basic ... ok
[INFO] [stdout] test subjects::async_subject::tset::error ... ok
[INFO] [stdout] test operators::take_until::test::basic ... ok
[INFO] [stdout] test subjects::behavior_subject::tset::basic ... ok
[INFO] [stdout] test subjects::behavior_subject::tset::double ... ok
[INFO] [stdout] test subjects::replay_subject::tset::basic ... ok
[INFO] [stdout] test subjects::replay_subject::tset::double ... ok
[INFO] [stdout] test subjects::subject::tset::basic ... ok
[INFO] [stdout] test operators::to_vec::test::thread ... ok
[INFO] [stdout] test subjects::subject::tset::double ... ok
[INFO] [stdout] test operators::ref_count::test::thread ... ok
[INFO] [stdout] test tests::basic::test::outside_var ... ok
[INFO] [stdout] test tests::copy_values::test::basic ... ok
[INFO] [stdout] test tests::copy_values::test::use_observe_on ... FAILED
[INFO] [stdout] test tests::copy_values::test::use_subject ... ok
[INFO] [stdout] test tests::copy_values::test::use_take ... ok
[INFO] [stdout] test tests::macros::test::basic ... ok
[INFO] [stdout] test tests::macros::test::panic_error - should panic ... ok
[INFO] [stdout] test tests::macros::test::print ... ok
[INFO] [stdout] test tests::macros::test::print_debug ... ok
[INFO] [stdout] test tests::macros::test::print_display ... ok
[INFO] [stdout] test tests::macros::test::print_error ... ok
[INFO] [stdout] test tests::macros::test::print_error_as ... ok
[INFO] [stdout] test operators::take_until::test::with_subject ... ok
[INFO] [stdout] test utils::ready_set_go::test::basic ... ok
[INFO] [stdout] test utils::something::test::basic ... ok
[INFO] [stdout] test operators::take::test::thread ... ok
[INFO] [stdout] test operators::take_last::test::thread ... ok
[INFO] [stdout] test tests::basic::test::basic ... ok
[INFO] [stdout] test operators::zip::test::thread ... ok
[INFO] [stdout] test operators::time_interval::test::basic ... ok
[INFO] [stdout] test operators::switch_on_next::test::basic ... ok
[INFO] [stdout] test operators::timeout::test::basic ... ok
[INFO] [stdout] test operators::timestamp::test::basic ... ok
[INFO] [stdout] test subjects::behavior_subject::tset::thread ... ok
[INFO] [stdout] test subjects::replay_subject::tset::thread ... ok
[INFO] [stdout] test subjects::subject::tset::thread ... ok
[INFO] [stdout] test tests::rxcpp_case5::test::rxcpp_case5 ... ok
[INFO] [stdout] test schedulers::default_scheduler::test::basic ... ok
[INFO] [stdout] test utils::using::test::basic ... ok
[INFO] [stdout] test schedulers::async_function_queue::test::basic ... ok
[INFO] [stdout] test schedulers::new_thread_scheduler::test::basic ... ok
[INFO] [stdout] 
[INFO] [stdout] failures:
[INFO] [stdout] 
[INFO] [stdout] ---- tests::copy_values::test::use_observe_on stdout ----
[INFO] [stdout] clone A #0 -> #1
[INFO] [stdout] clone A #1 -> #2
[INFO] [stdout] dropped A #2
[INFO] [stdout] dropped A #1
[INFO] [stdout] thread 'tests::copy_values::test::use_observe_on' panicked at src/tests/common.rs:23:7:
[INFO] [stdout] attempt to subtract with overflow
[INFO] [stdout] stack backtrace:
[INFO] [stdout]    0:     0x559b50a819dc - std::backtrace_rs::backtrace::libunwind::trace::ha637c64ce894333a
[INFO] [stdout]                                at /rustc/82e1608dfa6e0b5569232559e3d385fea5a93112/library/std/src/../../backtrace/src/backtrace/libunwind.rs:104:5
[INFO] [stdout]    1:     0x559b50a819dc - std::backtrace_rs::backtrace::trace_unsynchronized::h47f62dea28e0c88d
[INFO] [stdout]                                at /rustc/82e1608dfa6e0b5569232559e3d385fea5a93112/library/std/src/../../backtrace/src/backtrace/mod.rs:66:5
[INFO] [stdout]    2:     0x559b50a819dc - std::sys_common::backtrace::_print_fmt::h9eef0abe20ede486
[INFO] [stdout]                                at /rustc/82e1608dfa6e0b5569232559e3d385fea5a93112/library/std/src/sys_common/backtrace.rs:67:5
[INFO] [stdout]    3:     0x559b50a819dc - <std::sys_common::backtrace::_print::DisplayBacktrace as core::fmt::Display>::fmt::hed7f999df88cc644
[INFO] [stdout]                                at /rustc/82e1608dfa6e0b5569232559e3d385fea5a93112/library/std/src/sys_common/backtrace.rs:44:22
[INFO] [stdout]    4:     0x559b50aab850 - core::fmt::rt::Argument::fmt::h1539a9308b8d058d
[INFO] [stdout]                                at /rustc/82e1608dfa6e0b5569232559e3d385fea5a93112/library/core/src/fmt/rt.rs:142:9
[INFO] [stdout]    5:     0x559b50aab850 - core::fmt::write::h3a39390d8560d9c9
[INFO] [stdout]                                at /rustc/82e1608dfa6e0b5569232559e3d385fea5a93112/library/core/src/fmt/mod.rs:1120:17
[INFO] [stdout]    6:     0x559b50a7ee9f - std::io::Write::write_fmt::h040b369f3a0f9cbc
[INFO] [stdout]                                at /rustc/82e1608dfa6e0b5569232559e3d385fea5a93112/library/std/src/io/mod.rs:1762:15
[INFO] [stdout]    7:     0x559b50a817c4 - std::sys_common::backtrace::_print::h894006fb5c6f3d45
[INFO] [stdout]                                at /rustc/82e1608dfa6e0b5569232559e3d385fea5a93112/library/std/src/sys_common/backtrace.rs:47:5
[INFO] [stdout]    8:     0x559b50a817c4 - std::sys_common::backtrace::print::h23a2d212c6fff936
[INFO] [stdout]                                at /rustc/82e1608dfa6e0b5569232559e3d385fea5a93112/library/std/src/sys_common/backtrace.rs:34:9
[INFO] [stdout]    9:     0x559b50a83487 - std::panicking::default_hook::{{closure}}::h8a1d2ee00185001a
[INFO] [stdout]   10:     0x559b50a83173 - std::panicking::default_hook::h6038f2eba384e475
[INFO] [stdout]                                at /rustc/82e1608dfa6e0b5569232559e3d385fea5a93112/library/std/src/panicking.rs:289:9
[INFO] [stdout]   11:     0x559b50988137 - <alloc::boxed::Box<F,A> as core::ops::function::Fn<Args>>::call::h0ad024c9bdc6d768
[INFO] [stdout]                                at /rustc/82e1608dfa6e0b5569232559e3d385fea5a93112/library/alloc/src/boxed.rs:2021:9
[INFO] [stdout]   12:     0x559b50988137 - test::test_main::{{closure}}::h7500b54257359db6
[INFO] [stdout]                                at /rustc/82e1608dfa6e0b5569232559e3d385fea5a93112/library/test/src/lib.rs:138:21
[INFO] [stdout]   13:     0x559b50a83a98 - <alloc::boxed::Box<F,A> as core::ops::function::Fn<Args>>::call::h1f8f335eaa9cfaee
[INFO] [stdout]                                at /rustc/82e1608dfa6e0b5569232559e3d385fea5a93112/library/alloc/src/boxed.rs:2021:9
[INFO] [stdout]   14:     0x559b50a83a98 - std::panicking::rust_panic_with_hook::h2b5517d590cab22e
[INFO] [stdout]                                at /rustc/82e1608dfa6e0b5569232559e3d385fea5a93112/library/std/src/panicking.rs:783:13
[INFO] [stdout]   15:     0x559b50a837b9 - std::panicking::begin_panic_handler::{{closure}}::h233112c06e0ef43e
[INFO] [stdout]                                at /rustc/82e1608dfa6e0b5569232559e3d385fea5a93112/library/std/src/panicking.rs:649:13
[INFO] [stdout]   16:     0x559b50a81ea6 - std::sys_common::backtrace::__rust_end_short_backtrace::h6e893f24d7ebbff8
[INFO] [stdout]                                at /rustc/82e1608dfa6e0b5569232559e3d385fea5a93112/library/std/src/sys_common/backtrace.rs:170:18
[INFO] [stdout]   17:     0x559b50a83552 - rust_begin_unwind
[INFO] [stdout]                                at /rustc/82e1608dfa6e0b5569232559e3d385fea5a93112/library/std/src/panicking.rs:645:5
[INFO] [stdout]   18:     0x559b50698e55 - core::panicking::panic_fmt::hbf0e066aabfa482c
[INFO] [stdout]                                at /rustc/82e1608dfa6e0b5569232559e3d385fea5a93112/library/core/src/panicking.rs:72:14
[INFO] [stdout]   19:     0x559b50698ef3 - core::panicking::panic::h195fc2a96298d4c3
[INFO] [stdout]                                at /rustc/82e1608dfa6e0b5569232559e3d385fea5a93112/library/core/src/panicking.rs:127:5
[INFO] [stdout]   20:     0x559b507f571f - <another_rxrust::tests::common::DestructChecker as core::ops::drop::Drop>::drop::h21b085760fb1ce51
[INFO] [stdout]                                at /opt/rustwide/workdir/src/tests/common.rs:23:7
[INFO] [stdout]   21:     0x559b50791f23 - core::ptr::drop_in_place<another_rxrust::tests::common::DestructChecker>::h5a010e1c6b501a0e
[INFO] [stdout]                                at /rustc/82e1608dfa6e0b5569232559e3d385fea5a93112/library/core/src/ptr/mod.rs:498:1
[INFO] [stdout]   22:     0x559b507838aa - core::ptr::drop_in_place<another_rxrust::observables::just::just<another_rxrust::tests::common::DestructChecker>::{{closure}}>::h3f44f83cfe658e77
[INFO] [stdout]                                at /rustc/82e1608dfa6e0b5569232559e3d385fea5a93112/library/core/src/ptr/mod.rs:498:1
[INFO] [stdout]   23:     0x559b5078db2d - core::ptr::drop_in_place<alloc::boxed::Box<dyn core::ops::function::Fn<(another_rxrust::observer::Observer<another_rxrust::tests::common::DestructChecker>,)>+Output = ()+core::marker::Send+core::marker::Sync>>::hc390286880bcfad3
[INFO] [stdout]                                at /rustc/82e1608dfa6e0b5569232559e3d385fea5a93112/library/core/src/ptr/mod.rs:498:1
[INFO] [stdout]   24:     0x559b506ad3fe - alloc::sync::Arc<T,A>::drop_slow::hbc81803f011b8478
[INFO] [stdout]                                at /rustc/82e1608dfa6e0b5569232559e3d385fea5a93112/library/alloc/src/sync.rs:1752:18
[INFO] [stdout]   25:     0x559b506b94d1 - <alloc::sync::Arc<T,A> as core::ops::drop::Drop>::drop::hd18638a39eb8da69
[INFO] [stdout]                                at /rustc/82e1608dfa6e0b5569232559e3d385fea5a93112/library/alloc/src/sync.rs:2408:13
[INFO] [stdout]   26:     0x559b5078e4ca - core::ptr::drop_in_place<alloc::sync::Arc<alloc::boxed::Box<dyn core::ops::function::Fn<(another_rxrust::observer::Observer<another_rxrust::tests::common::DestructChecker>,)>+Output = ()+core::marker::Send+core::marker::Sync>>>::hd6bd7bd0b51f8bfc
[INFO] [stdout]                                at /rustc/82e1608dfa6e0b5569232559e3d385fea5a93112/library/core/src/ptr/mod.rs:498:1
[INFO] [stdout]   27:     0x559b50788daa - core::ptr::drop_in_place<another_rxrust::internals::function_wrapper::FunctionWrapperInner<another_rxrust::observer::Observer<another_rxrust::tests::common::DestructChecker>,()>>::h4a30050d353369d6
[INFO] [stdout]                                at /rustc/82e1608dfa6e0b5569232559e3d385fea5a93112/library/core/src/ptr/mod.rs:498:1
[INFO] [stdout]   28:     0x559b5078b5c5 - core::ptr::drop_in_place<core::option::Option<another_rxrust::internals::function_wrapper::FunctionWrapperInner<another_rxrust::observer::Observer<another_rxrust::tests::common::DestructChecker>,()>>>::h7fb05da266d61a41
[INFO] [stdout]                                at /rustc/82e1608dfa6e0b5569232559e3d385fea5a93112/library/core/src/ptr/mod.rs:498:1
[INFO] [stdout]   29:     0x559b5078d33a - core::ptr::drop_in_place<core::cell::UnsafeCell<core::option::Option<another_rxrust::internals::function_wrapper::FunctionWrapperInner<another_rxrust::observer::Observer<another_rxrust::tests::common::DestructChecker>,()>>>>::hd1bd8123cec52cd0
[INFO] [stdout]                                at /rustc/82e1608dfa6e0b5569232559e3d385fea5a93112/library/core/src/ptr/mod.rs:498:1
[INFO] [stdout]   30:     0x559b5078d50e - core::ptr::drop_in_place<std::sync::rwlock::RwLock<core::option::Option<another_rxrust::internals::function_wrapper::FunctionWrapperInner<another_rxrust::observer::Observer<another_rxrust::tests::common::DestructChecker>,()>>>>::hd5349cd9c125c368
[INFO] [stdout]                                at /rustc/82e1608dfa6e0b5569232559e3d385fea5a93112/library/core/src/ptr/mod.rs:498:1
[INFO] [stdout]   31:     0x559b506ac99e - alloc::sync::Arc<T,A>::drop_slow::h8782d888ac323138
[INFO] [stdout]                                at /rustc/82e1608dfa6e0b5569232559e3d385fea5a93112/library/alloc/src/sync.rs:1752:18
[INFO] [stdout]   32:     0x559b506b62d1 - <alloc::sync::Arc<T,A> as core::ops::drop::Drop>::drop::h35881d8e47c4ecd5
[INFO] [stdout]                                at /rustc/82e1608dfa6e0b5569232559e3d385fea5a93112/library/alloc/src/sync.rs:2408:13
[INFO] [stdout]   33:     0x559b5078e25a - core::ptr::drop_in_place<alloc::sync::Arc<std::sync::rwlock::RwLock<core::option::Option<another_rxrust::internals::function_wrapper::FunctionWrapperInner<another_rxrust::observer::Observer<another_rxrust::tests::common::DestructChecker>,()>>>>>::h8167ebe175f98bdb
[INFO] [stdout]                                at /rustc/82e1608dfa6e0b5569232559e3d385fea5a93112/library/core/src/ptr/mod.rs:498:1
[INFO] [stdout]   34:     0x559b5078865a - core::ptr::drop_in_place<another_rxrust::internals::function_wrapper::FunctionWrapper<another_rxrust::observer::Observer<another_rxrust::tests::common::DestructChecker>,()>>::h2fe6c4edb2288ceb
[INFO] [stdout]                                at /rustc/82e1608dfa6e0b5569232559e3d385fea5a93112/library/core/src/ptr/mod.rs:498:1
[INFO] [stdout]   35:     0x559b5078035a - core::ptr::drop_in_place<another_rxrust::observable::Observable<another_rxrust::tests::common::DestructChecker>>::h9856b70f0c5863b2
[INFO] [stdout]                                at /rustc/82e1608dfa6e0b5569232559e3d385fea5a93112/library/core/src/ptr/mod.rs:498:1
[INFO] [stdout]   36:     0x559b5082a3be - another_rxrust::tests::copy_values::test::use_observe_on::hd39f18b608bd0126
[INFO] [stdout]                                at /opt/rustwide/workdir/src/tests/copy_values.rs:36:10
[INFO] [stdout]   37:     0x559b5082a2b7 - another_rxrust::tests::copy_values::test::use_observe_on::{{closure}}::hf11563aaa53cfc74
[INFO] [stdout]                                at /opt/rustwide/workdir/src/tests/copy_values.rs:28:22
[INFO] [stdout]   38:     0x559b50775e16 - core::ops::function::FnOnce::call_once::hbbd5287d81cbd6d7
[INFO] [stdout]                                at /rustc/82e1608dfa6e0b5569232559e3d385fea5a93112/library/core/src/ops/function.rs:250:5
[INFO] [stdout]   39:     0x559b5098d78f - core::ops::function::FnOnce::call_once::h2b5d431d5046312d
[INFO] [stdout]                                at /rustc/82e1608dfa6e0b5569232559e3d385fea5a93112/library/core/src/ops/function.rs:250:5
[INFO] [stdout]   40:     0x559b5098d78f - test::__rust_begin_short_backtrace::h7714669af176e207
[INFO] [stdout]                                at /rustc/82e1608dfa6e0b5569232559e3d385fea5a93112/library/test/src/lib.rs:628:18
[INFO] [stdout]   41:     0x559b5098c7a5 - test::run_test_in_process::{{closure}}::h85218797dcbcec12
[INFO] [stdout]                                at /rustc/82e1608dfa6e0b5569232559e3d385fea5a93112/library/test/src/lib.rs:651:60
[INFO] [stdout]   42:     0x559b5098c7a5 - <core::panic::unwind_safe::AssertUnwindSafe<F> as core::ops::function::FnOnce<()>>::call_once::h76c106ea31c14d7b
[INFO] [stdout]                                at /rustc/82e1608dfa6e0b5569232559e3d385fea5a93112/library/core/src/panic/unwind_safe.rs:272:9
[INFO] [stdout]   43:     0x559b5098c7a5 - std::panicking::try::do_call::h3bd5d0f6620ee946
[INFO] [stdout]                                at /rustc/82e1608dfa6e0b5569232559e3d385fea5a93112/library/std/src/panicking.rs:552:40
[INFO] [stdout]   44:     0x559b5098c7a5 - std::panicking::try::h232e535e4744fe31
[INFO] [stdout]                                at /rustc/82e1608dfa6e0b5569232559e3d385fea5a93112/library/std/src/panicking.rs:516:19
[INFO] [stdout]   45:     0x559b5098c7a5 - std::panic::catch_unwind::h3ce3bd6ca8dbac68
[INFO] [stdout]                                at /rustc/82e1608dfa6e0b5569232559e3d385fea5a93112/library/std/src/panic.rs:142:14
[INFO] [stdout]   46:     0x559b5098c7a5 - test::run_test_in_process::hc97b257c9621286a
[INFO] [stdout]                                at /rustc/82e1608dfa6e0b5569232559e3d385fea5a93112/library/test/src/lib.rs:651:27
[INFO] [stdout]   47:     0x559b5098c7a5 - test::run_test::{{closure}}::h2aa798823a438d38
[INFO] [stdout]                                at /rustc/82e1608dfa6e0b5569232559e3d385fea5a93112/library/test/src/lib.rs:574:43
[INFO] [stdout]   48:     0x559b50954a66 - test::run_test::{{closure}}::h87d231c78fb59832
[INFO] [stdout]                                at /rustc/82e1608dfa6e0b5569232559e3d385fea5a93112/library/test/src/lib.rs:602:41
[INFO] [stdout]   49:     0x559b50954a66 - std::sys_common::backtrace::__rust_begin_short_backtrace::he6df152596625789
[INFO] [stdout]                                at /rustc/82e1608dfa6e0b5569232559e3d385fea5a93112/library/std/src/sys_common/backtrace.rs:154:18
[INFO] [stdout]   50:     0x559b50959b17 - std::thread::Builder::spawn_unchecked_::{{closure}}::{{closure}}::ha94be15d1e0acf36
[INFO] [stdout]                                at /rustc/82e1608dfa6e0b5569232559e3d385fea5a93112/library/std/src/thread/mod.rs:529:17
[INFO] [stdout]   51:     0x559b50959b17 - <core::panic::unwind_safe::AssertUnwindSafe<F> as core::ops::function::FnOnce<()>>::call_once::h9dc6bd6372f16606
[INFO] [stdout]                                at /rustc/82e1608dfa6e0b5569232559e3d385fea5a93112/library/core/src/panic/unwind_safe.rs:272:9
[INFO] [stdout]   52:     0x559b50959b17 - std::panicking::try::do_call::h9057517f80303cd4
[INFO] [stdout]                                at /rustc/82e1608dfa6e0b5569232559e3d385fea5a93112/library/std/src/panicking.rs:552:40
[INFO] [stdout]   53:     0x559b50959b17 - std::panicking::try::he3a30b11ee45340c
[INFO] [stdout]                                at /rustc/82e1608dfa6e0b5569232559e3d385fea5a93112/library/std/src/panicking.rs:516:19
[INFO] [stdout]   54:     0x559b50959b17 - std::panic::catch_unwind::h410458cfd3528b8b
[INFO] [stdout]                                at /rustc/82e1608dfa6e0b5569232559e3d385fea5a93112/library/std/src/panic.rs:142:14
[INFO] [stdout]   55:     0x559b50959b17 - std::thread::Builder::spawn_unchecked_::{{closure}}::h72ac3bdb567b737b
[INFO] [stdout]                                at /rustc/82e1608dfa6e0b5569232559e3d385fea5a93112/library/std/src/thread/mod.rs:528:30
[INFO] [stdout]   56:     0x559b50959b17 - core::ops::function::FnOnce::call_once{{vtable.shim}}::h38f34da3654a8344
[INFO] [stdout]                                at /rustc/82e1608dfa6e0b5569232559e3d385fea5a93112/library/core/src/ops/function.rs:250:5
[INFO] [stdout]   57:     0x559b50a886a5 - <alloc::boxed::Box<F,A> as core::ops::function::FnOnce<Args>>::call_once::hc7eafaff61e32df9
[INFO] [stdout]                                at /rustc/82e1608dfa6e0b5569232559e3d385fea5a93112/library/alloc/src/boxed.rs:2007:9
[INFO] [stdout]   58:     0x559b50a886a5 - <alloc::boxed::Box<F,A> as core::ops::function::FnOnce<Args>>::call_once::h6ba4a5de48dd2304
[INFO] [stdout]                                at /rustc/82e1608dfa6e0b5569232559e3d385fea5a93112/library/alloc/src/boxed.rs:2007:9
[INFO] [stdout]   59:     0x559b50a886a5 - std::sys::unix::thread::Thread::new::thread_start::he469335aef763e45
[INFO] [stdout]                                at /rustc/82e1608dfa6e0b5569232559e3d385fea5a93112/library/std/src/sys/unix/thread.rs:108:17
[INFO] [stdout]   60:     0x7fec8bfbcac3 - <unknown>
[INFO] [stdout]   61:     0x7fec8c04dbf4 - __clone
[INFO] [stdout]   62:                0x0 - <unknown>
[INFO] [stdout] 
[INFO] [stdout] 
[INFO] [stdout] failures:
[INFO] [stdout]     tests::copy_values::test::use_observe_on
[INFO] [stdout] 
[INFO] [stdout] test result: FAILED. 178 passed; 1 failed; 0 ignored; 0 measured; 0 filtered out; finished in 6.11s
[INFO] [stdout] 
[INFO] [stderr] error: test failed, to rerun pass `--lib`
[INFO] running `Command { std: "docker" "inspect" "00e36ece916e62725ea8d519edaa6b419cc4624dd2648378d73d8b64e375f15d", kill_on_drop: false }`
[INFO] running `Command { std: "docker" "rm" "-f" "00e36ece916e62725ea8d519edaa6b419cc4624dd2648378d73d8b64e375f15d", kill_on_drop: false }`
[INFO] [stdout] 00e36ece916e62725ea8d519edaa6b419cc4624dd2648378d73d8b64e375f15d
[INFO] testing CODIANZ/another-rxrust against beta-2023-12-22 for beta-1.76-1
[INFO] running `Command { std: "git" "clone" "/workspace/cache/git-repos/https%3A%2F%2Fgithub.com%2FCODIANZ%2Fanother-rxrust" "/workspace/builds/worker-6-tc2/source", kill_on_drop: false }`
[INFO] [stderr] Cloning into '/workspace/builds/worker-6-tc2/source'...
[INFO] [stderr] done.
[INFO] validating manifest of git repo https://github.com/CODIANZ/another-rxrust on toolchain beta-2023-12-22
[INFO] running `Command { std: CARGO_HOME="/workspace/cargo-home" RUSTUP_HOME="/workspace/rustup-home" "/workspace/cargo-home/bin/cargo" "+beta-2023-12-22" "metadata" "--manifest-path" "Cargo.toml" "--no-deps", kill_on_drop: false }`
[INFO] started tweaking git repo https://github.com/CODIANZ/another-rxrust
[INFO] finished tweaking git repo https://github.com/CODIANZ/another-rxrust
[INFO] tweaked toml for git repo https://github.com/CODIANZ/another-rxrust written to /workspace/builds/worker-6-tc2/source/Cargo.toml
[INFO] crate git repo https://github.com/CODIANZ/another-rxrust already has a lockfile, it will not be regenerated
[INFO] running `Command { std: CARGO_HOME="/workspace/cargo-home" RUSTUP_HOME="/workspace/rustup-home" "/workspace/cargo-home/bin/cargo" "+beta-2023-12-22" "fetch" "--manifest-path" "Cargo.toml", kill_on_drop: false }`
[INFO] [stderr]     Blocking waiting for file lock on package cache
[INFO] [stderr]     Blocking waiting for file lock on package cache
[INFO] running `Command { std: "docker" "create" "-v" "/var/lib/crater-agent-workspace/builds/worker-6-tc2/target:/opt/rustwide/target:rw,Z" "-v" "/var/lib/crater-agent-workspace/builds/worker-6-tc2/source:/opt/rustwide/workdir:ro,Z" "-v" "/var/lib/crater-agent-workspace/cargo-home:/opt/rustwide/cargo-home:ro,Z" "-v" "/var/lib/crater-agent-workspace/rustup-home:/opt/rustwide/rustup-home:ro,Z" "-e" "SOURCE_DIR=/opt/rustwide/workdir" "-e" "CARGO_TARGET_DIR=/opt/rustwide/target" "-e" "CARGO_HOME=/opt/rustwide/cargo-home" "-e" "RUSTUP_HOME=/opt/rustwide/rustup-home" "-w" "/opt/rustwide/workdir" "-m" "1610612736" "--user" "0:0" "--network" "none" "ghcr.io/rust-lang/crates-build-env/linux@sha256:2788e3201cd34a07e3172128adcd8b3090168a8e3bcc40d7c032b9dda1df7d1c" "/opt/rustwide/cargo-home/bin/cargo" "+beta-2023-12-22" "metadata" "--no-deps" "--format-version=1", kill_on_drop: false }`
[INFO] [stdout] d1818cc479d98f886be7144b71ff8676c012e3af9369368d238c90e6dc46ae6c
[INFO] running `Command { std: "docker" "start" "-a" "d1818cc479d98f886be7144b71ff8676c012e3af9369368d238c90e6dc46ae6c", kill_on_drop: false }`
[INFO] running `Command { std: "docker" "inspect" "d1818cc479d98f886be7144b71ff8676c012e3af9369368d238c90e6dc46ae6c", kill_on_drop: false }`
[INFO] running `Command { std: "docker" "rm" "-f" "d1818cc479d98f886be7144b71ff8676c012e3af9369368d238c90e6dc46ae6c", kill_on_drop: false }`
[INFO] [stdout] d1818cc479d98f886be7144b71ff8676c012e3af9369368d238c90e6dc46ae6c
[INFO] running `Command { std: "docker" "create" "-v" "/var/lib/crater-agent-workspace/builds/worker-6-tc2/target:/opt/rustwide/target:rw,Z" "-v" "/var/lib/crater-agent-workspace/builds/worker-6-tc2/source:/opt/rustwide/workdir:ro,Z" "-v" "/var/lib/crater-agent-workspace/cargo-home:/opt/rustwide/cargo-home:ro,Z" "-v" "/var/lib/crater-agent-workspace/rustup-home:/opt/rustwide/rustup-home:ro,Z" "-e" "SOURCE_DIR=/opt/rustwide/workdir" "-e" "CARGO_TARGET_DIR=/opt/rustwide/target" "-e" "CARGO_INCREMENTAL=0" "-e" "RUST_BACKTRACE=full" "-e" "RUSTFLAGS=--cap-lints=warn" "-e" "RUSTDOCFLAGS=--cap-lints=warn" "-e" "CARGO_HOME=/opt/rustwide/cargo-home" "-e" "RUSTUP_HOME=/opt/rustwide/rustup-home" "-w" "/opt/rustwide/workdir" "-m" "1610612736" "--user" "0:0" "--network" "none" "ghcr.io/rust-lang/crates-build-env/linux@sha256:2788e3201cd34a07e3172128adcd8b3090168a8e3bcc40d7c032b9dda1df7d1c" "/opt/rustwide/cargo-home/bin/cargo" "+beta-2023-12-22" "build" "--frozen" "--message-format=json", kill_on_drop: false }`
[INFO] [stdout] 9975400ce6c178aca054efca03c623d79c502a5e3b55892cc6d7bf68de2ec14c
[INFO] running `Command { std: "docker" "start" "-a" "9975400ce6c178aca054efca03c623d79c502a5e3b55892cc6d7bf68de2ec14c", kill_on_drop: false }`
[INFO] [stderr]    Compiling another-rxrust v0.0.45 (/opt/rustwide/workdir)
[INFO] [stdout] warning: unused import: `crate::internals::function_wrapper`
[INFO] [stdout]  --> src/internals.rs:5:11
[INFO] [stdout]   |
[INFO] [stdout] 5 |   pub use crate::internals::function_wrapper;
[INFO] [stdout]   |           ^^^^^^^^^^^^^^^^^^^^^^^^^^^^^^^^^^
[INFO] [stdout]   |
[INFO] [stdout]   = note: `#[warn(unused_imports)]` on by default
[INFO] [stdout] 
[INFO] [stdout] 
[INFO] [stdout] warning: unused import: `crate::internals::stream_controller`
[INFO] [stdout]  --> src/internals.rs:6:11
[INFO] [stdout]   |
[INFO] [stdout] 6 |   pub use crate::internals::stream_controller;
[INFO] [stdout]   |           ^^^^^^^^^^^^^^^^^^^^^^^^^^^^^^^^^^^
[INFO] [stdout] 
[INFO] [stdout] 
[INFO] [stdout] warning: 2 warnings emitted
[INFO] [stdout] 
[INFO] [stdout] 
[INFO] [stderr]     Finished dev [unoptimized + debuginfo] target(s) in 0.90s
[INFO] running `Command { std: "docker" "inspect" "9975400ce6c178aca054efca03c623d79c502a5e3b55892cc6d7bf68de2ec14c", kill_on_drop: false }`
[INFO] running `Command { std: "docker" "rm" "-f" "9975400ce6c178aca054efca03c623d79c502a5e3b55892cc6d7bf68de2ec14c", kill_on_drop: false }`
[INFO] [stdout] 9975400ce6c178aca054efca03c623d79c502a5e3b55892cc6d7bf68de2ec14c
[INFO] running `Command { std: "docker" "create" "-v" "/var/lib/crater-agent-workspace/builds/worker-6-tc2/target:/opt/rustwide/target:rw,Z" "-v" "/var/lib/crater-agent-workspace/builds/worker-6-tc2/source:/opt/rustwide/workdir:ro,Z" "-v" "/var/lib/crater-agent-workspace/cargo-home:/opt/rustwide/cargo-home:ro,Z" "-v" "/var/lib/crater-agent-workspace/rustup-home:/opt/rustwide/rustup-home:ro,Z" "-e" "SOURCE_DIR=/opt/rustwide/workdir" "-e" "CARGO_TARGET_DIR=/opt/rustwide/target" "-e" "CARGO_INCREMENTAL=0" "-e" "RUST_BACKTRACE=full" "-e" "RUSTFLAGS=--cap-lints=warn" "-e" "RUSTDOCFLAGS=--cap-lints=warn" "-e" "CARGO_HOME=/opt/rustwide/cargo-home" "-e" "RUSTUP_HOME=/opt/rustwide/rustup-home" "-w" "/opt/rustwide/workdir" "-m" "1610612736" "--user" "0:0" "--network" "none" "ghcr.io/rust-lang/crates-build-env/linux@sha256:2788e3201cd34a07e3172128adcd8b3090168a8e3bcc40d7c032b9dda1df7d1c" "/opt/rustwide/cargo-home/bin/cargo" "+beta-2023-12-22" "test" "--frozen" "--no-run" "--message-format=json", kill_on_drop: false }`
[INFO] [stdout] 263eeb67f1f3406323cd3831bc1d143d56856849b96dd7709451a1079737cb70
[INFO] running `Command { std: "docker" "start" "-a" "263eeb67f1f3406323cd3831bc1d143d56856849b96dd7709451a1079737cb70", kill_on_drop: false }`
[INFO] [stderr]    Compiling libc v0.2.140
[INFO] [stderr]    Compiling proc-macro2 v1.0.56
[INFO] [stderr]    Compiling memchr v2.5.0
[INFO] [stderr]    Compiling unicode-ident v1.0.8
[INFO] [stderr]    Compiling quote v1.0.26
[INFO] [stderr]    Compiling lock_api v0.4.9
[INFO] [stderr]    Compiling cc v1.0.79
[INFO] [stderr]    Compiling parking_lot_core v0.9.7
[INFO] [stderr]    Compiling log v0.4.17
[INFO] [stderr]    Compiling gimli v0.27.2
[INFO] [stderr]    Compiling smallvec v1.10.0
[INFO] [stderr]    Compiling tokio v1.27.0
[INFO] [stderr]    Compiling anyhow v1.0.70
[INFO] [stderr]    Compiling rustc-demangle v0.1.22
[INFO] [stderr]    Compiling miniz_oxide v0.6.2
[INFO] [stderr]    Compiling bytes v1.4.0
[INFO] [stdout] warning: unused import: `crate::internals::function_wrapper`
[INFO] [stdout]  --> src/internals.rs:5:11
[INFO] [stdout]   |
[INFO] [stdout] 5 |   pub use crate::internals::function_wrapper;
[INFO] [stdout]   |           ^^^^^^^^^^^^^^^^^^^^^^^^^^^^^^^^^^
[INFO] [stdout]   |
[INFO] [stdout]   = note: `#[warn(unused_imports)]` on by default
[INFO] [stdout] 
[INFO] [stdout] 
[INFO] [stdout] warning: unused import: `crate::internals::stream_controller`
[INFO] [stdout]  --> src/internals.rs:6:11
[INFO] [stdout]   |
[INFO] [stdout] 6 |   pub use crate::internals::stream_controller;
[INFO] [stdout]   |           ^^^^^^^^^^^^^^^^^^^^^^^^^^^^^^^^^^^
[INFO] [stdout] 
[INFO] [stdout] 
[INFO] [stdout] warning: 2 warnings emitted
[INFO] [stdout] 
[INFO] [stdout] 
[INFO] [stderr]    Compiling object v0.30.3
[INFO] [stderr]    Compiling syn v2.0.13
[INFO] [stderr]    Compiling socket2 v0.4.9
[INFO] [stderr]    Compiling mio v0.8.6
[INFO] [stderr]    Compiling num_cpus v1.15.0
[INFO] [stderr]    Compiling signal-hook-registry v1.4.1
[INFO] [stderr]    Compiling backtrace v0.3.67
[INFO] [stderr]    Compiling parking_lot v0.12.1
[INFO] [stderr]    Compiling addr2line v0.19.0
[INFO] [stderr]    Compiling tokio-macros v2.0.0
[INFO] [stderr]    Compiling another-rxrust v0.0.45 (/opt/rustwide/workdir)
[INFO] [stdout] warning: unused import: `crate::internals::function_wrapper`
[INFO] [stdout]  --> src/internals.rs:5:11
[INFO] [stdout]   |
[INFO] [stdout] 5 |   pub use crate::internals::function_wrapper;
[INFO] [stdout]   |           ^^^^^^^^^^^^^^^^^^^^^^^^^^^^^^^^^^
[INFO] [stdout]   |
[INFO] [stdout]   = note: `#[warn(unused_imports)]` on by default
[INFO] [stdout] 
[INFO] [stdout] 
[INFO] [stdout] warning: unused import: `crate::internals::stream_controller`
[INFO] [stdout]  --> src/internals.rs:6:11
[INFO] [stdout]   |
[INFO] [stdout] 6 |   pub use crate::internals::stream_controller;
[INFO] [stdout]   |           ^^^^^^^^^^^^^^^^^^^^^^^^^^^^^^^^^^^
[INFO] [stdout] 
[INFO] [stdout] 
[INFO] [stdout] warning: 2 warnings emitted
[INFO] [stdout] 
[INFO] [stdout] 
[INFO] [stderr]     Finished test [unoptimized + debuginfo] target(s) in 21.39s
[INFO] running `Command { std: "docker" "inspect" "263eeb67f1f3406323cd3831bc1d143d56856849b96dd7709451a1079737cb70", kill_on_drop: false }`
[INFO] running `Command { std: "docker" "rm" "-f" "263eeb67f1f3406323cd3831bc1d143d56856849b96dd7709451a1079737cb70", kill_on_drop: false }`
[INFO] [stdout] 263eeb67f1f3406323cd3831bc1d143d56856849b96dd7709451a1079737cb70
[INFO] running `Command { std: "docker" "create" "-v" "/var/lib/crater-agent-workspace/builds/worker-6-tc2/target:/opt/rustwide/target:rw,Z" "-v" "/var/lib/crater-agent-workspace/builds/worker-6-tc2/source:/opt/rustwide/workdir:ro,Z" "-v" "/var/lib/crater-agent-workspace/cargo-home:/opt/rustwide/cargo-home:ro,Z" "-v" "/var/lib/crater-agent-workspace/rustup-home:/opt/rustwide/rustup-home:ro,Z" "-e" "SOURCE_DIR=/opt/rustwide/workdir" "-e" "CARGO_TARGET_DIR=/opt/rustwide/target" "-e" "CARGO_INCREMENTAL=0" "-e" "RUST_BACKTRACE=full" "-e" "RUSTFLAGS=--cap-lints=warn" "-e" "RUSTDOCFLAGS=--cap-lints=warn" "-e" "CARGO_HOME=/opt/rustwide/cargo-home" "-e" "RUSTUP_HOME=/opt/rustwide/rustup-home" "-w" "/opt/rustwide/workdir" "-m" "1610612736" "--user" "0:0" "--network" "none" "ghcr.io/rust-lang/crates-build-env/linux@sha256:2788e3201cd34a07e3172128adcd8b3090168a8e3bcc40d7c032b9dda1df7d1c" "/opt/rustwide/cargo-home/bin/cargo" "+beta-2023-12-22" "test" "--frozen", kill_on_drop: false }`
[INFO] [stdout] 7db2d245b4fdf6899ae01e4e083cb8b70fdc41349694caec29bbdf830ba8cec7
[INFO] running `Command { std: "docker" "start" "-a" "7db2d245b4fdf6899ae01e4e083cb8b70fdc41349694caec29bbdf830ba8cec7", kill_on_drop: false }`
[INFO] [stderr] warning: unused import: `crate::internals::function_wrapper`
[INFO] [stderr]  --> src/internals.rs:5:11
[INFO] [stderr]   |
[INFO] [stderr] 5 |   pub use crate::internals::function_wrapper;
[INFO] [stderr]   |           ^^^^^^^^^^^^^^^^^^^^^^^^^^^^^^^^^^
[INFO] [stderr]   |
[INFO] [stderr]   = note: `#[warn(unused_imports)]` on by default
[INFO] [stderr] 
[INFO] [stderr] warning: unused import: `crate::internals::stream_controller`
[INFO] [stderr]  --> src/internals.rs:6:11
[INFO] [stderr]   |
[INFO] [stderr] 6 |   pub use crate::internals::stream_controller;
[INFO] [stderr]   |           ^^^^^^^^^^^^^^^^^^^^^^^^^^^^^^^^^^^
[INFO] [stderr] 
[INFO] [stderr] warning: `another-rxrust` (lib) generated 2 warnings (run `cargo fix --lib -p another-rxrust` to apply 2 suggestions)
[INFO] [stderr] warning: `another-rxrust` (lib test) generated 2 warnings (2 duplicates)
[INFO] [stderr]     Finished test [unoptimized + debuginfo] target(s) in 0.20s
[INFO] [stderr]      Running unittests src/lib.rs (/opt/rustwide/target/debug/deps/another_rxrust-d7ba59d650414a7d)
[INFO] [stdout] 
[INFO] [stdout] running 179 tests
[INFO] [stdout] test internals::function_wrapper::tset::call_if_available ... ok
[INFO] [stdout] test internals::function_wrapper::tset::basic ... ok
[INFO] [stdout] test observables::from_iter::test::basic ... ok
[INFO] [stdout] test observables::from_result::test::basic ... ok
[INFO] [stdout] test observables::defer::test::basic ... ok
[INFO] [stdout] test internals::function_wrapper::tset::call_and_clear_if_available ... ok
[INFO] [stdout] test observable::test::basic ... ok
[INFO] [stdout] test material::test::custom_type ... ok
[INFO] [stdout] test observable::test::move_to_closure ... ok
[INFO] [stdout] test internals::function_wrapper::tset::borrow ... ok
[INFO] [stdout] test material::test::basic ... ok
[INFO] [stdout] test observables::from_iter::test::vec ... ok
[INFO] [stdout] test observables::error::test::basic ... ok
[INFO] [stdout] test material::test::omit_scope ... ok
[INFO] [stdout] test observables::empty::test::basic ... ok
[INFO] [stdout] test observables::from_result::test::error_io ... ok
[INFO] [stdout] test observables::from_result::test::error_str ... ok
[INFO] [stdout] test observables::just::test::basic ... ok
[INFO] [stdout] test observables::start::test::basic ... ok
[INFO] [stdout] test observables::range::test::basic ... ok
[INFO] [stdout] test observer::test::basic ... ok
[INFO] [stdout] test observer::test::basic_with_capture ... ok
[INFO] [stdout] test observables::repeat::test::basic ... ok
[INFO] [stdout] test internals::function_wrapper::tset::borrow2 ... ok
[INFO] [stdout] test observable::test::thread ... ok
[INFO] [stdout] test observables::never::test::basic ... ok
[INFO] [stdout] test observer::test::close ... ok
[INFO] [stdout] test operators::amb::test::basic ... ok
[INFO] [stdout] test operators::combine_latest::test::basic ... ok
[INFO] [stdout] test operators::concat::test::basic ... ok
[INFO] [stdout] test operators::contains::test::empty ... ok
[INFO] [stdout] test operators::contains::test::basic ... ok
[INFO] [stdout] test operators::contains::test::error ... ok
[INFO] [stdout] test operators::contains::test::not_found ... ok
[INFO] [stdout] test operators::count::test::empty ... ok
[INFO] [stdout] test operators::count::test::basic ... ok
[INFO] [stdout] test operators::count::test::error ... ok
[INFO] [stdout] test observer::test::clone_into_thread ... ok
[INFO] [stdout] test operators::default_if_empty::test::error ... ok
[INFO] [stdout] test operators::default_if_empty::test::basic ... ok
[INFO] [stdout] test operators::default_if_empty::test::not_empty ... ok
[INFO] [stdout] test internals::function_wrapper::tset::call_and_clear_if_available_panic - should panic ... ok
[INFO] [stdout] test operators::dematerialize::test::basic ... ok
[INFO] [stdout] test operators::distinct_until_changed::test::basic ... ok
[INFO] [stdout] test operators::element_at::test::basic ... ok
[INFO] [stdout] test operators::filter::test::basic ... ok
[INFO] [stdout] test operators::first::test::basic ... ok
[INFO] [stdout] test operators::flat_map::test::basic ... ok
[INFO] [stdout] test observables::from_result::test::error_anyhow ... ok
[INFO] [stdout] test observables::interval::test::basic ... ok
[INFO] [stdout] test operators::group_by::test::basic ... ok
[INFO] [stdout] test operators::group_by::test::error ... ok
[INFO] [stdout] test operators::ignore_elements::test::basic ... ok
[INFO] [stdout] test operators::ignore_elements::test::error ... ok
[INFO] [stdout] test operators::last::test::basic ... ok
[INFO] [stdout] test operators::map::test::basic ... ok
[INFO] [stdout] test observables::timer::test::basic ... ok
[INFO] [stdout] test operators::map_to_any::test::basic ... ok
[INFO] [stdout] test operators::map_to_any::test::combination_with_zip ... ok
[INFO] [stdout] test operators::materialize::test::basic ... ok
[INFO] [stdout] test operators::buffer_with_count::test::basic ... ok
[INFO] [stdout] test operators::all::test::basic ... ok
[INFO] [stdout] test operators::max::test::basic ... ok
[INFO] [stdout] test operators::concat::test::thread ... ok
[INFO] [stdout] test operators::max::test::empty ... ok
[INFO] [stdout] test operators::max::test::error ... ok
[INFO] [stdout] test operators::min::test::empty ... ok
[INFO] [stdout] test operators::merge::test::basic ... ok
[INFO] [stdout] test operators::min::test::error ... ok
[INFO] [stdout] test operators::min::test::basic ... ok
[INFO] [stdout] test operators::on_error_resume_next::tset::basic ... ok
[INFO] [stdout] test operators::on_error_resume_next::tset::just ... ok
[INFO] [stdout] test operators::all::test::ne ... ok
[INFO] [stdout] test operators::combine_latest::test::thread ... ok
[INFO] [stdout] test operators::reduce::test::basic ... ok
[INFO] [stdout] test operators::reduce::test::empty ... ok
[INFO] [stdout] test operators::debounce::test::basic ... ok
[INFO] [stdout] test operators::reduce::test::single ... ok
[INFO] [stdout] test operators::reduce::test::error ... ok
[INFO] [stdout] test operators::reduce::test::string ... ok
[INFO] [stdout] test operators::ref_count::test::basic ... ok
[INFO] [stdout] test operators::replay::test::basic ... ok
[INFO] [stdout] test operators::flat_map::test::composite ... ok
[INFO] [stdout] test operators::retry::test::basic ... ok
[INFO] [stdout] test operators::retry_when::test::basic ... ok
[INFO] [stdout] test operators::flat_map::test::thread ... ok
[INFO] [stdout] test operators::scan::test::basic ... ok
[INFO] [stdout] test operators::scan::test::empty ... ok
[INFO] [stdout] test operators::scan::test::error ... ok
[INFO] [stdout] test operators::scan::test::single ... ok
[INFO] [stdout] test operators::scan::test::string ... ok
[INFO] [stdout] test operators::sequence_equal::test::basic ... ok
[INFO] [stdout] test observables::interval::test::thread ... ok
[INFO] [stdout] test observables::timer::test::thread ... ok
[INFO] [stdout] test operators::skip::test::basic ... ok
[INFO] [stdout] test operators::amb::test::thread ... ok
[INFO] [stdout] test operators::skip_last::test::basic ... ok
[INFO] [stdout] test operators::delay::test::thread ... ok
[INFO] [stdout] test operators::map::test::map_thread ... ok
[INFO] [stdout] test operators::skip_while::test::basic ... ok
[INFO] [stdout] test operators::start_with::test::multiple ... ok
[INFO] [stdout] test operators::start_with::test::single ... ok
[INFO] [stdout] test observable::test::unsubscribe ... ok
[INFO] [stdout] test operators::sequence_equal::test::ne ... ok
[INFO] [stdout] test operators::sum::test::basic ... ok
[INFO] [stdout] test operators::sum::test::empty ... ok
[INFO] [stdout] test operators::sum::test::error ... ok
[INFO] [stdout] test operators::sum_and_count::test::basic ... ok
[INFO] [stdout] test operators::sum_and_count::test::empty ... ok
[INFO] [stdout] test operators::sum_and_count::test::error ... ok
[INFO] [stdout] test operators::sequence_equal::test::thread ... ok
[INFO] [stdout] test operators::take::test::basic ... ok
[INFO] [stdout] test operators::merge::test::thread ... ok
[INFO] [stdout] test operators::take_last::test::basic ... ok
[INFO] [stdout] test operators::observe_on::test::basic ... ok
[INFO] [stdout] test operators::skip_until::test::basic ... ok
[INFO] [stdout] test operators::subscribe_on::test::basic ... ok
[INFO] [stdout] test operators::take_while::test::basic ... ok
[INFO] [stdout] test operators::tap::test::basic ... ok
[INFO] [stdout] test operators::tap::test::error ... ok
[INFO] [stdout] test operators::subscribe_on::test::multiple ... ok
[INFO] [stdout] test operators::skip::test::thread ... ok
[INFO] [stdout] test operators::observe_on::test::multiple ... ok
[INFO] [stdout] test operators::to_vec::test::basic ... ok
[INFO] [stdout] test operators::skip_last::test::thread ... ok
[INFO] [stdout] test operators::delay::test::basic ... ok
[INFO] [stdout] test operators::window_with_count::test::basic ... ok
[INFO] [stdout] test operators::window_with_count::test::error ... ok
[INFO] [stdout] test operators::zip::test::basic ... ok
[INFO] [stdout] test operators::replay::test::thread ... ok
[INFO] [stdout] test rx_error::test::anyhow_error ... ok
[INFO] [stdout] test rx_error::test::from_error ... ok
[INFO] [stdout] test rx_error::test::str_ref ... ok
[INFO] [stdout] test operators::sample::test::basic ... ok
[INFO] [stdout] test operators::to_vec::test::error ... ok
[INFO] [stdout] test operators::take_until::test::basic ... ok
[INFO] [stdout] test subjects::async_subject::tset::basic ... ok
[INFO] [stdout] test subjects::async_subject::tset::error ... ok
[INFO] [stdout] test subjects::behavior_subject::tset::basic ... ok
[INFO] [stdout] test subjects::behavior_subject::tset::double ... ok
[INFO] [stdout] test operators::publish::test::first_connect ... ok
[INFO] [stdout] test subjects::replay_subject::tset::basic ... ok
[INFO] [stdout] test operators::publish::test::basic ... ok
[INFO] [stdout] test subjects::replay_subject::tset::double ... ok
[INFO] [stdout] test subjects::subject::tset::basic ... ok
[INFO] [stdout] test subjects::subject::tset::double ... ok
[INFO] [stdout] test operators::to_vec::test::thread ... ok
[INFO] [stdout] test operators::ref_count::test::thread ... ok
[INFO] [stdout] test tests::basic::test::outside_var ... ok
[INFO] [stdout] test tests::copy_values::test::basic ... ok
[INFO] [stdout] test operators::take_until::test::with_subject ... ok
[INFO] [stdout] test tests::copy_values::test::use_subject ... ok
[INFO] [stdout] test tests::copy_values::test::use_take ... ok
[INFO] [stdout] test tests::macros::test::basic ... ok
[INFO] [stdout] test tests::macros::test::panic_error - should panic ... ok
[INFO] [stdout] test tests::macros::test::print ... ok
[INFO] [stdout] test tests::macros::test::print_debug ... ok
[INFO] [stdout] test tests::macros::test::print_display ... ok
[INFO] [stdout] test tests::macros::test::print_error ... ok
[INFO] [stdout] test tests::macros::test::print_error_as ... ok
[INFO] [stdout] test operators::take::test::thread ... ok
[INFO] [stdout] test utils::ready_set_go::test::basic ... ok
[INFO] [stdout] test utils::something::test::basic ... ok
[INFO] [stdout] test tests::copy_values::test::use_observe_on ... ok
[INFO] [stdout] test operators::take_last::test::thread ... ok
[INFO] [stdout] test tests::basic::test::basic ... ok
[INFO] [stdout] test operators::zip::test::thread ... ok
[INFO] [stdout] test operators::time_interval::test::basic ... ok
[INFO] [stdout] test operators::timeout::test::basic ... ok
[INFO] [stdout] test operators::switch_on_next::test::basic ... ok
[INFO] [stdout] test operators::timestamp::test::basic ... ok
[INFO] [stdout] test subjects::behavior_subject::tset::thread ... ok
[INFO] [stdout] test subjects::replay_subject::tset::thread ... ok
[INFO] [stdout] test subjects::subject::tset::thread ... ok
[INFO] [stdout] test schedulers::default_scheduler::test::basic ... ok
[INFO] [stdout] test tests::rxcpp_case5::test::rxcpp_case5 ... ok
[INFO] [stdout] test utils::using::test::basic ... ok
[INFO] [stdout] test schedulers::async_function_queue::test::basic ... ok
[INFO] [stdout] test schedulers::new_thread_scheduler::test::basic ... ok
[INFO] [stdout] 
[INFO] [stdout] test result: ok. 179 passed; 0 failed; 0 ignored; 0 measured; 0 filtered out; finished in 6.14s
[INFO] [stdout] 
[INFO] [stderr]    Doc-tests another-rxrust
[INFO] [stdout] 
[INFO] [stdout] running 3 tests
[INFO] [stdout] test src/lib.rs - (line 53) ... FAILED
[INFO] [stdout] test src/lib.rs - (line 80) ... FAILED
[INFO] [stderr] error: doctest failed, to rerun pass `--doc`
[INFO] [stdout] test src/lib.rs - (line 110) ... ok
[INFO] [stdout] 
[INFO] [stdout] failures:
[INFO] [stdout] 
[INFO] [stdout] ---- src/lib.rs - (line 53) stdout ----
[INFO] [stdout] error: cannot find macro `print_next_fmt` in this scope
[INFO] [stdout]  --> src/lib.rs:60:5
[INFO] [stdout]   |
[INFO] [stdout] 9 |     print_next_fmt!("{:?}"),
[INFO] [stdout]   |     ^^^^^^^^^^^^^^
[INFO] [stdout]   |
[INFO] [stdout] help: consider importing this macro
[INFO] [stdout]   |
[INFO] [stdout] 4 + use another_rxrust::print_next_fmt;
[INFO] [stdout]   |
[INFO] [stdout] 
[INFO] [stdout] error: cannot find macro `print_error` in this scope
[INFO] [stdout]   --> src/lib.rs:61:5
[INFO] [stdout]    |
[INFO] [stdout] 10 |     print_error!(),
[INFO] [stdout]    |     ^^^^^^^^^^^
[INFO] [stdout]    |
[INFO] [stdout] help: consider importing this macro
[INFO] [stdout]    |
[INFO] [stdout] 4  + use another_rxrust::print_error;
[INFO] [stdout]    |
[INFO] [stdout] 
[INFO] [stdout] error: cannot find macro `print_complete` in this scope
[INFO] [stdout]   --> src/lib.rs:62:5
[INFO] [stdout]    |
[INFO] [stdout] 11 |     print_complete!(),
[INFO] [stdout]    |     ^^^^^^^^^^^^^^
[INFO] [stdout]    |
[INFO] [stdout] help: consider importing this macro
[INFO] [stdout]    |
[INFO] [stdout] 4  + use another_rxrust::print_complete;
[INFO] [stdout]    |
[INFO] [stdout] 
[INFO] [stdout] error: aborting due to 3 previous errors
[INFO] [stdout] 
[INFO] [stdout] Couldn't compile the test.
[INFO] [stdout] ---- src/lib.rs - (line 80) stdout ----
[INFO] [stdout] error: cannot find macro `print_next_fmt` in this scope
[INFO] [stdout]   --> src/lib.rs:93:14
[INFO] [stdout]    |
[INFO] [stdout] 15 |   .subscribe(print_next_fmt!("{}"), print_error!(), print_complete!());
[INFO] [stdout]    |              ^^^^^^^^^^^^^^
[INFO] [stdout]    |
[INFO] [stdout] help: consider importing this macro
[INFO] [stdout]    |
[INFO] [stdout] 4  + use another_rxrust::print_next_fmt;
[INFO] [stdout]    |
[INFO] [stdout] 
[INFO] [stdout] error: cannot find macro `print_error` in this scope
[INFO] [stdout]   --> src/lib.rs:93:37
[INFO] [stdout]    |
[INFO] [stdout] 15 |   .subscribe(print_next_fmt!("{}"), print_error!(), print_complete!());
[INFO] [stdout]    |                                     ^^^^^^^^^^^
[INFO] [stdout]    |
[INFO] [stdout] help: consider importing this macro
[INFO] [stdout]    |
[INFO] [stdout] 4  + use another_rxrust::print_error;
[INFO] [stdout]    |
[INFO] [stdout] 
[INFO] [stdout] error: cannot find macro `print_complete` in this scope
[INFO] [stdout]   --> src/lib.rs:93:53
[INFO] [stdout]    |
[INFO] [stdout] 15 |   .subscribe(print_next_fmt!("{}"), print_error!(), print_complete!());
[INFO] [stdout]    |                                                     ^^^^^^^^^^^^^^
[INFO] [stdout]    |
[INFO] [stdout] help: consider importing this macro
[INFO] [stdout]    |
[INFO] [stdout] 4  + use another_rxrust::print_complete;
[INFO] [stdout]    |
[INFO] [stdout] 
[INFO] [stdout] error: aborting due to 3 previous errors
[INFO] [stdout] 
[INFO] [stdout] Couldn't compile the test.
[INFO] [stdout] 
[INFO] [stdout] failures:
[INFO] [stdout]     src/lib.rs - (line 53)
[INFO] [stdout]     src/lib.rs - (line 80)
[INFO] [stdout] 
[INFO] [stdout] test result: FAILED. 1 passed; 2 failed; 0 ignored; 0 measured; 0 filtered out; finished in 1.52s
[INFO] [stdout] 
[INFO] running `Command { std: "docker" "inspect" "7db2d245b4fdf6899ae01e4e083cb8b70fdc41349694caec29bbdf830ba8cec7", kill_on_drop: false }`
[INFO] running `Command { std: "docker" "rm" "-f" "7db2d245b4fdf6899ae01e4e083cb8b70fdc41349694caec29bbdf830ba8cec7", kill_on_drop: false }`
[INFO] [stdout] 7db2d245b4fdf6899ae01e4e083cb8b70fdc41349694caec29bbdf830ba8cec7
