[INFO] cloning repository https://github.com/Bunch-of-cells/BigInt
[INFO] running `Command { std: "git" "-c" "credential.helper=" "-c" "credential.helper=/workspace/cargo-home/bin/git-credential-null" "clone" "--bare" "https://github.com/Bunch-of-cells/BigInt" "/workspace/cache/git-repos/https%3A%2F%2Fgithub.com%2FBunch-of-cells%2FBigInt", kill_on_drop: false }`
[INFO] [stderr] Cloning into bare repository '/workspace/cache/git-repos/https%3A%2F%2Fgithub.com%2FBunch-of-cells%2FBigInt'...
[INFO] running `Command { std: "git" "rev-parse" "HEAD", kill_on_drop: false }`
[INFO] [stdout] 3bd20334a4204582c6e24d1b4dae54fd0fb33776
[INFO] testing Bunch-of-cells/BigInt against 1.75.0 for beta-1.76-1
[INFO] running `Command { std: "git" "clone" "/workspace/cache/git-repos/https%3A%2F%2Fgithub.com%2FBunch-of-cells%2FBigInt" "/workspace/builds/worker-0-tc1/source", kill_on_drop: false }`
[INFO] [stderr] Cloning into '/workspace/builds/worker-0-tc1/source'...
[INFO] [stderr] done.
[INFO] validating manifest of git repo https://github.com/Bunch-of-cells/BigInt on toolchain 1.75.0
[INFO] running `Command { std: CARGO_HOME="/workspace/cargo-home" RUSTUP_HOME="/workspace/rustup-home" "/workspace/cargo-home/bin/cargo" "+1.75.0" "metadata" "--manifest-path" "Cargo.toml" "--no-deps", kill_on_drop: false }`
[INFO] started tweaking git repo https://github.com/Bunch-of-cells/BigInt
[INFO] finished tweaking git repo https://github.com/Bunch-of-cells/BigInt
[INFO] tweaked toml for git repo https://github.com/Bunch-of-cells/BigInt written to /workspace/builds/worker-0-tc1/source/Cargo.toml
[INFO] crate git repo https://github.com/Bunch-of-cells/BigInt already has a lockfile, it will not be regenerated
[INFO] running `Command { std: CARGO_HOME="/workspace/cargo-home" RUSTUP_HOME="/workspace/rustup-home" "/workspace/cargo-home/bin/cargo" "+1.75.0" "fetch" "--manifest-path" "Cargo.toml", kill_on_drop: false }`
[INFO] running `Command { std: "docker" "create" "-v" "/var/lib/crater-agent-workspace/builds/worker-0-tc1/target:/opt/rustwide/target:rw,Z" "-v" "/var/lib/crater-agent-workspace/builds/worker-0-tc1/source:/opt/rustwide/workdir:ro,Z" "-v" "/var/lib/crater-agent-workspace/cargo-home:/opt/rustwide/cargo-home:ro,Z" "-v" "/var/lib/crater-agent-workspace/rustup-home:/opt/rustwide/rustup-home:ro,Z" "-e" "SOURCE_DIR=/opt/rustwide/workdir" "-e" "CARGO_TARGET_DIR=/opt/rustwide/target" "-e" "CARGO_HOME=/opt/rustwide/cargo-home" "-e" "RUSTUP_HOME=/opt/rustwide/rustup-home" "-w" "/opt/rustwide/workdir" "-m" "1610612736" "--user" "0:0" "--network" "none" "ghcr.io/rust-lang/crates-build-env/linux@sha256:2788e3201cd34a07e3172128adcd8b3090168a8e3bcc40d7c032b9dda1df7d1c" "/opt/rustwide/cargo-home/bin/cargo" "+1.75.0" "metadata" "--no-deps" "--format-version=1", kill_on_drop: false }`
[INFO] [stdout] 8532fc793ed1283353ab143ff0cf62b66d8d8d02b12a3e4e79c483985c0946dc
[INFO] running `Command { std: "docker" "start" "-a" "8532fc793ed1283353ab143ff0cf62b66d8d8d02b12a3e4e79c483985c0946dc", kill_on_drop: false }`
[INFO] running `Command { std: "docker" "inspect" "8532fc793ed1283353ab143ff0cf62b66d8d8d02b12a3e4e79c483985c0946dc", kill_on_drop: false }`
[INFO] running `Command { std: "docker" "rm" "-f" "8532fc793ed1283353ab143ff0cf62b66d8d8d02b12a3e4e79c483985c0946dc", kill_on_drop: false }`
[INFO] [stdout] 8532fc793ed1283353ab143ff0cf62b66d8d8d02b12a3e4e79c483985c0946dc
[INFO] running `Command { std: "docker" "create" "-v" "/var/lib/crater-agent-workspace/builds/worker-0-tc1/target:/opt/rustwide/target:rw,Z" "-v" "/var/lib/crater-agent-workspace/builds/worker-0-tc1/source:/opt/rustwide/workdir:ro,Z" "-v" "/var/lib/crater-agent-workspace/cargo-home:/opt/rustwide/cargo-home:ro,Z" "-v" "/var/lib/crater-agent-workspace/rustup-home:/opt/rustwide/rustup-home:ro,Z" "-e" "SOURCE_DIR=/opt/rustwide/workdir" "-e" "CARGO_TARGET_DIR=/opt/rustwide/target" "-e" "CARGO_INCREMENTAL=0" "-e" "RUST_BACKTRACE=full" "-e" "RUSTFLAGS=--cap-lints=warn" "-e" "RUSTDOCFLAGS=--cap-lints=warn" "-e" "CARGO_HOME=/opt/rustwide/cargo-home" "-e" "RUSTUP_HOME=/opt/rustwide/rustup-home" "-w" "/opt/rustwide/workdir" "-m" "1610612736" "--user" "0:0" "--network" "none" "ghcr.io/rust-lang/crates-build-env/linux@sha256:2788e3201cd34a07e3172128adcd8b3090168a8e3bcc40d7c032b9dda1df7d1c" "/opt/rustwide/cargo-home/bin/cargo" "+1.75.0" "build" "--frozen" "--message-format=json", kill_on_drop: false }`
[INFO] [stdout] cb6ba96369a14719f8dc98d86b4eb2ed6b0a3d16fa729b72fff4ec6f5fe38147
[INFO] running `Command { std: "docker" "start" "-a" "cb6ba96369a14719f8dc98d86b4eb2ed6b0a3d16fa729b72fff4ec6f5fe38147", kill_on_drop: false }`
[INFO] [stderr]    Compiling bigint v0.1.0 (/opt/rustwide/workdir)
[INFO] [stderr]     Finished dev [unoptimized + debuginfo] target(s) in 0.40s
[INFO] running `Command { std: "docker" "inspect" "cb6ba96369a14719f8dc98d86b4eb2ed6b0a3d16fa729b72fff4ec6f5fe38147", kill_on_drop: false }`
[INFO] running `Command { std: "docker" "rm" "-f" "cb6ba96369a14719f8dc98d86b4eb2ed6b0a3d16fa729b72fff4ec6f5fe38147", kill_on_drop: false }`
[INFO] [stdout] cb6ba96369a14719f8dc98d86b4eb2ed6b0a3d16fa729b72fff4ec6f5fe38147
[INFO] running `Command { std: "docker" "create" "-v" "/var/lib/crater-agent-workspace/builds/worker-0-tc1/target:/opt/rustwide/target:rw,Z" "-v" "/var/lib/crater-agent-workspace/builds/worker-0-tc1/source:/opt/rustwide/workdir:ro,Z" "-v" "/var/lib/crater-agent-workspace/cargo-home:/opt/rustwide/cargo-home:ro,Z" "-v" "/var/lib/crater-agent-workspace/rustup-home:/opt/rustwide/rustup-home:ro,Z" "-e" "SOURCE_DIR=/opt/rustwide/workdir" "-e" "CARGO_TARGET_DIR=/opt/rustwide/target" "-e" "CARGO_INCREMENTAL=0" "-e" "RUST_BACKTRACE=full" "-e" "RUSTFLAGS=--cap-lints=warn" "-e" "RUSTDOCFLAGS=--cap-lints=warn" "-e" "CARGO_HOME=/opt/rustwide/cargo-home" "-e" "RUSTUP_HOME=/opt/rustwide/rustup-home" "-w" "/opt/rustwide/workdir" "-m" "1610612736" "--user" "0:0" "--network" "none" "ghcr.io/rust-lang/crates-build-env/linux@sha256:2788e3201cd34a07e3172128adcd8b3090168a8e3bcc40d7c032b9dda1df7d1c" "/opt/rustwide/cargo-home/bin/cargo" "+1.75.0" "test" "--frozen" "--no-run" "--message-format=json", kill_on_drop: false }`
[INFO] [stdout] 01ef793a08e0c441d650bfde62fb0615780e167692aefa3e94e1566566378346
[INFO] running `Command { std: "docker" "start" "-a" "01ef793a08e0c441d650bfde62fb0615780e167692aefa3e94e1566566378346", kill_on_drop: false }`
[INFO] [stderr]    Compiling libc v0.2.125
[INFO] [stderr]    Compiling getrandom v0.2.6
[INFO] [stderr]    Compiling rand_core v0.6.3
[INFO] [stderr]    Compiling rand_chacha v0.3.1
[INFO] [stderr]    Compiling rand v0.8.5
[INFO] [stderr]    Compiling bigint v0.1.0 (/opt/rustwide/workdir)
[INFO] [stderr]     Finished test [unoptimized + debuginfo] target(s) in 3.29s
[INFO] running `Command { std: "docker" "inspect" "01ef793a08e0c441d650bfde62fb0615780e167692aefa3e94e1566566378346", kill_on_drop: false }`
[INFO] running `Command { std: "docker" "rm" "-f" "01ef793a08e0c441d650bfde62fb0615780e167692aefa3e94e1566566378346", kill_on_drop: false }`
[INFO] [stdout] 01ef793a08e0c441d650bfde62fb0615780e167692aefa3e94e1566566378346
[INFO] running `Command { std: "docker" "create" "-v" "/var/lib/crater-agent-workspace/builds/worker-0-tc1/target:/opt/rustwide/target:rw,Z" "-v" "/var/lib/crater-agent-workspace/builds/worker-0-tc1/source:/opt/rustwide/workdir:ro,Z" "-v" "/var/lib/crater-agent-workspace/cargo-home:/opt/rustwide/cargo-home:ro,Z" "-v" "/var/lib/crater-agent-workspace/rustup-home:/opt/rustwide/rustup-home:ro,Z" "-e" "SOURCE_DIR=/opt/rustwide/workdir" "-e" "CARGO_TARGET_DIR=/opt/rustwide/target" "-e" "CARGO_INCREMENTAL=0" "-e" "RUST_BACKTRACE=full" "-e" "RUSTFLAGS=--cap-lints=warn" "-e" "RUSTDOCFLAGS=--cap-lints=warn" "-e" "CARGO_HOME=/opt/rustwide/cargo-home" "-e" "RUSTUP_HOME=/opt/rustwide/rustup-home" "-w" "/opt/rustwide/workdir" "-m" "1610612736" "--user" "0:0" "--network" "none" "ghcr.io/rust-lang/crates-build-env/linux@sha256:2788e3201cd34a07e3172128adcd8b3090168a8e3bcc40d7c032b9dda1df7d1c" "/opt/rustwide/cargo-home/bin/cargo" "+1.75.0" "test" "--frozen", kill_on_drop: false }`
[INFO] [stdout] 3ca19c56055fcce1f9b6add2f7ab79ea95ea695bc97e7dd57cdc5d0e9525ba71
[INFO] running `Command { std: "docker" "start" "-a" "3ca19c56055fcce1f9b6add2f7ab79ea95ea695bc97e7dd57cdc5d0e9525ba71", kill_on_drop: false }`
[INFO] [stderr]     Finished test [unoptimized + debuginfo] target(s) in 0.02s
[INFO] [stderr]      Running unittests src/lib.rs (/opt/rustwide/target/debug/deps/bigint-05cfae96fd23d5ce)
[INFO] [stdout] 
[INFO] [stdout] running 2 tests
[INFO] [stdout] test tests::from_str ... ok
[INFO] [stderr]    Doc-tests bigint
[INFO] [stdout] test tests::test_arith ... ok
[INFO] [stdout] 
[INFO] [stdout] test result: ok. 2 passed; 0 failed; 0 ignored; 0 measured; 0 filtered out; finished in 0.09s
[INFO] [stdout] 
[INFO] [stdout] 
[INFO] [stdout] running 2 tests
[INFO] [stdout] test src/lib.rs - BigInt::from_str (line 114) ... FAILED
[INFO] [stdout] test src/lib.rs - BigInt::from_str (line 107) ... FAILED
[INFO] [stdout] 
[INFO] [stdout] failures:
[INFO] [stdout] 
[INFO] [stdout] ---- src/lib.rs - BigInt::from_str (line 114) stdout ----
[INFO] [stdout] error[E0432]: unresolved import `numbers`
[INFO] [stdout]  --> src/lib.rs:115:5
[INFO] [stdout]   |
[INFO] [stdout] 3 | use numbers::BigInt;
[INFO] [stdout]   |     ^^^^^^^ use of undeclared crate or module `numbers`
[INFO] [stdout] 
[INFO] [stdout] error: aborting due to previous error
[INFO] [stdout] 
[INFO] [stdout] For more information about this error, try `rustc --explain E0432`.
[INFO] [stdout] Couldn't compile the test.
[INFO] [stdout] ---- src/lib.rs - BigInt::from_str (line 107) stdout ----
[INFO] [stdout] error[E0432]: unresolved import `numbers`
[INFO] [stdout]  --> src/lib.rs:108:5
[INFO] [stdout]   |
[INFO] [stdout] 3 | use numbers::BigInt;
[INFO] [stdout]   |     ^^^^^^^ use of undeclared crate or module `numbers`
[INFO] [stdout] 
[INFO] [stdout] error: aborting due to previous error
[INFO] [stdout] 
[INFO] [stdout] For more information about this error, try `rustc --explain E0432`.
[INFO] [stdout] Couldn't compile the test.
[INFO] [stdout] 
[INFO] [stdout] failures:
[INFO] [stdout]     src/lib.rs - BigInt::from_str (line 107)
[INFO] [stdout]     src/lib.rs - BigInt::from_str (line 114)
[INFO] [stdout] 
[INFO] [stdout] test result: FAILED. 0 passed; 2 failed; 0 ignored; 0 measured; 0 filtered out; finished in 0.07s
[INFO] [stdout] 
[INFO] [stderr] error: doctest failed, to rerun pass `--doc`
[INFO] running `Command { std: "docker" "inspect" "3ca19c56055fcce1f9b6add2f7ab79ea95ea695bc97e7dd57cdc5d0e9525ba71", kill_on_drop: false }`
[INFO] running `Command { std: "docker" "rm" "-f" "3ca19c56055fcce1f9b6add2f7ab79ea95ea695bc97e7dd57cdc5d0e9525ba71", kill_on_drop: false }`
[INFO] [stdout] 3ca19c56055fcce1f9b6add2f7ab79ea95ea695bc97e7dd57cdc5d0e9525ba71
