[INFO] cloning repository https://github.com/Bryan07312002/terminal-text-editor
[INFO] running `Command { std: "git" "-c" "credential.helper=" "-c" "credential.helper=/workspace/cargo-home/bin/git-credential-null" "clone" "--bare" "https://github.com/Bryan07312002/terminal-text-editor" "/workspace/cache/git-repos/https%3A%2F%2Fgithub.com%2FBryan07312002%2Fterminal-text-editor", kill_on_drop: false }`
[INFO] [stderr] Cloning into bare repository '/workspace/cache/git-repos/https%3A%2F%2Fgithub.com%2FBryan07312002%2Fterminal-text-editor'...
[INFO] running `Command { std: "git" "rev-parse" "HEAD", kill_on_drop: false }`
[INFO] [stdout] 7ba914d3daf2e66692dc5bdee3574ec2ed027d6e
[INFO] testing Bryan07312002/terminal-text-editor against 1.75.0 for beta-1.76-1
[INFO] running `Command { std: "git" "clone" "/workspace/cache/git-repos/https%3A%2F%2Fgithub.com%2FBryan07312002%2Fterminal-text-editor" "/workspace/builds/worker-0-tc1/source", kill_on_drop: false }`
[INFO] [stderr] Cloning into '/workspace/builds/worker-0-tc1/source'...
[INFO] [stderr] done.
[INFO] validating manifest of git repo https://github.com/Bryan07312002/terminal-text-editor on toolchain 1.75.0
[INFO] running `Command { std: CARGO_HOME="/workspace/cargo-home" RUSTUP_HOME="/workspace/rustup-home" "/workspace/cargo-home/bin/cargo" "+1.75.0" "metadata" "--manifest-path" "Cargo.toml" "--no-deps", kill_on_drop: false }`
[INFO] started tweaking git repo https://github.com/Bryan07312002/terminal-text-editor
[INFO] finished tweaking git repo https://github.com/Bryan07312002/terminal-text-editor
[INFO] tweaked toml for git repo https://github.com/Bryan07312002/terminal-text-editor written to /workspace/builds/worker-0-tc1/source/Cargo.toml
[INFO] crate git repo https://github.com/Bryan07312002/terminal-text-editor already has a lockfile, it will not be regenerated
[INFO] running `Command { std: CARGO_HOME="/workspace/cargo-home" RUSTUP_HOME="/workspace/rustup-home" "/workspace/cargo-home/bin/cargo" "+1.75.0" "fetch" "--manifest-path" "Cargo.toml", kill_on_drop: false }`
[INFO] [stderr]  Downloading crates ...
[INFO] [stderr]   Downloaded termion v2.0.3
[INFO] [stderr]   Downloaded color-spantrace v0.2.1
[INFO] running `Command { std: "docker" "create" "-v" "/var/lib/crater-agent-workspace/builds/worker-0-tc1/target:/opt/rustwide/target:rw,Z" "-v" "/var/lib/crater-agent-workspace/builds/worker-0-tc1/source:/opt/rustwide/workdir:ro,Z" "-v" "/var/lib/crater-agent-workspace/cargo-home:/opt/rustwide/cargo-home:ro,Z" "-v" "/var/lib/crater-agent-workspace/rustup-home:/opt/rustwide/rustup-home:ro,Z" "-e" "SOURCE_DIR=/opt/rustwide/workdir" "-e" "CARGO_TARGET_DIR=/opt/rustwide/target" "-e" "CARGO_HOME=/opt/rustwide/cargo-home" "-e" "RUSTUP_HOME=/opt/rustwide/rustup-home" "-w" "/opt/rustwide/workdir" "-m" "1610612736" "--user" "0:0" "--network" "none" "ghcr.io/rust-lang/crates-build-env/linux@sha256:2788e3201cd34a07e3172128adcd8b3090168a8e3bcc40d7c032b9dda1df7d1c" "/opt/rustwide/cargo-home/bin/cargo" "+1.75.0" "metadata" "--no-deps" "--format-version=1", kill_on_drop: false }`
[INFO] [stdout] e6dd52c04737fca1959fa69302dcbd5df17940e838d1cedad753dfc7155c4f6c
[INFO] running `Command { std: "docker" "start" "-a" "e6dd52c04737fca1959fa69302dcbd5df17940e838d1cedad753dfc7155c4f6c", kill_on_drop: false }`
[INFO] running `Command { std: "docker" "inspect" "e6dd52c04737fca1959fa69302dcbd5df17940e838d1cedad753dfc7155c4f6c", kill_on_drop: false }`
[INFO] running `Command { std: "docker" "rm" "-f" "e6dd52c04737fca1959fa69302dcbd5df17940e838d1cedad753dfc7155c4f6c", kill_on_drop: false }`
[INFO] [stdout] e6dd52c04737fca1959fa69302dcbd5df17940e838d1cedad753dfc7155c4f6c
[INFO] running `Command { std: "docker" "create" "-v" "/var/lib/crater-agent-workspace/builds/worker-0-tc1/target:/opt/rustwide/target:rw,Z" "-v" "/var/lib/crater-agent-workspace/builds/worker-0-tc1/source:/opt/rustwide/workdir:ro,Z" "-v" "/var/lib/crater-agent-workspace/cargo-home:/opt/rustwide/cargo-home:ro,Z" "-v" "/var/lib/crater-agent-workspace/rustup-home:/opt/rustwide/rustup-home:ro,Z" "-e" "SOURCE_DIR=/opt/rustwide/workdir" "-e" "CARGO_TARGET_DIR=/opt/rustwide/target" "-e" "CARGO_INCREMENTAL=0" "-e" "RUST_BACKTRACE=full" "-e" "RUSTFLAGS=--cap-lints=warn" "-e" "RUSTDOCFLAGS=--cap-lints=warn" "-e" "CARGO_HOME=/opt/rustwide/cargo-home" "-e" "RUSTUP_HOME=/opt/rustwide/rustup-home" "-w" "/opt/rustwide/workdir" "-m" "1610612736" "--user" "0:0" "--network" "none" "ghcr.io/rust-lang/crates-build-env/linux@sha256:2788e3201cd34a07e3172128adcd8b3090168a8e3bcc40d7c032b9dda1df7d1c" "/opt/rustwide/cargo-home/bin/cargo" "+1.75.0" "build" "--frozen" "--message-format=json", kill_on_drop: false }`
[INFO] [stdout] 9e8dd9fe9183b1f3b5ba2f72eff8451606fd9ec6d33cf24a597fab53c3ada40a
[INFO] running `Command { std: "docker" "start" "-a" "9e8dd9fe9183b1f3b5ba2f72eff8451606fd9ec6d33cf24a597fab53c3ada40a", kill_on_drop: false }`
[INFO] [stderr]    Compiling once_cell v1.19.0
[INFO] [stderr]    Compiling libc v0.2.151
[INFO] [stderr]    Compiling pin-project-lite v0.2.13
[INFO] [stderr]    Compiling eyre v0.6.11
[INFO] [stderr]    Compiling gimli v0.28.1
[INFO] [stderr]    Compiling sharded-slab v0.1.7
[INFO] [stderr]    Compiling memchr v2.6.4
[INFO] [stderr]    Compiling miniz_oxide v0.7.1
[INFO] [stderr]    Compiling tracing-core v0.1.32
[INFO] [stderr]    Compiling thread_local v1.1.7
[INFO] [stderr]    Compiling tracing v0.1.40
[INFO] [stderr]    Compiling tracing-subscriber v0.3.18
[INFO] [stderr]    Compiling object v0.32.1
[INFO] [stderr]    Compiling owo-colors v3.5.0
[INFO] [stderr]    Compiling indenter v0.3.3
[INFO] [stderr]    Compiling rustc-demangle v0.1.23
[INFO] [stderr]    Compiling numtoa v0.1.0
[INFO] [stderr]    Compiling cc v1.0.83
[INFO] [stderr]    Compiling termion v2.0.3
[INFO] [stderr]    Compiling tracing-error v0.2.0
[INFO] [stderr]    Compiling color-spantrace v0.2.1
[INFO] [stderr]    Compiling backtrace v0.3.69
[INFO] [stderr]    Compiling addr2line v0.21.0
[INFO] [stderr]    Compiling color-eyre v0.6.2
[INFO] [stderr]    Compiling text-editor v0.1.0 (/opt/rustwide/workdir)
[INFO] [stdout] warning: unused import: `Read`
[INFO] [stdout]  --> src/editor/editor.rs:9:17
[INFO] [stdout]   |
[INFO] [stdout] 9 |     io::{Error, Read},
[INFO] [stdout]   |                 ^^^^
[INFO] [stdout]   |
[INFO] [stdout]   = note: `#[warn(unused_imports)]` on by default
[INFO] [stdout] 
[INFO] [stdout] 
[INFO] [stdout] warning: unused import: `terminal::Terminal`
[INFO] [stdout]  --> src/editor/window_manager.rs:4:5
[INFO] [stdout]   |
[INFO] [stdout] 4 |     terminal::Terminal,
[INFO] [stdout]   |     ^^^^^^^^^^^^^^^^^^
[INFO] [stdout] 
[INFO] [stdout] 
[INFO] [stdout] warning: methods `insert_char`, `remove_char`, and `is_empty` are never used
[INFO] [stdout]   --> src/document/document.rs:22:12
[INFO] [stdout]    |
[INFO] [stdout] 9  | impl Document {
[INFO] [stdout]    | ------------- methods in this implementation
[INFO] [stdout] ...
[INFO] [stdout] 22 |     pub fn insert_char(&mut self, pos: &Position, c: char) {
[INFO] [stdout]    |            ^^^^^^^^^^^
[INFO] [stdout] ...
[INFO] [stdout] 30 |     pub fn remove_char(&mut self, pos: &Position) {
[INFO] [stdout]    |            ^^^^^^^^^^^
[INFO] [stdout] ...
[INFO] [stdout] 37 |     pub fn is_empty(&self) -> bool {
[INFO] [stdout]    |            ^^^^^^^^
[INFO] [stdout]    |
[INFO] [stdout]    = note: `#[warn(dead_code)]` on by default
[INFO] [stdout] 
[INFO] [stdout] 
[INFO] [stdout] warning: methods `insert_char`, `remove_char`, and `next_word_index` are never used
[INFO] [stdout]   --> src/document/row.rs:24:12
[INFO] [stdout]    |
[INFO] [stdout] 16 | impl Row {
[INFO] [stdout]    | -------- methods in this implementation
[INFO] [stdout] ...
[INFO] [stdout] 24 |     pub fn insert_char(&mut self, pos: usize, c: char) {
[INFO] [stdout]    |            ^^^^^^^^^^^
[INFO] [stdout] ...
[INFO] [stdout] 28 |     pub fn remove_char(&mut self, pos: usize) {
[INFO] [stdout]    |            ^^^^^^^^^^^
[INFO] [stdout] ...
[INFO] [stdout] 32 |     pub fn next_word_index(&self, pos: usize) -> Option<usize> {
[INFO] [stdout]    |            ^^^^^^^^^^^^^^^
[INFO] [stdout] 
[INFO] [stdout] 
[INFO] [stdout] warning: variants `Insert` and `Command` are never constructed
[INFO] [stdout]  --> src/editor/mode.rs:2:5
[INFO] [stdout]   |
[INFO] [stdout] 1 | pub enum Mode {
[INFO] [stdout]   |          ---- variants in this enum
[INFO] [stdout] 2 |     Insert,
[INFO] [stdout]   |     ^^^^^^
[INFO] [stdout] 3 |     Normal,
[INFO] [stdout] 4 |     Command,
[INFO] [stdout]   |     ^^^^^^^
[INFO] [stdout] 
[INFO] [stdout] 
[INFO] [stdout] warning: function `default_doc` is never used
[INFO] [stdout]  --> src/editor/test/control_test_.rs:4:8
[INFO] [stdout]   |
[INFO] [stdout] 4 |     fn default_doc(value: Option<Vec<&str>>) -> Document {
[INFO] [stdout]   |        ^^^^^^^^^^^
[INFO] [stdout] 
[INFO] [stdout] 
[INFO] [stdout] warning: 6 warnings emitted
[INFO] [stdout] 
[INFO] [stdout] 
[INFO] [stderr]     Finished dev [unoptimized + debuginfo] target(s) in 7.04s
[INFO] running `Command { std: "docker" "inspect" "9e8dd9fe9183b1f3b5ba2f72eff8451606fd9ec6d33cf24a597fab53c3ada40a", kill_on_drop: false }`
[INFO] running `Command { std: "docker" "rm" "-f" "9e8dd9fe9183b1f3b5ba2f72eff8451606fd9ec6d33cf24a597fab53c3ada40a", kill_on_drop: false }`
[INFO] [stdout] 9e8dd9fe9183b1f3b5ba2f72eff8451606fd9ec6d33cf24a597fab53c3ada40a
[INFO] running `Command { std: "docker" "create" "-v" "/var/lib/crater-agent-workspace/builds/worker-0-tc1/target:/opt/rustwide/target:rw,Z" "-v" "/var/lib/crater-agent-workspace/builds/worker-0-tc1/source:/opt/rustwide/workdir:ro,Z" "-v" "/var/lib/crater-agent-workspace/cargo-home:/opt/rustwide/cargo-home:ro,Z" "-v" "/var/lib/crater-agent-workspace/rustup-home:/opt/rustwide/rustup-home:ro,Z" "-e" "SOURCE_DIR=/opt/rustwide/workdir" "-e" "CARGO_TARGET_DIR=/opt/rustwide/target" "-e" "CARGO_INCREMENTAL=0" "-e" "RUST_BACKTRACE=full" "-e" "RUSTFLAGS=--cap-lints=warn" "-e" "RUSTDOCFLAGS=--cap-lints=warn" "-e" "CARGO_HOME=/opt/rustwide/cargo-home" "-e" "RUSTUP_HOME=/opt/rustwide/rustup-home" "-w" "/opt/rustwide/workdir" "-m" "1610612736" "--user" "0:0" "--network" "none" "ghcr.io/rust-lang/crates-build-env/linux@sha256:2788e3201cd34a07e3172128adcd8b3090168a8e3bcc40d7c032b9dda1df7d1c" "/opt/rustwide/cargo-home/bin/cargo" "+1.75.0" "test" "--frozen" "--no-run" "--message-format=json", kill_on_drop: false }`
[INFO] [stdout] ab33e14c0c99123a30ca2181b9da68545214bf207de481af60dd3dafee46590e
[INFO] running `Command { std: "docker" "start" "-a" "ab33e14c0c99123a30ca2181b9da68545214bf207de481af60dd3dafee46590e", kill_on_drop: false }`
[INFO] [stderr]    Compiling text-editor v0.1.0 (/opt/rustwide/workdir)
[INFO] [stdout] warning: unused import: `Read`
[INFO] [stdout]  --> src/editor/editor.rs:9:17
[INFO] [stdout]   |
[INFO] [stdout] 9 |     io::{Error, Read},
[INFO] [stdout]   |                 ^^^^
[INFO] [stdout]   |
[INFO] [stdout]   = note: `#[warn(unused_imports)]` on by default
[INFO] [stdout] 
[INFO] [stdout] 
[INFO] [stdout] warning: unused import: `terminal::Terminal`
[INFO] [stdout]  --> src/editor/window_manager.rs:4:5
[INFO] [stdout]   |
[INFO] [stdout] 4 |     terminal::Terminal,
[INFO] [stdout]   |     ^^^^^^^^^^^^^^^^^^
[INFO] [stdout] 
[INFO] [stdout] 
[INFO] [stdout] warning: methods `insert_char`, `remove_char`, and `is_empty` are never used
[INFO] [stdout]   --> src/document/document.rs:22:12
[INFO] [stdout]    |
[INFO] [stdout] 9  | impl Document {
[INFO] [stdout]    | ------------- methods in this implementation
[INFO] [stdout] ...
[INFO] [stdout] 22 |     pub fn insert_char(&mut self, pos: &Position, c: char) {
[INFO] [stdout]    |            ^^^^^^^^^^^
[INFO] [stdout] ...
[INFO] [stdout] 30 |     pub fn remove_char(&mut self, pos: &Position) {
[INFO] [stdout]    |            ^^^^^^^^^^^
[INFO] [stdout] ...
[INFO] [stdout] 37 |     pub fn is_empty(&self) -> bool {
[INFO] [stdout]    |            ^^^^^^^^
[INFO] [stdout]    |
[INFO] [stdout]    = note: `#[warn(dead_code)]` on by default
[INFO] [stdout] 
[INFO] [stdout] 
[INFO] [stdout] warning: methods `insert_char`, `remove_char`, and `next_word_index` are never used
[INFO] [stdout]   --> src/document/row.rs:24:12
[INFO] [stdout]    |
[INFO] [stdout] 16 | impl Row {
[INFO] [stdout]    | -------- methods in this implementation
[INFO] [stdout] ...
[INFO] [stdout] 24 |     pub fn insert_char(&mut self, pos: usize, c: char) {
[INFO] [stdout]    |            ^^^^^^^^^^^
[INFO] [stdout] ...
[INFO] [stdout] 28 |     pub fn remove_char(&mut self, pos: usize) {
[INFO] [stdout]    |            ^^^^^^^^^^^
[INFO] [stdout] ...
[INFO] [stdout] 32 |     pub fn next_word_index(&self, pos: usize) -> Option<usize> {
[INFO] [stdout]    |            ^^^^^^^^^^^^^^^
[INFO] [stdout] 
[INFO] [stdout] 
[INFO] [stdout] warning: variants `Insert` and `Command` are never constructed
[INFO] [stdout]  --> src/editor/mode.rs:2:5
[INFO] [stdout]   |
[INFO] [stdout] 1 | pub enum Mode {
[INFO] [stdout]   |          ---- variants in this enum
[INFO] [stdout] 2 |     Insert,
[INFO] [stdout]   |     ^^^^^^
[INFO] [stdout] 3 |     Normal,
[INFO] [stdout] 4 |     Command,
[INFO] [stdout]   |     ^^^^^^^
[INFO] [stdout] 
[INFO] [stdout] 
[INFO] [stdout] warning: 5 warnings emitted
[INFO] [stdout] 
[INFO] [stdout] 
[INFO] [stderr]     Finished test [unoptimized + debuginfo] target(s) in 0.51s
[INFO] running `Command { std: "docker" "inspect" "ab33e14c0c99123a30ca2181b9da68545214bf207de481af60dd3dafee46590e", kill_on_drop: false }`
[INFO] running `Command { std: "docker" "rm" "-f" "ab33e14c0c99123a30ca2181b9da68545214bf207de481af60dd3dafee46590e", kill_on_drop: false }`
[INFO] [stdout] ab33e14c0c99123a30ca2181b9da68545214bf207de481af60dd3dafee46590e
[INFO] running `Command { std: "docker" "create" "-v" "/var/lib/crater-agent-workspace/builds/worker-0-tc1/target:/opt/rustwide/target:rw,Z" "-v" "/var/lib/crater-agent-workspace/builds/worker-0-tc1/source:/opt/rustwide/workdir:ro,Z" "-v" "/var/lib/crater-agent-workspace/cargo-home:/opt/rustwide/cargo-home:ro,Z" "-v" "/var/lib/crater-agent-workspace/rustup-home:/opt/rustwide/rustup-home:ro,Z" "-e" "SOURCE_DIR=/opt/rustwide/workdir" "-e" "CARGO_TARGET_DIR=/opt/rustwide/target" "-e" "CARGO_INCREMENTAL=0" "-e" "RUST_BACKTRACE=full" "-e" "RUSTFLAGS=--cap-lints=warn" "-e" "RUSTDOCFLAGS=--cap-lints=warn" "-e" "CARGO_HOME=/opt/rustwide/cargo-home" "-e" "RUSTUP_HOME=/opt/rustwide/rustup-home" "-w" "/opt/rustwide/workdir" "-m" "1610612736" "--user" "0:0" "--network" "none" "ghcr.io/rust-lang/crates-build-env/linux@sha256:2788e3201cd34a07e3172128adcd8b3090168a8e3bcc40d7c032b9dda1df7d1c" "/opt/rustwide/cargo-home/bin/cargo" "+1.75.0" "test" "--frozen", kill_on_drop: false }`
[INFO] [stdout] 605de59cbc195529c0a9e5597facd2d0f4105faf5b4cea52b4ee43c69bce7719
[INFO] running `Command { std: "docker" "start" "-a" "605de59cbc195529c0a9e5597facd2d0f4105faf5b4cea52b4ee43c69bce7719", kill_on_drop: false }`
[INFO] [stderr] warning: unused import: `Read`
[INFO] [stderr]  --> src/editor/editor.rs:9:17
[INFO] [stderr]   |
[INFO] [stderr] 9 |     io::{Error, Read},
[INFO] [stderr]   |                 ^^^^
[INFO] [stderr]   |
[INFO] [stderr]   = note: `#[warn(unused_imports)]` on by default
[INFO] [stderr] 
[INFO] [stderr] warning: unused import: `terminal::Terminal`
[INFO] [stderr]  --> src/editor/window_manager.rs:4:5
[INFO] [stderr]   |
[INFO] [stderr] 4 |     terminal::Terminal,
[INFO] [stderr]   |     ^^^^^^^^^^^^^^^^^^
[INFO] [stderr] 
[INFO] [stderr] warning: methods `insert_char`, `remove_char`, and `is_empty` are never used
[INFO] [stderr]   --> src/document/document.rs:22:12
[INFO] [stderr]    |
[INFO] [stderr] 9  | impl Document {
[INFO] [stderr]    | ------------- methods in this implementation
[INFO] [stderr] ...
[INFO] [stderr] 22 |     pub fn insert_char(&mut self, pos: &Position, c: char) {
[INFO] [stderr]    |            ^^^^^^^^^^^
[INFO] [stderr] ...
[INFO] [stderr] 30 |     pub fn remove_char(&mut self, pos: &Position) {
[INFO] [stderr]    |            ^^^^^^^^^^^
[INFO] [stderr] ...
[INFO] [stderr] 37 |     pub fn is_empty(&self) -> bool {
[INFO] [stderr]    |            ^^^^^^^^
[INFO] [stderr]    |
[INFO] [stderr]    = note: `#[warn(dead_code)]` on by default
[INFO] [stderr] 
[INFO] [stderr] warning: methods `insert_char`, `remove_char`, and `next_word_index` are never used
[INFO] [stderr]   --> src/document/row.rs:24:12
[INFO] [stderr]    |
[INFO] [stderr] 16 | impl Row {
[INFO] [stderr]    | -------- methods in this implementation
[INFO] [stderr] ...
[INFO] [stderr] 24 |     pub fn insert_char(&mut self, pos: usize, c: char) {
[INFO] [stderr]    |            ^^^^^^^^^^^
[INFO] [stderr] ...
[INFO] [stderr] 28 |     pub fn remove_char(&mut self, pos: usize) {
[INFO] [stderr]    |            ^^^^^^^^^^^
[INFO] [stderr] ...
[INFO] [stderr] 32 |     pub fn next_word_index(&self, pos: usize) -> Option<usize> {
[INFO] [stderr]    |            ^^^^^^^^^^^^^^^
[INFO] [stderr] 
[INFO] [stderr] warning: variants `Insert` and `Command` are never constructed
[INFO] [stderr]  --> src/editor/mode.rs:2:5
[INFO] [stderr]   |
[INFO] [stderr] 1 | pub enum Mode {
[INFO] [stderr]   |          ---- variants in this enum
[INFO] [stderr] 2 |     Insert,
[INFO] [stderr]   |     ^^^^^^
[INFO] [stderr] 3 |     Normal,
[INFO] [stderr] 4 |     Command,
[INFO] [stderr]   |     ^^^^^^^
[INFO] [stderr] 
[INFO] [stderr] warning: `text-editor` (bin "text-editor" test) generated 5 warnings (run `cargo fix --bin "text-editor" --tests` to apply 2 suggestions)
[INFO] [stderr]     Finished test [unoptimized + debuginfo] target(s) in 0.02s
[INFO] [stderr]      Running unittests src/main.rs (/opt/rustwide/target/debug/deps/text_editor-2125cdf833260c36)
[INFO] [stdout] 
[INFO] [stdout] running 10 tests
[INFO] [stdout] test editor::test::control_test_::test::test_should_not_panic_when_has_no_windows ... ignored
[INFO] [stdout] test editor::test::control_test_::test::test_create_new_control ... ok
[INFO] [stdout] test editor::test::control_test_::test::test_should_should_move_down ... ok
[INFO] [stdout] test editor::window::test::should_be_visible ... ok
[INFO] [stdout] test editor::window::test::should_be_visible_not_even_size ... ok
[INFO] [stdout] test editor::window::test::should_not_scroll_down ... ok
[INFO] [stdout] test editor::window::test::should_not_scroll_up ... ok
[INFO] [stdout] test editor::window::test::should_scroll_down ... ok
[INFO] [stdout] test editor::window::test::should_scroll_up ... ok
[INFO] [stdout] test editor::test::control_test_::test::test_should_should_move_down_ ... FAILED
[INFO] [stdout] 
[INFO] [stdout] failures:
[INFO] [stdout] 
[INFO] [stdout] ---- editor::test::control_test_::test::test_should_should_move_down_ stdout ----
[INFO] [stdout] thread 'editor::test::control_test_::test::test_should_should_move_down_' panicked at src/editor/control.rs:67:18:
[INFO] [stdout] line 2 doesnt exists
[INFO] [stdout] stack backtrace:
[INFO] [stdout]    0:     0x5597bd9bb24c - std::backtrace_rs::backtrace::libunwind::trace::ha637c64ce894333a
[INFO] [stdout]                                at /rustc/82e1608dfa6e0b5569232559e3d385fea5a93112/library/std/src/../../backtrace/src/backtrace/libunwind.rs:104:5
[INFO] [stdout]    1:     0x5597bd9bb24c - std::backtrace_rs::backtrace::trace_unsynchronized::h47f62dea28e0c88d
[INFO] [stdout]                                at /rustc/82e1608dfa6e0b5569232559e3d385fea5a93112/library/std/src/../../backtrace/src/backtrace/mod.rs:66:5
[INFO] [stdout]    2:     0x5597bd9bb24c - std::sys_common::backtrace::_print_fmt::h9eef0abe20ede486
[INFO] [stdout]                                at /rustc/82e1608dfa6e0b5569232559e3d385fea5a93112/library/std/src/sys_common/backtrace.rs:67:5
[INFO] [stdout]    3:     0x5597bd9bb24c - <std::sys_common::backtrace::_print::DisplayBacktrace as core::fmt::Display>::fmt::hed7f999df88cc644
[INFO] [stdout]                                at /rustc/82e1608dfa6e0b5569232559e3d385fea5a93112/library/std/src/sys_common/backtrace.rs:44:22
[INFO] [stdout]    4:     0x5597bd9e4db0 - core::fmt::rt::Argument::fmt::h1539a9308b8d058d
[INFO] [stdout]                                at /rustc/82e1608dfa6e0b5569232559e3d385fea5a93112/library/core/src/fmt/rt.rs:142:9
[INFO] [stdout]    5:     0x5597bd9e4db0 - core::fmt::write::h3a39390d8560d9c9
[INFO] [stdout]                                at /rustc/82e1608dfa6e0b5569232559e3d385fea5a93112/library/core/src/fmt/mod.rs:1120:17
[INFO] [stdout]    6:     0x5597bd9b8bff - std::io::Write::write_fmt::h040b369f3a0f9cbc
[INFO] [stdout]                                at /rustc/82e1608dfa6e0b5569232559e3d385fea5a93112/library/std/src/io/mod.rs:1762:15
[INFO] [stdout]    7:     0x5597bd9bb034 - std::sys_common::backtrace::_print::h894006fb5c6f3d45
[INFO] [stdout]                                at /rustc/82e1608dfa6e0b5569232559e3d385fea5a93112/library/std/src/sys_common/backtrace.rs:47:5
[INFO] [stdout]    8:     0x5597bd9bb034 - std::sys_common::backtrace::print::h23a2d212c6fff936
[INFO] [stdout]                                at /rustc/82e1608dfa6e0b5569232559e3d385fea5a93112/library/std/src/sys_common/backtrace.rs:34:9
[INFO] [stdout]    9:     0x5597bd9bccf7 - std::panicking::default_hook::{{closure}}::h8a1d2ee00185001a
[INFO] [stdout]   10:     0x5597bd9bc9e3 - std::panicking::default_hook::h6038f2eba384e475
[INFO] [stdout]                                at /rustc/82e1608dfa6e0b5569232559e3d385fea5a93112/library/std/src/panicking.rs:289:9
[INFO] [stdout]   11:     0x5597bd98d3f7 - <alloc::boxed::Box<F,A> as core::ops::function::Fn<Args>>::call::h0ad024c9bdc6d768
[INFO] [stdout]                                at /rustc/82e1608dfa6e0b5569232559e3d385fea5a93112/library/alloc/src/boxed.rs:2021:9
[INFO] [stdout]   12:     0x5597bd98d3f7 - test::test_main::{{closure}}::h7500b54257359db6
[INFO] [stdout]                                at /rustc/82e1608dfa6e0b5569232559e3d385fea5a93112/library/test/src/lib.rs:138:21
[INFO] [stdout]   13:     0x5597bd9bd308 - <alloc::boxed::Box<F,A> as core::ops::function::Fn<Args>>::call::h1f8f335eaa9cfaee
[INFO] [stdout]                                at /rustc/82e1608dfa6e0b5569232559e3d385fea5a93112/library/alloc/src/boxed.rs:2021:9
[INFO] [stdout]   14:     0x5597bd9bd308 - std::panicking::rust_panic_with_hook::h2b5517d590cab22e
[INFO] [stdout]                                at /rustc/82e1608dfa6e0b5569232559e3d385fea5a93112/library/std/src/panicking.rs:783:13
[INFO] [stdout]   15:     0x5597bd9bd05e - std::panicking::begin_panic_handler::{{closure}}::h233112c06e0ef43e
[INFO] [stdout]                                at /rustc/82e1608dfa6e0b5569232559e3d385fea5a93112/library/std/src/panicking.rs:657:13
[INFO] [stdout]   16:     0x5597bd9bb716 - std::sys_common::backtrace::__rust_end_short_backtrace::h6e893f24d7ebbff8
[INFO] [stdout]                                at /rustc/82e1608dfa6e0b5569232559e3d385fea5a93112/library/std/src/sys_common/backtrace.rs:170:18
[INFO] [stdout]   17:     0x5597bd9bcdc2 - rust_begin_unwind
[INFO] [stdout]                                at /rustc/82e1608dfa6e0b5569232559e3d385fea5a93112/library/std/src/panicking.rs:645:5
[INFO] [stdout]   18:     0x5597bd948d55 - core::panicking::panic_fmt::hbf0e066aabfa482c
[INFO] [stdout]                                at /rustc/82e1608dfa6e0b5569232559e3d385fea5a93112/library/core/src/panicking.rs:72:14
[INFO] [stdout]   19:     0x5597bd948d13 - core::panicking::panic_display::h68e6012a1c287ca5
[INFO] [stdout]                                at /rustc/82e1608dfa6e0b5569232559e3d385fea5a93112/library/core/src/panicking.rs:178:5
[INFO] [stdout]   20:     0x5597bd948d13 - core::panicking::panic_str::h1ca8e3b0d2d70f80
[INFO] [stdout]                                at /rustc/82e1608dfa6e0b5569232559e3d385fea5a93112/library/core/src/panicking.rs:152:5
[INFO] [stdout]   21:     0x5597bd948d13 - core::option::expect_failed::h1ae4bac6b7606972
[INFO] [stdout]                                at /rustc/82e1608dfa6e0b5569232559e3d385fea5a93112/library/core/src/option.rs:1985:5
[INFO] [stdout]   22:     0x5597bd94daa2 - core::option::Option<T>::expect::h98d4d9e6ba7a8650
[INFO] [stdout]                                at /rustc/82e1608dfa6e0b5569232559e3d385fea5a93112/library/core/src/option.rs:894:21
[INFO] [stdout]   23:     0x5597bd952e71 - text_editor::editor::control::Control::current_line_len::ha4004fa3b9f98bd8
[INFO] [stdout]                                at /opt/rustwide/workdir/src/editor/control.rs:65:13
[INFO] [stdout]   24:     0x5597bd953542 - text_editor::editor::control::Control::correct_x::h926b8a1c1fd6c099
[INFO] [stdout]                                at /opt/rustwide/workdir/src/editor/control.rs:221:30
[INFO] [stdout]   25:     0x5597bd9531b2 - text_editor::editor::control::Control::move_down::h4a7960e454179f60
[INFO] [stdout]                                at /opt/rustwide/workdir/src/editor/control.rs:142:9
[INFO] [stdout]   26:     0x5597bd950845 - text_editor::editor::test::control_test_::test::test_should_should_move_down_::h8128d34c49a59970
[INFO] [stdout]                                at /opt/rustwide/workdir/src/editor/test/control_test_.rs:77:9
[INFO] [stdout]   27:     0x5597bd950587 - text_editor::editor::test::control_test_::test::test_should_should_move_down_::{{closure}}::hc25cf7d5caa95d3d
[INFO] [stdout]                                at /opt/rustwide/workdir/src/editor/test/control_test_.rs:58:39
[INFO] [stdout]   28:     0x5597bd951656 - core::ops::function::FnOnce::call_once::hf67cb74f9596312e
[INFO] [stdout]                                at /rustc/82e1608dfa6e0b5569232559e3d385fea5a93112/library/core/src/ops/function.rs:250:5
[INFO] [stdout]   29:     0x5597bd992a4f - core::ops::function::FnOnce::call_once::h2b5d431d5046312d
[INFO] [stdout]                                at /rustc/82e1608dfa6e0b5569232559e3d385fea5a93112/library/core/src/ops/function.rs:250:5
[INFO] [stdout]   30:     0x5597bd992a4f - test::__rust_begin_short_backtrace::h7714669af176e207
[INFO] [stdout]                                at /rustc/82e1608dfa6e0b5569232559e3d385fea5a93112/library/test/src/lib.rs:628:18
[INFO] [stdout]   31:     0x5597bd991a65 - test::run_test_in_process::{{closure}}::h85218797dcbcec12
[INFO] [stdout]                                at /rustc/82e1608dfa6e0b5569232559e3d385fea5a93112/library/test/src/lib.rs:651:60
[INFO] [stdout]   32:     0x5597bd991a65 - <core::panic::unwind_safe::AssertUnwindSafe<F> as core::ops::function::FnOnce<()>>::call_once::h76c106ea31c14d7b
[INFO] [stdout]                                at /rustc/82e1608dfa6e0b5569232559e3d385fea5a93112/library/core/src/panic/unwind_safe.rs:272:9
[INFO] [stdout]   33:     0x5597bd991a65 - std::panicking::try::do_call::h3bd5d0f6620ee946
[INFO] [stdout]                                at /rustc/82e1608dfa6e0b5569232559e3d385fea5a93112/library/std/src/panicking.rs:552:40
[INFO] [stdout]   34:     0x5597bd991a65 - std::panicking::try::h232e535e4744fe31
[INFO] [stdout]                                at /rustc/82e1608dfa6e0b5569232559e3d385fea5a93112/library/std/src/panicking.rs:516:19
[INFO] [stdout]   35:     0x5597bd991a65 - std::panic::catch_unwind::h3ce3bd6ca8dbac68
[INFO] [stdout]                                at /rustc/82e1608dfa6e0b5569232559e3d385fea5a93112/library/std/src/panic.rs:142:14
[INFO] [stdout]   36:     0x5597bd991a65 - test::run_test_in_process::hc97b257c9621286a
[INFO] [stdout]                                at /rustc/82e1608dfa6e0b5569232559e3d385fea5a93112/library/test/src/lib.rs:651:27
[INFO] [stdout]   37:     0x5597bd991a65 - test::run_test::{{closure}}::h2aa798823a438d38
[INFO] [stdout]                                at /rustc/82e1608dfa6e0b5569232559e3d385fea5a93112/library/test/src/lib.rs:574:43
[INFO] [stdout]   38:     0x5597bd959d26 - test::run_test::{{closure}}::h87d231c78fb59832
[INFO] [stdout]                                at /rustc/82e1608dfa6e0b5569232559e3d385fea5a93112/library/test/src/lib.rs:602:41
[INFO] [stdout]   39:     0x5597bd959d26 - std::sys_common::backtrace::__rust_begin_short_backtrace::he6df152596625789
[INFO] [stdout]                                at /rustc/82e1608dfa6e0b5569232559e3d385fea5a93112/library/std/src/sys_common/backtrace.rs:154:18
[INFO] [stdout]   40:     0x5597bd95edd7 - std::thread::Builder::spawn_unchecked_::{{closure}}::{{closure}}::ha94be15d1e0acf36
[INFO] [stdout]                                at /rustc/82e1608dfa6e0b5569232559e3d385fea5a93112/library/std/src/thread/mod.rs:529:17
[INFO] [stdout]   41:     0x5597bd95edd7 - <core::panic::unwind_safe::AssertUnwindSafe<F> as core::ops::function::FnOnce<()>>::call_once::h9dc6bd6372f16606
[INFO] [stdout]                                at /rustc/82e1608dfa6e0b5569232559e3d385fea5a93112/library/core/src/panic/unwind_safe.rs:272:9
[INFO] [stdout]   42:     0x5597bd95edd7 - std::panicking::try::do_call::h9057517f80303cd4
[INFO] [stdout]                                at /rustc/82e1608dfa6e0b5569232559e3d385fea5a93112/library/std/src/panicking.rs:552:40
[INFO] [stdout]   43:     0x5597bd95edd7 - std::panicking::try::he3a30b11ee45340c
[INFO] [stdout]                                at /rustc/82e1608dfa6e0b5569232559e3d385fea5a93112/library/std/src/panicking.rs:516:19
[INFO] [stdout]   44:     0x5597bd95edd7 - std::panic::catch_unwind::h410458cfd3528b8b
[INFO] [stdout]                                at /rustc/82e1608dfa6e0b5569232559e3d385fea5a93112/library/std/src/panic.rs:142:14
[INFO] [stdout]   45:     0x5597bd95edd7 - std::thread::Builder::spawn_unchecked_::{{closure}}::h72ac3bdb567b737b
[INFO] [stdout]                                at /rustc/82e1608dfa6e0b5569232559e3d385fea5a93112/library/std/src/thread/mod.rs:528:30
[INFO] [stdout]   46:     0x5597bd95edd7 - core::ops::function::FnOnce::call_once{{vtable.shim}}::h38f34da3654a8344
[INFO] [stdout]                                at /rustc/82e1608dfa6e0b5569232559e3d385fea5a93112/library/core/src/ops/function.rs:250:5
[INFO] [stdout]   47:     0x5597bd9c1d95 - <alloc::boxed::Box<F,A> as core::ops::function::FnOnce<Args>>::call_once::hc7eafaff61e32df9
[INFO] [stdout]                                at /rustc/82e1608dfa6e0b5569232559e3d385fea5a93112/library/alloc/src/boxed.rs:2007:9
[INFO] [stdout]   48:     0x5597bd9c1d95 - <alloc::boxed::Box<F,A> as core::ops::function::FnOnce<Args>>::call_once::h6ba4a5de48dd2304
[INFO] [stdout]                                at /rustc/82e1608dfa6e0b5569232559e3d385fea5a93112/library/alloc/src/boxed.rs:2007:9
[INFO] [stdout]   49:     0x5597bd9c1d95 - std::sys::unix::thread::Thread::new::thread_start::he469335aef763e45
[INFO] [stdout]                                at /rustc/82e1608dfa6e0b5569232559e3d385fea5a93112/library/std/src/sys/unix/thread.rs:108:17
[INFO] [stdout]   50:     0x7f1e2e483ac3 - <unknown>
[INFO] [stdout]   51:     0x7f1e2e514bf4 - __clone
[INFO] [stdout]   52:                0x0 - <unknown>
[INFO] [stdout] 
[INFO] [stdout] 
[INFO] [stdout] failures:
[INFO] [stdout]     editor::test::control_test_::test::test_should_should_move_down_
[INFO] [stdout] 
[INFO] [stdout] test result: FAILED. 8 passed; 1 failed; 1 ignored; 0 measured; 0 filtered out; finished in 0.01s
[INFO] [stdout] 
[INFO] [stderr] error: test failed, to rerun pass `--bin text-editor`
[INFO] running `Command { std: "docker" "inspect" "605de59cbc195529c0a9e5597facd2d0f4105faf5b4cea52b4ee43c69bce7719", kill_on_drop: false }`
[INFO] running `Command { std: "docker" "rm" "-f" "605de59cbc195529c0a9e5597facd2d0f4105faf5b4cea52b4ee43c69bce7719", kill_on_drop: false }`
[INFO] [stdout] 605de59cbc195529c0a9e5597facd2d0f4105faf5b4cea52b4ee43c69bce7719
[INFO] testing Bryan07312002/terminal-text-editor against beta-2023-12-22 for beta-1.76-1
[INFO] running `Command { std: "git" "clone" "/workspace/cache/git-repos/https%3A%2F%2Fgithub.com%2FBryan07312002%2Fterminal-text-editor" "/workspace/builds/worker-0-tc2/source", kill_on_drop: false }`
[INFO] [stderr] Cloning into '/workspace/builds/worker-0-tc2/source'...
[INFO] [stderr] done.
[INFO] validating manifest of git repo https://github.com/Bryan07312002/terminal-text-editor on toolchain beta-2023-12-22
[INFO] running `Command { std: CARGO_HOME="/workspace/cargo-home" RUSTUP_HOME="/workspace/rustup-home" "/workspace/cargo-home/bin/cargo" "+beta-2023-12-22" "metadata" "--manifest-path" "Cargo.toml" "--no-deps", kill_on_drop: false }`
[INFO] started tweaking git repo https://github.com/Bryan07312002/terminal-text-editor
[INFO] finished tweaking git repo https://github.com/Bryan07312002/terminal-text-editor
[INFO] tweaked toml for git repo https://github.com/Bryan07312002/terminal-text-editor written to /workspace/builds/worker-0-tc2/source/Cargo.toml
[INFO] crate git repo https://github.com/Bryan07312002/terminal-text-editor already has a lockfile, it will not be regenerated
[INFO] running `Command { std: CARGO_HOME="/workspace/cargo-home" RUSTUP_HOME="/workspace/rustup-home" "/workspace/cargo-home/bin/cargo" "+beta-2023-12-22" "fetch" "--manifest-path" "Cargo.toml", kill_on_drop: false }`
[INFO] running `Command { std: "docker" "create" "-v" "/var/lib/crater-agent-workspace/builds/worker-0-tc2/target:/opt/rustwide/target:rw,Z" "-v" "/var/lib/crater-agent-workspace/builds/worker-0-tc2/source:/opt/rustwide/workdir:ro,Z" "-v" "/var/lib/crater-agent-workspace/cargo-home:/opt/rustwide/cargo-home:ro,Z" "-v" "/var/lib/crater-agent-workspace/rustup-home:/opt/rustwide/rustup-home:ro,Z" "-e" "SOURCE_DIR=/opt/rustwide/workdir" "-e" "CARGO_TARGET_DIR=/opt/rustwide/target" "-e" "CARGO_HOME=/opt/rustwide/cargo-home" "-e" "RUSTUP_HOME=/opt/rustwide/rustup-home" "-w" "/opt/rustwide/workdir" "-m" "1610612736" "--user" "0:0" "--network" "none" "ghcr.io/rust-lang/crates-build-env/linux@sha256:2788e3201cd34a07e3172128adcd8b3090168a8e3bcc40d7c032b9dda1df7d1c" "/opt/rustwide/cargo-home/bin/cargo" "+beta-2023-12-22" "metadata" "--no-deps" "--format-version=1", kill_on_drop: false }`
[INFO] [stdout] 0c0a2605f14e6f64909cd396b0b3842b830d1f85bd5297500dca9108c745bf82
[INFO] running `Command { std: "docker" "start" "-a" "0c0a2605f14e6f64909cd396b0b3842b830d1f85bd5297500dca9108c745bf82", kill_on_drop: false }`
[INFO] running `Command { std: "docker" "inspect" "0c0a2605f14e6f64909cd396b0b3842b830d1f85bd5297500dca9108c745bf82", kill_on_drop: false }`
[INFO] running `Command { std: "docker" "rm" "-f" "0c0a2605f14e6f64909cd396b0b3842b830d1f85bd5297500dca9108c745bf82", kill_on_drop: false }`
[INFO] [stdout] 0c0a2605f14e6f64909cd396b0b3842b830d1f85bd5297500dca9108c745bf82
[INFO] running `Command { std: "docker" "create" "-v" "/var/lib/crater-agent-workspace/builds/worker-0-tc2/target:/opt/rustwide/target:rw,Z" "-v" "/var/lib/crater-agent-workspace/builds/worker-0-tc2/source:/opt/rustwide/workdir:ro,Z" "-v" "/var/lib/crater-agent-workspace/cargo-home:/opt/rustwide/cargo-home:ro,Z" "-v" "/var/lib/crater-agent-workspace/rustup-home:/opt/rustwide/rustup-home:ro,Z" "-e" "SOURCE_DIR=/opt/rustwide/workdir" "-e" "CARGO_TARGET_DIR=/opt/rustwide/target" "-e" "CARGO_INCREMENTAL=0" "-e" "RUST_BACKTRACE=full" "-e" "RUSTFLAGS=--cap-lints=warn" "-e" "RUSTDOCFLAGS=--cap-lints=warn" "-e" "CARGO_HOME=/opt/rustwide/cargo-home" "-e" "RUSTUP_HOME=/opt/rustwide/rustup-home" "-w" "/opt/rustwide/workdir" "-m" "1610612736" "--user" "0:0" "--network" "none" "ghcr.io/rust-lang/crates-build-env/linux@sha256:2788e3201cd34a07e3172128adcd8b3090168a8e3bcc40d7c032b9dda1df7d1c" "/opt/rustwide/cargo-home/bin/cargo" "+beta-2023-12-22" "build" "--frozen" "--message-format=json", kill_on_drop: false }`
[INFO] [stdout] 15a8f5120a0d7affecc6b8016e6670a32f235f5d44400b2095a0c71c2399f103
[INFO] running `Command { std: "docker" "start" "-a" "15a8f5120a0d7affecc6b8016e6670a32f235f5d44400b2095a0c71c2399f103", kill_on_drop: false }`
[INFO] [stderr]    Compiling once_cell v1.19.0
[INFO] [stderr]    Compiling libc v0.2.151
[INFO] [stderr]    Compiling pin-project-lite v0.2.13
[INFO] [stderr]    Compiling eyre v0.6.11
[INFO] [stderr]    Compiling memchr v2.6.4
[INFO] [stderr]    Compiling sharded-slab v0.1.7
[INFO] [stderr]    Compiling gimli v0.28.1
[INFO] [stderr]    Compiling miniz_oxide v0.7.1
[INFO] [stderr]    Compiling tracing-core v0.1.32
[INFO] [stderr]    Compiling thread_local v1.1.7
[INFO] [stderr]    Compiling tracing-subscriber v0.3.18
[INFO] [stderr]    Compiling tracing v0.1.40
[INFO] [stderr]    Compiling object v0.32.1
[INFO] [stderr]    Compiling owo-colors v3.5.0
[INFO] [stderr]    Compiling indenter v0.3.3
[INFO] [stderr]    Compiling cc v1.0.83
[INFO] [stderr]    Compiling rustc-demangle v0.1.23
[INFO] [stderr]    Compiling numtoa v0.1.0
[INFO] [stderr]    Compiling termion v2.0.3
[INFO] [stderr]    Compiling tracing-error v0.2.0
[INFO] [stderr]    Compiling color-spantrace v0.2.1
[INFO] [stderr]    Compiling backtrace v0.3.69
[INFO] [stderr]    Compiling addr2line v0.21.0
[INFO] [stderr]    Compiling color-eyre v0.6.2
[INFO] [stderr]    Compiling text-editor v0.1.0 (/opt/rustwide/workdir)
[INFO] [stdout] warning: unused import: `Read`
[INFO] [stdout]  --> src/editor/editor.rs:9:17
[INFO] [stdout]   |
[INFO] [stdout] 9 |     io::{Error, Read},
[INFO] [stdout]   |                 ^^^^
[INFO] [stdout]   |
[INFO] [stdout]   = note: `#[warn(unused_imports)]` on by default
[INFO] [stdout] 
[INFO] [stdout] 
[INFO] [stdout] warning: unused import: `terminal::Terminal`
[INFO] [stdout]  --> src/editor/window_manager.rs:4:5
[INFO] [stdout]   |
[INFO] [stdout] 4 |     terminal::Terminal,
[INFO] [stdout]   |     ^^^^^^^^^^^^^^^^^^
[INFO] [stdout] 
[INFO] [stdout] 
[INFO] [stdout] warning: methods `insert_char`, `remove_char`, and `is_empty` are never used
[INFO] [stdout]   --> src/document/document.rs:22:12
[INFO] [stdout]    |
[INFO] [stdout] 9  | impl Document {
[INFO] [stdout]    | ------------- methods in this implementation
[INFO] [stdout] ...
[INFO] [stdout] 22 |     pub fn insert_char(&mut self, pos: &Position, c: char) {
[INFO] [stdout]    |            ^^^^^^^^^^^
[INFO] [stdout] ...
[INFO] [stdout] 30 |     pub fn remove_char(&mut self, pos: &Position) {
[INFO] [stdout]    |            ^^^^^^^^^^^
[INFO] [stdout] ...
[INFO] [stdout] 37 |     pub fn is_empty(&self) -> bool {
[INFO] [stdout]    |            ^^^^^^^^
[INFO] [stdout]    |
[INFO] [stdout]    = note: `#[warn(dead_code)]` on by default
[INFO] [stdout] 
[INFO] [stdout] 
[INFO] [stdout] warning: methods `insert_char`, `remove_char`, and `next_word_index` are never used
[INFO] [stdout]   --> src/document/row.rs:24:12
[INFO] [stdout]    |
[INFO] [stdout] 16 | impl Row {
[INFO] [stdout]    | -------- methods in this implementation
[INFO] [stdout] ...
[INFO] [stdout] 24 |     pub fn insert_char(&mut self, pos: usize, c: char) {
[INFO] [stdout]    |            ^^^^^^^^^^^
[INFO] [stdout] ...
[INFO] [stdout] 28 |     pub fn remove_char(&mut self, pos: usize) {
[INFO] [stdout]    |            ^^^^^^^^^^^
[INFO] [stdout] ...
[INFO] [stdout] 32 |     pub fn next_word_index(&self, pos: usize) -> Option<usize> {
[INFO] [stdout]    |            ^^^^^^^^^^^^^^^
[INFO] [stdout] 
[INFO] [stdout] 
[INFO] [stdout] warning: variants `Insert` and `Command` are never constructed
[INFO] [stdout]  --> src/editor/mode.rs:2:5
[INFO] [stdout]   |
[INFO] [stdout] 1 | pub enum Mode {
[INFO] [stdout]   |          ---- variants in this enum
[INFO] [stdout] 2 |     Insert,
[INFO] [stdout]   |     ^^^^^^
[INFO] [stdout] 3 |     Normal,
[INFO] [stdout] 4 |     Command,
[INFO] [stdout]   |     ^^^^^^^
[INFO] [stdout] 
[INFO] [stdout] 
[INFO] [stdout] warning: function `default_doc` is never used
[INFO] [stdout]  --> src/editor/test/control_test_.rs:4:8
[INFO] [stdout]   |
[INFO] [stdout] 4 |     fn default_doc(value: Option<Vec<&str>>) -> Document {
[INFO] [stdout]   |        ^^^^^^^^^^^
[INFO] [stdout] 
[INFO] [stdout] 
[INFO] [stdout] warning: 6 warnings emitted
[INFO] [stdout] 
[INFO] [stdout] 
[INFO] [stderr]     Finished dev [unoptimized + debuginfo] target(s) in 6.52s
[INFO] running `Command { std: "docker" "inspect" "15a8f5120a0d7affecc6b8016e6670a32f235f5d44400b2095a0c71c2399f103", kill_on_drop: false }`
[INFO] running `Command { std: "docker" "rm" "-f" "15a8f5120a0d7affecc6b8016e6670a32f235f5d44400b2095a0c71c2399f103", kill_on_drop: false }`
[INFO] [stdout] 15a8f5120a0d7affecc6b8016e6670a32f235f5d44400b2095a0c71c2399f103
[INFO] running `Command { std: "docker" "create" "-v" "/var/lib/crater-agent-workspace/builds/worker-0-tc2/target:/opt/rustwide/target:rw,Z" "-v" "/var/lib/crater-agent-workspace/builds/worker-0-tc2/source:/opt/rustwide/workdir:ro,Z" "-v" "/var/lib/crater-agent-workspace/cargo-home:/opt/rustwide/cargo-home:ro,Z" "-v" "/var/lib/crater-agent-workspace/rustup-home:/opt/rustwide/rustup-home:ro,Z" "-e" "SOURCE_DIR=/opt/rustwide/workdir" "-e" "CARGO_TARGET_DIR=/opt/rustwide/target" "-e" "CARGO_INCREMENTAL=0" "-e" "RUST_BACKTRACE=full" "-e" "RUSTFLAGS=--cap-lints=warn" "-e" "RUSTDOCFLAGS=--cap-lints=warn" "-e" "CARGO_HOME=/opt/rustwide/cargo-home" "-e" "RUSTUP_HOME=/opt/rustwide/rustup-home" "-w" "/opt/rustwide/workdir" "-m" "1610612736" "--user" "0:0" "--network" "none" "ghcr.io/rust-lang/crates-build-env/linux@sha256:2788e3201cd34a07e3172128adcd8b3090168a8e3bcc40d7c032b9dda1df7d1c" "/opt/rustwide/cargo-home/bin/cargo" "+beta-2023-12-22" "test" "--frozen" "--no-run" "--message-format=json", kill_on_drop: false }`
[INFO] [stdout] 9acde12482404791cb604a7a2a820f4e84ae80a26915582fc5101c6b9d31821a
[INFO] running `Command { std: "docker" "start" "-a" "9acde12482404791cb604a7a2a820f4e84ae80a26915582fc5101c6b9d31821a", kill_on_drop: false }`
[INFO] [stderr]    Compiling text-editor v0.1.0 (/opt/rustwide/workdir)
[INFO] [stdout] warning: unused import: `Read`
[INFO] [stdout]  --> src/editor/editor.rs:9:17
[INFO] [stdout]   |
[INFO] [stdout] 9 |     io::{Error, Read},
[INFO] [stdout]   |                 ^^^^
[INFO] [stdout]   |
[INFO] [stdout]   = note: `#[warn(unused_imports)]` on by default
[INFO] [stdout] 
[INFO] [stdout] 
[INFO] [stdout] warning: unused import: `terminal::Terminal`
[INFO] [stdout]  --> src/editor/window_manager.rs:4:5
[INFO] [stdout]   |
[INFO] [stdout] 4 |     terminal::Terminal,
[INFO] [stdout]   |     ^^^^^^^^^^^^^^^^^^
[INFO] [stdout] 
[INFO] [stdout] 
[INFO] [stdout] warning: methods `insert_char`, `remove_char`, and `is_empty` are never used
[INFO] [stdout]   --> src/document/document.rs:22:12
[INFO] [stdout]    |
[INFO] [stdout] 9  | impl Document {
[INFO] [stdout]    | ------------- methods in this implementation
[INFO] [stdout] ...
[INFO] [stdout] 22 |     pub fn insert_char(&mut self, pos: &Position, c: char) {
[INFO] [stdout]    |            ^^^^^^^^^^^
[INFO] [stdout] ...
[INFO] [stdout] 30 |     pub fn remove_char(&mut self, pos: &Position) {
[INFO] [stdout]    |            ^^^^^^^^^^^
[INFO] [stdout] ...
[INFO] [stdout] 37 |     pub fn is_empty(&self) -> bool {
[INFO] [stdout]    |            ^^^^^^^^
[INFO] [stdout]    |
[INFO] [stdout]    = note: `#[warn(dead_code)]` on by default
[INFO] [stdout] 
[INFO] [stdout] 
[INFO] [stdout] warning: methods `insert_char`, `remove_char`, and `next_word_index` are never used
[INFO] [stdout]   --> src/document/row.rs:24:12
[INFO] [stdout]    |
[INFO] [stdout] 16 | impl Row {
[INFO] [stdout]    | -------- methods in this implementation
[INFO] [stdout] ...
[INFO] [stdout] 24 |     pub fn insert_char(&mut self, pos: usize, c: char) {
[INFO] [stdout]    |            ^^^^^^^^^^^
[INFO] [stdout] ...
[INFO] [stdout] 28 |     pub fn remove_char(&mut self, pos: usize) {
[INFO] [stdout]    |            ^^^^^^^^^^^
[INFO] [stdout] ...
[INFO] [stdout] 32 |     pub fn next_word_index(&self, pos: usize) -> Option<usize> {
[INFO] [stdout]    |            ^^^^^^^^^^^^^^^
[INFO] [stdout] 
[INFO] [stdout] 
[INFO] [stdout] warning: variants `Insert` and `Command` are never constructed
[INFO] [stdout]  --> src/editor/mode.rs:2:5
[INFO] [stdout]   |
[INFO] [stdout] 1 | pub enum Mode {
[INFO] [stdout]   |          ---- variants in this enum
[INFO] [stdout] 2 |     Insert,
[INFO] [stdout]   |     ^^^^^^
[INFO] [stdout] 3 |     Normal,
[INFO] [stdout] 4 |     Command,
[INFO] [stdout]   |     ^^^^^^^
[INFO] [stdout] 
[INFO] [stdout] 
[INFO] [stdout] warning: 5 warnings emitted
[INFO] [stdout] 
[INFO] [stdout] 
[INFO] [stderr]     Finished test [unoptimized + debuginfo] target(s) in 0.87s
[INFO] running `Command { std: "docker" "inspect" "9acde12482404791cb604a7a2a820f4e84ae80a26915582fc5101c6b9d31821a", kill_on_drop: false }`
[INFO] running `Command { std: "docker" "rm" "-f" "9acde12482404791cb604a7a2a820f4e84ae80a26915582fc5101c6b9d31821a", kill_on_drop: false }`
[INFO] [stdout] 9acde12482404791cb604a7a2a820f4e84ae80a26915582fc5101c6b9d31821a
[INFO] running `Command { std: "docker" "create" "-v" "/var/lib/crater-agent-workspace/builds/worker-0-tc2/target:/opt/rustwide/target:rw,Z" "-v" "/var/lib/crater-agent-workspace/builds/worker-0-tc2/source:/opt/rustwide/workdir:ro,Z" "-v" "/var/lib/crater-agent-workspace/cargo-home:/opt/rustwide/cargo-home:ro,Z" "-v" "/var/lib/crater-agent-workspace/rustup-home:/opt/rustwide/rustup-home:ro,Z" "-e" "SOURCE_DIR=/opt/rustwide/workdir" "-e" "CARGO_TARGET_DIR=/opt/rustwide/target" "-e" "CARGO_INCREMENTAL=0" "-e" "RUST_BACKTRACE=full" "-e" "RUSTFLAGS=--cap-lints=warn" "-e" "RUSTDOCFLAGS=--cap-lints=warn" "-e" "CARGO_HOME=/opt/rustwide/cargo-home" "-e" "RUSTUP_HOME=/opt/rustwide/rustup-home" "-w" "/opt/rustwide/workdir" "-m" "1610612736" "--user" "0:0" "--network" "none" "ghcr.io/rust-lang/crates-build-env/linux@sha256:2788e3201cd34a07e3172128adcd8b3090168a8e3bcc40d7c032b9dda1df7d1c" "/opt/rustwide/cargo-home/bin/cargo" "+beta-2023-12-22" "test" "--frozen", kill_on_drop: false }`
[INFO] [stdout] facafe2827bca9a6a895fa9bdf8d40e779f371c7467c23e522f1390ce6580d66
[INFO] running `Command { std: "docker" "start" "-a" "facafe2827bca9a6a895fa9bdf8d40e779f371c7467c23e522f1390ce6580d66", kill_on_drop: false }`
[INFO] [stderr] warning: unused import: `Read`
[INFO] [stderr]  --> src/editor/editor.rs:9:17
[INFO] [stderr]   |
[INFO] [stderr] 9 |     io::{Error, Read},
[INFO] [stderr]   |                 ^^^^
[INFO] [stderr]   |
[INFO] [stderr]   = note: `#[warn(unused_imports)]` on by default
[INFO] [stderr] 
[INFO] [stderr] warning: unused import: `terminal::Terminal`
[INFO] [stderr]  --> src/editor/window_manager.rs:4:5
[INFO] [stderr]   |
[INFO] [stderr] 4 |     terminal::Terminal,
[INFO] [stderr]   |     ^^^^^^^^^^^^^^^^^^
[INFO] [stderr] 
[INFO] [stderr] warning: methods `insert_char`, `remove_char`, and `is_empty` are never used
[INFO] [stderr]   --> src/document/document.rs:22:12
[INFO] [stderr]    |
[INFO] [stderr] 9  | impl Document {
[INFO] [stderr]    | ------------- methods in this implementation
[INFO] [stderr] ...
[INFO] [stderr] 22 |     pub fn insert_char(&mut self, pos: &Position, c: char) {
[INFO] [stderr]    |            ^^^^^^^^^^^
[INFO] [stderr] ...
[INFO] [stderr] 30 |     pub fn remove_char(&mut self, pos: &Position) {
[INFO] [stderr]    |            ^^^^^^^^^^^
[INFO] [stderr] ...
[INFO] [stderr] 37 |     pub fn is_empty(&self) -> bool {
[INFO] [stderr]    |            ^^^^^^^^
[INFO] [stderr]    |
[INFO] [stderr]    = note: `#[warn(dead_code)]` on by default
[INFO] [stderr] 
[INFO] [stderr] warning: methods `insert_char`, `remove_char`, and `next_word_index` are never used
[INFO] [stderr]   --> src/document/row.rs:24:12
[INFO] [stderr]    |
[INFO] [stderr] 16 | impl Row {
[INFO] [stderr]    | -------- methods in this implementation
[INFO] [stderr] ...
[INFO] [stderr] 24 |     pub fn insert_char(&mut self, pos: usize, c: char) {
[INFO] [stderr]    |            ^^^^^^^^^^^
[INFO] [stderr] ...
[INFO] [stderr] 28 |     pub fn remove_char(&mut self, pos: usize) {
[INFO] [stderr]    |            ^^^^^^^^^^^
[INFO] [stderr] ...
[INFO] [stderr] 32 |     pub fn next_word_index(&self, pos: usize) -> Option<usize> {
[INFO] [stderr]    |            ^^^^^^^^^^^^^^^
[INFO] [stderr] 
[INFO] [stderr] warning: variants `Insert` and `Command` are never constructed
[INFO] [stderr]  --> src/editor/mode.rs:2:5
[INFO] [stderr]   |
[INFO] [stderr] 1 | pub enum Mode {
[INFO] [stderr]   |          ---- variants in this enum
[INFO] [stderr] 2 |     Insert,
[INFO] [stderr]   |     ^^^^^^
[INFO] [stderr] 3 |     Normal,
[INFO] [stderr] 4 |     Command,
[INFO] [stderr]   |     ^^^^^^^
[INFO] [stderr] 
[INFO] [stderr] warning: `text-editor` (bin "text-editor" test) generated 5 warnings (run `cargo fix --bin "text-editor" --tests` to apply 2 suggestions)
[INFO] [stderr]     Finished test [unoptimized + debuginfo] target(s) in 0.05s
[INFO] [stderr]      Running unittests src/main.rs (/opt/rustwide/target/debug/deps/text_editor-e23d1e2609a88f1f)
[INFO] [stdout] 
[INFO] [stdout] running 10 tests
[INFO] [stdout] test editor::test::control_test_::test::test_should_not_panic_when_has_no_windows ... ignored
[INFO] [stdout] test editor::test::control_test_::test::test_create_new_control ... ok
[INFO] [stdout] test editor::test::control_test_::test::test_should_should_move_down ... ok
[INFO] [stdout] test editor::window::test::should_be_visible ... ok
[INFO] [stdout] test editor::window::test::should_not_scroll_up ... ok
[INFO] [stdout] test editor::window::test::should_not_scroll_down ... ok
[INFO] [stdout] test editor::window::test::should_be_visible_not_even_size ... ok
[INFO] [stdout] test editor::window::test::should_scroll_down ... ok
[INFO] [stdout] test editor::window::test::should_scroll_up ... ok
[INFO] [stderr] error: test failed, to rerun pass `--bin text-editor`
[INFO] [stdout] test editor::test::control_test_::test::test_should_should_move_down_ ... FAILED
[INFO] [stdout] 
[INFO] [stdout] failures:
[INFO] [stdout] 
[INFO] [stdout] ---- editor::test::control_test_::test::test_should_should_move_down_ stdout ----
[INFO] [stdout] thread 'editor::test::control_test_::test::test_should_should_move_down_' panicked at src/editor/control.rs:67:18:
[INFO] [stdout] line 2 doesnt exists
[INFO] [stdout] stack backtrace:
[INFO] [stdout]    0:     0x563251f5d2f6 - std::backtrace_rs::backtrace::libunwind::trace::h261606ad26a499c1
[INFO] [stdout]                                at /rustc/0e09125c6c3c2fd70d7de961bcf0e51575235fad/library/std/src/../../backtrace/src/backtrace/libunwind.rs:104:5
[INFO] [stdout]    1:     0x563251f5d2f6 - std::backtrace_rs::backtrace::trace_unsynchronized::hd183f0625477fb28
[INFO] [stdout]                                at /rustc/0e09125c6c3c2fd70d7de961bcf0e51575235fad/library/std/src/../../backtrace/src/backtrace/mod.rs:66:5
[INFO] [stdout]    2:     0x563251f5d2f6 - std::sys_common::backtrace::_print_fmt::hd7f8fef21b4eda67
[INFO] [stdout]                                at /rustc/0e09125c6c3c2fd70d7de961bcf0e51575235fad/library/std/src/sys_common/backtrace.rs:68:5
[INFO] [stdout]    3:     0x563251f5d2f6 - <std::sys_common::backtrace::_print::DisplayBacktrace as core::fmt::Display>::fmt::h623d9b51f2f453f1
[INFO] [stdout]                                at /rustc/0e09125c6c3c2fd70d7de961bcf0e51575235fad/library/std/src/sys_common/backtrace.rs:44:22
[INFO] [stdout]    4:     0x563251f86160 - core::fmt::rt::Argument::fmt::h9f417ac76a86f368
[INFO] [stdout]                                at /rustc/0e09125c6c3c2fd70d7de961bcf0e51575235fad/library/core/src/fmt/rt.rs:142:9
[INFO] [stdout]    5:     0x563251f86160 - core::fmt::write::hc9b6faf4ac2aeff7
[INFO] [stdout]                                at /rustc/0e09125c6c3c2fd70d7de961bcf0e51575235fad/library/core/src/fmt/mod.rs:1120:17
[INFO] [stdout]    6:     0x563251f5ad5f - std::io::Write::write_fmt::he04625a3a989fec3
[INFO] [stdout]                                at /rustc/0e09125c6c3c2fd70d7de961bcf0e51575235fad/library/std/src/io/mod.rs:1810:15
[INFO] [stdout]    7:     0x563251f5d0d4 - std::sys_common::backtrace::_print::hd5d66399c7df88a2
[INFO] [stdout]                                at /rustc/0e09125c6c3c2fd70d7de961bcf0e51575235fad/library/std/src/sys_common/backtrace.rs:47:5
[INFO] [stdout]    8:     0x563251f5d0d4 - std::sys_common::backtrace::print::he81ed2da642d37e5
[INFO] [stdout]                                at /rustc/0e09125c6c3c2fd70d7de961bcf0e51575235fad/library/std/src/sys_common/backtrace.rs:34:9
[INFO] [stdout]    9:     0x563251f5ee47 - std::panicking::default_hook::{{closure}}::h85773f4fa117163d
[INFO] [stdout]   10:     0x563251f5eb2d - std::panicking::default_hook::h6a1694a91d09b278
[INFO] [stdout]                                at /rustc/0e09125c6c3c2fd70d7de961bcf0e51575235fad/library/std/src/panicking.rs:289:9
[INFO] [stdout]   11:     0x563251f2ebd7 - <alloc::boxed::Box<F,A> as core::ops::function::Fn<Args>>::call::h616ac37fa3cd6c8f
[INFO] [stdout]                                at /rustc/0e09125c6c3c2fd70d7de961bcf0e51575235fad/library/alloc/src/boxed.rs:2029:9
[INFO] [stdout]   12:     0x563251f2ebd7 - test::test_main::{{closure}}::h00d84697cefdcbb6
[INFO] [stdout]                                at /rustc/0e09125c6c3c2fd70d7de961bcf0e51575235fad/library/test/src/lib.rs:138:21
[INFO] [stdout]   13:     0x563251f5f466 - <alloc::boxed::Box<F,A> as core::ops::function::Fn<Args>>::call::hcb3fe3b9bb537ba8
[INFO] [stdout]                                at /rustc/0e09125c6c3c2fd70d7de961bcf0e51575235fad/library/alloc/src/boxed.rs:2029:9
[INFO] [stdout]   14:     0x563251f5f466 - std::panicking::rust_panic_with_hook::h0a7ad96e90f7145b
[INFO] [stdout]                                at /rustc/0e09125c6c3c2fd70d7de961bcf0e51575235fad/library/std/src/panicking.rs:783:13
[INFO] [stdout]   15:     0x563251f5f1b2 - std::panicking::begin_panic_handler::{{closure}}::h7919090525c6485e
[INFO] [stdout]                                at /rustc/0e09125c6c3c2fd70d7de961bcf0e51575235fad/library/std/src/panicking.rs:657:13
[INFO] [stdout]   16:     0x563251f5d7f6 - std::sys_common::backtrace::__rust_end_short_backtrace::hf3289479464f7dfe
[INFO] [stdout]                                at /rustc/0e09125c6c3c2fd70d7de961bcf0e51575235fad/library/std/src/sys_common/backtrace.rs:171:18
[INFO] [stdout]   17:     0x563251f5ef10 - rust_begin_unwind
[INFO] [stdout]                                at /rustc/0e09125c6c3c2fd70d7de961bcf0e51575235fad/library/std/src/panicking.rs:645:5
[INFO] [stdout]   18:     0x563251ee7d35 - core::panicking::panic_fmt::hcc9f77c5c132af55
[INFO] [stdout]                                at /rustc/0e09125c6c3c2fd70d7de961bcf0e51575235fad/library/core/src/panicking.rs:72:14
[INFO] [stdout]   19:     0x563251ee7cf3 - core::panicking::panic_display::h0204da5f51c86759
[INFO] [stdout]                                at /rustc/0e09125c6c3c2fd70d7de961bcf0e51575235fad/library/core/src/panicking.rs:196:5
[INFO] [stdout]   20:     0x563251ee7cf3 - core::panicking::panic_str::h384c8d5de2012701
[INFO] [stdout]                                at /rustc/0e09125c6c3c2fd70d7de961bcf0e51575235fad/library/core/src/panicking.rs:171:5
[INFO] [stdout]   21:     0x563251ee7cf3 - core::option::expect_failed::h6b23844cf3a4e381
[INFO] [stdout]                                at /rustc/0e09125c6c3c2fd70d7de961bcf0e51575235fad/library/core/src/option.rs:1980:5
[INFO] [stdout]   22:     0x563251eecb22 - core::option::Option<T>::expect::h583d554d536e726c
[INFO] [stdout]                                at /rustc/0e09125c6c3c2fd70d7de961bcf0e51575235fad/library/core/src/option.rs:894:21
[INFO] [stdout]   23:     0x563251eef221 - text_editor::editor::control::Control::current_line_len::hc92f071b38bd41e0
[INFO] [stdout]                                at /opt/rustwide/workdir/src/editor/control.rs:65:13
[INFO] [stdout]   24:     0x563251eef8e2 - text_editor::editor::control::Control::correct_x::hd41e3d9f577bf03b
[INFO] [stdout]                                at /opt/rustwide/workdir/src/editor/control.rs:221:30
[INFO] [stdout]   25:     0x563251eef55e - text_editor::editor::control::Control::move_down::h964cbe5731fb7f32
[INFO] [stdout]                                at /opt/rustwide/workdir/src/editor/control.rs:142:9
[INFO] [stdout]   26:     0x563251ef0461 - text_editor::editor::test::control_test_::test::test_should_should_move_down_::he970c240dcb5db7f
[INFO] [stdout]                                at /opt/rustwide/workdir/src/editor/test/control_test_.rs:77:9
[INFO] [stdout]   27:     0x563251ef01a7 - text_editor::editor::test::control_test_::test::test_should_should_move_down_::{{closure}}::h0077c413d9c289f9
[INFO] [stdout]                                at /opt/rustwide/workdir/src/editor/test/control_test_.rs:58:39
[INFO] [stdout]   28:     0x563251eec2e6 - core::ops::function::FnOnce::call_once::h988db6d88cd5566b
[INFO] [stdout]                                at /rustc/0e09125c6c3c2fd70d7de961bcf0e51575235fad/library/core/src/ops/function.rs:250:5
[INFO] [stdout]   29:     0x563251f344af - core::ops::function::FnOnce::call_once::hd64d26f405258157
[INFO] [stdout]                                at /rustc/0e09125c6c3c2fd70d7de961bcf0e51575235fad/library/core/src/ops/function.rs:250:5
[INFO] [stdout]   30:     0x563251f344af - test::__rust_begin_short_backtrace::he21b0b7a6d731bf9
[INFO] [stdout]                                at /rustc/0e09125c6c3c2fd70d7de961bcf0e51575235fad/library/test/src/lib.rs:627:18
[INFO] [stdout]   31:     0x563251f33231 - test::run_test_in_process::{{closure}}::hf5c73986d7bdfde2
[INFO] [stdout]                                at /rustc/0e09125c6c3c2fd70d7de961bcf0e51575235fad/library/test/src/lib.rs:650:60
[INFO] [stdout]   32:     0x563251f33231 - <core::panic::unwind_safe::AssertUnwindSafe<F> as core::ops::function::FnOnce<()>>::call_once::h330011ad032aadc0
[INFO] [stdout]                                at /rustc/0e09125c6c3c2fd70d7de961bcf0e51575235fad/library/core/src/panic/unwind_safe.rs:272:9
[INFO] [stdout]   33:     0x563251f33231 - std::panicking::try::do_call::he61b0a958b795a41
[INFO] [stdout]                                at /rustc/0e09125c6c3c2fd70d7de961bcf0e51575235fad/library/std/src/panicking.rs:552:40
[INFO] [stdout]   34:     0x563251f33231 - std::panicking::try::h7309da130f906eb7
[INFO] [stdout]                                at /rustc/0e09125c6c3c2fd70d7de961bcf0e51575235fad/library/std/src/panicking.rs:516:19
[INFO] [stdout]   35:     0x563251f33231 - std::panic::catch_unwind::hc5c3a06fdaf0a92a
[INFO] [stdout]                                at /rustc/0e09125c6c3c2fd70d7de961bcf0e51575235fad/library/std/src/panic.rs:142:14
[INFO] [stdout]   36:     0x563251f33231 - test::run_test_in_process::h7e7b7c71c3324e0f
[INFO] [stdout]                                at /rustc/0e09125c6c3c2fd70d7de961bcf0e51575235fad/library/test/src/lib.rs:650:27
[INFO] [stdout]   37:     0x563251f33231 - test::run_test::{{closure}}::h1f509f28f5cf20b1
[INFO] [stdout]                                at /rustc/0e09125c6c3c2fd70d7de961bcf0e51575235fad/library/test/src/lib.rs:573:43
[INFO] [stdout]   38:     0x563251efa566 - test::run_test::{{closure}}::h1754218abf443f6d
[INFO] [stdout]                                at /rustc/0e09125c6c3c2fd70d7de961bcf0e51575235fad/library/test/src/lib.rs:601:41
[INFO] [stdout]   39:     0x563251efa566 - std::sys_common::backtrace::__rust_begin_short_backtrace::h2ee174b9d5954948
[INFO] [stdout]                                at /rustc/0e09125c6c3c2fd70d7de961bcf0e51575235fad/library/std/src/sys_common/backtrace.rs:155:18
[INFO] [stdout]   40:     0x563251eff5c7 - std::thread::Builder::spawn_unchecked_::{{closure}}::{{closure}}::hf60bee9c1a17ef09
[INFO] [stdout]                                at /rustc/0e09125c6c3c2fd70d7de961bcf0e51575235fad/library/std/src/thread/mod.rs:529:17
[INFO] [stdout]   41:     0x563251eff5c7 - <core::panic::unwind_safe::AssertUnwindSafe<F> as core::ops::function::FnOnce<()>>::call_once::h33d0dddec5216160
[INFO] [stdout]                                at /rustc/0e09125c6c3c2fd70d7de961bcf0e51575235fad/library/core/src/panic/unwind_safe.rs:272:9
[INFO] [stdout]   42:     0x563251eff5c7 - std::panicking::try::do_call::h144b3048b546f835
[INFO] [stdout]                                at /rustc/0e09125c6c3c2fd70d7de961bcf0e51575235fad/library/std/src/panicking.rs:552:40
[INFO] [stdout]   43:     0x563251eff5c7 - std::panicking::try::h978244d04646189f
[INFO] [stdout]                                at /rustc/0e09125c6c3c2fd70d7de961bcf0e51575235fad/library/std/src/panicking.rs:516:19
[INFO] [stdout]   44:     0x563251eff5c7 - std::panic::catch_unwind::hdf436369d188fe86
[INFO] [stdout]                                at /rustc/0e09125c6c3c2fd70d7de961bcf0e51575235fad/library/std/src/panic.rs:142:14
[INFO] [stdout]   45:     0x563251eff5c7 - std::thread::Builder::spawn_unchecked_::{{closure}}::h87329cbdd33c79ec
[INFO] [stdout]                                at /rustc/0e09125c6c3c2fd70d7de961bcf0e51575235fad/library/std/src/thread/mod.rs:528:30
[INFO] [stdout]   46:     0x563251eff5c7 - core::ops::function::FnOnce::call_once{{vtable.shim}}::h401abbe67897d450
[INFO] [stdout]                                at /rustc/0e09125c6c3c2fd70d7de961bcf0e51575235fad/library/core/src/ops/function.rs:250:5
[INFO] [stdout]   47:     0x563251f63f15 - <alloc::boxed::Box<F,A> as core::ops::function::FnOnce<Args>>::call_once::h5d7c8f150ab9c84c
[INFO] [stdout]                                at /rustc/0e09125c6c3c2fd70d7de961bcf0e51575235fad/library/alloc/src/boxed.rs:2015:9
[INFO] [stdout]   48:     0x563251f63f15 - <alloc::boxed::Box<F,A> as core::ops::function::FnOnce<Args>>::call_once::h570d5b005c242c15
[INFO] [stdout]                                at /rustc/0e09125c6c3c2fd70d7de961bcf0e51575235fad/library/alloc/src/boxed.rs:2015:9
[INFO] [stdout]   49:     0x563251f63f15 - std::sys::unix::thread::Thread::new::thread_start::h36b0a20c0b2361ad
[INFO] [stdout]                                at /rustc/0e09125c6c3c2fd70d7de961bcf0e51575235fad/library/std/src/sys/unix/thread.rs:108:17
[INFO] [stdout]   50:     0x7ffa6e8f6ac3 - <unknown>
[INFO] [stdout]   51:     0x7ffa6e987bf4 - __clone
[INFO] [stdout]   52:                0x0 - <unknown>
[INFO] [stdout] 
[INFO] [stdout] 
[INFO] [stdout] failures:
[INFO] [stdout]     editor::test::control_test_::test::test_should_should_move_down_
[INFO] [stdout] 
[INFO] [stdout] test result: FAILED. 8 passed; 1 failed; 1 ignored; 0 measured; 0 filtered out; finished in 0.05s
[INFO] [stdout] 
[INFO] running `Command { std: "docker" "inspect" "facafe2827bca9a6a895fa9bdf8d40e779f371c7467c23e522f1390ce6580d66", kill_on_drop: false }`
[INFO] running `Command { std: "docker" "rm" "-f" "facafe2827bca9a6a895fa9bdf8d40e779f371c7467c23e522f1390ce6580d66", kill_on_drop: false }`
[INFO] [stdout] facafe2827bca9a6a895fa9bdf8d40e779f371c7467c23e522f1390ce6580d66
