[INFO] cloning repository https://github.com/BroodjeKroepoek/Spotify-Stats
[INFO] running `Command { std: "git" "-c" "credential.helper=" "-c" "credential.helper=/workspace/cargo-home/bin/git-credential-null" "clone" "--bare" "https://github.com/BroodjeKroepoek/Spotify-Stats" "/workspace/cache/git-repos/https%3A%2F%2Fgithub.com%2FBroodjeKroepoek%2FSpotify-Stats", kill_on_drop: false }`
[INFO] [stderr] Cloning into bare repository '/workspace/cache/git-repos/https%3A%2F%2Fgithub.com%2FBroodjeKroepoek%2FSpotify-Stats'...
[INFO] running `Command { std: "git" "rev-parse" "HEAD", kill_on_drop: false }`
[INFO] [stdout] 1b84078266516a60f744066334dca1419de65c29
[INFO] testing BroodjeKroepoek/Spotify-Stats against 1.75.0 for beta-1.76-1
[INFO] running `Command { std: "git" "clone" "/workspace/cache/git-repos/https%3A%2F%2Fgithub.com%2FBroodjeKroepoek%2FSpotify-Stats" "/workspace/builds/worker-1-tc1/source", kill_on_drop: false }`
[INFO] [stderr] Cloning into '/workspace/builds/worker-1-tc1/source'...
[INFO] [stderr] done.
[INFO] validating manifest of git repo https://github.com/BroodjeKroepoek/Spotify-Stats on toolchain 1.75.0
[INFO] running `Command { std: CARGO_HOME="/workspace/cargo-home" RUSTUP_HOME="/workspace/rustup-home" "/workspace/cargo-home/bin/cargo" "+1.75.0" "metadata" "--manifest-path" "Cargo.toml" "--no-deps", kill_on_drop: false }`
[INFO] started tweaking git repo https://github.com/BroodjeKroepoek/Spotify-Stats
[INFO] finished tweaking git repo https://github.com/BroodjeKroepoek/Spotify-Stats
[INFO] tweaked toml for git repo https://github.com/BroodjeKroepoek/Spotify-Stats written to /workspace/builds/worker-1-tc1/source/Cargo.toml
[INFO] crate git repo https://github.com/BroodjeKroepoek/Spotify-Stats already has a lockfile, it will not be regenerated
[INFO] running `Command { std: CARGO_HOME="/workspace/cargo-home" RUSTUP_HOME="/workspace/rustup-home" "/workspace/cargo-home/bin/cargo" "+1.75.0" "fetch" "--manifest-path" "Cargo.toml", kill_on_drop: false }`
[INFO] running `Command { std: "docker" "create" "-v" "/var/lib/crater-agent-workspace/builds/worker-1-tc1/target:/opt/rustwide/target:rw,Z" "-v" "/var/lib/crater-agent-workspace/builds/worker-1-tc1/source:/opt/rustwide/workdir:ro,Z" "-v" "/var/lib/crater-agent-workspace/cargo-home:/opt/rustwide/cargo-home:ro,Z" "-v" "/var/lib/crater-agent-workspace/rustup-home:/opt/rustwide/rustup-home:ro,Z" "-e" "SOURCE_DIR=/opt/rustwide/workdir" "-e" "CARGO_TARGET_DIR=/opt/rustwide/target" "-e" "CARGO_HOME=/opt/rustwide/cargo-home" "-e" "RUSTUP_HOME=/opt/rustwide/rustup-home" "-w" "/opt/rustwide/workdir" "-m" "1610612736" "--user" "0:0" "--network" "none" "ghcr.io/rust-lang/crates-build-env/linux@sha256:2788e3201cd34a07e3172128adcd8b3090168a8e3bcc40d7c032b9dda1df7d1c" "/opt/rustwide/cargo-home/bin/cargo" "+1.75.0" "metadata" "--no-deps" "--format-version=1", kill_on_drop: false }`
[INFO] [stdout] b2a4707db7cf3f00fd575b3212abbf6d4e7353da2e873deba12679268bb08b58
[INFO] running `Command { std: "docker" "start" "-a" "b2a4707db7cf3f00fd575b3212abbf6d4e7353da2e873deba12679268bb08b58", kill_on_drop: false }`
[INFO] running `Command { std: "docker" "inspect" "b2a4707db7cf3f00fd575b3212abbf6d4e7353da2e873deba12679268bb08b58", kill_on_drop: false }`
[INFO] running `Command { std: "docker" "rm" "-f" "b2a4707db7cf3f00fd575b3212abbf6d4e7353da2e873deba12679268bb08b58", kill_on_drop: false }`
[INFO] [stdout] b2a4707db7cf3f00fd575b3212abbf6d4e7353da2e873deba12679268bb08b58
[INFO] running `Command { std: "docker" "create" "-v" "/var/lib/crater-agent-workspace/builds/worker-1-tc1/target:/opt/rustwide/target:rw,Z" "-v" "/var/lib/crater-agent-workspace/builds/worker-1-tc1/source:/opt/rustwide/workdir:ro,Z" "-v" "/var/lib/crater-agent-workspace/cargo-home:/opt/rustwide/cargo-home:ro,Z" "-v" "/var/lib/crater-agent-workspace/rustup-home:/opt/rustwide/rustup-home:ro,Z" "-e" "SOURCE_DIR=/opt/rustwide/workdir" "-e" "CARGO_TARGET_DIR=/opt/rustwide/target" "-e" "CARGO_INCREMENTAL=0" "-e" "RUST_BACKTRACE=full" "-e" "RUSTFLAGS=--cap-lints=warn" "-e" "RUSTDOCFLAGS=--cap-lints=warn" "-e" "CARGO_HOME=/opt/rustwide/cargo-home" "-e" "RUSTUP_HOME=/opt/rustwide/rustup-home" "-w" "/opt/rustwide/workdir" "-m" "1610612736" "--user" "0:0" "--network" "none" "ghcr.io/rust-lang/crates-build-env/linux@sha256:2788e3201cd34a07e3172128adcd8b3090168a8e3bcc40d7c032b9dda1df7d1c" "/opt/rustwide/cargo-home/bin/cargo" "+1.75.0" "build" "--frozen" "--message-format=json", kill_on_drop: false }`
[INFO] [stdout] 8cdc796ececb25999d954c1b49e31ad2e2f21bbfdeadeb16a0c936ad24f63055
[INFO] running `Command { std: "docker" "start" "-a" "8cdc796ececb25999d954c1b49e31ad2e2f21bbfdeadeb16a0c936ad24f63055", kill_on_drop: false }`
[INFO] [stderr]    Compiling proc-macro2 v1.0.70
[INFO] [stderr]    Compiling unicode-ident v1.0.12
[INFO] [stderr]    Compiling autocfg v1.1.0
[INFO] [stderr]    Compiling libc v0.2.151
[INFO] [stderr]    Compiling cfg-if v1.0.0
[INFO] [stderr]    Compiling parking_lot_core v0.9.9
[INFO] [stderr]    Compiling serde v1.0.193
[INFO] [stderr]    Compiling smallvec v1.11.2
[INFO] [stderr]    Compiling rustversion v1.0.14
[INFO] [stderr]    Compiling heck v0.4.1
[INFO] [stderr]    Compiling utf8parse v0.2.1
[INFO] [stderr]    Compiling paste v1.0.14
[INFO] [stderr]    Compiling scopeguard v1.2.0
[INFO] [stderr]    Compiling colorchoice v1.0.0
[INFO] [stderr]    Compiling anstyle-query v1.0.2
[INFO] [stderr]    Compiling anstyle v1.0.4
[INFO] [stderr]    Compiling crc32fast v1.3.2
[INFO] [stderr]    Compiling anstyle-parse v0.2.3
[INFO] [stderr]    Compiling clap_lex v0.6.0
[INFO] [stderr]    Compiling serde_json v1.0.108
[INFO] [stderr]    Compiling strsim v0.10.0
[INFO] [stderr]    Compiling bitflags v2.4.1
[INFO] [stderr]    Compiling anstream v0.6.5
[INFO] [stderr]    Compiling adler v1.0.2
[INFO] [stderr]    Compiling byteorder v1.5.0
[INFO] [stderr]    Compiling equivalent v1.0.1
[INFO] [stderr]    Compiling hashbrown v0.14.3
[INFO] [stderr]    Compiling ryu v1.0.16
[INFO] [stderr]    Compiling miniz_oxide v0.7.1
[INFO] [stderr]    Compiling strum v0.25.0
[INFO] [stderr]    Compiling itoa v1.0.10
[INFO] [stderr]    Compiling unicode-width v0.1.11
[INFO] [stderr]    Compiling lock_api v0.4.11
[INFO] [stderr]    Compiling num-traits v0.2.17
[INFO] [stderr]    Compiling iana-time-zone v0.1.58
[INFO] [stderr]    Compiling clap_builder v4.4.11
[INFO] [stderr]    Compiling flate2 v1.0.28
[INFO] [stderr]    Compiling quote v1.0.33
[INFO] [stderr]    Compiling indexmap v2.1.0
[INFO] [stderr]    Compiling syn v2.0.40
[INFO] [stderr]    Compiling parking_lot v0.12.1
[INFO] [stderr]    Compiling crossterm v0.27.0
[INFO] [stderr]    Compiling rmp v0.8.12
[INFO] [stderr]    Compiling serde_derive v1.0.193
[INFO] [stderr]    Compiling clap_derive v4.4.7
[INFO] [stderr]    Compiling strum_macros v0.25.3
[INFO] [stderr]    Compiling comfy-table v7.1.0
[INFO] [stderr]    Compiling clap v4.4.11
[INFO] [stderr]    Compiling rmp-serde v1.1.2
[INFO] [stderr]    Compiling chrono v0.4.31
[INFO] [stderr]    Compiling spotify_stats v1.0.0 (/opt/rustwide/workdir)
[INFO] [stderr]     Finished dev [unoptimized + debuginfo] target(s) in 10.49s
[INFO] running `Command { std: "docker" "inspect" "8cdc796ececb25999d954c1b49e31ad2e2f21bbfdeadeb16a0c936ad24f63055", kill_on_drop: false }`
[INFO] running `Command { std: "docker" "rm" "-f" "8cdc796ececb25999d954c1b49e31ad2e2f21bbfdeadeb16a0c936ad24f63055", kill_on_drop: false }`
[INFO] [stdout] 8cdc796ececb25999d954c1b49e31ad2e2f21bbfdeadeb16a0c936ad24f63055
[INFO] running `Command { std: "docker" "create" "-v" "/var/lib/crater-agent-workspace/builds/worker-1-tc1/target:/opt/rustwide/target:rw,Z" "-v" "/var/lib/crater-agent-workspace/builds/worker-1-tc1/source:/opt/rustwide/workdir:ro,Z" "-v" "/var/lib/crater-agent-workspace/cargo-home:/opt/rustwide/cargo-home:ro,Z" "-v" "/var/lib/crater-agent-workspace/rustup-home:/opt/rustwide/rustup-home:ro,Z" "-e" "SOURCE_DIR=/opt/rustwide/workdir" "-e" "CARGO_TARGET_DIR=/opt/rustwide/target" "-e" "CARGO_INCREMENTAL=0" "-e" "RUST_BACKTRACE=full" "-e" "RUSTFLAGS=--cap-lints=warn" "-e" "RUSTDOCFLAGS=--cap-lints=warn" "-e" "CARGO_HOME=/opt/rustwide/cargo-home" "-e" "RUSTUP_HOME=/opt/rustwide/rustup-home" "-w" "/opt/rustwide/workdir" "-m" "1610612736" "--user" "0:0" "--network" "none" "ghcr.io/rust-lang/crates-build-env/linux@sha256:2788e3201cd34a07e3172128adcd8b3090168a8e3bcc40d7c032b9dda1df7d1c" "/opt/rustwide/cargo-home/bin/cargo" "+1.75.0" "test" "--frozen" "--no-run" "--message-format=json", kill_on_drop: false }`
[INFO] [stdout] 25e24725af94c53b45545a759207ce3ef054f06ac3600d29ccfecfa099316f35
[INFO] running `Command { std: "docker" "start" "-a" "25e24725af94c53b45545a759207ce3ef054f06ac3600d29ccfecfa099316f35", kill_on_drop: false }`
[INFO] [stderr]    Compiling spotify_stats v1.0.0 (/opt/rustwide/workdir)
[INFO] [stderr]     Finished test [unoptimized + debuginfo] target(s) in 1.27s
[INFO] running `Command { std: "docker" "inspect" "25e24725af94c53b45545a759207ce3ef054f06ac3600d29ccfecfa099316f35", kill_on_drop: false }`
[INFO] running `Command { std: "docker" "rm" "-f" "25e24725af94c53b45545a759207ce3ef054f06ac3600d29ccfecfa099316f35", kill_on_drop: false }`
[INFO] [stdout] 25e24725af94c53b45545a759207ce3ef054f06ac3600d29ccfecfa099316f35
[INFO] running `Command { std: "docker" "create" "-v" "/var/lib/crater-agent-workspace/builds/worker-1-tc1/target:/opt/rustwide/target:rw,Z" "-v" "/var/lib/crater-agent-workspace/builds/worker-1-tc1/source:/opt/rustwide/workdir:ro,Z" "-v" "/var/lib/crater-agent-workspace/cargo-home:/opt/rustwide/cargo-home:ro,Z" "-v" "/var/lib/crater-agent-workspace/rustup-home:/opt/rustwide/rustup-home:ro,Z" "-e" "SOURCE_DIR=/opt/rustwide/workdir" "-e" "CARGO_TARGET_DIR=/opt/rustwide/target" "-e" "CARGO_INCREMENTAL=0" "-e" "RUST_BACKTRACE=full" "-e" "RUSTFLAGS=--cap-lints=warn" "-e" "RUSTDOCFLAGS=--cap-lints=warn" "-e" "CARGO_HOME=/opt/rustwide/cargo-home" "-e" "RUSTUP_HOME=/opt/rustwide/rustup-home" "-w" "/opt/rustwide/workdir" "-m" "1610612736" "--user" "0:0" "--network" "none" "ghcr.io/rust-lang/crates-build-env/linux@sha256:2788e3201cd34a07e3172128adcd8b3090168a8e3bcc40d7c032b9dda1df7d1c" "/opt/rustwide/cargo-home/bin/cargo" "+1.75.0" "test" "--frozen", kill_on_drop: false }`
[INFO] [stdout] 38d71438aff2e817539a0f5e51f86c5bc440579e4ab6cbd29c7e90ba4e3a2f06
[INFO] running `Command { std: "docker" "start" "-a" "38d71438aff2e817539a0f5e51f86c5bc440579e4ab6cbd29c7e90ba4e3a2f06", kill_on_drop: false }`
[INFO] [stderr]     Finished test [unoptimized + debuginfo] target(s) in 0.04s
[INFO] [stderr]      Running unittests src/lib/mod.rs (/opt/rustwide/target/debug/deps/spotify_stats-086f89d32037c65c)
[INFO] [stdout] 
[INFO] [stdout] running 0 tests
[INFO] [stdout] 
[INFO] [stdout] test result: ok. 0 passed; 0 failed; 0 ignored; 0 measured; 0 filtered out; finished in 0.00s
[INFO] [stdout] 
[INFO] [stderr]      Running unittests src/readme_gen.rs (/opt/rustwide/target/debug/deps/readme_gen-100cba058b9e2f6f)
[INFO] [stdout] 
[INFO] [stdout] running 0 tests
[INFO] [stdout] 
[INFO] [stdout] test result: ok. 0 passed; 0 failed; 0 ignored; 0 measured; 0 filtered out; finished in 0.00s
[INFO] [stdout] 
[INFO] [stderr]      Running unittests src/main.rs (/opt/rustwide/target/debug/deps/spotify_stats-4c22385b92639912)
[INFO] [stdout] 
[INFO] [stdout] running 8 tests
[INFO] [stdout] test tests::test_persist_folded_streaming_data ... FAILED
[INFO] [stdout] test tests::test_persist_cleaned_streaming_data ... FAILED
[INFO] [stdout] test tests::test_isomorphism_cleaned_internal_streaming_history ... ok
[INFO] [stdout] test tests::test_isomorphism_folded_internal_streaming_history ... ok
[INFO] [stdout] test tests::test_isomorphism_folded_external_streaming_history ... ok
[INFO] [stdout] test tests::test_isomorphism_cleaned_external_streaming_history ... ok
[INFO] [stdout] test tests::test_isomorphism_raw_internal_streaming_history ... ok
[INFO] [stdout] test tests::test_isomorphism_raw_external_streaming_history ... ok
[INFO] [stdout] 
[INFO] [stdout] failures:
[INFO] [stdout] 
[INFO] [stdout] ---- tests::test_persist_folded_streaming_data stdout ----
[INFO] [stdout] Error: IOError(Os { code: 30, kind: ReadOnlyFilesystem, message: "Read-only file system" })
[INFO] [stdout] 
[INFO] [stdout] ---- tests::test_persist_cleaned_streaming_data stdout ----
[INFO] [stdout] Error: IOError(Os { code: 30, kind: ReadOnlyFilesystem, message: "Read-only file system" })
[INFO] [stdout] 
[INFO] [stdout] 
[INFO] [stdout] failures:
[INFO] [stdout]     tests::test_persist_cleaned_streaming_data
[INFO] [stdout]     tests::test_persist_folded_streaming_data
[INFO] [stdout] 
[INFO] [stdout] test result: FAILED. 6 passed; 2 failed; 0 ignored; 0 measured; 0 filtered out; finished in 12.90s
[INFO] [stdout] 
[INFO] [stderr] error: test failed, to rerun pass `--bin spotify_stats`
[INFO] running `Command { std: "docker" "inspect" "38d71438aff2e817539a0f5e51f86c5bc440579e4ab6cbd29c7e90ba4e3a2f06", kill_on_drop: false }`
[INFO] running `Command { std: "docker" "rm" "-f" "38d71438aff2e817539a0f5e51f86c5bc440579e4ab6cbd29c7e90ba4e3a2f06", kill_on_drop: false }`
[INFO] [stdout] 38d71438aff2e817539a0f5e51f86c5bc440579e4ab6cbd29c7e90ba4e3a2f06
