[INFO] cloning repository https://github.com/Bodobolero/axum_crud_api
[INFO] running `Command { std: "git" "-c" "credential.helper=" "-c" "credential.helper=/workspace/cargo-home/bin/git-credential-null" "clone" "--bare" "https://github.com/Bodobolero/axum_crud_api" "/workspace/cache/git-repos/https%3A%2F%2Fgithub.com%2FBodobolero%2Faxum_crud_api", kill_on_drop: false }`
[INFO] [stderr] Cloning into bare repository '/workspace/cache/git-repos/https%3A%2F%2Fgithub.com%2FBodobolero%2Faxum_crud_api'...
[INFO] running `Command { std: "git" "rev-parse" "HEAD", kill_on_drop: false }`
[INFO] [stdout] 15c00b8c118aeecfa3d6dccc8b0c5cc2fb681914
[INFO] testing Bodobolero/axum_crud_api against 1.75.0 for beta-1.76-1
[INFO] running `Command { std: "git" "clone" "/workspace/cache/git-repos/https%3A%2F%2Fgithub.com%2FBodobolero%2Faxum_crud_api" "/workspace/builds/worker-6-tc1/source", kill_on_drop: false }`
[INFO] [stderr] Cloning into '/workspace/builds/worker-6-tc1/source'...
[INFO] [stderr] done.
[INFO] validating manifest of git repo https://github.com/Bodobolero/axum_crud_api on toolchain 1.75.0
[INFO] running `Command { std: CARGO_HOME="/workspace/cargo-home" RUSTUP_HOME="/workspace/rustup-home" "/workspace/cargo-home/bin/cargo" "+1.75.0" "metadata" "--manifest-path" "Cargo.toml" "--no-deps", kill_on_drop: false }`
[INFO] started tweaking git repo https://github.com/Bodobolero/axum_crud_api
[INFO] finished tweaking git repo https://github.com/Bodobolero/axum_crud_api
[INFO] tweaked toml for git repo https://github.com/Bodobolero/axum_crud_api written to /workspace/builds/worker-6-tc1/source/Cargo.toml
[INFO] crate git repo https://github.com/Bodobolero/axum_crud_api already has a lockfile, it will not be regenerated
[INFO] running `Command { std: CARGO_HOME="/workspace/cargo-home" RUSTUP_HOME="/workspace/rustup-home" "/workspace/cargo-home/bin/cargo" "+1.75.0" "fetch" "--manifest-path" "Cargo.toml", kill_on_drop: false }`
[INFO] [stderr]     Updating crates.io index
[INFO] [stderr]  Downloading crates ...
[INFO] [stderr]   Downloaded sqlformat v0.2.0
[INFO] [stderr]   Downloaded utoipa-swagger-ui v2.0.1
[INFO] [stderr]   Downloaded utoipa-gen v2.3.0
[INFO] [stderr]   Downloaded utoipa v2.3.0
[INFO] running `Command { std: "docker" "create" "-v" "/var/lib/crater-agent-workspace/builds/worker-6-tc1/target:/opt/rustwide/target:rw,Z" "-v" "/var/lib/crater-agent-workspace/builds/worker-6-tc1/source:/opt/rustwide/workdir:ro,Z" "-v" "/var/lib/crater-agent-workspace/cargo-home:/opt/rustwide/cargo-home:ro,Z" "-v" "/var/lib/crater-agent-workspace/rustup-home:/opt/rustwide/rustup-home:ro,Z" "-e" "SOURCE_DIR=/opt/rustwide/workdir" "-e" "CARGO_TARGET_DIR=/opt/rustwide/target" "-e" "CARGO_HOME=/opt/rustwide/cargo-home" "-e" "RUSTUP_HOME=/opt/rustwide/rustup-home" "-w" "/opt/rustwide/workdir" "-m" "1610612736" "--user" "0:0" "--network" "none" "ghcr.io/rust-lang/crates-build-env/linux@sha256:2788e3201cd34a07e3172128adcd8b3090168a8e3bcc40d7c032b9dda1df7d1c" "/opt/rustwide/cargo-home/bin/cargo" "+1.75.0" "metadata" "--no-deps" "--format-version=1", kill_on_drop: false }`
[INFO] [stdout] cb612be8fb0e778e5edd90687184b69a584b934de59ba1077c0582698c3803bc
[INFO] running `Command { std: "docker" "start" "-a" "cb612be8fb0e778e5edd90687184b69a584b934de59ba1077c0582698c3803bc", kill_on_drop: false }`
[INFO] running `Command { std: "docker" "inspect" "cb612be8fb0e778e5edd90687184b69a584b934de59ba1077c0582698c3803bc", kill_on_drop: false }`
[INFO] running `Command { std: "docker" "rm" "-f" "cb612be8fb0e778e5edd90687184b69a584b934de59ba1077c0582698c3803bc", kill_on_drop: false }`
[INFO] [stdout] cb612be8fb0e778e5edd90687184b69a584b934de59ba1077c0582698c3803bc
[INFO] running `Command { std: "docker" "create" "-v" "/var/lib/crater-agent-workspace/builds/worker-6-tc1/target:/opt/rustwide/target:rw,Z" "-v" "/var/lib/crater-agent-workspace/builds/worker-6-tc1/source:/opt/rustwide/workdir:ro,Z" "-v" "/var/lib/crater-agent-workspace/cargo-home:/opt/rustwide/cargo-home:ro,Z" "-v" "/var/lib/crater-agent-workspace/rustup-home:/opt/rustwide/rustup-home:ro,Z" "-e" "SOURCE_DIR=/opt/rustwide/workdir" "-e" "CARGO_TARGET_DIR=/opt/rustwide/target" "-e" "CARGO_INCREMENTAL=0" "-e" "RUST_BACKTRACE=full" "-e" "RUSTFLAGS=--cap-lints=warn" "-e" "RUSTDOCFLAGS=--cap-lints=warn" "-e" "CARGO_HOME=/opt/rustwide/cargo-home" "-e" "RUSTUP_HOME=/opt/rustwide/rustup-home" "-w" "/opt/rustwide/workdir" "-m" "1610612736" "--user" "0:0" "--network" "none" "ghcr.io/rust-lang/crates-build-env/linux@sha256:2788e3201cd34a07e3172128adcd8b3090168a8e3bcc40d7c032b9dda1df7d1c" "/opt/rustwide/cargo-home/bin/cargo" "+1.75.0" "build" "--frozen" "--message-format=json", kill_on_drop: false }`
[INFO] [stdout] b380aeac62ea068c6db32befce101ce96ddc22cca09a34b0aedb202658df938b
[INFO] running `Command { std: "docker" "start" "-a" "b380aeac62ea068c6db32befce101ce96ddc22cca09a34b0aedb202658df938b", kill_on_drop: false }`
[INFO] [stderr]    Compiling libc v0.2.137
[INFO] [stderr]    Compiling proc-macro2 v1.0.47
[INFO] [stderr]    Compiling quote v1.0.21
[INFO] [stderr]    Compiling unicode-ident v1.0.5
[INFO] [stderr]    Compiling syn v1.0.103
[INFO] [stderr]    Compiling once_cell v1.16.0
[INFO] [stderr]    Compiling bytes v1.2.1
[INFO] [stderr]    Compiling futures-core v0.3.25
[INFO] [stderr]    Compiling log v0.4.17
[INFO] [stderr]    Compiling cc v1.0.76
[INFO] [stderr]    Compiling futures-sink v0.3.25
[INFO] [stderr]    Compiling typenum v1.15.0
[INFO] [stderr]    Compiling generic-array v0.14.6
[INFO] [stderr]    Compiling slab v0.4.7
[INFO] [stderr]    Compiling itoa v1.0.4
[INFO] [stderr]    Compiling futures-task v0.3.25
[INFO] [stderr]    Compiling parking_lot_core v0.9.4
[INFO] [stderr]    Compiling futures-util v0.3.25
[INFO] [stderr]    Compiling serde_derive v1.0.147
[INFO] [stderr]    Compiling ahash v0.7.6
[INFO] [stderr]    Compiling tokio v1.21.2
[INFO] [stderr]    Compiling openssl v0.10.42
[INFO] [stderr]    Compiling serde v1.0.147
[INFO] [stderr]    Compiling native-tls v0.2.11
[INFO] [stderr]    Compiling openssl-probe v0.1.5
[INFO] [stderr]    Compiling cpufeatures v0.2.5
[INFO] [stderr]    Compiling serde_json v1.0.87
[INFO] [stderr]    Compiling tinyvec_macros v0.1.0
[INFO] [stderr]    Compiling ryu v1.0.11
[INFO] [stderr]    Compiling percent-encoding v2.2.0
[INFO] [stderr]    Compiling tinyvec v1.6.0
[INFO] [stderr]    Compiling tracing-core v0.1.30
[INFO] [stderr]    Compiling form_urlencoded v1.1.0
[INFO] [stderr]    Compiling parking_lot_core v0.8.5
[INFO] [stderr]    Compiling regex-syntax v0.6.28
[INFO] [stderr]    Compiling instant v0.1.12
[INFO] [stderr]    Compiling futures-channel v0.3.25
[INFO] [stderr]    Compiling vcpkg v0.2.15
[INFO] [stderr]    Compiling fnv v1.0.7
[INFO] [stderr]    Compiling crossbeam-utils v0.8.12
[INFO] [stderr]    Compiling byteorder v1.4.3
[INFO] [stderr]    Compiling unicode-bidi v0.3.8
[INFO] [stderr]    Compiling crc32fast v1.3.2
[INFO] [stderr]    Compiling http v0.2.8
[INFO] [stderr]    Compiling unicase v2.6.0
[INFO] [stderr]    Compiling indexmap v1.9.1
[INFO] [stderr]    Compiling adler v1.0.2
[INFO] [stderr]    Compiling thiserror v1.0.37
[INFO] [stderr]    Compiling num_cpus v1.14.0
[INFO] [stderr]    Compiling socket2 v0.4.7
[INFO] [stderr]    Compiling mio v0.8.5
[INFO] [stderr]    Compiling signal-hook-registry v1.4.0
[INFO] [stderr]    Compiling openssl-sys v0.9.77
[INFO] [stderr]    Compiling parking_lot v0.12.1
[INFO] [stderr]    Compiling getrandom v0.2.8
[INFO] [stderr]    Compiling unicode-normalization v0.1.22
[INFO] [stderr]    Compiling libsqlite3-sys v0.24.2
[INFO] [stderr]    Compiling tower-service v0.3.2
[INFO] [stderr]    Compiling crossbeam-queue v0.3.6
[INFO] [stderr]    Compiling minimal-lexical v0.2.1
[INFO] [stderr]    Compiling hashbrown v0.12.3
[INFO] [stderr]    Compiling either v1.8.0
[INFO] [stderr]    Compiling parking_lot v0.11.2
[INFO] [stderr]    Compiling block-buffer v0.10.3
[INFO] [stderr]    Compiling crypto-common v0.1.6
[INFO] [stderr]    Compiling itertools v0.10.5
[INFO] [stderr]    Compiling nom v7.1.1
[INFO] [stderr]    Compiling idna v0.3.0
[INFO] [stderr]    Compiling http-body v0.4.5
[INFO] [stderr]    Compiling digest v0.10.5
[INFO] [stderr]    Compiling miniz_oxide v0.5.4
[INFO] [stderr]    Compiling sha2 v0.10.6
[INFO] [stderr]    Compiling dirs-sys v0.3.7
[INFO] [stderr]    Compiling spin v0.9.4
[INFO] [stderr]    Compiling async-trait v0.1.58
[INFO] [stderr]    Compiling tower-layer v0.3.2
[INFO] [stderr]    Compiling unicode_categories v0.1.1
[INFO] [stderr]    Compiling same-file v1.0.6
[INFO] [stderr]    Compiling httparse v1.8.0
[INFO] [stderr]    Compiling crc-catalog v2.1.0
[INFO] [stderr]    Compiling walkdir v2.3.2
[INFO] [stderr]    Compiling crc v3.0.0
[INFO] [stderr]    Compiling futures-executor v0.3.25
[INFO] [stderr]    Compiling flate2 v1.0.24
[INFO] [stderr]    Compiling dirs v4.0.0
[INFO] [stderr]    Compiling url v2.3.1
[INFO] [stderr]    Compiling atoi v1.0.0
[INFO] [stderr]    Compiling proc-macro-error-attr v1.0.4
[INFO] [stderr]    Compiling hashlink v0.8.1
[INFO] [stderr]    Compiling futures-intrusive v0.4.2
[INFO] [stderr]    Compiling stringprep v0.1.2
[INFO] [stderr]    Compiling aho-corasick v0.7.19
[INFO] [stderr]    Compiling event-listener v2.5.3
[INFO] [stderr]    Compiling try-lock v0.2.3
[INFO] [stderr]    Compiling dotenvy v0.15.6
[INFO] [stderr]    Compiling mime v0.3.16
[INFO] [stderr]    Compiling paste v1.0.9
[INFO] [stderr]    Compiling zip v0.6.3
[INFO] [stderr]    Compiling want v0.3.0
[INFO] [stderr]    Compiling mime_guess v2.0.4
[INFO] [stderr]    Compiling shellexpand v2.1.2
[INFO] [stderr]    Compiling rust-embed-utils v7.3.0
[INFO] [stderr]    Compiling httpdate v1.0.2
[INFO] [stderr]    Compiling sqlformat v0.2.0
[INFO] [stderr]    Compiling regex v1.7.0
[INFO] [stderr]    Compiling http-range-header v0.3.0
[INFO] [stderr]    Compiling unicode-segmentation v1.10.0
[INFO] [stderr]    Compiling regex-automata v0.1.10
[INFO] [stderr]    Compiling sync_wrapper v0.1.1
[INFO] [stderr]    Compiling overload v0.1.1
[INFO] [stderr]    Compiling anyhow v1.0.66
[INFO] [stderr]    Compiling matchit v0.5.0
[INFO] [stderr]    Compiling tracing-log v0.1.3
[INFO] [stderr]    Compiling nu-ansi-term v0.46.0
[INFO] [stderr]    Compiling sharded-slab v0.1.4
[INFO] [stderr]    Compiling heck v0.4.0
[INFO] [stderr]    Compiling thread_local v1.1.4
[INFO] [stderr]    Compiling proc-macro-error v1.0.4
[INFO] [stderr]    Compiling matchers v0.1.0
[INFO] [stderr]    Compiling tokio-stream v0.1.11
[INFO] [stderr]    Compiling openssl-macros v0.1.0
[INFO] [stderr]    Compiling tokio-macros v1.8.0
[INFO] [stderr]    Compiling pin-project-internal v1.0.12
[INFO] [stderr]    Compiling tracing-attributes v0.1.23
[INFO] [stderr]    Compiling thiserror-impl v1.0.37
[INFO] [stderr]    Compiling rust-embed-impl v6.3.1
[INFO] [stderr]    Compiling utoipa-gen v2.3.0
[INFO] [stderr]    Compiling utoipa-swagger-ui v2.0.1
[INFO] [stderr]    Compiling rust-embed v6.4.2
[INFO] [stderr]    Compiling axum-core v0.2.9
[INFO] [stderr]    Compiling pin-project v1.0.12
[INFO] [stderr]    Compiling flume v0.10.14
[INFO] [stderr]    Compiling tracing v0.1.37
[INFO] [stderr]    Compiling tracing-subscriber v0.3.16
[INFO] [stderr]    Compiling tokio-native-tls v0.3.0
[INFO] [stderr]    Compiling sqlx-rt v0.6.2
[INFO] [stderr]    Compiling tower v0.4.13
[INFO] [stderr]    Compiling hyper v0.14.23
[INFO] [stderr]    Compiling tower-http v0.3.4
[INFO] [stderr]    Compiling serde_urlencoded v0.7.1
[INFO] [stderr]    Compiling sqlx-core v0.6.2
[INFO] [stderr]    Compiling utoipa v2.3.0
[INFO] [stderr]    Compiling axum v0.5.17
[INFO] [stderr]    Compiling sqlx-macros v0.6.2
[INFO] [stderr]    Compiling sqlx v0.6.2
[INFO] [stderr]    Compiling axum_crud_api v0.1.0 (/opt/rustwide/workdir)
[INFO] [stderr]     Finished dev [unoptimized + debuginfo] target(s) in 23.55s
[INFO] running `Command { std: "docker" "inspect" "b380aeac62ea068c6db32befce101ce96ddc22cca09a34b0aedb202658df938b", kill_on_drop: false }`
[INFO] running `Command { std: "docker" "rm" "-f" "b380aeac62ea068c6db32befce101ce96ddc22cca09a34b0aedb202658df938b", kill_on_drop: false }`
[INFO] [stdout] b380aeac62ea068c6db32befce101ce96ddc22cca09a34b0aedb202658df938b
[INFO] running `Command { std: "docker" "create" "-v" "/var/lib/crater-agent-workspace/builds/worker-6-tc1/target:/opt/rustwide/target:rw,Z" "-v" "/var/lib/crater-agent-workspace/builds/worker-6-tc1/source:/opt/rustwide/workdir:ro,Z" "-v" "/var/lib/crater-agent-workspace/cargo-home:/opt/rustwide/cargo-home:ro,Z" "-v" "/var/lib/crater-agent-workspace/rustup-home:/opt/rustwide/rustup-home:ro,Z" "-e" "SOURCE_DIR=/opt/rustwide/workdir" "-e" "CARGO_TARGET_DIR=/opt/rustwide/target" "-e" "CARGO_INCREMENTAL=0" "-e" "RUST_BACKTRACE=full" "-e" "RUSTFLAGS=--cap-lints=warn" "-e" "RUSTDOCFLAGS=--cap-lints=warn" "-e" "CARGO_HOME=/opt/rustwide/cargo-home" "-e" "RUSTUP_HOME=/opt/rustwide/rustup-home" "-w" "/opt/rustwide/workdir" "-m" "1610612736" "--user" "0:0" "--network" "none" "ghcr.io/rust-lang/crates-build-env/linux@sha256:2788e3201cd34a07e3172128adcd8b3090168a8e3bcc40d7c032b9dda1df7d1c" "/opt/rustwide/cargo-home/bin/cargo" "+1.75.0" "test" "--frozen" "--no-run" "--message-format=json", kill_on_drop: false }`
[INFO] [stdout] 1d7a4c9d3d12b9d4f85711c603a87b7daefc9d2d145792f95401e99e378a3b12
[INFO] running `Command { std: "docker" "start" "-a" "1d7a4c9d3d12b9d4f85711c603a87b7daefc9d2d145792f95401e99e378a3b12", kill_on_drop: false }`
[INFO] [stderr]    Compiling hyper v0.14.23
[INFO] [stderr]    Compiling axum v0.5.17
[INFO] [stderr]    Compiling hyper-tls v0.5.0
[INFO] [stderr]    Compiling utoipa-swagger-ui v2.0.1
[INFO] [stderr]    Compiling axum_crud_api v0.1.0 (/opt/rustwide/workdir)
[INFO] [stderr]     Finished test [unoptimized + debuginfo] target(s) in 10.85s
[INFO] running `Command { std: "docker" "inspect" "1d7a4c9d3d12b9d4f85711c603a87b7daefc9d2d145792f95401e99e378a3b12", kill_on_drop: false }`
[INFO] running `Command { std: "docker" "rm" "-f" "1d7a4c9d3d12b9d4f85711c603a87b7daefc9d2d145792f95401e99e378a3b12", kill_on_drop: false }`
[INFO] [stdout] 1d7a4c9d3d12b9d4f85711c603a87b7daefc9d2d145792f95401e99e378a3b12
[INFO] running `Command { std: "docker" "create" "-v" "/var/lib/crater-agent-workspace/builds/worker-6-tc1/target:/opt/rustwide/target:rw,Z" "-v" "/var/lib/crater-agent-workspace/builds/worker-6-tc1/source:/opt/rustwide/workdir:ro,Z" "-v" "/var/lib/crater-agent-workspace/cargo-home:/opt/rustwide/cargo-home:ro,Z" "-v" "/var/lib/crater-agent-workspace/rustup-home:/opt/rustwide/rustup-home:ro,Z" "-e" "SOURCE_DIR=/opt/rustwide/workdir" "-e" "CARGO_TARGET_DIR=/opt/rustwide/target" "-e" "CARGO_INCREMENTAL=0" "-e" "RUST_BACKTRACE=full" "-e" "RUSTFLAGS=--cap-lints=warn" "-e" "RUSTDOCFLAGS=--cap-lints=warn" "-e" "CARGO_HOME=/opt/rustwide/cargo-home" "-e" "RUSTUP_HOME=/opt/rustwide/rustup-home" "-w" "/opt/rustwide/workdir" "-m" "1610612736" "--user" "0:0" "--network" "none" "ghcr.io/rust-lang/crates-build-env/linux@sha256:2788e3201cd34a07e3172128adcd8b3090168a8e3bcc40d7c032b9dda1df7d1c" "/opt/rustwide/cargo-home/bin/cargo" "+1.75.0" "test" "--frozen", kill_on_drop: false }`
[INFO] [stdout] 9dcc2fa80821ee5ea5b39ed617ac02896e876a1f8897187197c4c8f4da44895d
[INFO] running `Command { std: "docker" "start" "-a" "9dcc2fa80821ee5ea5b39ed617ac02896e876a1f8897187197c4c8f4da44895d", kill_on_drop: false }`
[INFO] [stderr]     Finished test [unoptimized + debuginfo] target(s) in 0.10s
[INFO] [stderr]      Running unittests src/main.rs (/opt/rustwide/target/debug/deps/axum_crud_api-8a19253743264c9b)
[INFO] [stdout] 
[INFO] [stdout] running 9 tests
[INFO] [stdout] test tests::test_create_two_tasks_and_list_tasks_e2e ... FAILED
[INFO] [stdout] test tests::test_create_and_delete_one_task_and_list_tasks_e2e ... FAILED
[INFO] [stdout] test tests::test_create_one_task_and_list_tasks_e2e ... FAILED
[INFO] [stdout] test tests::test_create_one_task_and_get_task_e2e ... FAILED
[INFO] [stdout] test tests::test_create_and_update_one_task_and_list_tasks_e2e ... FAILED
[INFO] [stdout] test tests::test_delete_wrong_task_e2e ... FAILED
[INFO] [stdout] test tests::test_get_wrong_task_e2e ... FAILED
[INFO] [stdout] test tests::test_list_empty_tasks_e2e ... FAILED
[INFO] [stdout] test tests::test_update_wrong_task_e2e ... FAILED
[INFO] [stdout] 
[INFO] [stdout] failures:
[INFO] [stdout] 
[INFO] [stdout] ---- tests::test_create_two_tasks_and_list_tasks_e2e stdout ----
[INFO] [stdout] Error: error returned from database: (code: 8) attempt to write a readonly database
[INFO] [stdout] 
[INFO] [stdout] Caused by:
[INFO] [stdout]     (code: 8) attempt to write a readonly database
[INFO] [stdout] 
[INFO] [stdout] ---- tests::test_create_and_delete_one_task_and_list_tasks_e2e stdout ----
[INFO] [stdout] Error: error returned from database: (code: 8) attempt to write a readonly database
[INFO] [stdout] 
[INFO] [stdout] Caused by:
[INFO] [stdout]     (code: 8) attempt to write a readonly database
[INFO] [stdout] 
[INFO] [stdout] ---- tests::test_create_one_task_and_list_tasks_e2e stdout ----
[INFO] [stdout] Error: error returned from database: (code: 8) attempt to write a readonly database
[INFO] [stdout] 
[INFO] [stdout] Caused by:
[INFO] [stdout]     (code: 8) attempt to write a readonly database
[INFO] [stdout] 
[INFO] [stdout] ---- tests::test_create_one_task_and_get_task_e2e stdout ----
[INFO] [stdout] Error: error returned from database: (code: 8) attempt to write a readonly database
[INFO] [stdout] 
[INFO] [stdout] Caused by:
[INFO] [stdout]     (code: 8) attempt to write a readonly database
[INFO] [stdout] 
[INFO] [stdout] ---- tests::test_create_and_update_one_task_and_list_tasks_e2e stdout ----
[INFO] [stdout] Error: error returned from database: (code: 8) attempt to write a readonly database
[INFO] [stdout] 
[INFO] [stdout] Caused by:
[INFO] [stdout]     (code: 8) attempt to write a readonly database
[INFO] [stdout] 
[INFO] [stdout] ---- tests::test_delete_wrong_task_e2e stdout ----
[INFO] [stdout] Error: error returned from database: (code: 8) attempt to write a readonly database
[INFO] [stdout] 
[INFO] [stdout] Caused by:
[INFO] [stdout]     (code: 8) attempt to write a readonly database
[INFO] [stdout] 
[INFO] [stdout] ---- tests::test_get_wrong_task_e2e stdout ----
[INFO] [stdout] Error: error returned from database: (code: 8) attempt to write a readonly database
[INFO] [stdout] 
[INFO] [stdout] Caused by:
[INFO] [stdout]     (code: 8) attempt to write a readonly database
[INFO] [stdout] 
[INFO] [stdout] ---- tests::test_list_empty_tasks_e2e stdout ----
[INFO] [stdout] Error: error returned from database: (code: 8) attempt to write a readonly database
[INFO] [stdout] 
[INFO] [stdout] Caused by:
[INFO] [stdout]     (code: 8) attempt to write a readonly database
[INFO] [stdout] 
[INFO] [stdout] ---- tests::test_update_wrong_task_e2e stdout ----
[INFO] [stdout] Error: error returned from database: (code: 8) attempt to write a readonly database
[INFO] [stdout] 
[INFO] [stdout] Caused by:
[INFO] [stdout]     (code: 8) attempt to write a readonly database
[INFO] [stdout] 
[INFO] [stdout] 
[INFO] [stdout] failures:
[INFO] [stdout]     tests::test_create_and_delete_one_task_and_list_tasks_e2e
[INFO] [stdout]     tests::test_create_and_update_one_task_and_list_tasks_e2e
[INFO] [stdout]     tests::test_create_one_task_and_get_task_e2e
[INFO] [stdout]     tests::test_create_one_task_and_list_tasks_e2e
[INFO] [stdout]     tests::test_create_two_tasks_and_list_tasks_e2e
[INFO] [stdout]     tests::test_delete_wrong_task_e2e
[INFO] [stdout]     tests::test_get_wrong_task_e2e
[INFO] [stdout]     tests::test_list_empty_tasks_e2e
[INFO] [stdout]     tests::test_update_wrong_task_e2e
[INFO] [stdout] 
[INFO] [stdout] test result: FAILED. 0 passed; 9 failed; 0 ignored; 0 measured; 0 filtered out; finished in 0.11s
[INFO] [stdout] 
[INFO] [stderr] error: test failed, to rerun pass `--bin axum_crud_api`
[INFO] running `Command { std: "docker" "inspect" "9dcc2fa80821ee5ea5b39ed617ac02896e876a1f8897187197c4c8f4da44895d", kill_on_drop: false }`
[INFO] running `Command { std: "docker" "rm" "-f" "9dcc2fa80821ee5ea5b39ed617ac02896e876a1f8897187197c4c8f4da44895d", kill_on_drop: false }`
[INFO] [stdout] 9dcc2fa80821ee5ea5b39ed617ac02896e876a1f8897187197c4c8f4da44895d
[INFO] testing Bodobolero/axum_crud_api against beta-2023-12-22 for beta-1.76-1
[INFO] running `Command { std: "git" "clone" "/workspace/cache/git-repos/https%3A%2F%2Fgithub.com%2FBodobolero%2Faxum_crud_api" "/workspace/builds/worker-6-tc2/source", kill_on_drop: false }`
[INFO] [stderr] Cloning into '/workspace/builds/worker-6-tc2/source'...
[INFO] [stderr] done.
[INFO] validating manifest of git repo https://github.com/Bodobolero/axum_crud_api on toolchain beta-2023-12-22
[INFO] running `Command { std: CARGO_HOME="/workspace/cargo-home" RUSTUP_HOME="/workspace/rustup-home" "/workspace/cargo-home/bin/cargo" "+beta-2023-12-22" "metadata" "--manifest-path" "Cargo.toml" "--no-deps", kill_on_drop: false }`
[INFO] started tweaking git repo https://github.com/Bodobolero/axum_crud_api
[INFO] finished tweaking git repo https://github.com/Bodobolero/axum_crud_api
[INFO] tweaked toml for git repo https://github.com/Bodobolero/axum_crud_api written to /workspace/builds/worker-6-tc2/source/Cargo.toml
[INFO] crate git repo https://github.com/Bodobolero/axum_crud_api already has a lockfile, it will not be regenerated
[INFO] running `Command { std: CARGO_HOME="/workspace/cargo-home" RUSTUP_HOME="/workspace/rustup-home" "/workspace/cargo-home/bin/cargo" "+beta-2023-12-22" "fetch" "--manifest-path" "Cargo.toml", kill_on_drop: false }`
[INFO] running `Command { std: "docker" "create" "-v" "/var/lib/crater-agent-workspace/builds/worker-6-tc2/target:/opt/rustwide/target:rw,Z" "-v" "/var/lib/crater-agent-workspace/builds/worker-6-tc2/source:/opt/rustwide/workdir:ro,Z" "-v" "/var/lib/crater-agent-workspace/cargo-home:/opt/rustwide/cargo-home:ro,Z" "-v" "/var/lib/crater-agent-workspace/rustup-home:/opt/rustwide/rustup-home:ro,Z" "-e" "SOURCE_DIR=/opt/rustwide/workdir" "-e" "CARGO_TARGET_DIR=/opt/rustwide/target" "-e" "CARGO_HOME=/opt/rustwide/cargo-home" "-e" "RUSTUP_HOME=/opt/rustwide/rustup-home" "-w" "/opt/rustwide/workdir" "-m" "1610612736" "--user" "0:0" "--network" "none" "ghcr.io/rust-lang/crates-build-env/linux@sha256:2788e3201cd34a07e3172128adcd8b3090168a8e3bcc40d7c032b9dda1df7d1c" "/opt/rustwide/cargo-home/bin/cargo" "+beta-2023-12-22" "metadata" "--no-deps" "--format-version=1", kill_on_drop: false }`
[INFO] [stdout] 1046f3e0ecc9e87625215076d52d78a96d40b3a5833f13d09cb6909d91041967
[INFO] running `Command { std: "docker" "start" "-a" "1046f3e0ecc9e87625215076d52d78a96d40b3a5833f13d09cb6909d91041967", kill_on_drop: false }`
[INFO] running `Command { std: "docker" "inspect" "1046f3e0ecc9e87625215076d52d78a96d40b3a5833f13d09cb6909d91041967", kill_on_drop: false }`
[INFO] running `Command { std: "docker" "rm" "-f" "1046f3e0ecc9e87625215076d52d78a96d40b3a5833f13d09cb6909d91041967", kill_on_drop: false }`
[INFO] [stdout] 1046f3e0ecc9e87625215076d52d78a96d40b3a5833f13d09cb6909d91041967
[INFO] running `Command { std: "docker" "create" "-v" "/var/lib/crater-agent-workspace/builds/worker-6-tc2/target:/opt/rustwide/target:rw,Z" "-v" "/var/lib/crater-agent-workspace/builds/worker-6-tc2/source:/opt/rustwide/workdir:ro,Z" "-v" "/var/lib/crater-agent-workspace/cargo-home:/opt/rustwide/cargo-home:ro,Z" "-v" "/var/lib/crater-agent-workspace/rustup-home:/opt/rustwide/rustup-home:ro,Z" "-e" "SOURCE_DIR=/opt/rustwide/workdir" "-e" "CARGO_TARGET_DIR=/opt/rustwide/target" "-e" "CARGO_INCREMENTAL=0" "-e" "RUST_BACKTRACE=full" "-e" "RUSTFLAGS=--cap-lints=warn" "-e" "RUSTDOCFLAGS=--cap-lints=warn" "-e" "CARGO_HOME=/opt/rustwide/cargo-home" "-e" "RUSTUP_HOME=/opt/rustwide/rustup-home" "-w" "/opt/rustwide/workdir" "-m" "1610612736" "--user" "0:0" "--network" "none" "ghcr.io/rust-lang/crates-build-env/linux@sha256:2788e3201cd34a07e3172128adcd8b3090168a8e3bcc40d7c032b9dda1df7d1c" "/opt/rustwide/cargo-home/bin/cargo" "+beta-2023-12-22" "build" "--frozen" "--message-format=json", kill_on_drop: false }`
[INFO] [stdout] 55eac5c9915959b1ec1ca55dad4a271acabd2274b92959bd29362d7706b701b4
[INFO] running `Command { std: "docker" "start" "-a" "55eac5c9915959b1ec1ca55dad4a271acabd2274b92959bd29362d7706b701b4", kill_on_drop: false }`
[INFO] [stderr]    Compiling proc-macro2 v1.0.47
[INFO] [stderr]    Compiling libc v0.2.137
[INFO] [stderr]    Compiling quote v1.0.21
[INFO] [stderr]    Compiling unicode-ident v1.0.5
[INFO] [stderr]    Compiling syn v1.0.103
[INFO] [stderr]    Compiling once_cell v1.16.0
[INFO] [stderr]    Compiling futures-core v0.3.25
[INFO] [stderr]    Compiling bytes v1.2.1
[INFO] [stderr]    Compiling log v0.4.17
[INFO] [stderr]    Compiling cc v1.0.76
[INFO] [stderr]    Compiling typenum v1.15.0
[INFO] [stderr]    Compiling futures-sink v0.3.25
[INFO] [stderr]    Compiling generic-array v0.14.6
[INFO] [stderr]    Compiling slab v0.4.7
[INFO] [stderr]    Compiling futures-task v0.3.25
[INFO] [stderr]    Compiling itoa v1.0.4
[INFO] [stderr]    Compiling parking_lot_core v0.9.4
[INFO] [stderr]    Compiling futures-util v0.3.25
[INFO] [stderr]    Compiling serde_derive v1.0.147
[INFO] [stderr]    Compiling ahash v0.7.6
[INFO] [stderr]    Compiling tokio v1.21.2
[INFO] [stderr]    Compiling openssl v0.10.42
[INFO] [stderr]    Compiling foreign-types-shared v0.1.1
[INFO] [stderr]    Compiling serde v1.0.147
[INFO] [stderr]    Compiling native-tls v0.2.11
[INFO] [stderr]    Compiling foreign-types v0.3.2
[INFO] [stderr]    Compiling openssl-probe v0.1.5
[INFO] [stderr]    Compiling cpufeatures v0.2.5
[INFO] [stderr]    Compiling tinyvec_macros v0.1.0
[INFO] [stderr]    Compiling serde_json v1.0.87
[INFO] [stderr]    Compiling ryu v1.0.11
[INFO] [stderr]    Compiling percent-encoding v2.2.0
[INFO] [stderr]    Compiling tinyvec v1.6.0
[INFO] [stderr]    Compiling tracing-core v0.1.30
[INFO] [stderr]    Compiling regex-syntax v0.6.28
[INFO] [stderr]    Compiling form_urlencoded v1.1.0
[INFO] [stderr]    Compiling parking_lot_core v0.8.5
[INFO] [stderr]    Compiling instant v0.1.12
[INFO] [stderr]    Compiling fnv v1.0.7
[INFO] [stderr]    Compiling unicode-bidi v0.3.8
[INFO] [stderr]    Compiling futures-channel v0.3.25
[INFO] [stderr]    Compiling vcpkg v0.2.15
[INFO] [stderr]    Compiling crossbeam-utils v0.8.12
[INFO] [stderr]    Compiling byteorder v1.4.3
[INFO] [stderr]    Compiling num_cpus v1.14.0
[INFO] [stderr]    Compiling socket2 v0.4.7
[INFO] [stderr]    Compiling mio v0.8.5
[INFO] [stderr]    Compiling signal-hook-registry v1.4.0
[INFO] [stderr]    Compiling getrandom v0.2.8
[INFO] [stderr]    Compiling parking_lot v0.12.1
[INFO] [stderr]    Compiling openssl-sys v0.9.77
[INFO] [stderr]    Compiling unicode-normalization v0.1.22
[INFO] [stderr]    Compiling crc32fast v1.3.2
[INFO] [stderr]    Compiling http v0.2.8
[INFO] [stderr]    Compiling hashbrown v0.12.3
[INFO] [stderr]    Compiling unicase v2.6.0
[INFO] [stderr]    Compiling indexmap v1.9.1
[INFO] [stderr]    Compiling adler v1.0.2
[INFO] [stderr]    Compiling thiserror v1.0.37
[INFO] [stderr]    Compiling minimal-lexical v0.2.1
[INFO] [stderr]    Compiling libsqlite3-sys v0.24.2
[INFO] [stderr]    Compiling either v1.8.0
[INFO] [stderr]    Compiling tower-service v0.3.2
[INFO] [stderr]    Compiling crossbeam-queue v0.3.6
[INFO] [stderr]    Compiling idna v0.3.0
[INFO] [stderr]    Compiling block-buffer v0.10.3
[INFO] [stderr]    Compiling crypto-common v0.1.6
[INFO] [stderr]    Compiling itertools v0.10.5
[INFO] [stderr]    Compiling nom v7.1.1
[INFO] [stderr]    Compiling miniz_oxide v0.5.4
[INFO] [stderr]    Compiling parking_lot v0.11.2
[INFO] [stderr]    Compiling digest v0.10.5
[INFO] [stderr]    Compiling sha2 v0.10.6
[INFO] [stderr]    Compiling http-body v0.4.5
[INFO] [stderr]    Compiling dirs-sys v0.3.7
[INFO] [stderr]    Compiling spin v0.9.4
[INFO] [stderr]    Compiling unicode_categories v0.1.1
[INFO] [stderr]    Compiling async-trait v0.1.58
[INFO] [stderr]    Compiling httparse v1.8.0
[INFO] [stderr]    Compiling crc-catalog v2.1.0
[INFO] [stderr]    Compiling tower-layer v0.3.2
[INFO] [stderr]    Compiling same-file v1.0.6
[INFO] [stderr]    Compiling crc v3.0.0
[INFO] [stderr]    Compiling futures-executor v0.3.25
[INFO] [stderr]    Compiling walkdir v2.3.2
[INFO] [stderr]    Compiling dirs v4.0.0
[INFO] [stderr]    Compiling flate2 v1.0.24
[INFO] [stderr]    Compiling url v2.3.1
[INFO] [stderr]    Compiling futures-intrusive v0.4.2
[INFO] [stderr]    Compiling atoi v1.0.0
[INFO] [stderr]    Compiling proc-macro-error-attr v1.0.4
[INFO] [stderr]    Compiling hashlink v0.8.1
[INFO] [stderr]    Compiling stringprep v0.1.2
[INFO] [stderr]    Compiling aho-corasick v0.7.19
[INFO] [stderr]    Compiling paste v1.0.9
[INFO] [stderr]    Compiling mime v0.3.16
[INFO] [stderr]    Compiling try-lock v0.2.3
[INFO] [stderr]    Compiling dotenvy v0.15.6
[INFO] [stderr]    Compiling event-listener v2.5.3
[INFO] [stderr]    Compiling hex v0.4.3
[INFO] [stderr]    Compiling want v0.3.0
[INFO] [stderr]    Compiling mime_guess v2.0.4
[INFO] [stderr]    Compiling zip v0.6.3
[INFO] [stderr]    Compiling rust-embed-utils v7.3.0
[INFO] [stderr]    Compiling sqlformat v0.2.0
[INFO] [stderr]    Compiling regex v1.7.0
[INFO] [stderr]    Compiling shellexpand v2.1.2
[INFO] [stderr]    Compiling httpdate v1.0.2
[INFO] [stderr]    Compiling unicode-segmentation v1.10.0
[INFO] [stderr]    Compiling http-range-header v0.3.0
[INFO] [stderr]    Compiling regex-automata v0.1.10
[INFO] [stderr]    Compiling anyhow v1.0.66
[INFO] [stderr]    Compiling sync_wrapper v0.1.1
[INFO] [stderr]    Compiling matchit v0.5.0
[INFO] [stderr]    Compiling overload v0.1.1
[INFO] [stderr]    Compiling sharded-slab v0.1.4
[INFO] [stderr]    Compiling heck v0.4.0
[INFO] [stderr]    Compiling nu-ansi-term v0.46.0
[INFO] [stderr]    Compiling tracing-log v0.1.3
[INFO] [stderr]    Compiling thread_local v1.1.4
[INFO] [stderr]    Compiling proc-macro-error v1.0.4
[INFO] [stderr]    Compiling matchers v0.1.0
[INFO] [stderr]    Compiling tokio-stream v0.1.11
[INFO] [stderr]    Compiling utoipa-swagger-ui v2.0.1
[INFO] [stderr]    Compiling openssl-macros v0.1.0
[INFO] [stderr]    Compiling tokio-macros v1.8.0
[INFO] [stderr]    Compiling pin-project-internal v1.0.12
[INFO] [stderr]    Compiling tracing-attributes v0.1.23
[INFO] [stderr]    Compiling thiserror-impl v1.0.37
[INFO] [stderr]    Compiling utoipa-gen v2.3.0
[INFO] [stderr]    Compiling rust-embed-impl v6.3.1
[INFO] [stderr]    Compiling rust-embed v6.4.2
[INFO] [stderr]    Compiling axum-core v0.2.9
[INFO] [stderr]    Compiling pin-project v1.0.12
[INFO] [stderr]    Compiling flume v0.10.14
[INFO] [stderr]    Compiling tracing v0.1.37
[INFO] [stderr]    Compiling tracing-subscriber v0.3.16
[INFO] [stderr]    Compiling tokio-native-tls v0.3.0
[INFO] [stderr]    Compiling sqlx-rt v0.6.2
[INFO] [stderr]    Compiling tower v0.4.13
[INFO] [stderr]    Compiling hyper v0.14.23
[INFO] [stderr]    Compiling tower-http v0.3.4
[INFO] [stderr]    Compiling serde_urlencoded v0.7.1
[INFO] [stderr]    Compiling sqlx-core v0.6.2
[INFO] [stderr]    Compiling utoipa v2.3.0
[INFO] [stderr]    Compiling axum v0.5.17
[INFO] [stderr]    Compiling sqlx-macros v0.6.2
[INFO] [stderr]    Compiling sqlx v0.6.2
[INFO] [stderr]    Compiling axum_crud_api v0.1.0 (/opt/rustwide/workdir)
[INFO] [stdout] warning: unused pinned boxed `Future` trait object that must be used
[INFO] [stdout]    --> src/main.rs:139:5
[INFO] [stdout]     |
[INFO] [stdout] 139 |     conn.close();
[INFO] [stdout]     |     ^^^^^^^^^^^^
[INFO] [stdout]     |
[INFO] [stdout]     = note: futures do nothing unless you `.await` or poll them
[INFO] [stdout]     = note: `#[warn(unused_must_use)]` on by default
[INFO] [stdout] 
[INFO] [stdout] 
[INFO] [stdout] warning: 1 warning emitted
[INFO] [stdout] 
[INFO] [stdout] 
[INFO] [stderr]     Finished dev [unoptimized + debuginfo] target(s) in 20.90s
[INFO] running `Command { std: "docker" "inspect" "55eac5c9915959b1ec1ca55dad4a271acabd2274b92959bd29362d7706b701b4", kill_on_drop: false }`
[INFO] running `Command { std: "docker" "rm" "-f" "55eac5c9915959b1ec1ca55dad4a271acabd2274b92959bd29362d7706b701b4", kill_on_drop: false }`
[INFO] [stdout] 55eac5c9915959b1ec1ca55dad4a271acabd2274b92959bd29362d7706b701b4
[INFO] running `Command { std: "docker" "create" "-v" "/var/lib/crater-agent-workspace/builds/worker-6-tc2/target:/opt/rustwide/target:rw,Z" "-v" "/var/lib/crater-agent-workspace/builds/worker-6-tc2/source:/opt/rustwide/workdir:ro,Z" "-v" "/var/lib/crater-agent-workspace/cargo-home:/opt/rustwide/cargo-home:ro,Z" "-v" "/var/lib/crater-agent-workspace/rustup-home:/opt/rustwide/rustup-home:ro,Z" "-e" "SOURCE_DIR=/opt/rustwide/workdir" "-e" "CARGO_TARGET_DIR=/opt/rustwide/target" "-e" "CARGO_INCREMENTAL=0" "-e" "RUST_BACKTRACE=full" "-e" "RUSTFLAGS=--cap-lints=warn" "-e" "RUSTDOCFLAGS=--cap-lints=warn" "-e" "CARGO_HOME=/opt/rustwide/cargo-home" "-e" "RUSTUP_HOME=/opt/rustwide/rustup-home" "-w" "/opt/rustwide/workdir" "-m" "1610612736" "--user" "0:0" "--network" "none" "ghcr.io/rust-lang/crates-build-env/linux@sha256:2788e3201cd34a07e3172128adcd8b3090168a8e3bcc40d7c032b9dda1df7d1c" "/opt/rustwide/cargo-home/bin/cargo" "+beta-2023-12-22" "test" "--frozen" "--no-run" "--message-format=json", kill_on_drop: false }`
[INFO] [stdout] f0e568f31755e2cd2c912d4c7f38dd244531ab8536b0258a760c601f33edf2ff
[INFO] running `Command { std: "docker" "start" "-a" "f0e568f31755e2cd2c912d4c7f38dd244531ab8536b0258a760c601f33edf2ff", kill_on_drop: false }`
[INFO] [stderr]    Compiling hyper v0.14.23
[INFO] [stderr]    Compiling axum v0.5.17
[INFO] [stderr]    Compiling hyper-tls v0.5.0
[INFO] [stderr]    Compiling utoipa-swagger-ui v2.0.1
[INFO] [stderr]    Compiling axum_crud_api v0.1.0 (/opt/rustwide/workdir)
[INFO] [stdout] warning: unused pinned boxed `Future` trait object that must be used
[INFO] [stdout]    --> src/main.rs:139:5
[INFO] [stdout]     |
[INFO] [stdout] 139 |     conn.close();
[INFO] [stdout]     |     ^^^^^^^^^^^^
[INFO] [stdout]     |
[INFO] [stdout]     = note: futures do nothing unless you `.await` or poll them
[INFO] [stdout]     = note: `#[warn(unused_must_use)]` on by default
[INFO] [stdout] 
[INFO] [stdout] 
[INFO] [stdout] warning: 1 warning emitted
[INFO] [stdout] 
[INFO] [stdout] 
[INFO] [stderr]     Finished test [unoptimized + debuginfo] target(s) in 9.24s
[INFO] running `Command { std: "docker" "inspect" "f0e568f31755e2cd2c912d4c7f38dd244531ab8536b0258a760c601f33edf2ff", kill_on_drop: false }`
[INFO] running `Command { std: "docker" "rm" "-f" "f0e568f31755e2cd2c912d4c7f38dd244531ab8536b0258a760c601f33edf2ff", kill_on_drop: false }`
[INFO] [stdout] f0e568f31755e2cd2c912d4c7f38dd244531ab8536b0258a760c601f33edf2ff
[INFO] running `Command { std: "docker" "create" "-v" "/var/lib/crater-agent-workspace/builds/worker-6-tc2/target:/opt/rustwide/target:rw,Z" "-v" "/var/lib/crater-agent-workspace/builds/worker-6-tc2/source:/opt/rustwide/workdir:ro,Z" "-v" "/var/lib/crater-agent-workspace/cargo-home:/opt/rustwide/cargo-home:ro,Z" "-v" "/var/lib/crater-agent-workspace/rustup-home:/opt/rustwide/rustup-home:ro,Z" "-e" "SOURCE_DIR=/opt/rustwide/workdir" "-e" "CARGO_TARGET_DIR=/opt/rustwide/target" "-e" "CARGO_INCREMENTAL=0" "-e" "RUST_BACKTRACE=full" "-e" "RUSTFLAGS=--cap-lints=warn" "-e" "RUSTDOCFLAGS=--cap-lints=warn" "-e" "CARGO_HOME=/opt/rustwide/cargo-home" "-e" "RUSTUP_HOME=/opt/rustwide/rustup-home" "-w" "/opt/rustwide/workdir" "-m" "1610612736" "--user" "0:0" "--network" "none" "ghcr.io/rust-lang/crates-build-env/linux@sha256:2788e3201cd34a07e3172128adcd8b3090168a8e3bcc40d7c032b9dda1df7d1c" "/opt/rustwide/cargo-home/bin/cargo" "+beta-2023-12-22" "test" "--frozen", kill_on_drop: false }`
[INFO] [stdout] 0aa1b416f4521a4d495204791a3af030006e892fe8b349737b09ba9de0e101aa
[INFO] running `Command { std: "docker" "start" "-a" "0aa1b416f4521a4d495204791a3af030006e892fe8b349737b09ba9de0e101aa", kill_on_drop: false }`
[INFO] [stderr] warning: unused pinned boxed `Future` trait object that must be used
[INFO] [stderr]    --> src/main.rs:139:5
[INFO] [stderr]     |
[INFO] [stderr] 139 |     conn.close();
[INFO] [stderr]     |     ^^^^^^^^^^^^
[INFO] [stderr]     |
[INFO] [stderr]     = note: futures do nothing unless you `.await` or poll them
[INFO] [stderr]     = note: `#[warn(unused_must_use)]` on by default
[INFO] [stderr] 
[INFO] [stderr] warning: `axum_crud_api` (bin "axum_crud_api" test) generated 1 warning
[INFO] [stderr]     Finished test [unoptimized + debuginfo] target(s) in 0.10s
[INFO] [stderr]      Running unittests src/main.rs (/opt/rustwide/target/debug/deps/axum_crud_api-cc42e62c420efffd)
[INFO] [stdout] 
[INFO] [stdout] running 9 tests
[INFO] [stdout] test tests::test_delete_wrong_task_e2e ... FAILED
[INFO] [stdout] test tests::test_create_one_task_and_list_tasks_e2e ... FAILED
[INFO] [stdout] test tests::test_get_wrong_task_e2e ... FAILED
[INFO] [stdout] test tests::test_list_empty_tasks_e2e ... FAILED
[INFO] [stdout] test tests::test_create_one_task_and_get_task_e2e ... FAILED
[INFO] [stdout] test tests::test_create_and_update_one_task_and_list_tasks_e2e ... FAILED
[INFO] [stdout] test tests::test_create_two_tasks_and_list_tasks_e2e ... FAILED
[INFO] [stdout] test tests::test_create_and_delete_one_task_and_list_tasks_e2e ... FAILED
[INFO] [stdout] test tests::test_update_wrong_task_e2e ... FAILED
[INFO] [stdout] 
[INFO] [stdout] failures:
[INFO] [stdout] 
[INFO] [stdout] ---- tests::test_delete_wrong_task_e2e stdout ----
[INFO] [stdout] Error: error returned from database: (code: 8) attempt to write a readonly database
[INFO] [stdout] 
[INFO] [stdout] Caused by:
[INFO] [stdout]     (code: 8) attempt to write a readonly database
[INFO] [stdout] 
[INFO] [stdout] ---- tests::test_create_one_task_and_list_tasks_e2e stdout ----
[INFO] [stdout] Error: error returned from database: (code: 8) attempt to write a readonly database
[INFO] [stdout] 
[INFO] [stdout] Caused by:
[INFO] [stdout]     (code: 8) attempt to write a readonly database
[INFO] [stdout] 
[INFO] [stdout] ---- tests::test_get_wrong_task_e2e stdout ----
[INFO] [stdout] Error: error returned from database: (code: 8) attempt to write a readonly database
[INFO] [stdout] 
[INFO] [stdout] Caused by:
[INFO] [stdout]     (code: 8) attempt to write a readonly database
[INFO] [stdout] 
[INFO] [stdout] ---- tests::test_list_empty_tasks_e2e stdout ----
[INFO] [stdout] Error: error returned from database: (code: 8) attempt to write a readonly database
[INFO] [stdout] 
[INFO] [stdout] Caused by:
[INFO] [stdout]     (code: 8) attempt to write a readonly database
[INFO] [stdout] 
[INFO] [stdout] ---- tests::test_create_one_task_and_get_task_e2e stdout ----
[INFO] [stdout] Error: error returned from database: (code: 8) attempt to write a readonly database
[INFO] [stdout] 
[INFO] [stdout] Caused by:
[INFO] [stdout]     (code: 8) attempt to write a readonly database
[INFO] [stdout] 
[INFO] [stdout] ---- tests::test_create_and_update_one_task_and_list_tasks_e2e stdout ----
[INFO] [stdout] Error: error returned from database: (code: 8) attempt to write a readonly database
[INFO] [stdout] 
[INFO] [stdout] Caused by:
[INFO] [stdout]     (code: 8) attempt to write a readonly database
[INFO] [stdout] 
[INFO] [stdout] ---- tests::test_create_two_tasks_and_list_tasks_e2e stdout ----
[INFO] [stdout] Error: error returned from database: (code: 8) attempt to write a readonly database
[INFO] [stdout] 
[INFO] [stdout] Caused by:
[INFO] [stdout]     (code: 8) attempt to write a readonly database
[INFO] [stdout] 
[INFO] [stdout] ---- tests::test_create_and_delete_one_task_and_list_tasks_e2e stdout ----
[INFO] [stdout] Error: error returned from database: (code: 8) attempt to write a readonly database
[INFO] [stdout] 
[INFO] [stdout] Caused by:
[INFO] [stdout]     (code: 8) attempt to write a readonly database
[INFO] [stdout] 
[INFO] [stdout] ---- tests::test_update_wrong_task_e2e stdout ----
[INFO] [stdout] Error: error returned from database: (code: 8) attempt to write a readonly database
[INFO] [stdout] 
[INFO] [stdout] Caused by:
[INFO] [stdout]     (code: 8) attempt to write a readonly database
[INFO] [stdout] 
[INFO] [stdout] 
[INFO] [stdout] failures:
[INFO] [stdout]     tests::test_create_and_delete_one_task_and_list_tasks_e2e
[INFO] [stdout]     tests::test_create_and_update_one_task_and_list_tasks_e2e
[INFO] [stdout]     tests::test_create_one_task_and_get_task_e2e
[INFO] [stdout]     tests::test_create_one_task_and_list_tasks_e2e
[INFO] [stdout]     tests::test_create_two_tasks_and_list_tasks_e2e
[INFO] [stdout]     tests::test_delete_wrong_task_e2e
[INFO] [stdout]     tests::test_get_wrong_task_e2e
[INFO] [stdout]     tests::test_list_empty_tasks_e2e
[INFO] [stdout]     tests::test_update_wrong_task_e2e
[INFO] [stdout] 
[INFO] [stdout] test result: FAILED. 0 passed; 9 failed; 0 ignored; 0 measured; 0 filtered out; finished in 0.11s
[INFO] [stdout] 
[INFO] [stderr] error: test failed, to rerun pass `--bin axum_crud_api`
[INFO] running `Command { std: "docker" "inspect" "0aa1b416f4521a4d495204791a3af030006e892fe8b349737b09ba9de0e101aa", kill_on_drop: false }`
[INFO] running `Command { std: "docker" "rm" "-f" "0aa1b416f4521a4d495204791a3af030006e892fe8b349737b09ba9de0e101aa", kill_on_drop: false }`
[INFO] [stdout] 0aa1b416f4521a4d495204791a3af030006e892fe8b349737b09ba9de0e101aa
