[INFO] cloning repository https://github.com/BobyClaws/genshin_map_generator
[INFO] running `Command { std: "git" "-c" "credential.helper=" "-c" "credential.helper=/workspace/cargo-home/bin/git-credential-null" "clone" "--bare" "https://github.com/BobyClaws/genshin_map_generator" "/workspace/cache/git-repos/https%3A%2F%2Fgithub.com%2FBobyClaws%2Fgenshin_map_generator", kill_on_drop: false }`
[INFO] [stderr] Cloning into bare repository '/workspace/cache/git-repos/https%3A%2F%2Fgithub.com%2FBobyClaws%2Fgenshin_map_generator'...
[INFO] running `Command { std: "git" "rev-parse" "HEAD", kill_on_drop: false }`
[INFO] [stdout] d62c28d2a85aba8e7222d97f05bcf04c6395e992
[INFO] testing BobyClaws/genshin_map_generator against 1.75.0 for beta-1.76-1
[INFO] running `Command { std: "git" "clone" "/workspace/cache/git-repos/https%3A%2F%2Fgithub.com%2FBobyClaws%2Fgenshin_map_generator" "/workspace/builds/worker-3-tc1/source", kill_on_drop: false }`
[INFO] [stderr] Cloning into '/workspace/builds/worker-3-tc1/source'...
[INFO] [stderr] done.
[INFO] validating manifest of git repo https://github.com/BobyClaws/genshin_map_generator on toolchain 1.75.0
[INFO] running `Command { std: CARGO_HOME="/workspace/cargo-home" RUSTUP_HOME="/workspace/rustup-home" "/workspace/cargo-home/bin/cargo" "+1.75.0" "metadata" "--manifest-path" "Cargo.toml" "--no-deps", kill_on_drop: false }`
[INFO] started tweaking git repo https://github.com/BobyClaws/genshin_map_generator
[INFO] finished tweaking git repo https://github.com/BobyClaws/genshin_map_generator
[INFO] tweaked toml for git repo https://github.com/BobyClaws/genshin_map_generator written to /workspace/builds/worker-3-tc1/source/Cargo.toml
[INFO] crate git repo https://github.com/BobyClaws/genshin_map_generator already has a lockfile, it will not be regenerated
[INFO] running `Command { std: CARGO_HOME="/workspace/cargo-home" RUSTUP_HOME="/workspace/rustup-home" "/workspace/cargo-home/bin/cargo" "+1.75.0" "fetch" "--manifest-path" "Cargo.toml", kill_on_drop: false }`
[INFO] [stderr]     Updating crates.io index
[INFO] [stderr]  Downloading crates ...
[INFO] [stderr]   Downloaded zune-inflate v0.2.51
[INFO] [stderr]   Downloaded reqwest-middleware v0.2.1
[INFO] [stderr]   Downloaded reflink v0.1.3
[INFO] [stderr]   Downloaded http-cache-reqwest v0.8.0
[INFO] [stderr]   Downloaded ssri v8.0.0
[INFO] [stderr]   Downloaded miette-derive v5.6.0
[INFO] [stderr]   Downloaded miette v5.6.0
[INFO] [stderr]   Downloaded quote v1.0.25
[INFO] [stderr]   Downloaded http-cache v0.10.1
[INFO] [stderr]   Downloaded cacache v11.4.0
[INFO] running `Command { std: "docker" "create" "-v" "/var/lib/crater-agent-workspace/builds/worker-3-tc1/target:/opt/rustwide/target:rw,Z" "-v" "/var/lib/crater-agent-workspace/builds/worker-3-tc1/source:/opt/rustwide/workdir:ro,Z" "-v" "/var/lib/crater-agent-workspace/cargo-home:/opt/rustwide/cargo-home:ro,Z" "-v" "/var/lib/crater-agent-workspace/rustup-home:/opt/rustwide/rustup-home:ro,Z" "-e" "SOURCE_DIR=/opt/rustwide/workdir" "-e" "CARGO_TARGET_DIR=/opt/rustwide/target" "-e" "CARGO_HOME=/opt/rustwide/cargo-home" "-e" "RUSTUP_HOME=/opt/rustwide/rustup-home" "-w" "/opt/rustwide/workdir" "-m" "1610612736" "--user" "0:0" "--network" "none" "ghcr.io/rust-lang/crates-build-env/linux@sha256:2788e3201cd34a07e3172128adcd8b3090168a8e3bcc40d7c032b9dda1df7d1c" "/opt/rustwide/cargo-home/bin/cargo" "+1.75.0" "metadata" "--no-deps" "--format-version=1", kill_on_drop: false }`
[INFO] [stdout] 06990e3961f7b01d6212c92b9f787e779beb82a730b5981fdb4a92a89269b182
[INFO] running `Command { std: "docker" "start" "-a" "06990e3961f7b01d6212c92b9f787e779beb82a730b5981fdb4a92a89269b182", kill_on_drop: false }`
[INFO] running `Command { std: "docker" "inspect" "06990e3961f7b01d6212c92b9f787e779beb82a730b5981fdb4a92a89269b182", kill_on_drop: false }`
[INFO] running `Command { std: "docker" "rm" "-f" "06990e3961f7b01d6212c92b9f787e779beb82a730b5981fdb4a92a89269b182", kill_on_drop: false }`
[INFO] [stdout] 06990e3961f7b01d6212c92b9f787e779beb82a730b5981fdb4a92a89269b182
[INFO] running `Command { std: "docker" "create" "-v" "/var/lib/crater-agent-workspace/builds/worker-3-tc1/target:/opt/rustwide/target:rw,Z" "-v" "/var/lib/crater-agent-workspace/builds/worker-3-tc1/source:/opt/rustwide/workdir:ro,Z" "-v" "/var/lib/crater-agent-workspace/cargo-home:/opt/rustwide/cargo-home:ro,Z" "-v" "/var/lib/crater-agent-workspace/rustup-home:/opt/rustwide/rustup-home:ro,Z" "-e" "SOURCE_DIR=/opt/rustwide/workdir" "-e" "CARGO_TARGET_DIR=/opt/rustwide/target" "-e" "CARGO_INCREMENTAL=0" "-e" "RUST_BACKTRACE=full" "-e" "RUSTFLAGS=--cap-lints=warn" "-e" "RUSTDOCFLAGS=--cap-lints=warn" "-e" "CARGO_HOME=/opt/rustwide/cargo-home" "-e" "RUSTUP_HOME=/opt/rustwide/rustup-home" "-w" "/opt/rustwide/workdir" "-m" "1610612736" "--user" "0:0" "--network" "none" "ghcr.io/rust-lang/crates-build-env/linux@sha256:2788e3201cd34a07e3172128adcd8b3090168a8e3bcc40d7c032b9dda1df7d1c" "/opt/rustwide/cargo-home/bin/cargo" "+1.75.0" "build" "--frozen" "--message-format=json", kill_on_drop: false }`
[INFO] [stdout] a08069116364b1a37ef26ebbd76e27b992fcf4c2c4514905955f5ca5855a6e91
[INFO] running `Command { std: "docker" "start" "-a" "a08069116364b1a37ef26ebbd76e27b992fcf4c2c4514905955f5ca5855a6e91", kill_on_drop: false }`
[INFO] [stderr]    Compiling autocfg v1.1.0
[INFO] [stderr]    Compiling proc-macro2 v1.0.52
[INFO] [stderr]    Compiling quote v1.0.25
[INFO] [stderr]    Compiling unicode-ident v1.0.8
[INFO] [stderr]    Compiling syn v1.0.109
[INFO] [stderr]    Compiling version_check v0.9.4
[INFO] [stderr]    Compiling libc v0.2.140
[INFO] [stderr]    Compiling futures-core v0.3.27
[INFO] [stderr]    Compiling memchr v2.5.0
[INFO] [stderr]    Compiling pin-project-lite v0.2.9
[INFO] [stderr]    Compiling value-bag v1.0.0-alpha.9
[INFO] [stderr]    Compiling log v0.4.17
[INFO] [stderr]    Compiling crossbeam-utils v0.8.15
[INFO] [stderr]    Compiling slab v0.4.8
[INFO] [stderr]    Compiling futures-io v0.3.27
[INFO] [stderr]    Compiling once_cell v1.17.1
[INFO] [stderr]    Compiling futures-sink v0.3.27
[INFO] [stderr]    Compiling itoa v1.0.6
[INFO] [stderr]    Compiling serde_derive v1.0.155
[INFO] [stderr]    Compiling serde v1.0.155
[INFO] [stderr]    Compiling bytes v1.4.0
[INFO] [stderr]    Compiling futures-channel v0.3.27
[INFO] [stderr]    Compiling futures-task v0.3.27
[INFO] [stderr]    Compiling bitflags v1.3.2
[INFO] [stderr]    Compiling pin-utils v0.1.0
[INFO] [stderr]    Compiling typenum v1.16.0
[INFO] [stderr]    Compiling generic-array v0.14.6
[INFO] [stderr]    Compiling pkg-config v0.3.26
[INFO] [stderr]    Compiling cc v1.0.79
[INFO] [stderr]    Compiling futures-util v0.3.27
[INFO] [stderr]    Compiling fastrand v1.9.0
[INFO] [stderr]    Compiling fnv v1.0.7
[INFO] [stderr]    Compiling event-listener v2.5.3
[INFO] [stderr]    Compiling scopeguard v1.1.0
[INFO] [stderr]    Compiling http v0.2.9
[INFO] [stderr]    Compiling concurrent-queue v2.1.0
[INFO] [stderr]    Compiling tokio v1.26.0
[INFO] [stderr]    Compiling memoffset v0.8.0
[INFO] [stderr]    Compiling num_cpus v1.15.0
[INFO] [stderr]    Compiling socket2 v0.4.9
[INFO] [stderr]    Compiling waker-fn v1.1.0
[INFO] [stderr]    Compiling parking v2.0.0
[INFO] [stderr]    Compiling futures-lite v1.12.0
[INFO] [stderr]    Compiling async-lock v2.7.0
[INFO] [stderr]    Compiling openssl-sys v0.9.80
[INFO] [stderr]    Compiling polling v2.6.0
[INFO] [stderr]    Compiling crossbeam-epoch v0.9.14
[INFO] [stderr]    Compiling tracing-core v0.1.30
[INFO] [stderr]    Compiling unicase v2.6.0
[INFO] [stderr]    Compiling indexmap v1.9.2
[INFO] [stderr]    Compiling async-io v1.12.0
[INFO] [stderr]    Compiling tinyvec_macros v0.1.1
[INFO] [stderr]    Compiling foreign-types-shared v0.1.1
[INFO] [stderr]    Compiling thiserror v1.0.39
[INFO] [stderr]    Compiling openssl v0.10.45
[INFO] [stderr]    Compiling foreign-types v0.3.2
[INFO] [stderr]    Compiling tinyvec v1.6.0
[INFO] [stderr]    Compiling crypto-common v0.1.6
[INFO] [stderr]    Compiling block-buffer v0.10.4
[INFO] [stderr]    Compiling tracing v0.1.37
[INFO] [stderr]    Compiling digest v0.10.6
[INFO] [stderr]    Compiling signal-hook v0.3.15
[INFO] [stderr]    Compiling cpufeatures v0.2.5
[INFO] [stderr]    Compiling native-tls v0.2.11
[INFO] [stderr]    Compiling percent-encoding v2.2.0
[INFO] [stderr]    Compiling io-lifetimes v1.0.6
[INFO] [stderr]    Compiling ryu v1.0.13
[INFO] [stderr]    Compiling rayon-core v1.11.0
[INFO] [stderr]    Compiling async-task v4.3.0
[INFO] [stderr]    Compiling serde_json v1.0.94
[INFO] [stderr]    Compiling httparse v1.8.0
[INFO] [stderr]    Compiling hashbrown v0.12.3
[INFO] [stderr]    Compiling either v1.8.1
[INFO] [stderr]    Compiling crossbeam-deque v0.8.3
[INFO] [stderr]    Compiling unicode-normalization v0.1.22
[INFO] [stderr]    Compiling form_urlencoded v1.1.0
[INFO] [stderr]    Compiling async-channel v1.8.0
[INFO] [stderr]    Compiling signal-hook-registry v1.4.1
[INFO] [stderr]    Compiling crossbeam-channel v0.5.7
[INFO] [stderr]    Compiling async-process v1.6.0
[INFO] [stderr]    Compiling lock_api v0.4.9
[INFO] [stderr]    Compiling atomic-waker v1.1.0
[INFO] [stderr]    Compiling adler v1.0.2
[INFO] [stderr]    Compiling openssl-probe v0.1.5
[INFO] [stderr]    Compiling try-lock v0.2.4
[INFO] [stderr]    Compiling base64 v0.21.0
[INFO] [stderr]    Compiling httpdate v1.0.2
[INFO] [stderr]    Compiling unicode-bidi v0.3.11
[INFO] [stderr]    Compiling crc32fast v1.3.2
[INFO] [stderr]    Compiling rustix v0.36.9
[INFO] [stderr]    Compiling miniz_oxide v0.6.2
[INFO] [stderr]    Compiling idna v0.3.0
[INFO] [stderr]    Compiling blocking v1.3.0
[INFO] [stderr]    Compiling mime_guess v2.0.4
[INFO] [stderr]    Compiling async-executor v1.5.0
[INFO] [stderr]    Compiling http-body v0.4.5
[INFO] [stderr]    Compiling num-traits v0.2.15
[INFO] [stderr]    Compiling unicode-width v0.1.10
[INFO] [stderr]    Compiling anyhow v1.0.69
[INFO] [stderr]    Compiling linux-raw-sys v0.1.4
[INFO] [stderr]    Compiling async-trait v0.1.66
[INFO] [stderr]    Compiling tower-service v0.3.2
[INFO] [stderr]    Compiling sha2 v0.10.6
[INFO] [stderr]    Compiling sha-1 v0.10.1
[INFO] [stderr]    Compiling getrandom v0.2.8
[INFO] [stderr]    Compiling num-integer v0.1.45
[INFO] [stderr]    Compiling hex v0.4.3
[INFO] [stderr]    Compiling time-core v0.1.0
[INFO] [stderr]    Compiling mime v0.3.16
[INFO] [stderr]    Compiling same-file v1.0.6
[INFO] [stderr]    Compiling walkdir v2.3.2
[INFO] [stderr]    Compiling time v0.3.20
[INFO] [stderr]    Compiling ctor v0.1.26
[INFO] [stderr]    Compiling futures-macro v0.3.27
[INFO] [stderr]    Compiling tokio-macros v1.8.2
[INFO] [stderr]    Compiling openssl-macros v0.1.0
[INFO] [stderr]    Compiling thiserror-impl v1.0.39
[INFO] [stderr]    Compiling miette-derive v5.6.0
[INFO] [stderr]    Compiling mio v0.8.6
[INFO] [stderr]    Compiling want v0.3.0
[INFO] [stderr]    Compiling miette v5.6.0
[INFO] [stderr]    Compiling async-global-executor v2.3.1
[INFO] [stderr]    Compiling kv-log-macro v1.0.7
[INFO] [stderr]    Compiling pin-project-internal v1.0.12
[INFO] [stderr]    Compiling async-std v1.12.0
[INFO] [stderr]    Compiling tempfile v3.4.0
[INFO] [stderr]    Compiling async-attributes v1.1.2
[INFO] [stderr]    Compiling futures-executor v0.3.27
[INFO] [stderr]    Compiling futures v0.3.27
[INFO] [stderr]    Compiling nanorand v0.7.0
[INFO] [stderr]    Compiling pin-project v1.0.12
[INFO] [stderr]    Compiling spin v0.9.5
[INFO] [stderr]    Compiling flate2 v1.0.25
[INFO] [stderr]    Compiling rayon v1.7.0
[INFO] [stderr]    Compiling sha1 v0.10.5
[INFO] [stderr]    Compiling memmap2 v0.5.10
[INFO] [stderr]    Compiling reflink v0.1.3
[INFO] [stderr]    Compiling num-rational v0.4.1
[INFO] [stderr]    Compiling tokio-util v0.7.7
[INFO] [stderr]    Compiling tokio-native-tls v0.3.1
[INFO] [stderr]    Compiling encoding_rs v0.8.32
[INFO] [stderr]    Compiling simd-adler32 v0.3.4
[INFO] [stderr]    Compiling h2 v0.3.16
[INFO] [stderr]    Compiling ipnet v2.7.1
[INFO] [stderr]    Compiling weezl v0.1.7
[INFO] [stderr]    Compiling zune-inflate v0.2.51
[INFO] [stderr]    Compiling flume v0.10.14
[INFO] [stderr]    Compiling task-local-extensions v0.1.4
[INFO] [stderr]    Compiling lebe v0.5.2
[INFO] [stderr]    Compiling jpeg-decoder v0.3.0
[INFO] [stderr]    Compiling url v2.3.1
[INFO] [stderr]    Compiling serde_urlencoded v0.7.1
[INFO] [stderr]    Compiling http-serde v1.1.2
[INFO] [stderr]    Compiling ssri v8.0.0
[INFO] [stderr]    Compiling http-cache-semantics v1.0.1
[INFO] [stderr]    Compiling cacache v11.4.0
[INFO] [stderr]    Compiling bincode v1.3.3
[INFO] [stderr]    Compiling bit_field v0.10.2
[INFO] [stderr]    Compiling smallvec v1.10.0
[INFO] [stderr]    Compiling half v2.2.1
[INFO] [stderr]    Compiling hyper v0.14.25
[INFO] [stderr]    Compiling color_quant v1.1.0
[INFO] [stderr]    Compiling exr v1.6.3
[INFO] [stderr]    Compiling gif v0.11.4
[INFO] [stderr]    Compiling tiff v0.8.1
[INFO] [stderr]    Compiling http-cache v0.10.1
[INFO] [stderr]    Compiling png v0.17.7
[INFO] [stderr]    Compiling bytemuck v1.13.1
[INFO] [stderr]    Compiling scoped_threadpool v0.1.9
[INFO] [stderr]    Compiling hyper-tls v0.5.0
[INFO] [stderr]    Compiling reqwest v0.11.14
[INFO] [stderr]    Compiling image v0.24.5
[INFO] [stderr]    Compiling reqwest-middleware v0.2.1
[INFO] [stderr]    Compiling http-cache-reqwest v0.8.0
[INFO] [stderr]    Compiling genshin_map_generator v0.1.0 (/opt/rustwide/workdir)
[INFO] [stdout] warning: unused import: `std::collections::HashMap`
[INFO] [stdout]  --> src/api/client.rs:1:5
[INFO] [stdout]   |
[INFO] [stdout] 1 | use std::collections::HashMap;
[INFO] [stdout]   |     ^^^^^^^^^^^^^^^^^^^^^^^^^
[INFO] [stdout]   |
[INFO] [stdout]   = note: `#[warn(unused_imports)]` on by default
[INFO] [stdout] 
[INFO] [stdout] 
[INFO] [stdout] warning: unused imports: `Deserialize`, `Serialize`
[INFO] [stdout]   --> src/api/client.rs:12:13
[INFO] [stdout]    |
[INFO] [stdout] 12 | use serde::{Deserialize, Serialize};
[INFO] [stdout]    |             ^^^^^^^^^^^  ^^^^^^^^^
[INFO] [stdout] 
[INFO] [stdout] 
[INFO] [stdout] warning: unused imports: `GenericImageView`, `RgbaImage`
[INFO] [stdout]  --> src/lib.rs:5:27
[INFO] [stdout]   |
[INFO] [stdout] 5 | use image::{DynamicImage, GenericImageView, RgbaImage};
[INFO] [stdout]   |                           ^^^^^^^^^^^^^^^^  ^^^^^^^^^
[INFO] [stdout] 
[INFO] [stdout] 
[INFO] [stdout] warning: unused import: `serde_json::map::Iter`
[INFO] [stdout]  --> src/lib.rs:6:5
[INFO] [stdout]   |
[INFO] [stdout] 6 | use serde_json::map::Iter;
[INFO] [stdout]   |     ^^^^^^^^^^^^^^^^^^^^^
[INFO] [stdout] 
[INFO] [stdout] 
[INFO] [stdout] warning: unused imports: `MarkerData`, `Marker`
[INFO] [stdout]   --> src/lib.rs:11:25
[INFO] [stdout]    |
[INFO] [stdout] 11 |         models::{Label, Marker, MarkerData, RegionData},
[INFO] [stdout]    |                         ^^^^^^  ^^^^^^^^^^
[INFO] [stdout] 
[INFO] [stdout] 
[INFO] [stdout] warning: variable does not need to be mutable
[INFO] [stdout]    --> src/api/client.rs:190:14
[INFO] [stdout]     |
[INFO] [stdout] 190 |         let  mut marker_data: MarkerData = serde_json::from_value(response["data"].take())?;
[INFO] [stdout]     |              ----^^^^^^^^^^^
[INFO] [stdout]     |              |
[INFO] [stdout]     |              help: remove this `mut`
[INFO] [stdout]     |
[INFO] [stdout]     = note: `#[warn(unused_mut)]` on by default
[INFO] [stdout] 
[INFO] [stdout] 
[INFO] [stdout] warning: method `get_abs_frame` is never used
[INFO] [stdout]   --> src/api/models.rs:49:8
[INFO] [stdout]    |
[INFO] [stdout] 47 | impl AreaData {
[INFO] [stdout]    | ------------- method in this implementation
[INFO] [stdout] 48 |     /// converts the relative frame from origin to absolute (from top left of the map)
[INFO] [stdout] 49 |     fn get_abs_frame(&self, old_origin: Point) -> Rect {
[INFO] [stdout]    |        ^^^^^^^^^^^^^
[INFO] [stdout]    |
[INFO] [stdout]    = note: `#[warn(dead_code)]` on by default
[INFO] [stdout] 
[INFO] [stdout] 
[INFO] [stdout] warning: 7 warnings emitted
[INFO] [stdout] 
[INFO] [stdout] 
[INFO] [stderr]     Finished dev [unoptimized + debuginfo] target(s) in 1m 18s
[INFO] running `Command { std: "docker" "inspect" "a08069116364b1a37ef26ebbd76e27b992fcf4c2c4514905955f5ca5855a6e91", kill_on_drop: false }`
[INFO] running `Command { std: "docker" "rm" "-f" "a08069116364b1a37ef26ebbd76e27b992fcf4c2c4514905955f5ca5855a6e91", kill_on_drop: false }`
[INFO] [stdout] a08069116364b1a37ef26ebbd76e27b992fcf4c2c4514905955f5ca5855a6e91
[INFO] running `Command { std: "docker" "create" "-v" "/var/lib/crater-agent-workspace/builds/worker-3-tc1/target:/opt/rustwide/target:rw,Z" "-v" "/var/lib/crater-agent-workspace/builds/worker-3-tc1/source:/opt/rustwide/workdir:ro,Z" "-v" "/var/lib/crater-agent-workspace/cargo-home:/opt/rustwide/cargo-home:ro,Z" "-v" "/var/lib/crater-agent-workspace/rustup-home:/opt/rustwide/rustup-home:ro,Z" "-e" "SOURCE_DIR=/opt/rustwide/workdir" "-e" "CARGO_TARGET_DIR=/opt/rustwide/target" "-e" "CARGO_INCREMENTAL=0" "-e" "RUST_BACKTRACE=full" "-e" "RUSTFLAGS=--cap-lints=warn" "-e" "RUSTDOCFLAGS=--cap-lints=warn" "-e" "CARGO_HOME=/opt/rustwide/cargo-home" "-e" "RUSTUP_HOME=/opt/rustwide/rustup-home" "-w" "/opt/rustwide/workdir" "-m" "1610612736" "--user" "0:0" "--network" "none" "ghcr.io/rust-lang/crates-build-env/linux@sha256:2788e3201cd34a07e3172128adcd8b3090168a8e3bcc40d7c032b9dda1df7d1c" "/opt/rustwide/cargo-home/bin/cargo" "+1.75.0" "test" "--frozen" "--no-run" "--message-format=json", kill_on_drop: false }`
[INFO] [stdout] 4821f0d720c95c349020443359bf8e414496c557d55657d0f46c2b8d033751dd
[INFO] running `Command { std: "docker" "start" "-a" "4821f0d720c95c349020443359bf8e414496c557d55657d0f46c2b8d033751dd", kill_on_drop: false }`
[INFO] [stdout] warning: unused import: `std::collections::HashMap`
[INFO] [stdout]  --> src/api/client.rs:1:5
[INFO] [stdout]   |
[INFO] [stdout] 1 | use std::collections::HashMap;
[INFO] [stdout]   |     ^^^^^^^^^^^^^^^^^^^^^^^^^
[INFO] [stdout]   |
[INFO] [stdout]   = note: `#[warn(unused_imports)]` on by default
[INFO] [stdout] 
[INFO] [stdout] 
[INFO] [stdout] warning: unused imports: `Deserialize`, `Serialize`
[INFO] [stdout]   --> src/api/client.rs:12:13
[INFO] [stdout]    |
[INFO] [stdout] 12 | use serde::{Deserialize, Serialize};
[INFO] [stdout]    |             ^^^^^^^^^^^  ^^^^^^^^^
[INFO] [stdout] 
[INFO] [stdout] 
[INFO] [stdout] warning: unused imports: `GenericImageView`, `RgbaImage`
[INFO] [stdout]  --> src/lib.rs:5:27
[INFO] [stdout]   |
[INFO] [stdout] 5 | use image::{DynamicImage, GenericImageView, RgbaImage};
[INFO] [stdout]   |                           ^^^^^^^^^^^^^^^^  ^^^^^^^^^
[INFO] [stdout] 
[INFO] [stdout] 
[INFO] [stdout] warning: unused import: `serde_json::map::Iter`
[INFO] [stdout]  --> src/lib.rs:6:5
[INFO] [stdout]   |
[INFO] [stdout] 6 | use serde_json::map::Iter;
[INFO] [stdout]   |     ^^^^^^^^^^^^^^^^^^^^^
[INFO] [stdout] 
[INFO] [stdout] 
[INFO] [stdout] warning: unused imports: `MarkerData`, `Marker`
[INFO] [stdout]   --> src/lib.rs:11:25
[INFO] [stdout]    |
[INFO] [stdout] 11 |         models::{Label, Marker, MarkerData, RegionData},
[INFO] [stdout]    |                         ^^^^^^  ^^^^^^^^^^
[INFO] [stdout] 
[INFO] [stdout] 
[INFO] [stdout] warning: variable does not need to be mutable
[INFO] [stdout]    --> src/api/client.rs:190:14
[INFO] [stdout]     |
[INFO] [stdout] 190 |         let  mut marker_data: MarkerData = serde_json::from_value(response["data"].take())?;
[INFO] [stdout]     |              ----^^^^^^^^^^^
[INFO] [stdout]     |              |
[INFO] [stdout]     |              help: remove this `mut`
[INFO] [stdout]     |
[INFO] [stdout]     = note: `#[warn(unused_mut)]` on by default
[INFO] [stdout] 
[INFO] [stdout] 
[INFO] [stdout] warning: method `get_abs_frame` is never used
[INFO] [stdout]   --> src/api/models.rs:49:8
[INFO] [stdout]    |
[INFO] [stdout] 47 | impl AreaData {
[INFO] [stdout]    | ------------- method in this implementation
[INFO] [stdout] 48 |     /// converts the relative frame from origin to absolute (from top left of the map)
[INFO] [stdout] 49 |     fn get_abs_frame(&self, old_origin: Point) -> Rect {
[INFO] [stdout]    |        ^^^^^^^^^^^^^
[INFO] [stdout]    |
[INFO] [stdout]    = note: `#[warn(dead_code)]` on by default
[INFO] [stdout] 
[INFO] [stdout] 
[INFO] [stdout] warning: 7 warnings emitted
[INFO] [stdout] 
[INFO] [stdout] 
[INFO] [stderr]    Compiling genshin_map_generator v0.1.0 (/opt/rustwide/workdir)
[INFO] [stdout] warning: unused import: `std::collections::HashMap`
[INFO] [stdout]  --> src/api/client.rs:1:5
[INFO] [stdout]   |
[INFO] [stdout] 1 | use std::collections::HashMap;
[INFO] [stdout]   |     ^^^^^^^^^^^^^^^^^^^^^^^^^
[INFO] [stdout]   |
[INFO] [stdout]   = note: `#[warn(unused_imports)]` on by default
[INFO] [stdout] 
[INFO] [stdout] 
[INFO] [stdout] warning: unused imports: `Deserialize`, `Serialize`
[INFO] [stdout]   --> src/api/client.rs:12:13
[INFO] [stdout]    |
[INFO] [stdout] 12 | use serde::{Deserialize, Serialize};
[INFO] [stdout]    |             ^^^^^^^^^^^  ^^^^^^^^^
[INFO] [stdout] 
[INFO] [stdout] 
[INFO] [stdout] warning: unused imports: `GenericImageView`, `RgbaImage`
[INFO] [stdout]  --> src/lib.rs:5:27
[INFO] [stdout]   |
[INFO] [stdout] 5 | use image::{DynamicImage, GenericImageView, RgbaImage};
[INFO] [stdout]   |                           ^^^^^^^^^^^^^^^^  ^^^^^^^^^
[INFO] [stdout] 
[INFO] [stdout] 
[INFO] [stdout] warning: unused import: `serde_json::map::Iter`
[INFO] [stdout]  --> src/lib.rs:6:5
[INFO] [stdout]   |
[INFO] [stdout] 6 | use serde_json::map::Iter;
[INFO] [stdout]   |     ^^^^^^^^^^^^^^^^^^^^^
[INFO] [stdout] 
[INFO] [stdout] 
[INFO] [stdout] warning: unused imports: `MarkerData`, `Marker`
[INFO] [stdout]   --> src/lib.rs:11:25
[INFO] [stdout]    |
[INFO] [stdout] 11 |         models::{Label, Marker, MarkerData, RegionData},
[INFO] [stdout]    |                         ^^^^^^  ^^^^^^^^^^
[INFO] [stdout] 
[INFO] [stdout] 
[INFO] [stdout] warning: variable does not need to be mutable
[INFO] [stdout]    --> src/api/client.rs:190:14
[INFO] [stdout]     |
[INFO] [stdout] 190 |         let  mut marker_data: MarkerData = serde_json::from_value(response["data"].take())?;
[INFO] [stdout]     |              ----^^^^^^^^^^^
[INFO] [stdout]     |              |
[INFO] [stdout]     |              help: remove this `mut`
[INFO] [stdout]     |
[INFO] [stdout]     = note: `#[warn(unused_mut)]` on by default
[INFO] [stdout] 
[INFO] [stdout] 
[INFO] [stdout] warning: unused variable: `marker_data`
[INFO] [stdout]    --> src/api/client.rs:286:20
[INFO] [stdout]     |
[INFO] [stdout] 286 |                 Ok(marker_data) => {
[INFO] [stdout]     |                    ^^^^^^^^^^^ help: if this is intentional, prefix it with an underscore: `_marker_data`
[INFO] [stdout]     |
[INFO] [stdout]     = note: `#[warn(unused_variables)]` on by default
[INFO] [stdout] 
[INFO] [stdout] 
[INFO] [stdout] warning: method `get_abs_frame` is never used
[INFO] [stdout]   --> src/api/models.rs:49:8
[INFO] [stdout]    |
[INFO] [stdout] 47 | impl AreaData {
[INFO] [stdout]    | ------------- method in this implementation
[INFO] [stdout] 48 |     /// converts the relative frame from origin to absolute (from top left of the map)
[INFO] [stdout] 49 |     fn get_abs_frame(&self, old_origin: Point) -> Rect {
[INFO] [stdout]    |        ^^^^^^^^^^^^^
[INFO] [stdout]    |
[INFO] [stdout]    = note: `#[warn(dead_code)]` on by default
[INFO] [stdout] 
[INFO] [stdout] 
[INFO] [stdout] warning: 8 warnings emitted
[INFO] [stdout] 
[INFO] [stdout] 
[INFO] [stderr]     Finished test [unoptimized + debuginfo] target(s) in 8.37s
[INFO] running `Command { std: "docker" "inspect" "4821f0d720c95c349020443359bf8e414496c557d55657d0f46c2b8d033751dd", kill_on_drop: false }`
[INFO] running `Command { std: "docker" "rm" "-f" "4821f0d720c95c349020443359bf8e414496c557d55657d0f46c2b8d033751dd", kill_on_drop: false }`
[INFO] [stdout] 4821f0d720c95c349020443359bf8e414496c557d55657d0f46c2b8d033751dd
[INFO] running `Command { std: "docker" "create" "-v" "/var/lib/crater-agent-workspace/builds/worker-3-tc1/target:/opt/rustwide/target:rw,Z" "-v" "/var/lib/crater-agent-workspace/builds/worker-3-tc1/source:/opt/rustwide/workdir:ro,Z" "-v" "/var/lib/crater-agent-workspace/cargo-home:/opt/rustwide/cargo-home:ro,Z" "-v" "/var/lib/crater-agent-workspace/rustup-home:/opt/rustwide/rustup-home:ro,Z" "-e" "SOURCE_DIR=/opt/rustwide/workdir" "-e" "CARGO_TARGET_DIR=/opt/rustwide/target" "-e" "CARGO_INCREMENTAL=0" "-e" "RUST_BACKTRACE=full" "-e" "RUSTFLAGS=--cap-lints=warn" "-e" "RUSTDOCFLAGS=--cap-lints=warn" "-e" "CARGO_HOME=/opt/rustwide/cargo-home" "-e" "RUSTUP_HOME=/opt/rustwide/rustup-home" "-w" "/opt/rustwide/workdir" "-m" "1610612736" "--user" "0:0" "--network" "none" "ghcr.io/rust-lang/crates-build-env/linux@sha256:2788e3201cd34a07e3172128adcd8b3090168a8e3bcc40d7c032b9dda1df7d1c" "/opt/rustwide/cargo-home/bin/cargo" "+1.75.0" "test" "--frozen", kill_on_drop: false }`
[INFO] [stdout] 16e09db6971847a9cead2d7b03cf7068227405f1f4915f49a07d987c17e845bf
[INFO] running `Command { std: "docker" "start" "-a" "16e09db6971847a9cead2d7b03cf7068227405f1f4915f49a07d987c17e845bf", kill_on_drop: false }`
[INFO] [stderr] warning: unused import: `std::collections::HashMap`
[INFO] [stderr]  --> src/api/client.rs:1:5
[INFO] [stderr]   |
[INFO] [stderr] 1 | use std::collections::HashMap;
[INFO] [stderr]   |     ^^^^^^^^^^^^^^^^^^^^^^^^^
[INFO] [stderr]   |
[INFO] [stderr]   = note: `#[warn(unused_imports)]` on by default
[INFO] [stderr] 
[INFO] [stderr] warning: unused imports: `Deserialize`, `Serialize`
[INFO] [stderr]   --> src/api/client.rs:12:13
[INFO] [stderr]    |
[INFO] [stderr] 12 | use serde::{Deserialize, Serialize};
[INFO] [stderr]    |             ^^^^^^^^^^^  ^^^^^^^^^
[INFO] [stderr] 
[INFO] [stderr] warning: unused imports: `GenericImageView`, `RgbaImage`
[INFO] [stderr]  --> src/lib.rs:5:27
[INFO] [stderr]   |
[INFO] [stderr] 5 | use image::{DynamicImage, GenericImageView, RgbaImage};
[INFO] [stderr]   |                           ^^^^^^^^^^^^^^^^  ^^^^^^^^^
[INFO] [stderr] 
[INFO] [stderr] warning: unused import: `serde_json::map::Iter`
[INFO] [stderr]  --> src/lib.rs:6:5
[INFO] [stderr]   |
[INFO] [stderr] 6 | use serde_json::map::Iter;
[INFO] [stderr]   |     ^^^^^^^^^^^^^^^^^^^^^
[INFO] [stderr] 
[INFO] [stderr] warning: unused imports: `MarkerData`, `Marker`
[INFO] [stderr]   --> src/lib.rs:11:25
[INFO] [stderr]    |
[INFO] [stderr] 11 |         models::{Label, Marker, MarkerData, RegionData},
[INFO] [stderr]    |                         ^^^^^^  ^^^^^^^^^^
[INFO] [stderr] 
[INFO] [stderr] warning: variable does not need to be mutable
[INFO] [stderr]    --> src/api/client.rs:190:14
[INFO] [stderr]     |
[INFO] [stderr] 190 |         let  mut marker_data: MarkerData = serde_json::from_value(response["data"].take())?;
[INFO] [stderr]     |              ----^^^^^^^^^^^
[INFO] [stderr]     |              |
[INFO] [stderr]     |              help: remove this `mut`
[INFO] [stderr]     |
[INFO] [stderr]     = note: `#[warn(unused_mut)]` on by default
[INFO] [stderr] 
[INFO] [stderr] warning: method `get_abs_frame` is never used
[INFO] [stderr]   --> src/api/models.rs:49:8
[INFO] [stderr]    |
[INFO] [stderr] 47 | impl AreaData {
[INFO] [stderr]    | ------------- method in this implementation
[INFO] [stderr] 48 |     /// converts the relative frame from origin to absolute (from top left of the map)
[INFO] [stderr] 49 |     fn get_abs_frame(&self, old_origin: Point) -> Rect {
[INFO] [stderr]    |        ^^^^^^^^^^^^^
[INFO] [stderr]    |
[INFO] [stderr]    = note: `#[warn(dead_code)]` on by default
[INFO] [stderr] 
[INFO] [stderr] warning: unused variable: `marker_data`
[INFO] [stderr]    --> src/api/client.rs:286:20
[INFO] [stderr]     |
[INFO] [stderr] 286 |                 Ok(marker_data) => {
[INFO] [stderr]     |                    ^^^^^^^^^^^ help: if this is intentional, prefix it with an underscore: `_marker_data`
[INFO] [stderr]     |
[INFO] [stderr]     = note: `#[warn(unused_variables)]` on by default
[INFO] [stderr] 
[INFO] [stderr] warning: `genshin_map_generator` (lib) generated 7 warnings (run `cargo fix --lib -p genshin_map_generator` to apply 6 suggestions)
[INFO] [stderr] warning: `genshin_map_generator` (lib test) generated 8 warnings (7 duplicates) (run `cargo fix --lib -p genshin_map_generator --tests` to apply 1 suggestion)
[INFO] [stderr]     Finished test [unoptimized + debuginfo] target(s) in 0.21s
[INFO] [stderr]      Running unittests src/lib.rs (/opt/rustwide/target/debug/deps/genshin_map_generator-03f3c4861af6b975)
[INFO] [stdout] 
[INFO] [stdout] running 7 tests
[INFO] [stdout] test shapes::rect::test::test2 ... ok
[INFO] [stdout] test api::client::test::test_fetch_regions ... ok
[INFO] [stdout] test api::client::test::test_fetch_map_ids ... ok
[INFO] [stdout] test api::client::test::test_fetch_marker_data ... ok
[INFO] [stdout] test api::client::test::test_fetch_areas ... ok
[INFO] [stdout] test test::test_gen_region_map ... FAILED
[INFO] [stdout] test api::client::test::test_get_map_chunk ... FAILED
[INFO] [stdout] 
[INFO] [stdout] failures:
[INFO] [stdout] 
[INFO] [stdout] ---- test::test_gen_region_map stdout ----
[INFO] [stdout] thread 'test::test_gen_region_map' panicked at src/lib.rs:235:18:
[INFO] [stdout] called `Result::unwrap()` on an `Err` value: Middleware error: Request error: error sending request for url (https://sg-public-api.hoyolab.com/common/map_user/ys_obc/v1/map/list?app_sn=ys_obc&lang=en-us): error trying to connect: dns error: failed to lookup address information: Temporary failure in name resolution
[INFO] [stdout] 
[INFO] [stdout] Caused by:
[INFO] [stdout]     0: Request error: error sending request for url (https://sg-public-api.hoyolab.com/common/map_user/ys_obc/v1/map/list?app_sn=ys_obc&lang=en-us): error trying to connect: dns error: failed to lookup address information: Temporary failure in name resolution
[INFO] [stdout]     1: error sending request for url (https://sg-public-api.hoyolab.com/common/map_user/ys_obc/v1/map/list?app_sn=ys_obc&lang=en-us): error trying to connect: dns error: failed to lookup address information: Temporary failure in name resolution
[INFO] [stdout]     2: error trying to connect: dns error: failed to lookup address information: Temporary failure in name resolution
[INFO] [stdout]     3: dns error: failed to lookup address information: Temporary failure in name resolution
[INFO] [stdout]     4: failed to lookup address information: Temporary failure in name resolution
[INFO] [stdout] stack backtrace:
[INFO] [stdout]    0:     0x5622c960b53c - std::backtrace_rs::backtrace::libunwind::trace::ha637c64ce894333a
[INFO] [stdout]                                at /rustc/82e1608dfa6e0b5569232559e3d385fea5a93112/library/std/src/../../backtrace/src/backtrace/libunwind.rs:104:5
[INFO] [stdout]    1:     0x5622c960b53c - std::backtrace_rs::backtrace::trace_unsynchronized::h47f62dea28e0c88d
[INFO] [stdout]                                at /rustc/82e1608dfa6e0b5569232559e3d385fea5a93112/library/std/src/../../backtrace/src/backtrace/mod.rs:66:5
[INFO] [stdout]    2:     0x5622c960b53c - std::sys_common::backtrace::_print_fmt::h9eef0abe20ede486
[INFO] [stdout]                                at /rustc/82e1608dfa6e0b5569232559e3d385fea5a93112/library/std/src/sys_common/backtrace.rs:67:5
[INFO] [stdout]    3:     0x5622c960b53c - <std::sys_common::backtrace::_print::DisplayBacktrace as core::fmt::Display>::fmt::hed7f999df88cc644
[INFO] [stdout]                                at /rustc/82e1608dfa6e0b5569232559e3d385fea5a93112/library/std/src/sys_common/backtrace.rs:44:22
[INFO] [stdout]    4:     0x5622c963abd0 - core::fmt::rt::Argument::fmt::h1539a9308b8d058d
[INFO] [stdout]                                at /rustc/82e1608dfa6e0b5569232559e3d385fea5a93112/library/core/src/fmt/rt.rs:142:9
[INFO] [stdout]    5:     0x5622c963abd0 - core::fmt::write::h3a39390d8560d9c9
[INFO] [stdout]                                at /rustc/82e1608dfa6e0b5569232559e3d385fea5a93112/library/core/src/fmt/mod.rs:1120:17
[INFO] [stdout]    6:     0x5622c960834f - std::io::Write::write_fmt::h040b369f3a0f9cbc
[INFO] [stdout]                                at /rustc/82e1608dfa6e0b5569232559e3d385fea5a93112/library/std/src/io/mod.rs:1762:15
[INFO] [stdout]    7:     0x5622c960b324 - std::sys_common::backtrace::_print::h894006fb5c6f3d45
[INFO] [stdout]                                at /rustc/82e1608dfa6e0b5569232559e3d385fea5a93112/library/std/src/sys_common/backtrace.rs:47:5
[INFO] [stdout]    8:     0x5622c960b324 - std::sys_common::backtrace::print::h23a2d212c6fff936
[INFO] [stdout]                                at /rustc/82e1608dfa6e0b5569232559e3d385fea5a93112/library/std/src/sys_common/backtrace.rs:34:9
[INFO] [stdout]    9:     0x5622c960cfe7 - std::panicking::default_hook::{{closure}}::h8a1d2ee00185001a
[INFO] [stdout]   10:     0x5622c960ccd3 - std::panicking::default_hook::h6038f2eba384e475
[INFO] [stdout]                                at /rustc/82e1608dfa6e0b5569232559e3d385fea5a93112/library/std/src/panicking.rs:289:9
[INFO] [stdout]   11:     0x5622c8b03567 - <alloc::boxed::Box<F,A> as core::ops::function::Fn<Args>>::call::h0ad024c9bdc6d768
[INFO] [stdout]                                at /rustc/82e1608dfa6e0b5569232559e3d385fea5a93112/library/alloc/src/boxed.rs:2021:9
[INFO] [stdout]   12:     0x5622c8b03567 - test::test_main::{{closure}}::h7500b54257359db6
[INFO] [stdout]                                at /rustc/82e1608dfa6e0b5569232559e3d385fea5a93112/library/test/src/lib.rs:138:21
[INFO] [stdout]   13:     0x5622c960d5f8 - <alloc::boxed::Box<F,A> as core::ops::function::Fn<Args>>::call::h1f8f335eaa9cfaee
[INFO] [stdout]                                at /rustc/82e1608dfa6e0b5569232559e3d385fea5a93112/library/alloc/src/boxed.rs:2021:9
[INFO] [stdout]   14:     0x5622c960d5f8 - std::panicking::rust_panic_with_hook::h2b5517d590cab22e
[INFO] [stdout]                                at /rustc/82e1608dfa6e0b5569232559e3d385fea5a93112/library/std/src/panicking.rs:783:13
[INFO] [stdout]   15:     0x5622c960d34e - std::panicking::begin_panic_handler::{{closure}}::h233112c06e0ef43e
[INFO] [stdout]                                at /rustc/82e1608dfa6e0b5569232559e3d385fea5a93112/library/std/src/panicking.rs:657:13
[INFO] [stdout]   16:     0x5622c960ba06 - std::sys_common::backtrace::__rust_end_short_backtrace::h6e893f24d7ebbff8
[INFO] [stdout]                                at /rustc/82e1608dfa6e0b5569232559e3d385fea5a93112/library/std/src/sys_common/backtrace.rs:170:18
[INFO] [stdout]   17:     0x5622c960d0b2 - rust_begin_unwind
[INFO] [stdout]                                at /rustc/82e1608dfa6e0b5569232559e3d385fea5a93112/library/std/src/panicking.rs:645:5
[INFO] [stdout]   18:     0x5622c899d745 - core::panicking::panic_fmt::hbf0e066aabfa482c
[INFO] [stdout]                                at /rustc/82e1608dfa6e0b5569232559e3d385fea5a93112/library/core/src/panicking.rs:72:14
[INFO] [stdout]   19:     0x5622c899dd13 - core::result::unwrap_failed::hddb4fea594200c52
[INFO] [stdout]                                at /rustc/82e1608dfa6e0b5569232559e3d385fea5a93112/library/core/src/result.rs:1653:5
[INFO] [stdout]   20:     0x5622c89c246d - core::result::Result<T,E>::unwrap::h961cafaad554dc34
[INFO] [stdout]                                at /rustc/82e1608dfa6e0b5569232559e3d385fea5a93112/library/core/src/result.rs:1077:23
[INFO] [stdout]   21:     0x5622c8aa8e94 - genshin_map_generator::test::test_gen_region_map::{{closure}}::h69e1063d9f856d3b
[INFO] [stdout]                                at /opt/rustwide/workdir/src/lib.rs:232:25
[INFO] [stdout]   22:     0x5622c8a12b04 - tokio::runtime::park::CachedParkThread::block_on::{{closure}}::h669eff0de4dbf15a
[INFO] [stdout]                                at /opt/rustwide/cargo-home/registry/src/index.crates.io-6f17d22bba15001f/tokio-1.26.0/src/runtime/park.rs:283:63
[INFO] [stdout]   23:     0x5622c8a10195 - tokio::runtime::coop::with_budget::h591f5024db426bcf
[INFO] [stdout]                                at /opt/rustwide/cargo-home/registry/src/index.crates.io-6f17d22bba15001f/tokio-1.26.0/src/runtime/coop.rs:107:5
[INFO] [stdout]   24:     0x5622c8a10195 - tokio::runtime::coop::budget::hd77af98223202db8
[INFO] [stdout]                                at /opt/rustwide/cargo-home/registry/src/index.crates.io-6f17d22bba15001f/tokio-1.26.0/src/runtime/coop.rs:73:5
[INFO] [stdout]   25:     0x5622c8a10195 - tokio::runtime::park::CachedParkThread::block_on::h61462925bd356c41
[INFO] [stdout]                                at /opt/rustwide/cargo-home/registry/src/index.crates.io-6f17d22bba15001f/tokio-1.26.0/src/runtime/park.rs:283:31
[INFO] [stdout]   26:     0x5622c8a81d75 - tokio::runtime::context::BlockingRegionGuard::block_on::h408f57f47674960f
[INFO] [stdout]                                at /opt/rustwide/cargo-home/registry/src/index.crates.io-6f17d22bba15001f/tokio-1.26.0/src/runtime/context.rs:315:13
[INFO] [stdout]   27:     0x5622c8a1331d - tokio::runtime::scheduler::multi_thread::MultiThread::block_on::hdeb21cf307bcd4ee
[INFO] [stdout]                                at /opt/rustwide/cargo-home/registry/src/index.crates.io-6f17d22bba15001f/tokio-1.26.0/src/runtime/scheduler/multi_thread/mod.rs:66:9
[INFO] [stdout]   28:     0x5622c89dfa0b - tokio::runtime::runtime::Runtime::block_on::h730c047a51274c8e
[INFO] [stdout]                                at /opt/rustwide/cargo-home/registry/src/index.crates.io-6f17d22bba15001f/tokio-1.26.0/src/runtime/runtime.rs:304:45
[INFO] [stdout]   29:     0x5622c8aa8bb6 - genshin_map_generator::test::test_gen_region_map::hb5f986335661640d
[INFO] [stdout]                                at /opt/rustwide/workdir/src/lib.rs:230:9
[INFO] [stdout]   30:     0x5622c8aa8b47 - genshin_map_generator::test::test_gen_region_map::{{closure}}::h2f6b28de7abe39b1
[INFO] [stdout]                                at /opt/rustwide/workdir/src/lib.rs:227:29
[INFO] [stdout]   31:     0x5622c89e5be6 - core::ops::function::FnOnce::call_once::h1288986d8743b5c4
[INFO] [stdout]                                at /rustc/82e1608dfa6e0b5569232559e3d385fea5a93112/library/core/src/ops/function.rs:250:5
[INFO] [stdout]   32:     0x5622c8b08bbf - core::ops::function::FnOnce::call_once::h2b5d431d5046312d
[INFO] [stdout]                                at /rustc/82e1608dfa6e0b5569232559e3d385fea5a93112/library/core/src/ops/function.rs:250:5
[INFO] [stdout]   33:     0x5622c8b08bbf - test::__rust_begin_short_backtrace::h7714669af176e207
[INFO] [stdout]                                at /rustc/82e1608dfa6e0b5569232559e3d385fea5a93112/library/test/src/lib.rs:628:18
[INFO] [stdout]   34:     0x5622c8b07bd5 - test::run_test_in_process::{{closure}}::h85218797dcbcec12
[INFO] [stdout]                                at /rustc/82e1608dfa6e0b5569232559e3d385fea5a93112/library/test/src/lib.rs:651:60
[INFO] [stdout]   35:     0x5622c8b07bd5 - <core::panic::unwind_safe::AssertUnwindSafe<F> as core::ops::function::FnOnce<()>>::call_once::h76c106ea31c14d7b
[INFO] [stdout]                                at /rustc/82e1608dfa6e0b5569232559e3d385fea5a93112/library/core/src/panic/unwind_safe.rs:272:9
[INFO] [stdout]   36:     0x5622c8b07bd5 - std::panicking::try::do_call::h3bd5d0f6620ee946
[INFO] [stdout]                                at /rustc/82e1608dfa6e0b5569232559e3d385fea5a93112/library/std/src/panicking.rs:552:40
[INFO] [stdout]   37:     0x5622c8b07bd5 - std::panicking::try::h232e535e4744fe31
[INFO] [stdout]                                at /rustc/82e1608dfa6e0b5569232559e3d385fea5a93112/library/std/src/panicking.rs:516:19
[INFO] [stdout]   38:     0x5622c8b07bd5 - std::panic::catch_unwind::h3ce3bd6ca8dbac68
[INFO] [stdout]                                at /rustc/82e1608dfa6e0b5569232559e3d385fea5a93112/library/std/src/panic.rs:142:14
[INFO] [stdout]   39:     0x5622c8b07bd5 - test::run_test_in_process::hc97b257c9621286a
[INFO] [stdout]                                at /rustc/82e1608dfa6e0b5569232559e3d385fea5a93112/library/test/src/lib.rs:651:27
[INFO] [stdout]   40:     0x5622c8b07bd5 - test::run_test::{{closure}}::h2aa798823a438d38
[INFO] [stdout]                                at /rustc/82e1608dfa6e0b5569232559e3d385fea5a93112/library/test/src/lib.rs:574:43
[INFO] [stdout]   41:     0x5622c8acfe96 - test::run_test::{{closure}}::h87d231c78fb59832
[INFO] [stdout]                                at /rustc/82e1608dfa6e0b5569232559e3d385fea5a93112/library/test/src/lib.rs:602:41
[INFO] [stdout]   42:     0x5622c8acfe96 - std::sys_common::backtrace::__rust_begin_short_backtrace::he6df152596625789
[INFO] [stdout]                                at /rustc/82e1608dfa6e0b5569232559e3d385fea5a93112/library/std/src/sys_common/backtrace.rs:154:18
[INFO] [stdout]   43:     0x5622c8ad4f47 - std::thread::Builder::spawn_unchecked_::{{closure}}::{{closure}}::ha94be15d1e0acf36
[INFO] [stdout]                                at /rustc/82e1608dfa6e0b5569232559e3d385fea5a93112/library/std/src/thread/mod.rs:529:17
[INFO] [stdout]   44:     0x5622c8ad4f47 - <core::panic::unwind_safe::AssertUnwindSafe<F> as core::ops::function::FnOnce<()>>::call_once::h9dc6bd6372f16606
[INFO] [stdout]                                at /rustc/82e1608dfa6e0b5569232559e3d385fea5a93112/library/core/src/panic/unwind_safe.rs:272:9
[INFO] [stdout]   45:     0x5622c8ad4f47 - std::panicking::try::do_call::h9057517f80303cd4
[INFO] [stdout]                                at /rustc/82e1608dfa6e0b5569232559e3d385fea5a93112/library/std/src/panicking.rs:552:40
[INFO] [stdout]   46:     0x5622c8ad4f47 - std::panicking::try::he3a30b11ee45340c
[INFO] [stdout]                                at /rustc/82e1608dfa6e0b5569232559e3d385fea5a93112/library/std/src/panicking.rs:516:19
[INFO] [stdout]   47:     0x5622c8ad4f47 - std::panic::catch_unwind::h410458cfd3528b8b
[INFO] [stdout]                                at /rustc/82e1608dfa6e0b5569232559e3d385fea5a93112/library/std/src/panic.rs:142:14
[INFO] [stdout]   48:     0x5622c8ad4f47 - std::thread::Builder::spawn_unchecked_::{{closure}}::h72ac3bdb567b737b
[INFO] [stdout]                                at /rustc/82e1608dfa6e0b5569232559e3d385fea5a93112/library/std/src/thread/mod.rs:528:30
[INFO] [stdout]   49:     0x5622c8ad4f47 - core::ops::function::FnOnce::call_once{{vtable.shim}}::h38f34da3654a8344
[INFO] [stdout]                                at /rustc/82e1608dfa6e0b5569232559e3d385fea5a93112/library/core/src/ops/function.rs:250:5
[INFO] [stdout]   50:     0x5622c96124a5 - <alloc::boxed::Box<F,A> as core::ops::function::FnOnce<Args>>::call_once::hc7eafaff61e32df9
[INFO] [stdout]                                at /rustc/82e1608dfa6e0b5569232559e3d385fea5a93112/library/alloc/src/boxed.rs:2007:9
[INFO] [stdout]   51:     0x5622c96124a5 - <alloc::boxed::Box<F,A> as core::ops::function::FnOnce<Args>>::call_once::h6ba4a5de48dd2304
[INFO] [stdout]                                at /rustc/82e1608dfa6e0b5569232559e3d385fea5a93112/library/alloc/src/boxed.rs:2007:9
[INFO] [stdout]   52:     0x5622c96124a5 - std::sys::unix::thread::Thread::new::thread_start::he469335aef763e45
[INFO] [stdout]                                at /rustc/82e1608dfa6e0b5569232559e3d385fea5a93112/library/std/src/sys/unix/thread.rs:108:17
[INFO] [stdout]   53:     0x7f2be285eac3 - <unknown>
[INFO] [stdout]   54:     0x7f2be28efbf4 - __clone
[INFO] [stdout]   55:                0x0 - <unknown>
[INFO] [stdout] 
[INFO] [stdout] ---- api::client::test::test_get_map_chunk stdout ----
[INFO] [stdout] thread 'api::client::test::test_get_map_chunk' panicked at src/api/client.rs:228:59:
[INFO] [stdout] called `Result::unwrap()` on an `Err` value: Middleware error: Request error: error sending request for url (https://sg-public-api-static.hoyolab.com/common/map_user/ys_obc/v1/map/info?map_id=2&app_sn=ys_obc&lang=en-us): error trying to connect: dns error: failed to lookup address information: Temporary failure in name resolution
[INFO] [stdout] 
[INFO] [stdout] Caused by:
[INFO] [stdout]     0: Request error: error sending request for url (https://sg-public-api-static.hoyolab.com/common/map_user/ys_obc/v1/map/info?map_id=2&app_sn=ys_obc&lang=en-us): error trying to connect: dns error: failed to lookup address information: Temporary failure in name resolution
[INFO] [stdout]     1: error sending request for url (https://sg-public-api-static.hoyolab.com/common/map_user/ys_obc/v1/map/info?map_id=2&app_sn=ys_obc&lang=en-us): error trying to connect: dns error: failed to lookup address information: Temporary failure in name resolution
[INFO] [stdout]     2: error trying to connect: dns error: failed to lookup address information: Temporary failure in name resolution
[INFO] [stdout]     3: dns error: failed to lookup address information: Temporary failure in name resolution
[INFO] [stdout]     4: failed to lookup address information: Temporary failure in name resolution
[INFO] [stdout] stack backtrace:
[INFO] [stdout]    0:     0x5622c960b53c - std::backtrace_rs::backtrace::libunwind::trace::ha637c64ce894333a
[INFO] [stdout]                                at /rustc/82e1608dfa6e0b5569232559e3d385fea5a93112/library/std/src/../../backtrace/src/backtrace/libunwind.rs:104:5
[INFO] [stdout]    1:     0x5622c960b53c - std::backtrace_rs::backtrace::trace_unsynchronized::h47f62dea28e0c88d
[INFO] [stdout]                                at /rustc/82e1608dfa6e0b5569232559e3d385fea5a93112/library/std/src/../../backtrace/src/backtrace/mod.rs:66:5
[INFO] [stdout]    2:     0x5622c960b53c - std::sys_common::backtrace::_print_fmt::h9eef0abe20ede486
[INFO] [stdout]                                at /rustc/82e1608dfa6e0b5569232559e3d385fea5a93112/library/std/src/sys_common/backtrace.rs:67:5
[INFO] [stdout]    3:     0x5622c960b53c - <std::sys_common::backtrace::_print::DisplayBacktrace as core::fmt::Display>::fmt::hed7f999df88cc644
[INFO] [stdout]                                at /rustc/82e1608dfa6e0b5569232559e3d385fea5a93112/library/std/src/sys_common/backtrace.rs:44:22
[INFO] [stdout]    4:     0x5622c963abd0 - core::fmt::rt::Argument::fmt::h1539a9308b8d058d
[INFO] [stdout]                                at /rustc/82e1608dfa6e0b5569232559e3d385fea5a93112/library/core/src/fmt/rt.rs:142:9
[INFO] [stdout]    5:     0x5622c963abd0 - core::fmt::write::h3a39390d8560d9c9
[INFO] [stdout]                                at /rustc/82e1608dfa6e0b5569232559e3d385fea5a93112/library/core/src/fmt/mod.rs:1120:17
[INFO] [stdout]    6:     0x5622c960834f - std::io::Write::write_fmt::h040b369f3a0f9cbc
[INFO] [stdout]                                at /rustc/82e1608dfa6e0b5569232559e3d385fea5a93112/library/std/src/io/mod.rs:1762:15
[INFO] [stdout]    7:     0x5622c960b324 - std::sys_common::backtrace::_print::h894006fb5c6f3d45
[INFO] [stdout]                                at /rustc/82e1608dfa6e0b5569232559e3d385fea5a93112/library/std/src/sys_common/backtrace.rs:47:5
[INFO] [stdout]    8:     0x5622c960b324 - std::sys_common::backtrace::print::h23a2d212c6fff936
[INFO] [stdout]                                at /rustc/82e1608dfa6e0b5569232559e3d385fea5a93112/library/std/src/sys_common/backtrace.rs:34:9
[INFO] [stdout]    9:     0x5622c960cfe7 - std::panicking::default_hook::{{closure}}::h8a1d2ee00185001a
[INFO] [stdout]   10:     0x5622c960ccd3 - std::panicking::default_hook::h6038f2eba384e475
[INFO] [stdout]                                at /rustc/82e1608dfa6e0b5569232559e3d385fea5a93112/library/std/src/panicking.rs:289:9
[INFO] [stdout]   11:     0x5622c8b03567 - <alloc::boxed::Box<F,A> as core::ops::function::Fn<Args>>::call::h0ad024c9bdc6d768
[INFO] [stdout]                                at /rustc/82e1608dfa6e0b5569232559e3d385fea5a93112/library/alloc/src/boxed.rs:2021:9
[INFO] [stdout]   12:     0x5622c8b03567 - test::test_main::{{closure}}::h7500b54257359db6
[INFO] [stdout]                                at /rustc/82e1608dfa6e0b5569232559e3d385fea5a93112/library/test/src/lib.rs:138:21
[INFO] [stdout]   13:     0x5622c960d5f8 - <alloc::boxed::Box<F,A> as core::ops::function::Fn<Args>>::call::h1f8f335eaa9cfaee
[INFO] [stdout]                                at /rustc/82e1608dfa6e0b5569232559e3d385fea5a93112/library/alloc/src/boxed.rs:2021:9
[INFO] [stdout]   14:     0x5622c960d5f8 - std::panicking::rust_panic_with_hook::h2b5517d590cab22e
[INFO] [stdout]                                at /rustc/82e1608dfa6e0b5569232559e3d385fea5a93112/library/std/src/panicking.rs:783:13
[INFO] [stdout]   15:     0x5622c960d34e - std::panicking::begin_panic_handler::{{closure}}::h233112c06e0ef43e
[INFO] [stdout]                                at /rustc/82e1608dfa6e0b5569232559e3d385fea5a93112/library/std/src/panicking.rs:657:13
[INFO] [stdout]   16:     0x5622c960ba06 - std::sys_common::backtrace::__rust_end_short_backtrace::h6e893f24d7ebbff8
[INFO] [stdout]                                at /rustc/82e1608dfa6e0b5569232559e3d385fea5a93112/library/std/src/sys_common/backtrace.rs:170:18
[INFO] [stdout]   17:     0x5622c960d0b2 - rust_begin_unwind
[INFO] [stdout]                                at /rustc/82e1608dfa6e0b5569232559e3d385fea5a93112/library/std/src/panicking.rs:645:5
[INFO] [stdout]   18:     0x5622c899d745 - core::panicking::panic_fmt::hbf0e066aabfa482c
[INFO] [stdout]                                at /rustc/82e1608dfa6e0b5569232559e3d385fea5a93112/library/core/src/panicking.rs:72:14
[INFO] [stdout]   19:     0x5622c899dd13 - core::result::unwrap_failed::hddb4fea594200c52
[INFO] [stdout]                                at /rustc/82e1608dfa6e0b5569232559e3d385fea5a93112/library/core/src/result.rs:1653:5
[INFO] [stdout]   20:     0x5622c89c25f0 - core::result::Result<T,E>::unwrap::heddde7840148346a
[INFO] [stdout]                                at /rustc/82e1608dfa6e0b5569232559e3d385fea5a93112/library/core/src/result.rs:1077:23
[INFO] [stdout]   21:     0x5622c8a30637 - genshin_map_generator::api::client::test::test_get_map_chunk::{{closure}}::h4bbf887e5f2a4692
[INFO] [stdout]                                at /opt/rustwide/workdir/src/api/client.rs:228:28
[INFO] [stdout]   22:     0x5622c8a12ba4 - tokio::runtime::park::CachedParkThread::block_on::{{closure}}::h6e2463dc8a262278
[INFO] [stdout]                                at /opt/rustwide/cargo-home/registry/src/index.crates.io-6f17d22bba15001f/tokio-1.26.0/src/runtime/park.rs:283:63
[INFO] [stdout]   23:     0x5622c8a0fcd5 - tokio::runtime::coop::with_budget::h02e24cfe59fc1629
[INFO] [stdout]                                at /opt/rustwide/cargo-home/registry/src/index.crates.io-6f17d22bba15001f/tokio-1.26.0/src/runtime/coop.rs:107:5
[INFO] [stdout]   24:     0x5622c8a0fcd5 - tokio::runtime::coop::budget::h847553feab308825
[INFO] [stdout]                                at /opt/rustwide/cargo-home/registry/src/index.crates.io-6f17d22bba15001f/tokio-1.26.0/src/runtime/coop.rs:73:5
[INFO] [stdout]   25:     0x5622c8a0fcd5 - tokio::runtime::park::CachedParkThread::block_on::h519c36e9619dc696
[INFO] [stdout]                                at /opt/rustwide/cargo-home/registry/src/index.crates.io-6f17d22bba15001f/tokio-1.26.0/src/runtime/park.rs:283:31
[INFO] [stdout]   26:     0x5622c8a82035 - tokio::runtime::context::BlockingRegionGuard::block_on::h96f8d531cb711afe
[INFO] [stdout]                                at /opt/rustwide/cargo-home/registry/src/index.crates.io-6f17d22bba15001f/tokio-1.26.0/src/runtime/context.rs:315:13
[INFO] [stdout]   27:     0x5622c8a12e1d - tokio::runtime::scheduler::multi_thread::MultiThread::block_on::h3759adaf9890aec2
[INFO] [stdout]                                at /opt/rustwide/cargo-home/registry/src/index.crates.io-6f17d22bba15001f/tokio-1.26.0/src/runtime/scheduler/multi_thread/mod.rs:66:9
[INFO] [stdout]   28:     0x5622c89dff1b - tokio::runtime::runtime::Runtime::block_on::hf87560ad55e9248f
[INFO] [stdout]                                at /opt/rustwide/cargo-home/registry/src/index.crates.io-6f17d22bba15001f/tokio-1.26.0/src/runtime/runtime.rs:304:45
[INFO] [stdout]   29:     0x5622c8a30396 - genshin_map_generator::api::client::test::test_get_map_chunk::h5328452150773584
[INFO] [stdout]                                at /opt/rustwide/workdir/src/api/client.rs:227:9
[INFO] [stdout]   30:     0x5622c8a302f7 - genshin_map_generator::api::client::test::test_get_map_chunk::{{closure}}::h3b118e59e13a7a02
[INFO] [stdout]                                at /opt/rustwide/workdir/src/api/client.rs:222:28
[INFO] [stdout]   31:     0x5622c89e5e86 - core::ops::function::FnOnce::call_once::h95d36d4b6dd09137
[INFO] [stdout]                                at /rustc/82e1608dfa6e0b5569232559e3d385fea5a93112/library/core/src/ops/function.rs:250:5
[INFO] [stdout]   32:     0x5622c8b08bbf - core::ops::function::FnOnce::call_once::h2b5d431d5046312d
[INFO] [stdout]                                at /rustc/82e1608dfa6e0b5569232559e3d385fea5a93112/library/core/src/ops/function.rs:250:5
[INFO] [stdout]   33:     0x5622c8b08bbf - test::__rust_begin_short_backtrace::h7714669af176e207
[INFO] [stdout]                                at /rustc/82e1608dfa6e0b5569232559e3d385fea5a93112/library/test/src/lib.rs:628:18
[INFO] [stdout]   34:     0x5622c8b07bd5 - test::run_test_in_process::{{closure}}::h85218797dcbcec12
[INFO] [stdout]                                at /rustc/82e1608dfa6e0b5569232559e3d385fea5a93112/library/test/src/lib.rs:651:60
[INFO] [stdout]   35:     0x5622c8b07bd5 - <core::panic::unwind_safe::AssertUnwindSafe<F> as core::ops::function::FnOnce<()>>::call_once::h76c106ea31c14d7b
[INFO] [stdout]                                at /rustc/82e1608dfa6e0b5569232559e3d385fea5a93112/library/core/src/panic/unwind_safe.rs:272:9
[INFO] [stdout]   36:     0x5622c8b07bd5 - std::panicking::try::do_call::h3bd5d0f6620ee946
[INFO] [stdout]                                at /rustc/82e1608dfa6e0b5569232559e3d385fea5a93112/library/std/src/panicking.rs:552:40
[INFO] [stdout]   37:     0x5622c8b07bd5 - std::panicking::try::h232e535e4744fe31
[INFO] [stdout]                                at /rustc/82e1608dfa6e0b5569232559e3d385fea5a93112/library/std/src/panicking.rs:516:19
[INFO] [stdout]   38:     0x5622c8b07bd5 - std::panic::catch_unwind::h3ce3bd6ca8dbac68
[INFO] [stdout]                                at /rustc/82e1608dfa6e0b5569232559e3d385fea5a93112/library/std/src/panic.rs:142:14
[INFO] [stdout]   39:     0x5622c8b07bd5 - test::run_test_in_process::hc97b257c9621286a
[INFO] [stdout]                                at /rustc/82e1608dfa6e0b5569232559e3d385fea5a93112/library/test/src/lib.rs:651:27
[INFO] [stdout]   40:     0x5622c8b07bd5 - test::run_test::{{closure}}::h2aa798823a438d38
[INFO] [stdout]                                at /rustc/82e1608dfa6e0b5569232559e3d385fea5a93112/library/test/src/lib.rs:574:43
[INFO] [stdout]   41:     0x5622c8acfe96 - test::run_test::{{closure}}::h87d231c78fb59832
[INFO] [stdout]                                at /rustc/82e1608dfa6e0b5569232559e3d385fea5a93112/library/test/src/lib.rs:602:41
[INFO] [stdout]   42:     0x5622c8acfe96 - std::sys_common::backtrace::__rust_begin_short_backtrace::he6df152596625789
[INFO] [stdout]                                at /rustc/82e1608dfa6e0b5569232559e3d385fea5a93112/library/std/src/sys_common/backtrace.rs:154:18
[INFO] [stdout]   43:     0x5622c8ad4f47 - std::thread::Builder::spawn_unchecked_::{{closure}}::{{closure}}::ha94be15d1e0acf36
[INFO] [stdout]                                at /rustc/82e1608dfa6e0b5569232559e3d385fea5a93112/library/std/src/thread/mod.rs:529:17
[INFO] [stdout]   44:     0x5622c8ad4f47 - <core::panic::unwind_safe::AssertUnwindSafe<F> as core::ops::function::FnOnce<()>>::call_once::h9dc6bd6372f16606
[INFO] [stdout]                                at /rustc/82e1608dfa6e0b5569232559e3d385fea5a93112/library/core/src/panic/unwind_safe.rs:272:9
[INFO] [stdout]   45:     0x5622c8ad4f47 - std::panicking::try::do_call::h9057517f80303cd4
[INFO] [stdout]                                at /rustc/82e1608dfa6e0b5569232559e3d385fea5a93112/library/std/src/panicking.rs:552:40
[INFO] [stdout]   46:     0x5622c8ad4f47 - std::panicking::try::he3a30b11ee45340c
[INFO] [stdout]                                at /rustc/82e1608dfa6e0b5569232559e3d385fea5a93112/library/std/src/panicking.rs:516:19
[INFO] [stdout]   47:     0x5622c8ad4f47 - std::panic::catch_unwind::h410458cfd3528b8b
[INFO] [stdout]                                at /rustc/82e1608dfa6e0b5569232559e3d385fea5a93112/library/std/src/panic.rs:142:14
[INFO] [stdout]   48:     0x5622c8ad4f47 - std::thread::Builder::spawn_unchecked_::{{closure}}::h72ac3bdb567b737b
[INFO] [stdout]                                at /rustc/82e1608dfa6e0b5569232559e3d385fea5a93112/library/std/src/thread/mod.rs:528:30
[INFO] [stdout]   49:     0x5622c8ad4f47 - core::ops::function::FnOnce::call_once{{vtable.shim}}::h38f34da3654a8344
[INFO] [stdout]                                at /rustc/82e1608dfa6e0b5569232559e3d385fea5a93112/library/core/src/ops/function.rs:250:5
[INFO] [stdout]   50:     0x5622c96124a5 - <alloc::boxed::Box<F,A> as core::ops::function::FnOnce<Args>>::call_once::hc7eafaff61e32df9
[INFO] [stdout]                                at /rustc/82e1608dfa6e0b5569232559e3d385fea5a93112/library/alloc/src/boxed.rs:2007:9
[INFO] [stdout]   51:     0x5622c96124a5 - <alloc::boxed::Box<F,A> as core::ops::function::FnOnce<Args>>::call_once::h6ba4a5de48dd2304
[INFO] [stdout]                                at /rustc/82e1608dfa6e0b5569232559e3d385fea5a93112/library/alloc/src/boxed.rs:2007:9
[INFO] [stdout]   52:     0x5622c96124a5 - std::sys::unix::thread::Thread::new::thread_start::he469335aef763e45
[INFO] [stdout]                                at /rustc/82e1608dfa6e0b5569232559e3d385fea5a93112/library/std/src/sys/unix/thread.rs:108:17
[INFO] [stdout]   53:     0x7f2be285eac3 - <unknown>
[INFO] [stdout]   54:     0x7f2be28efbf4 - __clone
[INFO] [stdout]   55:                0x0 - <unknown>
[INFO] [stdout] 
[INFO] [stdout] 
[INFO] [stdout] failures:
[INFO] [stdout]     api::client::test::test_get_map_chunk
[INFO] [stdout]     test::test_gen_region_map
[INFO] [stdout] 
[INFO] [stdout] test result: FAILED. 5 passed; 2 failed; 0 ignored; 0 measured; 0 filtered out; finished in 0.96s
[INFO] [stdout] 
[INFO] [stderr] error: test failed, to rerun pass `--lib`
[INFO] running `Command { std: "docker" "inspect" "16e09db6971847a9cead2d7b03cf7068227405f1f4915f49a07d987c17e845bf", kill_on_drop: false }`
[INFO] running `Command { std: "docker" "rm" "-f" "16e09db6971847a9cead2d7b03cf7068227405f1f4915f49a07d987c17e845bf", kill_on_drop: false }`
[INFO] [stdout] 16e09db6971847a9cead2d7b03cf7068227405f1f4915f49a07d987c17e845bf
