[INFO] cloning repository https://github.com/BiffBish/address-hasher-rust
[INFO] running `Command { std: "git" "-c" "credential.helper=" "-c" "credential.helper=/workspace/cargo-home/bin/git-credential-null" "clone" "--bare" "https://github.com/BiffBish/address-hasher-rust" "/workspace/cache/git-repos/https%3A%2F%2Fgithub.com%2FBiffBish%2Faddress-hasher-rust", kill_on_drop: false }`
[INFO] [stderr] Cloning into bare repository '/workspace/cache/git-repos/https%3A%2F%2Fgithub.com%2FBiffBish%2Faddress-hasher-rust'...
[INFO] running `Command { std: "git" "rev-parse" "HEAD", kill_on_drop: false }`
[INFO] [stdout] 4e67035fe2d98dcf3c0b03b60f71969fe3eb0d64
[INFO] testing BiffBish/address-hasher-rust against 1.75.0 for beta-1.76-1
[INFO] running `Command { std: "git" "clone" "/workspace/cache/git-repos/https%3A%2F%2Fgithub.com%2FBiffBish%2Faddress-hasher-rust" "/workspace/builds/worker-3-tc1/source", kill_on_drop: false }`
[INFO] [stderr] Cloning into '/workspace/builds/worker-3-tc1/source'...
[INFO] [stderr] done.
[INFO] validating manifest of git repo https://github.com/BiffBish/address-hasher-rust on toolchain 1.75.0
[INFO] running `Command { std: CARGO_HOME="/workspace/cargo-home" RUSTUP_HOME="/workspace/rustup-home" "/workspace/cargo-home/bin/cargo" "+1.75.0" "metadata" "--manifest-path" "Cargo.toml" "--no-deps", kill_on_drop: false }`
[INFO] started tweaking git repo https://github.com/BiffBish/address-hasher-rust
[INFO] finished tweaking git repo https://github.com/BiffBish/address-hasher-rust
[INFO] tweaked toml for git repo https://github.com/BiffBish/address-hasher-rust written to /workspace/builds/worker-3-tc1/source/Cargo.toml
[INFO] crate git repo https://github.com/BiffBish/address-hasher-rust already has a lockfile, it will not be regenerated
[INFO] running `Command { std: CARGO_HOME="/workspace/cargo-home" RUSTUP_HOME="/workspace/rustup-home" "/workspace/cargo-home/bin/cargo" "+1.75.0" "fetch" "--manifest-path" "Cargo.toml", kill_on_drop: false }`
[INFO] [stderr]     Updating crates.io index
[INFO] [stderr]  Downloading crates ...
[INFO] [stderr]   Downloaded tinyrand v0.5.0
[INFO] running `Command { std: "docker" "create" "-v" "/var/lib/crater-agent-workspace/builds/worker-3-tc1/target:/opt/rustwide/target:rw,Z" "-v" "/var/lib/crater-agent-workspace/builds/worker-3-tc1/source:/opt/rustwide/workdir:ro,Z" "-v" "/var/lib/crater-agent-workspace/cargo-home:/opt/rustwide/cargo-home:ro,Z" "-v" "/var/lib/crater-agent-workspace/rustup-home:/opt/rustwide/rustup-home:ro,Z" "-e" "SOURCE_DIR=/opt/rustwide/workdir" "-e" "CARGO_TARGET_DIR=/opt/rustwide/target" "-e" "CARGO_HOME=/opt/rustwide/cargo-home" "-e" "RUSTUP_HOME=/opt/rustwide/rustup-home" "-w" "/opt/rustwide/workdir" "-m" "1610612736" "--user" "0:0" "--network" "none" "ghcr.io/rust-lang/crates-build-env/linux@sha256:2788e3201cd34a07e3172128adcd8b3090168a8e3bcc40d7c032b9dda1df7d1c" "/opt/rustwide/cargo-home/bin/cargo" "+1.75.0" "metadata" "--no-deps" "--format-version=1", kill_on_drop: false }`
[INFO] [stdout] dc41d014c2d3f79d2afb07e3275f492743a82ba54f1797ff6d5dec3983297260
[INFO] running `Command { std: "docker" "start" "-a" "dc41d014c2d3f79d2afb07e3275f492743a82ba54f1797ff6d5dec3983297260", kill_on_drop: false }`
[INFO] running `Command { std: "docker" "inspect" "dc41d014c2d3f79d2afb07e3275f492743a82ba54f1797ff6d5dec3983297260", kill_on_drop: false }`
[INFO] running `Command { std: "docker" "rm" "-f" "dc41d014c2d3f79d2afb07e3275f492743a82ba54f1797ff6d5dec3983297260", kill_on_drop: false }`
[INFO] [stdout] dc41d014c2d3f79d2afb07e3275f492743a82ba54f1797ff6d5dec3983297260
[INFO] running `Command { std: "docker" "create" "-v" "/var/lib/crater-agent-workspace/builds/worker-3-tc1/target:/opt/rustwide/target:rw,Z" "-v" "/var/lib/crater-agent-workspace/builds/worker-3-tc1/source:/opt/rustwide/workdir:ro,Z" "-v" "/var/lib/crater-agent-workspace/cargo-home:/opt/rustwide/cargo-home:ro,Z" "-v" "/var/lib/crater-agent-workspace/rustup-home:/opt/rustwide/rustup-home:ro,Z" "-e" "SOURCE_DIR=/opt/rustwide/workdir" "-e" "CARGO_TARGET_DIR=/opt/rustwide/target" "-e" "CARGO_INCREMENTAL=0" "-e" "RUST_BACKTRACE=full" "-e" "RUSTFLAGS=--cap-lints=warn" "-e" "RUSTDOCFLAGS=--cap-lints=warn" "-e" "CARGO_HOME=/opt/rustwide/cargo-home" "-e" "RUSTUP_HOME=/opt/rustwide/rustup-home" "-w" "/opt/rustwide/workdir" "-m" "1610612736" "--user" "0:0" "--network" "none" "ghcr.io/rust-lang/crates-build-env/linux@sha256:2788e3201cd34a07e3172128adcd8b3090168a8e3bcc40d7c032b9dda1df7d1c" "/opt/rustwide/cargo-home/bin/cargo" "+1.75.0" "build" "--frozen" "--message-format=json", kill_on_drop: false }`
[INFO] [stdout] 94445e337a52b63af945860e5d4bda0110747e4d81ff286aaec2d4a41fd7c789
[INFO] running `Command { std: "docker" "start" "-a" "94445e337a52b63af945860e5d4bda0110747e4d81ff286aaec2d4a41fd7c789", kill_on_drop: false }`
[INFO] [stderr]    Compiling unicode-ident v1.0.6
[INFO] [stderr]    Compiling libc v0.2.139
[INFO] [stderr]    Compiling proc-macro2 v1.0.51
[INFO] [stderr]    Compiling quote v1.0.23
[INFO] [stderr]    Compiling syn v1.0.107
[INFO] [stderr]    Compiling futures-core v0.3.26
[INFO] [stderr]    Compiling slab v0.4.7
[INFO] [stderr]    Compiling lock_api v0.4.9
[INFO] [stderr]    Compiling futures-task v0.3.26
[INFO] [stderr]    Compiling log v0.4.17
[INFO] [stderr]    Compiling parking_lot_core v0.9.7
[INFO] [stderr]    Compiling futures-channel v0.3.26
[INFO] [stderr]    Compiling pin-project-lite v0.2.9
[INFO] [stderr]    Compiling smallvec v1.10.0
[INFO] [stderr]    Compiling futures-util v0.3.26
[INFO] [stderr]    Compiling futures-sink v0.3.26
[INFO] [stderr]    Compiling tokio v1.25.0
[INFO] [stderr]    Compiling futures-io v0.3.26
[INFO] [stderr]    Compiling bytes v1.4.0
[INFO] [stderr]    Compiling tinyrand v0.5.0
[INFO] [stderr]    Compiling once_cell v1.17.0
[INFO] [stderr]    Compiling signal-hook-registry v1.4.0
[INFO] [stderr]    Compiling socket2 v0.4.7
[INFO] [stderr]    Compiling num_cpus v1.15.0
[INFO] [stderr]    Compiling mio v0.8.5
[INFO] [stderr]    Compiling atty v0.2.14
[INFO] [stderr]    Compiling colored v2.0.0
[INFO] [stderr]    Compiling parking_lot v0.12.1
[INFO] [stderr]    Compiling futures-macro v0.3.26
[INFO] [stderr]    Compiling tokio-macros v1.8.2
[INFO] [stderr]    Compiling futures-executor v0.3.26
[INFO] [stderr]    Compiling futures v0.3.26
[INFO] [stderr]    Compiling profile v0.1.0 (/opt/rustwide/workdir/profile)
[INFO] [stdout] warning: unreachable pattern
[INFO] [stdout]    --> profile/src/lib.rs:113:13
[INFO] [stdout]     |
[INFO] [stdout] 113 |             _ => panic!("Expected a typed argument"),
[INFO] [stdout]     |             ^
[INFO] [stdout]     |
[INFO] [stdout]     = note: `#[warn(unreachable_patterns)]` on by default
[INFO] [stdout] 
[INFO] [stdout] 
[INFO] [stdout] warning: unused variable: `arg_ty`
[INFO] [stdout]    --> profile/src/lib.rs:123:13
[INFO] [stdout]     |
[INFO] [stdout] 123 |         let arg_ty = arg.ty.clone();
[INFO] [stdout]     |             ^^^^^^ help: if this is intentional, prefix it with an underscore: `_arg_ty`
[INFO] [stdout]     |
[INFO] [stdout]     = note: `#[warn(unused_variables)]` on by default
[INFO] [stdout] 
[INFO] [stdout] 
[INFO] [stdout] warning: 2 warnings emitted
[INFO] [stdout] 
[INFO] [stdout] 
[INFO] [stderr]    Compiling address-hasher-rust v0.1.0 (/opt/rustwide/workdir)
[INFO] [stdout] warning: unused imports: `IS_PROFILE_RECONCILING`, `IS_PROFILING`, `PROFILING_DEPTH`, `PROFILING_MAP`, `PROFILING_PATH`, `Profile`
[INFO] [stdout]  --> src/big_int.rs:4:14
[INFO] [stdout]   |
[INFO] [stdout] 4 |     profile, Profile, IS_PROFILE_RECONCILING, IS_PROFILING, PROFILING_DEPTH, PROFILING_MAP,
[INFO] [stdout]   |              ^^^^^^^  ^^^^^^^^^^^^^^^^^^^^^^  ^^^^^^^^^^^^  ^^^^^^^^^^^^^^^  ^^^^^^^^^^^^^
[INFO] [stdout] 5 |     PROFILING_PATH,
[INFO] [stdout]   |     ^^^^^^^^^^^^^^
[INFO] [stdout]   |
[INFO] [stdout]   = note: `#[warn(unused_imports)]` on by default
[INFO] [stdout] 
[INFO] [stdout] 
[INFO] [stdout] warning: unused import: `colored::Colorize`
[INFO] [stdout]  --> src/big_int.rs:7:5
[INFO] [stdout]   |
[INFO] [stdout] 7 | use colored::Colorize;
[INFO] [stdout]   |     ^^^^^^^^^^^^^^^^^
[INFO] [stdout] 
[INFO] [stdout] 
[INFO] [stdout] warning: unused import: `std::hint::black_box`
[INFO] [stdout]  --> src/big_int.rs:8:5
[INFO] [stdout]   |
[INFO] [stdout] 8 | use std::hint::black_box;
[INFO] [stdout]   |     ^^^^^^^^^^^^^^^^^^^^
[INFO] [stdout] 
[INFO] [stdout] 
[INFO] [stdout] warning: unused imports: `IS_PROFILE_RECONCILING`, `IS_PROFILING`, `PROFILING_DEPTH`, `PROFILING_MAP`, `PROFILING_PATH`, `Profile`
[INFO] [stdout]  --> src/ec_pair.rs:3:14
[INFO] [stdout]   |
[INFO] [stdout] 3 |     profile, Profile, IS_PROFILE_RECONCILING, IS_PROFILING, PROFILING_DEPTH, PROFILING_MAP,
[INFO] [stdout]   |              ^^^^^^^  ^^^^^^^^^^^^^^^^^^^^^^  ^^^^^^^^^^^^  ^^^^^^^^^^^^^^^  ^^^^^^^^^^^^^
[INFO] [stdout] 4 |     PROFILING_PATH,
[INFO] [stdout]   |     ^^^^^^^^^^^^^^
[INFO] [stdout] 
[INFO] [stdout] 
[INFO] [stdout] warning: unused import: `colored::Colorize`
[INFO] [stdout]  --> src/ec_pair.rs:6:5
[INFO] [stdout]   |
[INFO] [stdout] 6 | use colored::Colorize;
[INFO] [stdout]   |     ^^^^^^^^^^^^^^^^^
[INFO] [stdout] 
[INFO] [stdout] 
[INFO] [stdout] warning: unused import: `std::hint::black_box`
[INFO] [stdout]  --> src/ec_pair.rs:7:5
[INFO] [stdout]   |
[INFO] [stdout] 7 | use std::hint::black_box;
[INFO] [stdout]   |     ^^^^^^^^^^^^^^^^^^^^
[INFO] [stdout] 
[INFO] [stdout] 
[INFO] [stdout] warning: unused imports: `IS_PROFILE_RECONCILING`, `IS_PROFILING`, `PROFILING_DEPTH`, `PROFILING_MAP`, `PROFILING_PATH`, `Profile`
[INFO] [stdout]  --> src/hd_node.rs:2:14
[INFO] [stdout]   |
[INFO] [stdout] 2 |     profile, Profile, IS_PROFILE_RECONCILING, IS_PROFILING, PROFILING_DEPTH, PROFILING_MAP,
[INFO] [stdout]   |              ^^^^^^^  ^^^^^^^^^^^^^^^^^^^^^^  ^^^^^^^^^^^^  ^^^^^^^^^^^^^^^  ^^^^^^^^^^^^^
[INFO] [stdout] 3 |     PROFILING_PATH,
[INFO] [stdout]   |     ^^^^^^^^^^^^^^
[INFO] [stdout] 
[INFO] [stdout] 
[INFO] [stdout] warning: unused import: `colored::Colorize`
[INFO] [stdout]  --> src/hd_node.rs:5:5
[INFO] [stdout]   |
[INFO] [stdout] 5 | use colored::Colorize;
[INFO] [stdout]   |     ^^^^^^^^^^^^^^^^^
[INFO] [stdout] 
[INFO] [stdout] 
[INFO] [stdout] warning: unused import: `std::hint::black_box`
[INFO] [stdout]  --> src/hd_node.rs:6:5
[INFO] [stdout]   |
[INFO] [stdout] 6 | use std::hint::black_box;
[INFO] [stdout]   |     ^^^^^^^^^^^^^^^^^^^^
[INFO] [stdout] 
[INFO] [stdout] 
[INFO] [stdout] warning: unused import: `colored::Colorize`
[INFO] [stdout]  --> src/pbkdf2.rs:1:5
[INFO] [stdout]   |
[INFO] [stdout] 1 | use colored::Colorize;
[INFO] [stdout]   |     ^^^^^^^^^^^^^^^^^
[INFO] [stdout] 
[INFO] [stdout] 
[INFO] [stdout] warning: unused import: `std::hint::black_box`
[INFO] [stdout]  --> src/pbkdf2.rs:2:5
[INFO] [stdout]   |
[INFO] [stdout] 2 | use std::hint::black_box;
[INFO] [stdout]   |     ^^^^^^^^^^^^^^^^^^^^
[INFO] [stdout] 
[INFO] [stdout] 
[INFO] [stdout] warning: unused imports: `IS_PROFILE_RECONCILING`, `IS_PROFILING`, `PROFILING_DEPTH`, `PROFILING_MAP`, `PROFILING_PATH`, `Profile`
[INFO] [stdout]  --> src/pbkdf2.rs:6:14
[INFO] [stdout]   |
[INFO] [stdout] 6 |     profile, Profile, IS_PROFILE_RECONCILING, IS_PROFILING, PROFILING_DEPTH, PROFILING_MAP,
[INFO] [stdout]   |              ^^^^^^^  ^^^^^^^^^^^^^^^^^^^^^^  ^^^^^^^^^^^^  ^^^^^^^^^^^^^^^  ^^^^^^^^^^^^^
[INFO] [stdout] 7 |     PROFILING_PATH,
[INFO] [stdout]   |     ^^^^^^^^^^^^^^
[INFO] [stdout] 
[INFO] [stdout] 
[INFO] [stdout] warning: unused imports: `IS_PROFILE_RECONCILING`, `IS_PROFILING`, `PROFILING_DEPTH`, `PROFILING_MAP`, `PROFILING_PATH`, `Profile`
[INFO] [stdout]  --> src/point.rs:2:14
[INFO] [stdout]   |
[INFO] [stdout] 2 |     profile, Profile, IS_PROFILE_RECONCILING, IS_PROFILING, PROFILING_DEPTH, PROFILING_MAP,
[INFO] [stdout]   |              ^^^^^^^  ^^^^^^^^^^^^^^^^^^^^^^  ^^^^^^^^^^^^  ^^^^^^^^^^^^^^^  ^^^^^^^^^^^^^
[INFO] [stdout] 3 |     PROFILING_PATH,
[INFO] [stdout]   |     ^^^^^^^^^^^^^^
[INFO] [stdout] 
[INFO] [stdout] 
[INFO] [stdout] warning: unused import: `colored::Colorize`
[INFO] [stdout]  --> src/point.rs:5:5
[INFO] [stdout]   |
[INFO] [stdout] 5 | use colored::Colorize;
[INFO] [stdout]   |     ^^^^^^^^^^^^^^^^^
[INFO] [stdout] 
[INFO] [stdout] 
[INFO] [stdout] warning: unused import: `std::hint::black_box`
[INFO] [stdout]  --> src/point.rs:6:5
[INFO] [stdout]   |
[INFO] [stdout] 6 | use std::hint::black_box;
[INFO] [stdout]   |     ^^^^^^^^^^^^^^^^^^^^
[INFO] [stdout] 
[INFO] [stdout] 
[INFO] [stdout] warning: unused imports: `IS_PROFILE_RECONCILING`, `IS_PROFILING`, `PROFILING_DEPTH`, `PROFILING_MAP`, `PROFILING_PATH`, `Profile`
[INFO] [stdout]  --> src/hmac32.rs:2:14
[INFO] [stdout]   |
[INFO] [stdout] 2 |     profile, Profile, IS_PROFILE_RECONCILING, IS_PROFILING, PROFILING_DEPTH, PROFILING_MAP,
[INFO] [stdout]   |              ^^^^^^^  ^^^^^^^^^^^^^^^^^^^^^^  ^^^^^^^^^^^^  ^^^^^^^^^^^^^^^  ^^^^^^^^^^^^^
[INFO] [stdout] 3 |     PROFILING_PATH,
[INFO] [stdout]   |     ^^^^^^^^^^^^^^
[INFO] [stdout] 
[INFO] [stdout] 
[INFO] [stdout] warning: unused import: `colored::Colorize`
[INFO] [stdout]  --> src/hmac32.rs:5:5
[INFO] [stdout]   |
[INFO] [stdout] 5 | use colored::Colorize;
[INFO] [stdout]   |     ^^^^^^^^^^^^^^^^^
[INFO] [stdout] 
[INFO] [stdout] 
[INFO] [stdout] warning: unused import: `std::hint::black_box`
[INFO] [stdout]  --> src/hmac32.rs:6:5
[INFO] [stdout]   |
[INFO] [stdout] 6 | use std::hint::black_box;
[INFO] [stdout]   |     ^^^^^^^^^^^^^^^^^^^^
[INFO] [stdout] 
[INFO] [stdout] 
[INFO] [stdout] warning: unused imports: `big_int::BigInt`, `curve`, `point::Point`
[INFO] [stdout]  --> src/sha512hash32.rs:2:13
[INFO] [stdout]   |
[INFO] [stdout] 2 | use crate::{big_int::BigInt, curve, point::Point};
[INFO] [stdout]   |             ^^^^^^^^^^^^^^^  ^^^^^  ^^^^^^^^^^^^
[INFO] [stdout] 
[INFO] [stdout] 
[INFO] [stdout] warning: unused imports: `IS_PROFILE_RECONCILING`, `IS_PROFILING`, `PROFILING_DEPTH`, `PROFILING_MAP`, `PROFILING_PATH`, `Profile`
[INFO] [stdout]  --> src/sha512hash32.rs:4:14
[INFO] [stdout]   |
[INFO] [stdout] 4 |     profile, Profile, IS_PROFILE_RECONCILING, IS_PROFILING, PROFILING_DEPTH, PROFILING_MAP,
[INFO] [stdout]   |              ^^^^^^^  ^^^^^^^^^^^^^^^^^^^^^^  ^^^^^^^^^^^^  ^^^^^^^^^^^^^^^  ^^^^^^^^^^^^^
[INFO] [stdout] 5 |     PROFILING_PATH,
[INFO] [stdout]   |     ^^^^^^^^^^^^^^
[INFO] [stdout] 
[INFO] [stdout] 
[INFO] [stdout] warning: unused import: `colored::Colorize`
[INFO] [stdout]  --> src/sha512hash32.rs:7:5
[INFO] [stdout]   |
[INFO] [stdout] 7 | use colored::Colorize;
[INFO] [stdout]   |     ^^^^^^^^^^^^^^^^^
[INFO] [stdout] 
[INFO] [stdout] 
[INFO] [stdout] warning: unused import: `std::hint::black_box`
[INFO] [stdout]  --> src/sha512hash32.rs:8:5
[INFO] [stdout]   |
[INFO] [stdout] 8 | use std::hint::black_box;
[INFO] [stdout]   |     ^^^^^^^^^^^^^^^^^^^^
[INFO] [stdout] 
[INFO] [stdout] 
[INFO] [stdout] warning: unused import: `colored::Colorize`
[INFO] [stdout]   --> src/main.rs:29:5
[INFO] [stdout]    |
[INFO] [stdout] 29 | use colored::Colorize;
[INFO] [stdout]    |     ^^^^^^^^^^^^^^^^^
[INFO] [stdout] 
[INFO] [stdout] 
[INFO] [stdout] warning: unused imports: `fmt::format`, `hint::black_box`, `num::NonZeroU64`
[INFO] [stdout]   --> src/main.rs:31:5
[INFO] [stdout]    |
[INFO] [stdout] 31 |     fmt::format,
[INFO] [stdout]    |     ^^^^^^^^^^^
[INFO] [stdout] 32 |     fs::{File, OpenOptions},
[INFO] [stdout] 33 |     hint::black_box,
[INFO] [stdout]    |     ^^^^^^^^^^^^^^^
[INFO] [stdout] 34 |     io::{BufWriter, Write},
[INFO] [stdout] 35 |     num::NonZeroU64,
[INFO] [stdout]    |     ^^^^^^^^^^^^^^^
[INFO] [stdout] 
[INFO] [stdout] 
[INFO] [stdout] warning: unused variable: `i`
[INFO] [stdout]   --> src/point.rs:74:21
[INFO] [stdout]    |
[INFO] [stdout] 74 |             let mut i = 0;
[INFO] [stdout]    |                     ^ help: if this is intentional, prefix it with an underscore: `_i`
[INFO] [stdout]    |
[INFO] [stdout]    = note: `#[warn(unused_variables)]` on by default
[INFO] [stdout] 
[INFO] [stdout] 
[INFO] [stdout] warning: function `from_mnemonic_to_address_init` is never used
[INFO] [stdout]    --> src/main.rs:140:4
[INFO] [stdout]     |
[INFO] [stdout] 140 | fn from_mnemonic_to_address_init(mnemonic: &str) -> String {
[INFO] [stdout]     |    ^^^^^^^^^^^^^^^^^^^^^^^^^^^^^
[INFO] [stdout]     |
[INFO] [stdout]     = note: `#[warn(dead_code)]` on by default
[INFO] [stdout] 
[INFO] [stdout] 
[INFO] [stdout] warning: function `profile_main` is never used
[INFO] [stdout]    --> src/main.rs:148:4
[INFO] [stdout]     |
[INFO] [stdout] 148 | fn profile_main() {
[INFO] [stdout]     |    ^^^^^^^^^^^^
[INFO] [stdout] 
[INFO] [stdout] 
[INFO] [stdout] warning: variable `u8Array` should have a snake case name
[INFO] [stdout]    --> src/main.rs:540:13
[INFO] [stdout]     |
[INFO] [stdout] 540 |     let mut u8Array: Vec<u8> = Vec::new();
[INFO] [stdout]     |             ^^^^^^^ help: convert the identifier to snake case: `u8_array`
[INFO] [stdout]     |
[INFO] [stdout]     = note: `#[warn(non_snake_case)]` on by default
[INFO] [stdout] 
[INFO] [stdout] 
[INFO] [stdout] warning: 28 warnings emitted
[INFO] [stdout] 
[INFO] [stdout] 
[INFO] [stderr]     Finished dev [unoptimized + debuginfo] target(s) in 8.73s
[INFO] running `Command { std: "docker" "inspect" "94445e337a52b63af945860e5d4bda0110747e4d81ff286aaec2d4a41fd7c789", kill_on_drop: false }`
[INFO] running `Command { std: "docker" "rm" "-f" "94445e337a52b63af945860e5d4bda0110747e4d81ff286aaec2d4a41fd7c789", kill_on_drop: false }`
[INFO] [stdout] 94445e337a52b63af945860e5d4bda0110747e4d81ff286aaec2d4a41fd7c789
[INFO] running `Command { std: "docker" "create" "-v" "/var/lib/crater-agent-workspace/builds/worker-3-tc1/target:/opt/rustwide/target:rw,Z" "-v" "/var/lib/crater-agent-workspace/builds/worker-3-tc1/source:/opt/rustwide/workdir:ro,Z" "-v" "/var/lib/crater-agent-workspace/cargo-home:/opt/rustwide/cargo-home:ro,Z" "-v" "/var/lib/crater-agent-workspace/rustup-home:/opt/rustwide/rustup-home:ro,Z" "-e" "SOURCE_DIR=/opt/rustwide/workdir" "-e" "CARGO_TARGET_DIR=/opt/rustwide/target" "-e" "CARGO_INCREMENTAL=0" "-e" "RUST_BACKTRACE=full" "-e" "RUSTFLAGS=--cap-lints=warn" "-e" "RUSTDOCFLAGS=--cap-lints=warn" "-e" "CARGO_HOME=/opt/rustwide/cargo-home" "-e" "RUSTUP_HOME=/opt/rustwide/rustup-home" "-w" "/opt/rustwide/workdir" "-m" "1610612736" "--user" "0:0" "--network" "none" "ghcr.io/rust-lang/crates-build-env/linux@sha256:2788e3201cd34a07e3172128adcd8b3090168a8e3bcc40d7c032b9dda1df7d1c" "/opt/rustwide/cargo-home/bin/cargo" "+1.75.0" "test" "--frozen" "--no-run" "--message-format=json", kill_on_drop: false }`
[INFO] [stdout] 61ac5f5085a02ed8276cf18cf83bf0be9646258d45810a55be6f66c8e27e0ee4
[INFO] running `Command { std: "docker" "start" "-a" "61ac5f5085a02ed8276cf18cf83bf0be9646258d45810a55be6f66c8e27e0ee4", kill_on_drop: false }`
[INFO] [stdout] warning: unreachable pattern
[INFO] [stdout]    --> profile/src/lib.rs:113:13
[INFO] [stdout]     |
[INFO] [stdout] 113 |             _ => panic!("Expected a typed argument"),
[INFO] [stdout]     |             ^
[INFO] [stdout]     |
[INFO] [stdout]     = note: `#[warn(unreachable_patterns)]` on by default
[INFO] [stdout] 
[INFO] [stdout] 
[INFO] [stderr]    Compiling address-hasher-rust v0.1.0 (/opt/rustwide/workdir)
[INFO] [stdout] warning: unused variable: `arg_ty`
[INFO] [stdout]    --> profile/src/lib.rs:123:13
[INFO] [stdout]     |
[INFO] [stdout] 123 |         let arg_ty = arg.ty.clone();
[INFO] [stdout]     |             ^^^^^^ help: if this is intentional, prefix it with an underscore: `_arg_ty`
[INFO] [stdout]     |
[INFO] [stdout]     = note: `#[warn(unused_variables)]` on by default
[INFO] [stdout] 
[INFO] [stdout] 
[INFO] [stdout] warning: 2 warnings emitted
[INFO] [stdout] 
[INFO] [stdout] 
[INFO] [stdout] warning: unused imports: `IS_PROFILE_RECONCILING`, `IS_PROFILING`, `PROFILING_DEPTH`, `PROFILING_MAP`, `PROFILING_PATH`, `Profile`
[INFO] [stdout]  --> src/big_int.rs:4:14
[INFO] [stdout]   |
[INFO] [stdout] 4 |     profile, Profile, IS_PROFILE_RECONCILING, IS_PROFILING, PROFILING_DEPTH, PROFILING_MAP,
[INFO] [stdout]   |              ^^^^^^^  ^^^^^^^^^^^^^^^^^^^^^^  ^^^^^^^^^^^^  ^^^^^^^^^^^^^^^  ^^^^^^^^^^^^^
[INFO] [stdout] 5 |     PROFILING_PATH,
[INFO] [stdout]   |     ^^^^^^^^^^^^^^
[INFO] [stdout]   |
[INFO] [stdout]   = note: `#[warn(unused_imports)]` on by default
[INFO] [stdout] 
[INFO] [stdout] 
[INFO] [stdout] warning: unused import: `colored::Colorize`
[INFO] [stdout]  --> src/big_int.rs:7:5
[INFO] [stdout]   |
[INFO] [stdout] 7 | use colored::Colorize;
[INFO] [stdout]   |     ^^^^^^^^^^^^^^^^^
[INFO] [stdout] 
[INFO] [stdout] 
[INFO] [stdout] warning: unused import: `std::hint::black_box`
[INFO] [stdout]  --> src/big_int.rs:8:5
[INFO] [stdout]   |
[INFO] [stdout] 8 | use std::hint::black_box;
[INFO] [stdout]   |     ^^^^^^^^^^^^^^^^^^^^
[INFO] [stdout] 
[INFO] [stdout] 
[INFO] [stdout] warning: unused imports: `IS_PROFILE_RECONCILING`, `IS_PROFILING`, `PROFILING_DEPTH`, `PROFILING_MAP`, `PROFILING_PATH`, `Profile`
[INFO] [stdout]  --> src/ec_pair.rs:3:14
[INFO] [stdout]   |
[INFO] [stdout] 3 |     profile, Profile, IS_PROFILE_RECONCILING, IS_PROFILING, PROFILING_DEPTH, PROFILING_MAP,
[INFO] [stdout]   |              ^^^^^^^  ^^^^^^^^^^^^^^^^^^^^^^  ^^^^^^^^^^^^  ^^^^^^^^^^^^^^^  ^^^^^^^^^^^^^
[INFO] [stdout] 4 |     PROFILING_PATH,
[INFO] [stdout]   |     ^^^^^^^^^^^^^^
[INFO] [stdout] 
[INFO] [stdout] 
[INFO] [stdout] warning: unused import: `colored::Colorize`
[INFO] [stdout]  --> src/ec_pair.rs:6:5
[INFO] [stdout]   |
[INFO] [stdout] 6 | use colored::Colorize;
[INFO] [stdout]   |     ^^^^^^^^^^^^^^^^^
[INFO] [stdout] 
[INFO] [stdout] 
[INFO] [stdout] warning: unused import: `std::hint::black_box`
[INFO] [stdout]  --> src/ec_pair.rs:7:5
[INFO] [stdout]   |
[INFO] [stdout] 7 | use std::hint::black_box;
[INFO] [stdout]   |     ^^^^^^^^^^^^^^^^^^^^
[INFO] [stdout] 
[INFO] [stdout] 
[INFO] [stdout] warning: unused imports: `IS_PROFILE_RECONCILING`, `IS_PROFILING`, `PROFILING_DEPTH`, `PROFILING_MAP`, `PROFILING_PATH`, `Profile`
[INFO] [stdout]  --> src/hd_node.rs:2:14
[INFO] [stdout]   |
[INFO] [stdout] 2 |     profile, Profile, IS_PROFILE_RECONCILING, IS_PROFILING, PROFILING_DEPTH, PROFILING_MAP,
[INFO] [stdout]   |              ^^^^^^^  ^^^^^^^^^^^^^^^^^^^^^^  ^^^^^^^^^^^^  ^^^^^^^^^^^^^^^  ^^^^^^^^^^^^^
[INFO] [stdout] 3 |     PROFILING_PATH,
[INFO] [stdout]   |     ^^^^^^^^^^^^^^
[INFO] [stdout] 
[INFO] [stdout] 
[INFO] [stdout] warning: unused import: `colored::Colorize`
[INFO] [stdout]  --> src/hd_node.rs:5:5
[INFO] [stdout]   |
[INFO] [stdout] 5 | use colored::Colorize;
[INFO] [stdout]   |     ^^^^^^^^^^^^^^^^^
[INFO] [stdout] 
[INFO] [stdout] 
[INFO] [stdout] warning: unused import: `std::hint::black_box`
[INFO] [stdout]  --> src/hd_node.rs:6:5
[INFO] [stdout]   |
[INFO] [stdout] 6 | use std::hint::black_box;
[INFO] [stdout]   |     ^^^^^^^^^^^^^^^^^^^^
[INFO] [stdout] 
[INFO] [stdout] 
[INFO] [stdout] warning: unused import: `colored::Colorize`
[INFO] [stdout]  --> src/pbkdf2.rs:1:5
[INFO] [stdout]   |
[INFO] [stdout] 1 | use colored::Colorize;
[INFO] [stdout]   |     ^^^^^^^^^^^^^^^^^
[INFO] [stdout] 
[INFO] [stdout] 
[INFO] [stdout] warning: unused import: `std::hint::black_box`
[INFO] [stdout]  --> src/pbkdf2.rs:2:5
[INFO] [stdout]   |
[INFO] [stdout] 2 | use std::hint::black_box;
[INFO] [stdout]   |     ^^^^^^^^^^^^^^^^^^^^
[INFO] [stdout] 
[INFO] [stdout] 
[INFO] [stdout] warning: unused imports: `IS_PROFILE_RECONCILING`, `IS_PROFILING`, `PROFILING_DEPTH`, `PROFILING_MAP`, `PROFILING_PATH`, `Profile`
[INFO] [stdout]  --> src/pbkdf2.rs:6:14
[INFO] [stdout]   |
[INFO] [stdout] 6 |     profile, Profile, IS_PROFILE_RECONCILING, IS_PROFILING, PROFILING_DEPTH, PROFILING_MAP,
[INFO] [stdout]   |              ^^^^^^^  ^^^^^^^^^^^^^^^^^^^^^^  ^^^^^^^^^^^^  ^^^^^^^^^^^^^^^  ^^^^^^^^^^^^^
[INFO] [stdout] 7 |     PROFILING_PATH,
[INFO] [stdout]   |     ^^^^^^^^^^^^^^
[INFO] [stdout] 
[INFO] [stdout] 
[INFO] [stdout] warning: unused imports: `IS_PROFILE_RECONCILING`, `IS_PROFILING`, `PROFILING_DEPTH`, `PROFILING_MAP`, `PROFILING_PATH`, `Profile`
[INFO] [stdout]  --> src/point.rs:2:14
[INFO] [stdout]   |
[INFO] [stdout] 2 |     profile, Profile, IS_PROFILE_RECONCILING, IS_PROFILING, PROFILING_DEPTH, PROFILING_MAP,
[INFO] [stdout]   |              ^^^^^^^  ^^^^^^^^^^^^^^^^^^^^^^  ^^^^^^^^^^^^  ^^^^^^^^^^^^^^^  ^^^^^^^^^^^^^
[INFO] [stdout] 3 |     PROFILING_PATH,
[INFO] [stdout]   |     ^^^^^^^^^^^^^^
[INFO] [stdout] 
[INFO] [stdout] 
[INFO] [stdout] warning: unused import: `colored::Colorize`
[INFO] [stdout]  --> src/point.rs:5:5
[INFO] [stdout]   |
[INFO] [stdout] 5 | use colored::Colorize;
[INFO] [stdout]   |     ^^^^^^^^^^^^^^^^^
[INFO] [stdout] 
[INFO] [stdout] 
[INFO] [stdout] warning: unused import: `std::hint::black_box`
[INFO] [stdout]  --> src/point.rs:6:5
[INFO] [stdout]   |
[INFO] [stdout] 6 | use std::hint::black_box;
[INFO] [stdout]   |     ^^^^^^^^^^^^^^^^^^^^
[INFO] [stdout] 
[INFO] [stdout] 
[INFO] [stdout] warning: unused imports: `IS_PROFILE_RECONCILING`, `IS_PROFILING`, `PROFILING_DEPTH`, `PROFILING_MAP`, `PROFILING_PATH`, `Profile`
[INFO] [stdout]  --> src/hmac32.rs:2:14
[INFO] [stdout]   |
[INFO] [stdout] 2 |     profile, Profile, IS_PROFILE_RECONCILING, IS_PROFILING, PROFILING_DEPTH, PROFILING_MAP,
[INFO] [stdout]   |              ^^^^^^^  ^^^^^^^^^^^^^^^^^^^^^^  ^^^^^^^^^^^^  ^^^^^^^^^^^^^^^  ^^^^^^^^^^^^^
[INFO] [stdout] 3 |     PROFILING_PATH,
[INFO] [stdout]   |     ^^^^^^^^^^^^^^
[INFO] [stdout] 
[INFO] [stdout] 
[INFO] [stdout] warning: unused import: `colored::Colorize`
[INFO] [stdout]  --> src/hmac32.rs:5:5
[INFO] [stdout]   |
[INFO] [stdout] 5 | use colored::Colorize;
[INFO] [stdout]   |     ^^^^^^^^^^^^^^^^^
[INFO] [stdout] 
[INFO] [stdout] 
[INFO] [stdout] warning: unused import: `std::hint::black_box`
[INFO] [stdout]  --> src/hmac32.rs:6:5
[INFO] [stdout]   |
[INFO] [stdout] 6 | use std::hint::black_box;
[INFO] [stdout]   |     ^^^^^^^^^^^^^^^^^^^^
[INFO] [stdout] 
[INFO] [stdout] 
[INFO] [stdout] warning: unused imports: `big_int::BigInt`, `curve`, `point::Point`
[INFO] [stdout]  --> src/sha512hash32.rs:2:13
[INFO] [stdout]   |
[INFO] [stdout] 2 | use crate::{big_int::BigInt, curve, point::Point};
[INFO] [stdout]   |             ^^^^^^^^^^^^^^^  ^^^^^  ^^^^^^^^^^^^
[INFO] [stdout] 
[INFO] [stdout] 
[INFO] [stdout] warning: unused imports: `IS_PROFILE_RECONCILING`, `IS_PROFILING`, `PROFILING_DEPTH`, `PROFILING_MAP`, `PROFILING_PATH`, `Profile`
[INFO] [stdout]  --> src/sha512hash32.rs:4:14
[INFO] [stdout]   |
[INFO] [stdout] 4 |     profile, Profile, IS_PROFILE_RECONCILING, IS_PROFILING, PROFILING_DEPTH, PROFILING_MAP,
[INFO] [stdout]   |              ^^^^^^^  ^^^^^^^^^^^^^^^^^^^^^^  ^^^^^^^^^^^^  ^^^^^^^^^^^^^^^  ^^^^^^^^^^^^^
[INFO] [stdout] 5 |     PROFILING_PATH,
[INFO] [stdout]   |     ^^^^^^^^^^^^^^
[INFO] [stdout] 
[INFO] [stdout] 
[INFO] [stdout] warning: unused import: `colored::Colorize`
[INFO] [stdout]  --> src/sha512hash32.rs:7:5
[INFO] [stdout]   |
[INFO] [stdout] 7 | use colored::Colorize;
[INFO] [stdout]   |     ^^^^^^^^^^^^^^^^^
[INFO] [stdout] 
[INFO] [stdout] 
[INFO] [stdout] warning: unused import: `std::hint::black_box`
[INFO] [stdout]  --> src/sha512hash32.rs:8:5
[INFO] [stdout]   |
[INFO] [stdout] 8 | use std::hint::black_box;
[INFO] [stdout]   |     ^^^^^^^^^^^^^^^^^^^^
[INFO] [stdout] 
[INFO] [stdout] 
[INFO] [stdout] warning: unused import: `colored::Colorize`
[INFO] [stdout]   --> src/main.rs:29:5
[INFO] [stdout]    |
[INFO] [stdout] 29 | use colored::Colorize;
[INFO] [stdout]    |     ^^^^^^^^^^^^^^^^^
[INFO] [stdout] 
[INFO] [stdout] 
[INFO] [stdout] warning: unused imports: `fmt::format`, `hint::black_box`, `num::NonZeroU64`
[INFO] [stdout]   --> src/main.rs:31:5
[INFO] [stdout]    |
[INFO] [stdout] 31 |     fmt::format,
[INFO] [stdout]    |     ^^^^^^^^^^^
[INFO] [stdout] 32 |     fs::{File, OpenOptions},
[INFO] [stdout] 33 |     hint::black_box,
[INFO] [stdout]    |     ^^^^^^^^^^^^^^^
[INFO] [stdout] 34 |     io::{BufWriter, Write},
[INFO] [stdout] 35 |     num::NonZeroU64,
[INFO] [stdout]    |     ^^^^^^^^^^^^^^^
[INFO] [stdout] 
[INFO] [stdout] 
[INFO] [stdout] warning: unused variable: `i`
[INFO] [stdout]   --> src/point.rs:74:21
[INFO] [stdout]    |
[INFO] [stdout] 74 |             let mut i = 0;
[INFO] [stdout]    |                     ^ help: if this is intentional, prefix it with an underscore: `_i`
[INFO] [stdout]    |
[INFO] [stdout]    = note: `#[warn(unused_variables)]` on by default
[INFO] [stdout] 
[INFO] [stdout] 
[INFO] [stdout] warning: function `from_mnemonic_to_address_init` is never used
[INFO] [stdout]    --> src/main.rs:140:4
[INFO] [stdout]     |
[INFO] [stdout] 140 | fn from_mnemonic_to_address_init(mnemonic: &str) -> String {
[INFO] [stdout]     |    ^^^^^^^^^^^^^^^^^^^^^^^^^^^^^
[INFO] [stdout]     |
[INFO] [stdout]     = note: `#[warn(dead_code)]` on by default
[INFO] [stdout] 
[INFO] [stdout] 
[INFO] [stdout] warning: function `profile_main` is never used
[INFO] [stdout]    --> src/main.rs:148:4
[INFO] [stdout]     |
[INFO] [stdout] 148 | fn profile_main() {
[INFO] [stdout]     |    ^^^^^^^^^^^^
[INFO] [stdout] 
[INFO] [stdout] 
[INFO] [stdout] warning: variable `u8Array` should have a snake case name
[INFO] [stdout]    --> src/main.rs:540:13
[INFO] [stdout]     |
[INFO] [stdout] 540 |     let mut u8Array: Vec<u8> = Vec::new();
[INFO] [stdout]     |             ^^^^^^^ help: convert the identifier to snake case: `u8_array`
[INFO] [stdout]     |
[INFO] [stdout]     = note: `#[warn(non_snake_case)]` on by default
[INFO] [stdout] 
[INFO] [stdout] 
[INFO] [stdout] warning: 28 warnings emitted
[INFO] [stdout] 
[INFO] [stdout] 
[INFO] [stderr]     Finished test [unoptimized + debuginfo] target(s) in 0.57s
[INFO] running `Command { std: "docker" "inspect" "61ac5f5085a02ed8276cf18cf83bf0be9646258d45810a55be6f66c8e27e0ee4", kill_on_drop: false }`
[INFO] running `Command { std: "docker" "rm" "-f" "61ac5f5085a02ed8276cf18cf83bf0be9646258d45810a55be6f66c8e27e0ee4", kill_on_drop: false }`
[INFO] [stdout] 61ac5f5085a02ed8276cf18cf83bf0be9646258d45810a55be6f66c8e27e0ee4
[INFO] running `Command { std: "docker" "create" "-v" "/var/lib/crater-agent-workspace/builds/worker-3-tc1/target:/opt/rustwide/target:rw,Z" "-v" "/var/lib/crater-agent-workspace/builds/worker-3-tc1/source:/opt/rustwide/workdir:ro,Z" "-v" "/var/lib/crater-agent-workspace/cargo-home:/opt/rustwide/cargo-home:ro,Z" "-v" "/var/lib/crater-agent-workspace/rustup-home:/opt/rustwide/rustup-home:ro,Z" "-e" "SOURCE_DIR=/opt/rustwide/workdir" "-e" "CARGO_TARGET_DIR=/opt/rustwide/target" "-e" "CARGO_INCREMENTAL=0" "-e" "RUST_BACKTRACE=full" "-e" "RUSTFLAGS=--cap-lints=warn" "-e" "RUSTDOCFLAGS=--cap-lints=warn" "-e" "CARGO_HOME=/opt/rustwide/cargo-home" "-e" "RUSTUP_HOME=/opt/rustwide/rustup-home" "-w" "/opt/rustwide/workdir" "-m" "1610612736" "--user" "0:0" "--network" "none" "ghcr.io/rust-lang/crates-build-env/linux@sha256:2788e3201cd34a07e3172128adcd8b3090168a8e3bcc40d7c032b9dda1df7d1c" "/opt/rustwide/cargo-home/bin/cargo" "+1.75.0" "test" "--frozen", kill_on_drop: false }`
[INFO] [stdout] e6af24065bcc7d8bd43842d85365b1aa179675fe2236e85adb27a98024aed99e
[INFO] running `Command { std: "docker" "start" "-a" "e6af24065bcc7d8bd43842d85365b1aa179675fe2236e85adb27a98024aed99e", kill_on_drop: false }`
[INFO] [stderr] warning: unreachable pattern
[INFO] [stderr]    --> profile/src/lib.rs:113:13
[INFO] [stderr]     |
[INFO] [stderr] 113 |             _ => panic!("Expected a typed argument"),
[INFO] [stderr]     |             ^
[INFO] [stderr]     |
[INFO] [stderr]     = note: `#[warn(unreachable_patterns)]` on by default
[INFO] [stderr] 
[INFO] [stderr] warning: unused variable: `arg_ty`
[INFO] [stderr]    --> profile/src/lib.rs:123:13
[INFO] [stderr]     |
[INFO] [stderr] 123 |         let arg_ty = arg.ty.clone();
[INFO] [stderr]     |             ^^^^^^ help: if this is intentional, prefix it with an underscore: `_arg_ty`
[INFO] [stderr]     |
[INFO] [stderr]     = note: `#[warn(unused_variables)]` on by default
[INFO] [stderr] 
[INFO] [stderr] warning: `profile` (lib) generated 2 warnings (run `cargo fix --lib -p profile` to apply 1 suggestion)
[INFO] [stderr] warning: unused imports: `IS_PROFILE_RECONCILING`, `IS_PROFILING`, `PROFILING_DEPTH`, `PROFILING_MAP`, `PROFILING_PATH`, `Profile`
[INFO] [stderr]  --> src/big_int.rs:4:14
[INFO] [stderr]   |
[INFO] [stderr] 4 |     profile, Profile, IS_PROFILE_RECONCILING, IS_PROFILING, PROFILING_DEPTH, PROFILING_MAP,
[INFO] [stderr]   |              ^^^^^^^  ^^^^^^^^^^^^^^^^^^^^^^  ^^^^^^^^^^^^  ^^^^^^^^^^^^^^^  ^^^^^^^^^^^^^
[INFO] [stderr] 5 |     PROFILING_PATH,
[INFO] [stderr]   |     ^^^^^^^^^^^^^^
[INFO] [stderr]   |
[INFO] [stderr]   = note: `#[warn(unused_imports)]` on by default
[INFO] [stderr] 
[INFO] [stderr] warning: unused import: `colored::Colorize`
[INFO] [stderr]  --> src/big_int.rs:7:5
[INFO] [stderr]   |
[INFO] [stderr] 7 | use colored::Colorize;
[INFO] [stderr]   |     ^^^^^^^^^^^^^^^^^
[INFO] [stderr] 
[INFO] [stderr] warning: unused import: `std::hint::black_box`
[INFO] [stderr]  --> src/big_int.rs:8:5
[INFO] [stderr]   |
[INFO] [stderr] 8 | use std::hint::black_box;
[INFO] [stderr]   |     ^^^^^^^^^^^^^^^^^^^^
[INFO] [stderr] 
[INFO] [stderr] warning: unused imports: `IS_PROFILE_RECONCILING`, `IS_PROFILING`, `PROFILING_DEPTH`, `PROFILING_MAP`, `PROFILING_PATH`, `Profile`
[INFO] [stderr]  --> src/ec_pair.rs:3:14
[INFO] [stderr]   |
[INFO] [stderr] 3 |     profile, Profile, IS_PROFILE_RECONCILING, IS_PROFILING, PROFILING_DEPTH, PROFILING_MAP,
[INFO] [stderr]   |              ^^^^^^^  ^^^^^^^^^^^^^^^^^^^^^^  ^^^^^^^^^^^^  ^^^^^^^^^^^^^^^  ^^^^^^^^^^^^^
[INFO] [stderr] 4 |     PROFILING_PATH,
[INFO] [stderr]   |     ^^^^^^^^^^^^^^
[INFO] [stderr] 
[INFO] [stderr] warning: unused import: `colored::Colorize`
[INFO] [stderr]  --> src/ec_pair.rs:6:5
[INFO] [stderr]   |
[INFO] [stderr] 6 | use colored::Colorize;
[INFO] [stderr]   |     ^^^^^^^^^^^^^^^^^
[INFO] [stderr] 
[INFO] [stderr] warning: unused import: `std::hint::black_box`
[INFO] [stderr]  --> src/ec_pair.rs:7:5
[INFO] [stderr]   |
[INFO] [stderr] 7 | use std::hint::black_box;
[INFO] [stderr]   |     ^^^^^^^^^^^^^^^^^^^^
[INFO] [stderr] 
[INFO] [stderr] warning: unused imports: `IS_PROFILE_RECONCILING`, `IS_PROFILING`, `PROFILING_DEPTH`, `PROFILING_MAP`, `PROFILING_PATH`, `Profile`
[INFO] [stderr]  --> src/hd_node.rs:2:14
[INFO] [stderr]   |
[INFO] [stderr] 2 |     profile, Profile, IS_PROFILE_RECONCILING, IS_PROFILING, PROFILING_DEPTH, PROFILING_MAP,
[INFO] [stderr]   |              ^^^^^^^  ^^^^^^^^^^^^^^^^^^^^^^  ^^^^^^^^^^^^  ^^^^^^^^^^^^^^^  ^^^^^^^^^^^^^
[INFO] [stderr] 3 |     PROFILING_PATH,
[INFO] [stderr]   |     ^^^^^^^^^^^^^^
[INFO] [stderr] 
[INFO] [stderr] warning: unused import: `colored::Colorize`
[INFO] [stderr]  --> src/hd_node.rs:5:5
[INFO] [stderr]   |
[INFO] [stderr] 5 | use colored::Colorize;
[INFO] [stderr]   |     ^^^^^^^^^^^^^^^^^
[INFO] [stderr] 
[INFO] [stderr] warning: unused import: `std::hint::black_box`
[INFO] [stderr]  --> src/hd_node.rs:6:5
[INFO] [stderr]   |
[INFO] [stderr] 6 | use std::hint::black_box;
[INFO] [stderr]   |     ^^^^^^^^^^^^^^^^^^^^
[INFO] [stderr] 
[INFO] [stderr] warning: unused import: `colored::Colorize`
[INFO] [stderr]  --> src/pbkdf2.rs:1:5
[INFO] [stderr]   |
[INFO] [stderr] 1 | use colored::Colorize;
[INFO] [stderr]   |     ^^^^^^^^^^^^^^^^^
[INFO] [stderr] 
[INFO] [stderr] warning: unused import: `std::hint::black_box`
[INFO] [stderr]  --> src/pbkdf2.rs:2:5
[INFO] [stderr]   |
[INFO] [stderr] 2 | use std::hint::black_box;
[INFO] [stderr]   |     ^^^^^^^^^^^^^^^^^^^^
[INFO] [stderr] 
[INFO] [stderr] warning: unused imports: `IS_PROFILE_RECONCILING`, `IS_PROFILING`, `PROFILING_DEPTH`, `PROFILING_MAP`, `PROFILING_PATH`, `Profile`
[INFO] [stderr]  --> src/pbkdf2.rs:6:14
[INFO] [stderr]   |
[INFO] [stderr] 6 |     profile, Profile, IS_PROFILE_RECONCILING, IS_PROFILING, PROFILING_DEPTH, PROFILING_MAP,
[INFO] [stderr]   |              ^^^^^^^  ^^^^^^^^^^^^^^^^^^^^^^  ^^^^^^^^^^^^  ^^^^^^^^^^^^^^^  ^^^^^^^^^^^^^
[INFO] [stderr] 7 |     PROFILING_PATH,
[INFO] [stderr]   |     ^^^^^^^^^^^^^^
[INFO] [stderr] 
[INFO] [stderr] warning: unused imports: `IS_PROFILE_RECONCILING`, `IS_PROFILING`, `PROFILING_DEPTH`, `PROFILING_MAP`, `PROFILING_PATH`, `Profile`
[INFO] [stderr]  --> src/point.rs:2:14
[INFO] [stderr]   |
[INFO] [stderr] 2 |     profile, Profile, IS_PROFILE_RECONCILING, IS_PROFILING, PROFILING_DEPTH, PROFILING_MAP,
[INFO] [stderr]   |              ^^^^^^^  ^^^^^^^^^^^^^^^^^^^^^^  ^^^^^^^^^^^^  ^^^^^^^^^^^^^^^  ^^^^^^^^^^^^^
[INFO] [stderr] 3 |     PROFILING_PATH,
[INFO] [stderr]   |     ^^^^^^^^^^^^^^
[INFO] [stderr] 
[INFO] [stderr] warning: unused import: `colored::Colorize`
[INFO] [stderr]  --> src/point.rs:5:5
[INFO] [stderr]   |
[INFO] [stderr] 5 | use colored::Colorize;
[INFO] [stderr]   |     ^^^^^^^^^^^^^^^^^
[INFO] [stderr] 
[INFO] [stderr] warning: unused import: `std::hint::black_box`
[INFO] [stderr]  --> src/point.rs:6:5
[INFO] [stderr]   |
[INFO] [stderr] 6 | use std::hint::black_box;
[INFO] [stderr]   |     ^^^^^^^^^^^^^^^^^^^^
[INFO] [stderr] 
[INFO] [stderr] warning: unused imports: `IS_PROFILE_RECONCILING`, `IS_PROFILING`, `PROFILING_DEPTH`, `PROFILING_MAP`, `PROFILING_PATH`, `Profile`
[INFO] [stderr]  --> src/hmac32.rs:2:14
[INFO] [stderr]   |
[INFO] [stderr] 2 |     profile, Profile, IS_PROFILE_RECONCILING, IS_PROFILING, PROFILING_DEPTH, PROFILING_MAP,
[INFO] [stderr]   |              ^^^^^^^  ^^^^^^^^^^^^^^^^^^^^^^  ^^^^^^^^^^^^  ^^^^^^^^^^^^^^^  ^^^^^^^^^^^^^
[INFO] [stderr] 3 |     PROFILING_PATH,
[INFO] [stderr]   |     ^^^^^^^^^^^^^^
[INFO] [stderr] 
[INFO] [stderr] warning: unused import: `colored::Colorize`
[INFO] [stderr]  --> src/hmac32.rs:5:5
[INFO] [stderr]   |
[INFO] [stderr] 5 | use colored::Colorize;
[INFO] [stderr]   |     ^^^^^^^^^^^^^^^^^
[INFO] [stderr] 
[INFO] [stderr] warning: unused import: `std::hint::black_box`
[INFO] [stderr]  --> src/hmac32.rs:6:5
[INFO] [stderr]   |
[INFO] [stderr] 6 | use std::hint::black_box;
[INFO] [stderr]   |     ^^^^^^^^^^^^^^^^^^^^
[INFO] [stderr] 
[INFO] [stderr] warning: unused imports: `big_int::BigInt`, `curve`, `point::Point`
[INFO] [stderr]  --> src/sha512hash32.rs:2:13
[INFO] [stderr]   |
[INFO] [stderr] 2 | use crate::{big_int::BigInt, curve, point::Point};
[INFO] [stderr]   |             ^^^^^^^^^^^^^^^  ^^^^^  ^^^^^^^^^^^^
[INFO] [stderr] 
[INFO] [stderr] warning: unused imports: `IS_PROFILE_RECONCILING`, `IS_PROFILING`, `PROFILING_DEPTH`, `PROFILING_MAP`, `PROFILING_PATH`, `Profile`
[INFO] [stderr]  --> src/sha512hash32.rs:4:14
[INFO] [stderr]   |
[INFO] [stderr] 4 |     profile, Profile, IS_PROFILE_RECONCILING, IS_PROFILING, PROFILING_DEPTH, PROFILING_MAP,
[INFO] [stderr]   |              ^^^^^^^  ^^^^^^^^^^^^^^^^^^^^^^  ^^^^^^^^^^^^  ^^^^^^^^^^^^^^^  ^^^^^^^^^^^^^
[INFO] [stderr] 5 |     PROFILING_PATH,
[INFO] [stderr]   |     ^^^^^^^^^^^^^^
[INFO] [stderr] 
[INFO] [stderr] warning: unused import: `colored::Colorize`
[INFO] [stderr]  --> src/sha512hash32.rs:7:5
[INFO] [stderr]   |
[INFO] [stderr] 7 | use colored::Colorize;
[INFO] [stderr]   |     ^^^^^^^^^^^^^^^^^
[INFO] [stderr] 
[INFO] [stderr] warning: unused import: `std::hint::black_box`
[INFO] [stderr]  --> src/sha512hash32.rs:8:5
[INFO] [stderr]   |
[INFO] [stderr] 8 | use std::hint::black_box;
[INFO] [stderr]   |     ^^^^^^^^^^^^^^^^^^^^
[INFO] [stderr] 
[INFO] [stderr] warning: unused import: `colored::Colorize`
[INFO] [stderr]   --> src/main.rs:29:5
[INFO] [stderr]    |
[INFO] [stderr] 29 | use colored::Colorize;
[INFO] [stderr]    |     ^^^^^^^^^^^^^^^^^
[INFO] [stderr] 
[INFO] [stderr] warning: unused imports: `fmt::format`, `hint::black_box`, `num::NonZeroU64`
[INFO] [stderr]   --> src/main.rs:31:5
[INFO] [stderr]    |
[INFO] [stderr] 31 |     fmt::format,
[INFO] [stderr]    |     ^^^^^^^^^^^
[INFO] [stderr] 32 |     fs::{File, OpenOptions},
[INFO] [stderr] 33 |     hint::black_box,
[INFO] [stderr]    |     ^^^^^^^^^^^^^^^
[INFO] [stderr] 34 |     io::{BufWriter, Write},
[INFO] [stderr] 35 |     num::NonZeroU64,
[INFO] [stderr]    |     ^^^^^^^^^^^^^^^
[INFO] [stderr] 
[INFO] [stderr] warning: unused variable: `i`
[INFO] [stderr]   --> src/point.rs:74:21
[INFO] [stderr]    |
[INFO] [stderr] 74 |             let mut i = 0;
[INFO] [stderr]    |                     ^ help: if this is intentional, prefix it with an underscore: `_i`
[INFO] [stderr]    |
[INFO] [stderr]    = note: `#[warn(unused_variables)]` on by default
[INFO] [stderr] 
[INFO] [stderr] warning: function `from_mnemonic_to_address_init` is never used
[INFO] [stderr]    --> src/main.rs:140:4
[INFO] [stderr]     |
[INFO] [stderr] 140 | fn from_mnemonic_to_address_init(mnemonic: &str) -> String {
[INFO] [stderr]     |    ^^^^^^^^^^^^^^^^^^^^^^^^^^^^^
[INFO] [stderr]     |
[INFO] [stderr]     = note: `#[warn(dead_code)]` on by default
[INFO] [stderr] 
[INFO] [stderr] warning: function `profile_main` is never used
[INFO] [stderr]    --> src/main.rs:148:4
[INFO] [stderr]     |
[INFO] [stderr] 148 | fn profile_main() {
[INFO] [stderr]     |    ^^^^^^^^^^^^
[INFO] [stderr] 
[INFO] [stderr] warning: variable `u8Array` should have a snake case name
[INFO] [stderr]    --> src/main.rs:540:13
[INFO] [stderr]     |
[INFO] [stderr] 540 |     let mut u8Array: Vec<u8> = Vec::new();
[INFO] [stderr]     |             ^^^^^^^ help: convert the identifier to snake case: `u8_array`
[INFO] [stderr]     |
[INFO] [stderr]     = note: `#[warn(non_snake_case)]` on by default
[INFO] [stderr] 
[INFO] [stderr] warning: `address-hasher-rust` (bin "address-hasher-rust" test) generated 28 warnings (run `cargo fix --bin "address-hasher-rust" --tests` to apply 25 suggestions)
[INFO] [stderr]     Finished test [unoptimized + debuginfo] target(s) in 0.03s
[INFO] [stderr]      Running unittests src/main.rs (/opt/rustwide/target/debug/deps/address_hasher_rust-fd15824d9ee9ec50)
[INFO] [stdout] 
[INFO] [stdout] running 7 tests
[INFO] [stdout] test sha512hash32::tests::sha512_stage1 ... ok
[INFO] [stdout] test hmac::tests::hmac ... ok
[INFO] [stdout] test sha512hash32::tests::sha512_stage2 ... ok
[INFO] [stdout] test sha512hash::tests::sha512_stage1 ... ok
[INFO] [stdout] test sha512hash::tests::sha512_stage2 ... ok
[INFO] [stdout] test hmac32::tests::hmac ... FAILED
[INFO] [stdout] test tests::to_seed_test ... FAILED
[INFO] [stdout] 
[INFO] [stdout] failures:
[INFO] [stdout] 
[INFO] [stdout] ---- hmac32::tests::hmac stdout ----
[INFO] [stdout] thread 'hmac32::tests::hmac' panicked at src/hmac32.rs:135:9:
[INFO] [stdout] assertion `left == right` failed
[INFO] [stdout]   left: [751164538, 1698581195, 2715969213, 1481567704, 570637479, 491464184, 459193621, 3944919519, 2007526611, 651930867, 3289150198, 3306675157, 2306695361, 3214700040, 1530777329, 188559373]
[INFO] [stdout]  right: [180, 42, 240, 144, 87, 186, 193, 226, 212, 23, 8, 228, 138, 144, 46, 9, 181, 255, 127, 18, 171, 66, 138, 79, 232, 102, 83, 199, 61, 210, 72, 251, 130, 249, 72, 165, 73, 247, 183, 145, 165, 180, 25, 21, 238, 77, 30, 195, 147, 83, 87, 228, 226, 49, 114, 80, 208, 55, 42, 250, 46, 190, 235, 58]
[INFO] [stdout] stack backtrace:
[INFO] [stdout]    0:     0x560e63835cdc - std::backtrace_rs::backtrace::libunwind::trace::ha637c64ce894333a
[INFO] [stdout]                                at /rustc/82e1608dfa6e0b5569232559e3d385fea5a93112/library/std/src/../../backtrace/src/backtrace/libunwind.rs:104:5
[INFO] [stdout]    1:     0x560e63835cdc - std::backtrace_rs::backtrace::trace_unsynchronized::h47f62dea28e0c88d
[INFO] [stdout]                                at /rustc/82e1608dfa6e0b5569232559e3d385fea5a93112/library/std/src/../../backtrace/src/backtrace/mod.rs:66:5
[INFO] [stdout]    2:     0x560e63835cdc - std::sys_common::backtrace::_print_fmt::h9eef0abe20ede486
[INFO] [stdout]                                at /rustc/82e1608dfa6e0b5569232559e3d385fea5a93112/library/std/src/sys_common/backtrace.rs:67:5
[INFO] [stdout]    3:     0x560e63835cdc - <std::sys_common::backtrace::_print::DisplayBacktrace as core::fmt::Display>::fmt::hed7f999df88cc644
[INFO] [stdout]                                at /rustc/82e1608dfa6e0b5569232559e3d385fea5a93112/library/std/src/sys_common/backtrace.rs:44:22
[INFO] [stdout]    4:     0x560e6385f820 - core::fmt::rt::Argument::fmt::h1539a9308b8d058d
[INFO] [stdout]                                at /rustc/82e1608dfa6e0b5569232559e3d385fea5a93112/library/core/src/fmt/rt.rs:142:9
[INFO] [stdout]    5:     0x560e6385f820 - core::fmt::write::h3a39390d8560d9c9
[INFO] [stdout]                                at /rustc/82e1608dfa6e0b5569232559e3d385fea5a93112/library/core/src/fmt/mod.rs:1120:17
[INFO] [stdout]    6:     0x560e6383368f - std::io::Write::write_fmt::h040b369f3a0f9cbc
[INFO] [stdout]                                at /rustc/82e1608dfa6e0b5569232559e3d385fea5a93112/library/std/src/io/mod.rs:1762:15
[INFO] [stdout]    7:     0x560e63835ac4 - std::sys_common::backtrace::_print::h894006fb5c6f3d45
[INFO] [stdout]                                at /rustc/82e1608dfa6e0b5569232559e3d385fea5a93112/library/std/src/sys_common/backtrace.rs:47:5
[INFO] [stdout]    8:     0x560e63835ac4 - std::sys_common::backtrace::print::h23a2d212c6fff936
[INFO] [stdout]                                at /rustc/82e1608dfa6e0b5569232559e3d385fea5a93112/library/std/src/sys_common/backtrace.rs:34:9
[INFO] [stdout]    9:     0x560e63837787 - std::panicking::default_hook::{{closure}}::h8a1d2ee00185001a
[INFO] [stdout]   10:     0x560e63837473 - std::panicking::default_hook::h6038f2eba384e475
[INFO] [stdout]                                at /rustc/82e1608dfa6e0b5569232559e3d385fea5a93112/library/std/src/panicking.rs:289:9
[INFO] [stdout]   11:     0x560e63805697 - <alloc::boxed::Box<F,A> as core::ops::function::Fn<Args>>::call::h0ad024c9bdc6d768
[INFO] [stdout]                                at /rustc/82e1608dfa6e0b5569232559e3d385fea5a93112/library/alloc/src/boxed.rs:2021:9
[INFO] [stdout]   12:     0x560e63805697 - test::test_main::{{closure}}::h7500b54257359db6
[INFO] [stdout]                                at /rustc/82e1608dfa6e0b5569232559e3d385fea5a93112/library/test/src/lib.rs:138:21
[INFO] [stdout]   13:     0x560e63837d98 - <alloc::boxed::Box<F,A> as core::ops::function::Fn<Args>>::call::h1f8f335eaa9cfaee
[INFO] [stdout]                                at /rustc/82e1608dfa6e0b5569232559e3d385fea5a93112/library/alloc/src/boxed.rs:2021:9
[INFO] [stdout]   14:     0x560e63837d98 - std::panicking::rust_panic_with_hook::h2b5517d590cab22e
[INFO] [stdout]                                at /rustc/82e1608dfa6e0b5569232559e3d385fea5a93112/library/std/src/panicking.rs:783:13
[INFO] [stdout]   15:     0x560e63837aee - std::panicking::begin_panic_handler::{{closure}}::h233112c06e0ef43e
[INFO] [stdout]                                at /rustc/82e1608dfa6e0b5569232559e3d385fea5a93112/library/std/src/panicking.rs:657:13
[INFO] [stdout]   16:     0x560e638361a6 - std::sys_common::backtrace::__rust_end_short_backtrace::h6e893f24d7ebbff8
[INFO] [stdout]                                at /rustc/82e1608dfa6e0b5569232559e3d385fea5a93112/library/std/src/sys_common/backtrace.rs:170:18
[INFO] [stdout]   17:     0x560e63837852 - rust_begin_unwind
[INFO] [stdout]                                at /rustc/82e1608dfa6e0b5569232559e3d385fea5a93112/library/std/src/panicking.rs:645:5
[INFO] [stdout]   18:     0x560e637becf5 - core::panicking::panic_fmt::hbf0e066aabfa482c
[INFO] [stdout]                                at /rustc/82e1608dfa6e0b5569232559e3d385fea5a93112/library/core/src/panicking.rs:72:14
[INFO] [stdout]   19:     0x560e637bf10b - core::panicking::assert_failed_inner::h0bba8b7c26ee4492
[INFO] [stdout]   20:     0x560e637cfd7e - core::panicking::assert_failed::h5e8b365eecfe8d4c
[INFO] [stdout]                                at /rustc/82e1608dfa6e0b5569232559e3d385fea5a93112/library/core/src/panicking.rs:279:5
[INFO] [stdout]   21:     0x560e637c963e - address_hasher_rust::hmac32::tests::hmac::h36d44ec5695b680d
[INFO] [stdout]                                at /opt/rustwide/workdir/src/hmac32.rs:135:9
[INFO] [stdout]   22:     0x560e637c8ff7 - address_hasher_rust::hmac32::tests::hmac::{{closure}}::hb1abaae8f2bbdc4e
[INFO] [stdout]                                at /opt/rustwide/workdir/src/hmac32.rs:121:14
[INFO] [stdout]   23:     0x560e637cede6 - core::ops::function::FnOnce::call_once::h56b1cfa6d4f5f60f
[INFO] [stdout]                                at /rustc/82e1608dfa6e0b5569232559e3d385fea5a93112/library/core/src/ops/function.rs:250:5
[INFO] [stdout]   24:     0x560e6380acef - core::ops::function::FnOnce::call_once::h2b5d431d5046312d
[INFO] [stdout]                                at /rustc/82e1608dfa6e0b5569232559e3d385fea5a93112/library/core/src/ops/function.rs:250:5
[INFO] [stdout]   25:     0x560e6380acef - test::__rust_begin_short_backtrace::h7714669af176e207
[INFO] [stdout]                                at /rustc/82e1608dfa6e0b5569232559e3d385fea5a93112/library/test/src/lib.rs:628:18
[INFO] [stdout]   26:     0x560e63809d05 - test::run_test_in_process::{{closure}}::h85218797dcbcec12
[INFO] [stdout]                                at /rustc/82e1608dfa6e0b5569232559e3d385fea5a93112/library/test/src/lib.rs:651:60
[INFO] [stdout]   27:     0x560e63809d05 - <core::panic::unwind_safe::AssertUnwindSafe<F> as core::ops::function::FnOnce<()>>::call_once::h76c106ea31c14d7b
[INFO] [stdout]                                at /rustc/82e1608dfa6e0b5569232559e3d385fea5a93112/library/core/src/panic/unwind_safe.rs:272:9
[INFO] [stdout]   28:     0x560e63809d05 - std::panicking::try::do_call::h3bd5d0f6620ee946
[INFO] [stdout]                                at /rustc/82e1608dfa6e0b5569232559e3d385fea5a93112/library/std/src/panicking.rs:552:40
[INFO] [stdout]   29:     0x560e63809d05 - std::panicking::try::h232e535e4744fe31
[INFO] [stdout]                                at /rustc/82e1608dfa6e0b5569232559e3d385fea5a93112/library/std/src/panicking.rs:516:19
[INFO] [stdout]   30:     0x560e63809d05 - std::panic::catch_unwind::h3ce3bd6ca8dbac68
[INFO] [stdout]                                at /rustc/82e1608dfa6e0b5569232559e3d385fea5a93112/library/std/src/panic.rs:142:14
[INFO] [stdout]   31:     0x560e63809d05 - test::run_test_in_process::hc97b257c9621286a
[INFO] [stdout]                                at /rustc/82e1608dfa6e0b5569232559e3d385fea5a93112/library/test/src/lib.rs:651:27
[INFO] [stdout]   32:     0x560e63809d05 - test::run_test::{{closure}}::h2aa798823a438d38
[INFO] [stdout]                                at /rustc/82e1608dfa6e0b5569232559e3d385fea5a93112/library/test/src/lib.rs:574:43
[INFO] [stdout]   33:     0x560e637d1fc6 - test::run_test::{{closure}}::h87d231c78fb59832
[INFO] [stdout]                                at /rustc/82e1608dfa6e0b5569232559e3d385fea5a93112/library/test/src/lib.rs:602:41
[INFO] [stdout]   34:     0x560e637d1fc6 - std::sys_common::backtrace::__rust_begin_short_backtrace::he6df152596625789
[INFO] [stdout]                                at /rustc/82e1608dfa6e0b5569232559e3d385fea5a93112/library/std/src/sys_common/backtrace.rs:154:18
[INFO] [stdout]   35:     0x560e637d7077 - std::thread::Builder::spawn_unchecked_::{{closure}}::{{closure}}::ha94be15d1e0acf36
[INFO] [stdout]                                at /rustc/82e1608dfa6e0b5569232559e3d385fea5a93112/library/std/src/thread/mod.rs:529:17
[INFO] [stdout]   36:     0x560e637d7077 - <core::panic::unwind_safe::AssertUnwindSafe<F> as core::ops::function::FnOnce<()>>::call_once::h9dc6bd6372f16606
[INFO] [stdout]                                at /rustc/82e1608dfa6e0b5569232559e3d385fea5a93112/library/core/src/panic/unwind_safe.rs:272:9
[INFO] [stdout]   37:     0x560e637d7077 - std::panicking::try::do_call::h9057517f80303cd4
[INFO] [stdout]                                at /rustc/82e1608dfa6e0b5569232559e3d385fea5a93112/library/std/src/panicking.rs:552:40
[INFO] [stdout]   38:     0x560e637d7077 - std::panicking::try::he3a30b11ee45340c
[INFO] [stdout]                                at /rustc/82e1608dfa6e0b5569232559e3d385fea5a93112/library/std/src/panicking.rs:516:19
[INFO] [stdout]   39:     0x560e637d7077 - std::panic::catch_unwind::h410458cfd3528b8b
[INFO] [stdout]                                at /rustc/82e1608dfa6e0b5569232559e3d385fea5a93112/library/std/src/panic.rs:142:14
[INFO] [stdout]   40:     0x560e637d7077 - std::thread::Builder::spawn_unchecked_::{{closure}}::h72ac3bdb567b737b
[INFO] [stdout]                                at /rustc/82e1608dfa6e0b5569232559e3d385fea5a93112/library/std/src/thread/mod.rs:528:30
[INFO] [stdout]   41:     0x560e637d7077 - core::ops::function::FnOnce::call_once{{vtable.shim}}::h38f34da3654a8344
[INFO] [stdout]                                at /rustc/82e1608dfa6e0b5569232559e3d385fea5a93112/library/core/src/ops/function.rs:250:5
[INFO] [stdout]   42:     0x560e6383c825 - <alloc::boxed::Box<F,A> as core::ops::function::FnOnce<Args>>::call_once::hc7eafaff61e32df9
[INFO] [stdout]                                at /rustc/82e1608dfa6e0b5569232559e3d385fea5a93112/library/alloc/src/boxed.rs:2007:9
[INFO] [stdout]   43:     0x560e6383c825 - <alloc::boxed::Box<F,A> as core::ops::function::FnOnce<Args>>::call_once::h6ba4a5de48dd2304
[INFO] [stdout]                                at /rustc/82e1608dfa6e0b5569232559e3d385fea5a93112/library/alloc/src/boxed.rs:2007:9
[INFO] [stdout]   44:     0x560e6383c825 - std::sys::unix::thread::Thread::new::thread_start::he469335aef763e45
[INFO] [stdout]                                at /rustc/82e1608dfa6e0b5569232559e3d385fea5a93112/library/std/src/sys/unix/thread.rs:108:17
[INFO] [stdout]   45:     0x7f4ed98c2ac3 - <unknown>
[INFO] [stdout]   46:     0x7f4ed9953bf4 - __clone
[INFO] [stdout]   47:                0x0 - <unknown>
[INFO] [stdout] 
[INFO] [stdout] ---- tests::to_seed_test stdout ----
[INFO] [stdout] thread 'tests::to_seed_test' panicked at src/main.rs:595:9:
[INFO] [stdout] assertion `left == right` failed
[INFO] [stdout]   left: [126, 172, 248, 228, 33, 253, 98, 110, 166, 101, 49, 117, 95, 183, 235, 226, 58, 215, 209, 84, 232, 74, 177, 53, 247, 160, 8, 255, 124, 207, 134, 127, 76, 120, 36, 61, 43, 166, 69, 78, 227, 106, 137, 161, 8, 114, 212, 45, 150, 57, 134, 63, 136, 74, 239, 105, 37, 184, 33, 126, 201, 15, 111, 48]
[INFO] [stdout]  right: []
[INFO] [stdout] stack backtrace:
[INFO] [stdout]    0:     0x560e63835cdc - std::backtrace_rs::backtrace::libunwind::trace::ha637c64ce894333a
[INFO] [stdout]                                at /rustc/82e1608dfa6e0b5569232559e3d385fea5a93112/library/std/src/../../backtrace/src/backtrace/libunwind.rs:104:5
[INFO] [stdout]    1:     0x560e63835cdc - std::backtrace_rs::backtrace::trace_unsynchronized::h47f62dea28e0c88d
[INFO] [stdout]                                at /rustc/82e1608dfa6e0b5569232559e3d385fea5a93112/library/std/src/../../backtrace/src/backtrace/mod.rs:66:5
[INFO] [stdout]    2:     0x560e63835cdc - std::sys_common::backtrace::_print_fmt::h9eef0abe20ede486
[INFO] [stdout]                                at /rustc/82e1608dfa6e0b5569232559e3d385fea5a93112/library/std/src/sys_common/backtrace.rs:67:5
[INFO] [stdout]    3:     0x560e63835cdc - <std::sys_common::backtrace::_print::DisplayBacktrace as core::fmt::Display>::fmt::hed7f999df88cc644
[INFO] [stdout]                                at /rustc/82e1608dfa6e0b5569232559e3d385fea5a93112/library/std/src/sys_common/backtrace.rs:44:22
[INFO] [stdout]    4:     0x560e6385f820 - core::fmt::rt::Argument::fmt::h1539a9308b8d058d
[INFO] [stdout]                                at /rustc/82e1608dfa6e0b5569232559e3d385fea5a93112/library/core/src/fmt/rt.rs:142:9
[INFO] [stdout]    5:     0x560e6385f820 - core::fmt::write::h3a39390d8560d9c9
[INFO] [stdout]                                at /rustc/82e1608dfa6e0b5569232559e3d385fea5a93112/library/core/src/fmt/mod.rs:1120:17
[INFO] [stdout]    6:     0x560e6383368f - std::io::Write::write_fmt::h040b369f3a0f9cbc
[INFO] [stdout]                                at /rustc/82e1608dfa6e0b5569232559e3d385fea5a93112/library/std/src/io/mod.rs:1762:15
[INFO] [stdout]    7:     0x560e63835ac4 - std::sys_common::backtrace::_print::h894006fb5c6f3d45
[INFO] [stdout]                                at /rustc/82e1608dfa6e0b5569232559e3d385fea5a93112/library/std/src/sys_common/backtrace.rs:47:5
[INFO] [stdout]    8:     0x560e63835ac4 - std::sys_common::backtrace::print::h23a2d212c6fff936
[INFO] [stdout]                                at /rustc/82e1608dfa6e0b5569232559e3d385fea5a93112/library/std/src/sys_common/backtrace.rs:34:9
[INFO] [stdout]    9:     0x560e63837787 - std::panicking::default_hook::{{closure}}::h8a1d2ee00185001a
[INFO] [stdout]   10:     0x560e63837473 - std::panicking::default_hook::h6038f2eba384e475
[INFO] [stdout]                                at /rustc/82e1608dfa6e0b5569232559e3d385fea5a93112/library/std/src/panicking.rs:289:9
[INFO] [stdout]   11:     0x560e63805697 - <alloc::boxed::Box<F,A> as core::ops::function::Fn<Args>>::call::h0ad024c9bdc6d768
[INFO] [stdout]                                at /rustc/82e1608dfa6e0b5569232559e3d385fea5a93112/library/alloc/src/boxed.rs:2021:9
[INFO] [stdout]   12:     0x560e63805697 - test::test_main::{{closure}}::h7500b54257359db6
[INFO] [stdout]                                at /rustc/82e1608dfa6e0b5569232559e3d385fea5a93112/library/test/src/lib.rs:138:21
[INFO] [stdout]   13:     0x560e63837d98 - <alloc::boxed::Box<F,A> as core::ops::function::Fn<Args>>::call::h1f8f335eaa9cfaee
[INFO] [stdout]                                at /rustc/82e1608dfa6e0b5569232559e3d385fea5a93112/library/alloc/src/boxed.rs:2021:9
[INFO] [stdout]   14:     0x560e63837d98 - std::panicking::rust_panic_with_hook::h2b5517d590cab22e
[INFO] [stdout]                                at /rustc/82e1608dfa6e0b5569232559e3d385fea5a93112/library/std/src/panicking.rs:783:13
[INFO] [stdout]   15:     0x560e63837aee - std::panicking::begin_panic_handler::{{closure}}::h233112c06e0ef43e
[INFO] [stdout]                                at /rustc/82e1608dfa6e0b5569232559e3d385fea5a93112/library/std/src/panicking.rs:657:13
[INFO] [stdout]   16:     0x560e638361a6 - std::sys_common::backtrace::__rust_end_short_backtrace::h6e893f24d7ebbff8
[INFO] [stdout]                                at /rustc/82e1608dfa6e0b5569232559e3d385fea5a93112/library/std/src/sys_common/backtrace.rs:170:18
[INFO] [stdout]   17:     0x560e63837852 - rust_begin_unwind
[INFO] [stdout]                                at /rustc/82e1608dfa6e0b5569232559e3d385fea5a93112/library/std/src/panicking.rs:645:5
[INFO] [stdout]   18:     0x560e637becf5 - core::panicking::panic_fmt::hbf0e066aabfa482c
[INFO] [stdout]                                at /rustc/82e1608dfa6e0b5569232559e3d385fea5a93112/library/core/src/panicking.rs:72:14
[INFO] [stdout]   19:     0x560e637bf10b - core::panicking::assert_failed_inner::h0bba8b7c26ee4492
[INFO] [stdout]   20:     0x560e637cfdbe - core::panicking::assert_failed::hed72cb253914ea79
[INFO] [stdout]                                at /rustc/82e1608dfa6e0b5569232559e3d385fea5a93112/library/core/src/panicking.rs:279:5
[INFO] [stdout]   21:     0x560e637ca381 - address_hasher_rust::tests::to_seed_test::h3ec170d641b94a09
[INFO] [stdout]                                at /opt/rustwide/workdir/src/main.rs:595:9
[INFO] [stdout]   22:     0x560e637ca267 - address_hasher_rust::tests::to_seed_test::{{closure}}::hd2e6f0bd05e2b6d5
[INFO] [stdout]                                at /opt/rustwide/workdir/src/main.rs:592:22
[INFO] [stdout]   23:     0x560e637cef06 - core::ops::function::FnOnce::call_once::hea80ff59b5a4d505
[INFO] [stdout]                                at /rustc/82e1608dfa6e0b5569232559e3d385fea5a93112/library/core/src/ops/function.rs:250:5
[INFO] [stdout]   24:     0x560e6380acef - core::ops::function::FnOnce::call_once::h2b5d431d5046312d
[INFO] [stdout]                                at /rustc/82e1608dfa6e0b5569232559e3d385fea5a93112/library/core/src/ops/function.rs:250:5
[INFO] [stdout]   25:     0x560e6380acef - test::__rust_begin_short_backtrace::h7714669af176e207
[INFO] [stdout]                                at /rustc/82e1608dfa6e0b5569232559e3d385fea5a93112/library/test/src/lib.rs:628:18
[INFO] [stdout]   26:     0x560e63809d05 - test::run_test_in_process::{{closure}}::h85218797dcbcec12
[INFO] [stdout]                                at /rustc/82e1608dfa6e0b5569232559e3d385fea5a93112/library/test/src/lib.rs:651:60
[INFO] [stdout]   27:     0x560e63809d05 - <core::panic::unwind_safe::AssertUnwindSafe<F> as core::ops::function::FnOnce<()>>::call_once::h76c106ea31c14d7b
[INFO] [stdout]                                at /rustc/82e1608dfa6e0b5569232559e3d385fea5a93112/library/core/src/panic/unwind_safe.rs:272:9
[INFO] [stdout]   28:     0x560e63809d05 - std::panicking::try::do_call::h3bd5d0f6620ee946
[INFO] [stdout]                                at /rustc/82e1608dfa6e0b5569232559e3d385fea5a93112/library/std/src/panicking.rs:552:40
[INFO] [stdout]   29:     0x560e63809d05 - std::panicking::try::h232e535e4744fe31
[INFO] [stdout]                                at /rustc/82e1608dfa6e0b5569232559e3d385fea5a93112/library/std/src/panicking.rs:516:19
[INFO] [stdout]   30:     0x560e63809d05 - std::panic::catch_unwind::h3ce3bd6ca8dbac68
[INFO] [stdout]                                at /rustc/82e1608dfa6e0b5569232559e3d385fea5a93112/library/std/src/panic.rs:142:14
[INFO] [stdout]   31:     0x560e63809d05 - test::run_test_in_process::hc97b257c9621286a
[INFO] [stdout]                                at /rustc/82e1608dfa6e0b5569232559e3d385fea5a93112/library/test/src/lib.rs:651:27
[INFO] [stdout]   32:     0x560e63809d05 - test::run_test::{{closure}}::h2aa798823a438d38
[INFO] [stdout]                                at /rustc/82e1608dfa6e0b5569232559e3d385fea5a93112/library/test/src/lib.rs:574:43
[INFO] [stdout]   33:     0x560e637d1fc6 - test::run_test::{{closure}}::h87d231c78fb59832
[INFO] [stdout]                                at /rustc/82e1608dfa6e0b5569232559e3d385fea5a93112/library/test/src/lib.rs:602:41
[INFO] [stdout]   34:     0x560e637d1fc6 - std::sys_common::backtrace::__rust_begin_short_backtrace::he6df152596625789
[INFO] [stdout]                                at /rustc/82e1608dfa6e0b5569232559e3d385fea5a93112/library/std/src/sys_common/backtrace.rs:154:18
[INFO] [stdout]   35:     0x560e637d7077 - std::thread::Builder::spawn_unchecked_::{{closure}}::{{closure}}::ha94be15d1e0acf36
[INFO] [stdout]                                at /rustc/82e1608dfa6e0b5569232559e3d385fea5a93112/library/std/src/thread/mod.rs:529:17
[INFO] [stdout]   36:     0x560e637d7077 - <core::panic::unwind_safe::AssertUnwindSafe<F> as core::ops::function::FnOnce<()>>::call_once::h9dc6bd6372f16606
[INFO] [stdout]                                at /rustc/82e1608dfa6e0b5569232559e3d385fea5a93112/library/core/src/panic/unwind_safe.rs:272:9
[INFO] [stdout]   37:     0x560e637d7077 - std::panicking::try::do_call::h9057517f80303cd4
[INFO] [stdout]                                at /rustc/82e1608dfa6e0b5569232559e3d385fea5a93112/library/std/src/panicking.rs:552:40
[INFO] [stdout]   38:     0x560e637d7077 - std::panicking::try::he3a30b11ee45340c
[INFO] [stdout]                                at /rustc/82e1608dfa6e0b5569232559e3d385fea5a93112/library/std/src/panicking.rs:516:19
[INFO] [stdout]   39:     0x560e637d7077 - std::panic::catch_unwind::h410458cfd3528b8b
[INFO] [stdout]                                at /rustc/82e1608dfa6e0b5569232559e3d385fea5a93112/library/std/src/panic.rs:142:14
[INFO] [stdout]   40:     0x560e637d7077 - std::thread::Builder::spawn_unchecked_::{{closure}}::h72ac3bdb567b737b
[INFO] [stdout]                                at /rustc/82e1608dfa6e0b5569232559e3d385fea5a93112/library/std/src/thread/mod.rs:528:30
[INFO] [stdout]   41:     0x560e637d7077 - core::ops::function::FnOnce::call_once{{vtable.shim}}::h38f34da3654a8344
[INFO] [stdout]                                at /rustc/82e1608dfa6e0b5569232559e3d385fea5a93112/library/core/src/ops/function.rs:250:5
[INFO] [stdout]   42:     0x560e6383c825 - <alloc::boxed::Box<F,A> as core::ops::function::FnOnce<Args>>::call_once::hc7eafaff61e32df9
[INFO] [stdout]                                at /rustc/82e1608dfa6e0b5569232559e3d385fea5a93112/library/alloc/src/boxed.rs:2007:9
[INFO] [stdout]   43:     0x560e6383c825 - <alloc::boxed::Box<F,A> as core::ops::function::FnOnce<Args>>::call_once::h6ba4a5de48dd2304
[INFO] [stdout]                                at /rustc/82e1608dfa6e0b5569232559e3d385fea5a93112/library/alloc/src/boxed.rs:2007:9
[INFO] [stdout]   44:     0x560e6383c825 - std::sys::unix::thread::Thread::new::thread_start::he469335aef763e45
[INFO] [stdout]                                at /rustc/82e1608dfa6e0b5569232559e3d385fea5a93112/library/std/src/sys/unix/thread.rs:108:17
[INFO] [stdout]   45:     0x7f4ed98c2ac3 - <unknown>
[INFO] [stdout]   46:     0x7f4ed9953bf4 - __clone
[INFO] [stdout]   47:                0x0 - <unknown>
[INFO] [stdout] 
[INFO] [stdout] 
[INFO] [stdout] failures:
[INFO] [stdout]     hmac32::tests::hmac
[INFO] [stdout]     tests::to_seed_test
[INFO] [stdout] 
[INFO] [stdout] test result: FAILED. 5 passed; 2 failed; 0 ignored; 0 measured; 0 filtered out; finished in 0.08s
[INFO] [stdout] 
[INFO] [stderr] error: test failed, to rerun pass `--bin address-hasher-rust`
[INFO] running `Command { std: "docker" "inspect" "e6af24065bcc7d8bd43842d85365b1aa179675fe2236e85adb27a98024aed99e", kill_on_drop: false }`
[INFO] running `Command { std: "docker" "rm" "-f" "e6af24065bcc7d8bd43842d85365b1aa179675fe2236e85adb27a98024aed99e", kill_on_drop: false }`
[INFO] [stdout] e6af24065bcc7d8bd43842d85365b1aa179675fe2236e85adb27a98024aed99e
