[INFO] cloning repository https://github.com/Banyc/yew-router-2
[INFO] running `Command { std: "git" "-c" "credential.helper=" "-c" "credential.helper=/workspace/cargo-home/bin/git-credential-null" "clone" "--bare" "https://github.com/Banyc/yew-router-2" "/workspace/cache/git-repos/https%3A%2F%2Fgithub.com%2FBanyc%2Fyew-router-2", kill_on_drop: false }`
[INFO] [stderr] Cloning into bare repository '/workspace/cache/git-repos/https%3A%2F%2Fgithub.com%2FBanyc%2Fyew-router-2'...
[INFO] running `Command { std: "git" "rev-parse" "HEAD", kill_on_drop: false }`
[INFO] [stdout] cd97dc2a45bbb97157b092aa45399f6f992dd0ee
[INFO] testing Banyc/yew-router-2 against 1.75.0 for beta-1.76-1
[INFO] running `Command { std: "git" "clone" "/workspace/cache/git-repos/https%3A%2F%2Fgithub.com%2FBanyc%2Fyew-router-2" "/workspace/builds/worker-1-tc1/source", kill_on_drop: false }`
[INFO] [stderr] Cloning into '/workspace/builds/worker-1-tc1/source'...
[INFO] [stderr] done.
[INFO] validating manifest of git repo https://github.com/Banyc/yew-router-2 on toolchain 1.75.0
[INFO] running `Command { std: CARGO_HOME="/workspace/cargo-home" RUSTUP_HOME="/workspace/rustup-home" "/workspace/cargo-home/bin/cargo" "+1.75.0" "metadata" "--manifest-path" "Cargo.toml" "--no-deps", kill_on_drop: false }`
[INFO] started tweaking git repo https://github.com/Banyc/yew-router-2
[INFO] finished tweaking git repo https://github.com/Banyc/yew-router-2
[INFO] tweaked toml for git repo https://github.com/Banyc/yew-router-2 written to /workspace/builds/worker-1-tc1/source/Cargo.toml
[INFO] crate git repo https://github.com/Banyc/yew-router-2 already has a lockfile, it will not be regenerated
[INFO] running `Command { std: CARGO_HOME="/workspace/cargo-home" RUSTUP_HOME="/workspace/rustup-home" "/workspace/cargo-home/bin/cargo" "+1.75.0" "fetch" "--manifest-path" "Cargo.toml", kill_on_drop: false }`
[INFO] [stderr] warning: virtual workspace defaulting to `resolver = "1"` despite one or more workspace members being on edition 2021 which implies `resolver = "2"`
[INFO] [stderr] note: to keep the current resolver, specify `workspace.resolver = "1"` in the workspace root's manifest
[INFO] [stderr] note: to use the edition 2021 resolver, specify `workspace.resolver = "2"` in the workspace root's manifest
[INFO] [stderr] note: for more details see https://doc.rust-lang.org/cargo/reference/resolver.html#resolver-versions
[INFO] [stderr]     Updating crates.io index
[INFO] [stderr]     Updating git repository `https://github.com/yewstack/yew`
[INFO] [stderr]  Downloading crates ...
[INFO] [stderr]   Downloaded implicit-clone v0.3.2
[INFO] [stderr]   Downloaded gloo-net v0.2.4
[INFO] [stderr]   Downloaded gloo-history v0.1.0
[INFO] [stderr]   Downloaded gloo-utils v0.1.5
[INFO] [stderr]   Downloaded nested_router v0.2.0
[INFO] running `Command { std: "docker" "create" "-v" "/var/lib/crater-agent-workspace/builds/worker-1-tc1/target:/opt/rustwide/target:rw,Z" "-v" "/var/lib/crater-agent-workspace/builds/worker-1-tc1/source:/opt/rustwide/workdir:ro,Z" "-v" "/var/lib/crater-agent-workspace/cargo-home:/opt/rustwide/cargo-home:ro,Z" "-v" "/var/lib/crater-agent-workspace/rustup-home:/opt/rustwide/rustup-home:ro,Z" "-e" "SOURCE_DIR=/opt/rustwide/workdir" "-e" "CARGO_TARGET_DIR=/opt/rustwide/target" "-e" "CARGO_HOME=/opt/rustwide/cargo-home" "-e" "RUSTUP_HOME=/opt/rustwide/rustup-home" "-w" "/opt/rustwide/workdir" "-m" "1610612736" "--user" "0:0" "--network" "none" "ghcr.io/rust-lang/crates-build-env/linux@sha256:2788e3201cd34a07e3172128adcd8b3090168a8e3bcc40d7c032b9dda1df7d1c" "/opt/rustwide/cargo-home/bin/cargo" "+1.75.0" "metadata" "--no-deps" "--format-version=1", kill_on_drop: false }`
[INFO] [stdout] 351b9792307a235632458e32e94104f30237bcf85e6fab551aa273866bcc029b
[INFO] running `Command { std: "docker" "start" "-a" "351b9792307a235632458e32e94104f30237bcf85e6fab551aa273866bcc029b", kill_on_drop: false }`
[INFO] running `Command { std: "docker" "inspect" "351b9792307a235632458e32e94104f30237bcf85e6fab551aa273866bcc029b", kill_on_drop: false }`
[INFO] running `Command { std: "docker" "rm" "-f" "351b9792307a235632458e32e94104f30237bcf85e6fab551aa273866bcc029b", kill_on_drop: false }`
[INFO] [stdout] 351b9792307a235632458e32e94104f30237bcf85e6fab551aa273866bcc029b
[INFO] running `Command { std: "docker" "create" "-v" "/var/lib/crater-agent-workspace/builds/worker-1-tc1/target:/opt/rustwide/target:rw,Z" "-v" "/var/lib/crater-agent-workspace/builds/worker-1-tc1/source:/opt/rustwide/workdir:ro,Z" "-v" "/var/lib/crater-agent-workspace/cargo-home:/opt/rustwide/cargo-home:ro,Z" "-v" "/var/lib/crater-agent-workspace/rustup-home:/opt/rustwide/rustup-home:ro,Z" "-e" "SOURCE_DIR=/opt/rustwide/workdir" "-e" "CARGO_TARGET_DIR=/opt/rustwide/target" "-e" "CARGO_INCREMENTAL=0" "-e" "RUST_BACKTRACE=full" "-e" "RUSTFLAGS=--cap-lints=warn" "-e" "RUSTDOCFLAGS=--cap-lints=warn" "-e" "CARGO_HOME=/opt/rustwide/cargo-home" "-e" "RUSTUP_HOME=/opt/rustwide/rustup-home" "-w" "/opt/rustwide/workdir" "-m" "1610612736" "--user" "0:0" "--network" "none" "ghcr.io/rust-lang/crates-build-env/linux@sha256:2788e3201cd34a07e3172128adcd8b3090168a8e3bcc40d7c032b9dda1df7d1c" "/opt/rustwide/cargo-home/bin/cargo" "+1.75.0" "build" "--frozen" "--message-format=json", kill_on_drop: false }`
[INFO] [stdout] 77ad009b9b0a50f430f954067f76663c53cb0d4f6b5b9953816e6b1f123e65de
[INFO] running `Command { std: "docker" "start" "-a" "77ad009b9b0a50f430f954067f76663c53cb0d4f6b5b9953816e6b1f123e65de", kill_on_drop: false }`
[INFO] [stderr] warning: virtual workspace defaulting to `resolver = "1"` despite one or more workspace members being on edition 2021 which implies `resolver = "2"`
[INFO] [stderr] note: to keep the current resolver, specify `workspace.resolver = "1"` in the workspace root's manifest
[INFO] [stderr] note: to use the edition 2021 resolver, specify `workspace.resolver = "2"` in the workspace root's manifest
[INFO] [stderr] note: for more details see https://doc.rust-lang.org/cargo/reference/resolver.html#resolver-versions
[INFO] [stderr]    Compiling proc-macro2 v1.0.47
[INFO] [stderr]    Compiling quote v1.0.21
[INFO] [stderr]    Compiling unicode-ident v1.0.5
[INFO] [stderr]    Compiling syn v1.0.102
[INFO] [stderr]    Compiling serde_derive v1.0.145
[INFO] [stderr]    Compiling once_cell v1.15.0
[INFO] [stderr]    Compiling serde v1.0.145
[INFO] [stderr]    Compiling wasm-bindgen-shared v0.2.83
[INFO] [stderr]    Compiling log v0.4.17
[INFO] [stderr]    Compiling bumpalo v3.11.1
[INFO] [stderr]    Compiling itoa v1.0.4
[INFO] [stderr]    Compiling ryu v1.0.11
[INFO] [stderr]    Compiling serde_json v1.0.86
[INFO] [stderr]    Compiling wasm-bindgen v0.2.83
[INFO] [stderr]    Compiling futures-core v0.3.24
[INFO] [stderr]    Compiling futures-channel v0.3.24
[INFO] [stderr]    Compiling futures-sink v0.3.24
[INFO] [stderr]    Compiling thiserror v1.0.37
[INFO] [stderr]    Compiling proc-macro-error-attr v1.0.4
[INFO] [stderr]    Compiling slab v0.4.7
[INFO] [stderr]    Compiling futures-task v0.3.24
[INFO] [stderr]    Compiling percent-encoding v2.2.0
[INFO] [stderr]    Compiling proc-macro-error v1.0.4
[INFO] [stderr]    Compiling indexmap v1.9.1
[INFO] [stderr]    Compiling prettyplease v0.1.21
[INFO] [stderr]    Compiling futures-util v0.3.24
[INFO] [stderr]    Compiling pin-project-lite v0.2.9
[INFO] [stderr]    Compiling form_urlencoded v1.1.0
[INFO] [stderr]    Compiling fnv v1.0.7
[INFO] [stderr]    Compiling futures-io v0.3.24
[INFO] [stderr]    Compiling hashbrown v0.12.3
[INFO] [stderr]    Compiling anymap2 v0.13.0
[INFO] [stderr]    Compiling rustversion v1.0.9
[INFO] [stderr]    Compiling tracing-core v0.1.30
[INFO] [stderr]    Compiling boolinator v2.4.0
[INFO] [stderr]    Compiling route-recognizer v0.3.1
[INFO] [stderr]    Compiling nested_router v0.2.0
[INFO] [stderr]    Compiling implicit-clone v0.3.2
[INFO] [stderr]    Compiling wasm-bindgen-backend v0.2.83
[INFO] [stderr]    Compiling wasm-bindgen-macro-support v0.2.83
[INFO] [stderr]    Compiling thiserror-impl v1.0.37
[INFO] [stderr]    Compiling pin-project-internal v1.0.12
[INFO] [stderr]    Compiling futures-macro v0.3.24
[INFO] [stderr]    Compiling tracing-attributes v0.1.23
[INFO] [stderr]    Compiling yew-macro v0.19.3 (https://github.com/yewstack/yew#730f25c4)
[INFO] [stderr]    Compiling wasm-bindgen-macro v0.2.83
[INFO] [stderr]    Compiling pin-project v1.0.12
[INFO] [stderr]    Compiling tracing v0.1.37
[INFO] [stderr]    Compiling futures v0.3.24
[INFO] [stderr]    Compiling serde_urlencoded v0.7.1
[INFO] [stderr]    Compiling bincode v1.3.3
[INFO] [stderr]    Compiling js-sys v0.3.60
[INFO] [stderr]    Compiling console_error_panic_hook v0.1.7
[INFO] [stderr]    Compiling web-sys v0.3.60
[INFO] [stderr]    Compiling wasm-bindgen-futures v0.4.33
[INFO] [stderr]    Compiling serde-wasm-bindgen v0.3.1
[INFO] [stderr]    Compiling gloo-timers v0.2.4
[INFO] [stderr]    Compiling gloo-utils v0.1.5
[INFO] [stderr]    Compiling gloo-events v0.1.2
[INFO] [stderr]    Compiling gloo-render v0.1.1
[INFO] [stderr]    Compiling gloo-dialogs v0.1.1
[INFO] [stderr]    Compiling gloo-console v0.2.3
[INFO] [stderr]    Compiling gloo-storage v0.2.2
[INFO] [stderr]    Compiling gloo-net v0.2.4
[INFO] [stderr]    Compiling gloo-file v0.2.3
[INFO] [stderr]    Compiling gloo-history v0.1.0
[INFO] [stderr]    Compiling gloo-worker v0.2.1
[INFO] [stderr]    Compiling gloo v0.8.0
[INFO] [stderr]    Compiling yew v0.19.3 (https://github.com/yewstack/yew#730f25c4)
[INFO] [stderr]    Compiling yew-router v0.1.0 (/opt/rustwide/workdir/yew-router)
[INFO] [stderr]    Compiling example_1 v0.1.0 (/opt/rustwide/workdir/example_1)
[INFO] [stderr]    Compiling example_2 v0.1.0 (/opt/rustwide/workdir/example_2)
[INFO] [stderr]     Finished dev [unoptimized + debuginfo] target(s) in 25.83s
[INFO] running `Command { std: "docker" "inspect" "77ad009b9b0a50f430f954067f76663c53cb0d4f6b5b9953816e6b1f123e65de", kill_on_drop: false }`
[INFO] running `Command { std: "docker" "rm" "-f" "77ad009b9b0a50f430f954067f76663c53cb0d4f6b5b9953816e6b1f123e65de", kill_on_drop: false }`
[INFO] [stdout] 77ad009b9b0a50f430f954067f76663c53cb0d4f6b5b9953816e6b1f123e65de
[INFO] running `Command { std: "docker" "create" "-v" "/var/lib/crater-agent-workspace/builds/worker-1-tc1/target:/opt/rustwide/target:rw,Z" "-v" "/var/lib/crater-agent-workspace/builds/worker-1-tc1/source:/opt/rustwide/workdir:ro,Z" "-v" "/var/lib/crater-agent-workspace/cargo-home:/opt/rustwide/cargo-home:ro,Z" "-v" "/var/lib/crater-agent-workspace/rustup-home:/opt/rustwide/rustup-home:ro,Z" "-e" "SOURCE_DIR=/opt/rustwide/workdir" "-e" "CARGO_TARGET_DIR=/opt/rustwide/target" "-e" "CARGO_INCREMENTAL=0" "-e" "RUST_BACKTRACE=full" "-e" "RUSTFLAGS=--cap-lints=warn" "-e" "RUSTDOCFLAGS=--cap-lints=warn" "-e" "CARGO_HOME=/opt/rustwide/cargo-home" "-e" "RUSTUP_HOME=/opt/rustwide/rustup-home" "-w" "/opt/rustwide/workdir" "-m" "1610612736" "--user" "0:0" "--network" "none" "ghcr.io/rust-lang/crates-build-env/linux@sha256:2788e3201cd34a07e3172128adcd8b3090168a8e3bcc40d7c032b9dda1df7d1c" "/opt/rustwide/cargo-home/bin/cargo" "+1.75.0" "test" "--frozen" "--no-run" "--message-format=json", kill_on_drop: false }`
[INFO] [stdout] 5cbce82227f4d6e4773fcf3a6422fd676f55300243e7a95bcd35e78ed3e1afda
[INFO] running `Command { std: "docker" "start" "-a" "5cbce82227f4d6e4773fcf3a6422fd676f55300243e7a95bcd35e78ed3e1afda", kill_on_drop: false }`
[INFO] [stderr] warning: virtual workspace defaulting to `resolver = "1"` despite one or more workspace members being on edition 2021 which implies `resolver = "2"`
[INFO] [stderr] note: to keep the current resolver, specify `workspace.resolver = "1"` in the workspace root's manifest
[INFO] [stderr] note: to use the edition 2021 resolver, specify `workspace.resolver = "2"` in the workspace root's manifest
[INFO] [stderr] note: for more details see https://doc.rust-lang.org/cargo/reference/resolver.html#resolver-versions
[INFO] [stderr]    Compiling yew-router v0.1.0 (/opt/rustwide/workdir/yew-router)
[INFO] [stderr]    Compiling example_1 v0.1.0 (/opt/rustwide/workdir/example_1)
[INFO] [stderr]    Compiling example_2 v0.1.0 (/opt/rustwide/workdir/example_2)
[INFO] [stderr]     Finished test [unoptimized + debuginfo] target(s) in 0.59s
[INFO] running `Command { std: "docker" "inspect" "5cbce82227f4d6e4773fcf3a6422fd676f55300243e7a95bcd35e78ed3e1afda", kill_on_drop: false }`
[INFO] running `Command { std: "docker" "rm" "-f" "5cbce82227f4d6e4773fcf3a6422fd676f55300243e7a95bcd35e78ed3e1afda", kill_on_drop: false }`
[INFO] [stdout] 5cbce82227f4d6e4773fcf3a6422fd676f55300243e7a95bcd35e78ed3e1afda
[INFO] running `Command { std: "docker" "create" "-v" "/var/lib/crater-agent-workspace/builds/worker-1-tc1/target:/opt/rustwide/target:rw,Z" "-v" "/var/lib/crater-agent-workspace/builds/worker-1-tc1/source:/opt/rustwide/workdir:ro,Z" "-v" "/var/lib/crater-agent-workspace/cargo-home:/opt/rustwide/cargo-home:ro,Z" "-v" "/var/lib/crater-agent-workspace/rustup-home:/opt/rustwide/rustup-home:ro,Z" "-e" "SOURCE_DIR=/opt/rustwide/workdir" "-e" "CARGO_TARGET_DIR=/opt/rustwide/target" "-e" "CARGO_INCREMENTAL=0" "-e" "RUST_BACKTRACE=full" "-e" "RUSTFLAGS=--cap-lints=warn" "-e" "RUSTDOCFLAGS=--cap-lints=warn" "-e" "CARGO_HOME=/opt/rustwide/cargo-home" "-e" "RUSTUP_HOME=/opt/rustwide/rustup-home" "-w" "/opt/rustwide/workdir" "-m" "1610612736" "--user" "0:0" "--network" "none" "ghcr.io/rust-lang/crates-build-env/linux@sha256:2788e3201cd34a07e3172128adcd8b3090168a8e3bcc40d7c032b9dda1df7d1c" "/opt/rustwide/cargo-home/bin/cargo" "+1.75.0" "test" "--frozen", kill_on_drop: false }`
[INFO] [stdout] 9eaaf57e07b55905bbc3fa594acbf1f0d25b15d3b510132de156a4801ad4ccf0
[INFO] running `Command { std: "docker" "start" "-a" "9eaaf57e07b55905bbc3fa594acbf1f0d25b15d3b510132de156a4801ad4ccf0", kill_on_drop: false }`
[INFO] [stderr] warning: virtual workspace defaulting to `resolver = "1"` despite one or more workspace members being on edition 2021 which implies `resolver = "2"`
[INFO] [stderr] note: to keep the current resolver, specify `workspace.resolver = "1"` in the workspace root's manifest
[INFO] [stderr] note: to use the edition 2021 resolver, specify `workspace.resolver = "2"` in the workspace root's manifest
[INFO] [stderr] note: for more details see https://doc.rust-lang.org/cargo/reference/resolver.html#resolver-versions
[INFO] [stderr]     Finished test [unoptimized + debuginfo] target(s) in 0.07s
[INFO] [stderr]      Running unittests src/main.rs (/opt/rustwide/target/debug/deps/example_1-2a573321e359b8ba)
[INFO] [stdout] 
[INFO] [stdout] running 0 tests
[INFO] [stdout] 
[INFO] [stdout] test result: ok. 0 passed; 0 failed; 0 ignored; 0 measured; 0 filtered out; finished in 0.00s
[INFO] [stdout] 
[INFO] [stderr]      Running unittests src/main.rs (/opt/rustwide/target/debug/deps/example_2-3af7a7038c34048f)
[INFO] [stdout] 
[INFO] [stdout] running 0 tests
[INFO] [stdout] 
[INFO] [stdout] test result: ok. 0 passed; 0 failed; 0 ignored; 0 measured; 0 filtered out; finished in 0.00s
[INFO] [stdout] 
[INFO] [stderr]      Running unittests src/lib.rs (/opt/rustwide/target/debug/deps/yew_router-2b697723d529e5a9)
[INFO] [stdout] 
[INFO] [stdout] running 0 tests
[INFO] [stdout] 
[INFO] [stdout] test result: ok. 0 passed; 0 failed; 0 ignored; 0 measured; 0 filtered out; finished in 0.00s
[INFO] [stdout] 
[INFO] [stderr]    Doc-tests yew-router
[INFO] [stdout] 
[INFO] [stdout] running 1 test
[INFO] [stdout] test yew-router/src/lib.rs - (line 6) ... FAILED
[INFO] [stdout] 
[INFO] [stdout] failures:
[INFO] [stdout] 
[INFO] [stdout] ---- yew-router/src/lib.rs - (line 6) stdout ----
[INFO] [stdout] error[E0560]: struct `yew_router::prelude::Route` has no field named `next_routes`
[INFO] [stdout]   --> yew-router/src/lib.rs:16:17
[INFO] [stdout]    |
[INFO] [stdout] 13 |                 next_routes: None,
[INFO] [stdout]    |                 ^^^^^^^^^^^ `yew_router::prelude::Route` does not have this field
[INFO] [stdout]    |
[INFO] [stdout]    = note: available fields are: `has_sub_routes`
[INFO] [stdout] 
[INFO] [stdout] error[E0560]: struct `yew_router::prelude::Route` has no field named `next_routes`
[INFO] [stdout]   --> yew-router/src/lib.rs:20:17
[INFO] [stdout]    |
[INFO] [stdout] 17 |                 next_routes: None,
[INFO] [stdout]    |                 ^^^^^^^^^^^ `yew_router::prelude::Route` does not have this field
[INFO] [stdout]    |
[INFO] [stdout]    = note: available fields are: `has_sub_routes`
[INFO] [stdout] 
[INFO] [stdout] error[E0560]: struct `yew_router::prelude::Route` has no field named `next_routes`
[INFO] [stdout]   --> yew-router/src/lib.rs:24:17
[INFO] [stdout]    |
[INFO] [stdout] 21 |                 next_routes: None,
[INFO] [stdout]    |                 ^^^^^^^^^^^ `yew_router::prelude::Route` does not have this field
[INFO] [stdout]    |
[INFO] [stdout]    = note: available fields are: `has_sub_routes`
[INFO] [stdout] 
[INFO] [stdout] error[E0308]: mismatched types
[INFO] [stdout]   --> yew-router/src/lib.rs:63:9
[INFO] [stdout]    |
[INFO] [stdout] 59 |     match &route.path {
[INFO] [stdout]    |           ----------- this expression has type `&String`
[INFO] [stdout] 60 |         "" => html! { <h1>{ "Home" }</h1> },
[INFO] [stdout]    |         ^^ expected `&String`, found `&str`
[INFO] [stdout]    |
[INFO] [stdout]    = note: expected reference `&String`
[INFO] [stdout]               found reference `&'static str`
[INFO] [stdout] 
[INFO] [stdout] error[E0308]: mismatched types
[INFO] [stdout]   --> yew-router/src/lib.rs:64:9
[INFO] [stdout]    |
[INFO] [stdout] 59 |     match &route.path {
[INFO] [stdout]    |           ----------- this expression has type `&String`
[INFO] [stdout] 60 |         "" => html! { <h1>{ "Home" }</h1> },
[INFO] [stdout] 61 |         "secure" => html! { <Secure /> },
[INFO] [stdout]    |         ^^^^^^^^ expected `&String`, found `&str`
[INFO] [stdout]    |
[INFO] [stdout]    = note: expected reference `&String`
[INFO] [stdout]               found reference `&'static str`
[INFO] [stdout] 
[INFO] [stdout] error: aborting due to 5 previous errors
[INFO] [stdout] 
[INFO] [stdout] Some errors have detailed explanations: E0308, E0560.
[INFO] [stdout] For more information about an error, try `rustc --explain E0308`.
[INFO] [stdout] Couldn't compile the test.
[INFO] [stdout] 
[INFO] [stdout] failures:
[INFO] [stdout]     yew-router/src/lib.rs - (line 6)
[INFO] [stdout] 
[INFO] [stdout] test result: FAILED. 0 passed; 1 failed; 0 ignored; 0 measured; 0 filtered out; finished in 0.10s
[INFO] [stdout] 
[INFO] [stderr] error: doctest failed, to rerun pass `-p yew-router --doc`
[INFO] running `Command { std: "docker" "inspect" "9eaaf57e07b55905bbc3fa594acbf1f0d25b15d3b510132de156a4801ad4ccf0", kill_on_drop: false }`
[INFO] running `Command { std: "docker" "rm" "-f" "9eaaf57e07b55905bbc3fa594acbf1f0d25b15d3b510132de156a4801ad4ccf0", kill_on_drop: false }`
[INFO] [stdout] 9eaaf57e07b55905bbc3fa594acbf1f0d25b15d3b510132de156a4801ad4ccf0
