[INFO] cloning repository https://github.com/BRM-Code/Longlink2
[INFO] running `Command { std: "git" "-c" "credential.helper=" "-c" "credential.helper=/workspace/cargo-home/bin/git-credential-null" "clone" "--bare" "https://github.com/BRM-Code/Longlink2" "/workspace/cache/git-repos/https%3A%2F%2Fgithub.com%2FBRM-Code%2FLonglink2", kill_on_drop: false }`
[INFO] [stderr] Cloning into bare repository '/workspace/cache/git-repos/https%3A%2F%2Fgithub.com%2FBRM-Code%2FLonglink2'...
[INFO] running `Command { std: "git" "rev-parse" "HEAD", kill_on_drop: false }`
[INFO] [stdout] 0b1c932952b85cb17c337cba3ea49ca6c4b7636f
[INFO] testing BRM-Code/Longlink2 against 1.75.0 for beta-1.76-1
[INFO] running `Command { std: "git" "clone" "/workspace/cache/git-repos/https%3A%2F%2Fgithub.com%2FBRM-Code%2FLonglink2" "/workspace/builds/worker-4-tc1/source", kill_on_drop: false }`
[INFO] [stderr] Cloning into '/workspace/builds/worker-4-tc1/source'...
[INFO] [stderr] done.
[INFO] validating manifest of git repo https://github.com/BRM-Code/Longlink2 on toolchain 1.75.0
[INFO] running `Command { std: CARGO_HOME="/workspace/cargo-home" RUSTUP_HOME="/workspace/rustup-home" "/workspace/cargo-home/bin/cargo" "+1.75.0" "metadata" "--manifest-path" "Cargo.toml" "--no-deps", kill_on_drop: false }`
[INFO] started tweaking git repo https://github.com/BRM-Code/Longlink2
[INFO] finished tweaking git repo https://github.com/BRM-Code/Longlink2
[INFO] tweaked toml for git repo https://github.com/BRM-Code/Longlink2 written to /workspace/builds/worker-4-tc1/source/Cargo.toml
[INFO] crate git repo https://github.com/BRM-Code/Longlink2 already has a lockfile, it will not be regenerated
[INFO] running `Command { std: CARGO_HOME="/workspace/cargo-home" RUSTUP_HOME="/workspace/rustup-home" "/workspace/cargo-home/bin/cargo" "+1.75.0" "fetch" "--manifest-path" "Cargo.toml", kill_on_drop: false }`
[INFO] running `Command { std: "docker" "create" "-v" "/var/lib/crater-agent-workspace/builds/worker-4-tc1/target:/opt/rustwide/target:rw,Z" "-v" "/var/lib/crater-agent-workspace/builds/worker-4-tc1/source:/opt/rustwide/workdir:ro,Z" "-v" "/var/lib/crater-agent-workspace/cargo-home:/opt/rustwide/cargo-home:ro,Z" "-v" "/var/lib/crater-agent-workspace/rustup-home:/opt/rustwide/rustup-home:ro,Z" "-e" "SOURCE_DIR=/opt/rustwide/workdir" "-e" "CARGO_TARGET_DIR=/opt/rustwide/target" "-e" "CARGO_HOME=/opt/rustwide/cargo-home" "-e" "RUSTUP_HOME=/opt/rustwide/rustup-home" "-w" "/opt/rustwide/workdir" "-m" "1610612736" "--user" "0:0" "--network" "none" "ghcr.io/rust-lang/crates-build-env/linux@sha256:2788e3201cd34a07e3172128adcd8b3090168a8e3bcc40d7c032b9dda1df7d1c" "/opt/rustwide/cargo-home/bin/cargo" "+1.75.0" "metadata" "--no-deps" "--format-version=1", kill_on_drop: false }`
[INFO] [stdout] b22f182425fcf8340dc15fc8c391cd9779e1e52dcd7acbb8d011d4726117a20d
[INFO] running `Command { std: "docker" "start" "-a" "b22f182425fcf8340dc15fc8c391cd9779e1e52dcd7acbb8d011d4726117a20d", kill_on_drop: false }`
[INFO] running `Command { std: "docker" "inspect" "b22f182425fcf8340dc15fc8c391cd9779e1e52dcd7acbb8d011d4726117a20d", kill_on_drop: false }`
[INFO] running `Command { std: "docker" "rm" "-f" "b22f182425fcf8340dc15fc8c391cd9779e1e52dcd7acbb8d011d4726117a20d", kill_on_drop: false }`
[INFO] [stdout] b22f182425fcf8340dc15fc8c391cd9779e1e52dcd7acbb8d011d4726117a20d
[INFO] running `Command { std: "docker" "create" "-v" "/var/lib/crater-agent-workspace/builds/worker-4-tc1/target:/opt/rustwide/target:rw,Z" "-v" "/var/lib/crater-agent-workspace/builds/worker-4-tc1/source:/opt/rustwide/workdir:ro,Z" "-v" "/var/lib/crater-agent-workspace/cargo-home:/opt/rustwide/cargo-home:ro,Z" "-v" "/var/lib/crater-agent-workspace/rustup-home:/opt/rustwide/rustup-home:ro,Z" "-e" "SOURCE_DIR=/opt/rustwide/workdir" "-e" "CARGO_TARGET_DIR=/opt/rustwide/target" "-e" "CARGO_INCREMENTAL=0" "-e" "RUST_BACKTRACE=full" "-e" "RUSTFLAGS=--cap-lints=warn" "-e" "RUSTDOCFLAGS=--cap-lints=warn" "-e" "CARGO_HOME=/opt/rustwide/cargo-home" "-e" "RUSTUP_HOME=/opt/rustwide/rustup-home" "-w" "/opt/rustwide/workdir" "-m" "1610612736" "--user" "0:0" "--network" "none" "ghcr.io/rust-lang/crates-build-env/linux@sha256:2788e3201cd34a07e3172128adcd8b3090168a8e3bcc40d7c032b9dda1df7d1c" "/opt/rustwide/cargo-home/bin/cargo" "+1.75.0" "build" "--frozen" "--message-format=json", kill_on_drop: false }`
[INFO] [stdout] 7f1c839fb79e51ae1bf8614d4eb6cd5d6f1a66967d8e0839c1ddcce0d0beef86
[INFO] running `Command { std: "docker" "start" "-a" "7f1c839fb79e51ae1bf8614d4eb6cd5d6f1a66967d8e0839c1ddcce0d0beef86", kill_on_drop: false }`
[INFO] [stderr]    Compiling cc v1.0.79
[INFO] [stderr]    Compiling openssl v0.10.55
[INFO] [stderr]    Compiling bitflags v1.3.2
[INFO] [stderr]    Compiling once_cell v1.18.0
[INFO] [stderr]    Compiling base64 v0.21.2
[INFO] [stderr]    Compiling json v0.12.4
[INFO] [stderr]    Compiling libc v0.2.147
[INFO] [stderr]    Compiling quote v1.0.32
[INFO] [stderr]    Compiling crypto-common v0.1.6
[INFO] [stderr]    Compiling cipher v0.4.4
[INFO] [stderr]    Compiling syn v2.0.28
[INFO] [stderr]    Compiling aes v0.8.3
[INFO] [stderr]    Compiling openssl-sys v0.9.90
[INFO] [stderr]    Compiling openssl-macros v0.1.1
[INFO] [stderr]    Compiling rust1 v0.1.0 (/opt/rustwide/workdir)
[INFO] [stdout] warning: unused variable: `telemetry`
[INFO] [stdout]   --> src/pktfwd_interact.rs:54:22
[INFO] [stdout]    |
[INFO] [stdout] 54 |                 let (telemetry, uav_id) = packet::process_data_packet(&parsed["rxpk"][0]["data"].to_string());
[INFO] [stdout]    |                      ^^^^^^^^^ help: if this is intentional, prefix it with an underscore: `_telemetry`
[INFO] [stdout]    |
[INFO] [stdout]    = note: `#[warn(unused_variables)]` on by default
[INFO] [stdout] 
[INFO] [stdout] 
[INFO] [stdout] warning: unused variable: `uav_id`
[INFO] [stdout]   --> src/pktfwd_interact.rs:54:33
[INFO] [stdout]    |
[INFO] [stdout] 54 |                 let (telemetry, uav_id) = packet::process_data_packet(&parsed["rxpk"][0]["data"].to_string());
[INFO] [stdout]    |                                 ^^^^^^ help: if this is intentional, prefix it with an underscore: `_uav_id`
[INFO] [stdout] 
[INFO] [stdout] 
[INFO] [stdout] warning: multiple fields are never read
[INFO] [stdout]   --> src/packet.rs:6:5
[INFO] [stdout]    |
[INFO] [stdout] 5  | pub struct TelemetryData {
[INFO] [stdout]    |            ------------- fields in this struct
[INFO] [stdout] 6  |     latitude: f32,
[INFO] [stdout]    |     ^^^^^^^^
[INFO] [stdout] 7  |     longitude: f32,
[INFO] [stdout]    |     ^^^^^^^^^
[INFO] [stdout] 8  |     vbatt: f32,
[INFO] [stdout]    |     ^^^^^
[INFO] [stdout] 9  |     altitude: u8,
[INFO] [stdout]    |     ^^^^^^^^
[INFO] [stdout] 10 |     ground_speed: u8,
[INFO] [stdout]    |     ^^^^^^^^^^^^
[INFO] [stdout] 11 |     satellites: u8,
[INFO] [stdout]    |     ^^^^^^^^^^
[INFO] [stdout] 12 |     consumption: u8,
[INFO] [stdout]    |     ^^^^^^^^^^^
[INFO] [stdout] 13 |     rssi: u8,
[INFO] [stdout]    |     ^^^^
[INFO] [stdout] 14 |     pitch: u16,
[INFO] [stdout]    |     ^^^^^
[INFO] [stdout] 15 |     roll: u16,
[INFO] [stdout]    |     ^^^^
[INFO] [stdout] 16 |     heading: u16,
[INFO] [stdout]    |     ^^^^^^^
[INFO] [stdout] 17 |     arm: bool,
[INFO] [stdout]    |     ^^^
[INFO] [stdout] 18 |     sat_fix: bool,
[INFO] [stdout]    |     ^^^^^^^
[INFO] [stdout]    |
[INFO] [stdout]    = note: `#[warn(dead_code)]` on by default
[INFO] [stdout] 
[INFO] [stdout] 
[INFO] [stdout] warning: 3 warnings emitted
[INFO] [stdout] 
[INFO] [stdout] 
[INFO] [stderr]     Finished dev [unoptimized + debuginfo] target(s) in 5.08s
[INFO] running `Command { std: "docker" "inspect" "7f1c839fb79e51ae1bf8614d4eb6cd5d6f1a66967d8e0839c1ddcce0d0beef86", kill_on_drop: false }`
[INFO] running `Command { std: "docker" "rm" "-f" "7f1c839fb79e51ae1bf8614d4eb6cd5d6f1a66967d8e0839c1ddcce0d0beef86", kill_on_drop: false }`
[INFO] [stdout] 7f1c839fb79e51ae1bf8614d4eb6cd5d6f1a66967d8e0839c1ddcce0d0beef86
[INFO] running `Command { std: "docker" "create" "-v" "/var/lib/crater-agent-workspace/builds/worker-4-tc1/target:/opt/rustwide/target:rw,Z" "-v" "/var/lib/crater-agent-workspace/builds/worker-4-tc1/source:/opt/rustwide/workdir:ro,Z" "-v" "/var/lib/crater-agent-workspace/cargo-home:/opt/rustwide/cargo-home:ro,Z" "-v" "/var/lib/crater-agent-workspace/rustup-home:/opt/rustwide/rustup-home:ro,Z" "-e" "SOURCE_DIR=/opt/rustwide/workdir" "-e" "CARGO_TARGET_DIR=/opt/rustwide/target" "-e" "CARGO_INCREMENTAL=0" "-e" "RUST_BACKTRACE=full" "-e" "RUSTFLAGS=--cap-lints=warn" "-e" "RUSTDOCFLAGS=--cap-lints=warn" "-e" "CARGO_HOME=/opt/rustwide/cargo-home" "-e" "RUSTUP_HOME=/opt/rustwide/rustup-home" "-w" "/opt/rustwide/workdir" "-m" "1610612736" "--user" "0:0" "--network" "none" "ghcr.io/rust-lang/crates-build-env/linux@sha256:2788e3201cd34a07e3172128adcd8b3090168a8e3bcc40d7c032b9dda1df7d1c" "/opt/rustwide/cargo-home/bin/cargo" "+1.75.0" "test" "--frozen" "--no-run" "--message-format=json", kill_on_drop: false }`
[INFO] [stdout] eb4d520c7b7557eb66c6267551f7c79cfc7b1d9597c01f7822cfd9e0bf1c52d3
[INFO] running `Command { std: "docker" "start" "-a" "eb4d520c7b7557eb66c6267551f7c79cfc7b1d9597c01f7822cfd9e0bf1c52d3", kill_on_drop: false }`
[INFO] [stderr]    Compiling rust1 v0.1.0 (/opt/rustwide/workdir)
[INFO] [stdout] warning: unused variable: `telemetry`
[INFO] [stdout]   --> src/pktfwd_interact.rs:54:22
[INFO] [stdout]    |
[INFO] [stdout] 54 |                 let (telemetry, uav_id) = packet::process_data_packet(&parsed["rxpk"][0]["data"].to_string());
[INFO] [stdout]    |                      ^^^^^^^^^ help: if this is intentional, prefix it with an underscore: `_telemetry`
[INFO] [stdout]    |
[INFO] [stdout]    = note: `#[warn(unused_variables)]` on by default
[INFO] [stdout] 
[INFO] [stdout] 
[INFO] [stdout] warning: unused variable: `uav_id`
[INFO] [stdout]   --> src/pktfwd_interact.rs:54:33
[INFO] [stdout]    |
[INFO] [stdout] 54 |                 let (telemetry, uav_id) = packet::process_data_packet(&parsed["rxpk"][0]["data"].to_string());
[INFO] [stdout]    |                                 ^^^^^^ help: if this is intentional, prefix it with an underscore: `_uav_id`
[INFO] [stdout] 
[INFO] [stdout] 
[INFO] [stdout] warning: 2 warnings emitted
[INFO] [stdout] 
[INFO] [stdout] 
[INFO] [stderr]     Finished test [unoptimized + debuginfo] target(s) in 0.28s
[INFO] running `Command { std: "docker" "inspect" "eb4d520c7b7557eb66c6267551f7c79cfc7b1d9597c01f7822cfd9e0bf1c52d3", kill_on_drop: false }`
[INFO] running `Command { std: "docker" "rm" "-f" "eb4d520c7b7557eb66c6267551f7c79cfc7b1d9597c01f7822cfd9e0bf1c52d3", kill_on_drop: false }`
[INFO] [stdout] eb4d520c7b7557eb66c6267551f7c79cfc7b1d9597c01f7822cfd9e0bf1c52d3
[INFO] running `Command { std: "docker" "create" "-v" "/var/lib/crater-agent-workspace/builds/worker-4-tc1/target:/opt/rustwide/target:rw,Z" "-v" "/var/lib/crater-agent-workspace/builds/worker-4-tc1/source:/opt/rustwide/workdir:ro,Z" "-v" "/var/lib/crater-agent-workspace/cargo-home:/opt/rustwide/cargo-home:ro,Z" "-v" "/var/lib/crater-agent-workspace/rustup-home:/opt/rustwide/rustup-home:ro,Z" "-e" "SOURCE_DIR=/opt/rustwide/workdir" "-e" "CARGO_TARGET_DIR=/opt/rustwide/target" "-e" "CARGO_INCREMENTAL=0" "-e" "RUST_BACKTRACE=full" "-e" "RUSTFLAGS=--cap-lints=warn" "-e" "RUSTDOCFLAGS=--cap-lints=warn" "-e" "CARGO_HOME=/opt/rustwide/cargo-home" "-e" "RUSTUP_HOME=/opt/rustwide/rustup-home" "-w" "/opt/rustwide/workdir" "-m" "1610612736" "--user" "0:0" "--network" "none" "ghcr.io/rust-lang/crates-build-env/linux@sha256:2788e3201cd34a07e3172128adcd8b3090168a8e3bcc40d7c032b9dda1df7d1c" "/opt/rustwide/cargo-home/bin/cargo" "+1.75.0" "test" "--frozen", kill_on_drop: false }`
[INFO] [stdout] 0358104486a71c236ccb372e16bc1b526a9c67f9df6a01491925c7a63c367318
[INFO] running `Command { std: "docker" "start" "-a" "0358104486a71c236ccb372e16bc1b526a9c67f9df6a01491925c7a63c367318", kill_on_drop: false }`
[INFO] [stderr] warning: unused variable: `telemetry`
[INFO] [stderr]   --> src/pktfwd_interact.rs:54:22
[INFO] [stderr]    |
[INFO] [stderr] 54 |                 let (telemetry, uav_id) = packet::process_data_packet(&parsed["rxpk"][0]["data"].to_string());
[INFO] [stderr]    |                      ^^^^^^^^^ help: if this is intentional, prefix it with an underscore: `_telemetry`
[INFO] [stderr]    |
[INFO] [stderr]    = note: `#[warn(unused_variables)]` on by default
[INFO] [stderr] 
[INFO] [stderr] warning: unused variable: `uav_id`
[INFO] [stderr]   --> src/pktfwd_interact.rs:54:33
[INFO] [stderr]    |
[INFO] [stderr] 54 |                 let (telemetry, uav_id) = packet::process_data_packet(&parsed["rxpk"][0]["data"].to_string());
[INFO] [stderr]    |                                 ^^^^^^ help: if this is intentional, prefix it with an underscore: `_uav_id`
[INFO] [stderr] 
[INFO] [stderr] warning: `rust1` (bin "rust1" test) generated 2 warnings (run `cargo fix --bin "rust1" --tests` to apply 2 suggestions)
[INFO] [stderr]     Finished test [unoptimized + debuginfo] target(s) in 0.01s
[INFO] [stderr]      Running unittests src/main.rs (/opt/rustwide/target/debug/deps/rust1-a69225d7643837bd)
[INFO] [stdout] 
[INFO] [stdout] running 3 tests
[INFO] [stdout] test packet::tests::process_unencrypted_test ... ok
[INFO] [stdout] test pktfwd_interact::tests::ack_test ... ok
[INFO] [stdout] test pktfwd_interact::tests::ack_test2 ... FAILED
[INFO] [stdout] 
[INFO] [stdout] failures:
[INFO] [stdout] 
[INFO] [stdout] ---- pktfwd_interact::tests::ack_test2 stdout ----
[INFO] [stdout] thread 'pktfwd_interact::tests::ack_test2' panicked at src/pktfwd_interact.rs:100:9:
[INFO] [stdout] assertion `left == right` failed
[INFO] [stdout]   left: 4
[INFO] [stdout]  right: 3
[INFO] [stdout] stack backtrace:
[INFO] [stdout]    0:     0x5653152eca4c - std::backtrace_rs::backtrace::libunwind::trace::ha637c64ce894333a
[INFO] [stdout]                                at /rustc/82e1608dfa6e0b5569232559e3d385fea5a93112/library/std/src/../../backtrace/src/backtrace/libunwind.rs:104:5
[INFO] [stdout]    1:     0x5653152eca4c - std::backtrace_rs::backtrace::trace_unsynchronized::h47f62dea28e0c88d
[INFO] [stdout]                                at /rustc/82e1608dfa6e0b5569232559e3d385fea5a93112/library/std/src/../../backtrace/src/backtrace/mod.rs:66:5
[INFO] [stdout]    2:     0x5653152eca4c - std::sys_common::backtrace::_print_fmt::h9eef0abe20ede486
[INFO] [stdout]                                at /rustc/82e1608dfa6e0b5569232559e3d385fea5a93112/library/std/src/sys_common/backtrace.rs:67:5
[INFO] [stdout]    3:     0x5653152eca4c - <std::sys_common::backtrace::_print::DisplayBacktrace as core::fmt::Display>::fmt::hed7f999df88cc644
[INFO] [stdout]                                at /rustc/82e1608dfa6e0b5569232559e3d385fea5a93112/library/std/src/sys_common/backtrace.rs:44:22
[INFO] [stdout]    4:     0x565315316fa0 - core::fmt::rt::Argument::fmt::h1539a9308b8d058d
[INFO] [stdout]                                at /rustc/82e1608dfa6e0b5569232559e3d385fea5a93112/library/core/src/fmt/rt.rs:142:9
[INFO] [stdout]    5:     0x565315316fa0 - core::fmt::write::h3a39390d8560d9c9
[INFO] [stdout]                                at /rustc/82e1608dfa6e0b5569232559e3d385fea5a93112/library/core/src/fmt/mod.rs:1120:17
[INFO] [stdout]    6:     0x5653152ea3ff - std::io::Write::write_fmt::h040b369f3a0f9cbc
[INFO] [stdout]                                at /rustc/82e1608dfa6e0b5569232559e3d385fea5a93112/library/std/src/io/mod.rs:1762:15
[INFO] [stdout]    7:     0x5653152ec834 - std::sys_common::backtrace::_print::h894006fb5c6f3d45
[INFO] [stdout]                                at /rustc/82e1608dfa6e0b5569232559e3d385fea5a93112/library/std/src/sys_common/backtrace.rs:47:5
[INFO] [stdout]    8:     0x5653152ec834 - std::sys_common::backtrace::print::h23a2d212c6fff936
[INFO] [stdout]                                at /rustc/82e1608dfa6e0b5569232559e3d385fea5a93112/library/std/src/sys_common/backtrace.rs:34:9
[INFO] [stdout]    9:     0x5653152ee4f7 - std::panicking::default_hook::{{closure}}::h8a1d2ee00185001a
[INFO] [stdout]   10:     0x5653152ee1e3 - std::panicking::default_hook::h6038f2eba384e475
[INFO] [stdout]                                at /rustc/82e1608dfa6e0b5569232559e3d385fea5a93112/library/std/src/panicking.rs:289:9
[INFO] [stdout]   11:     0x5653152b60b7 - <alloc::boxed::Box<F,A> as core::ops::function::Fn<Args>>::call::h0ad024c9bdc6d768
[INFO] [stdout]                                at /rustc/82e1608dfa6e0b5569232559e3d385fea5a93112/library/alloc/src/boxed.rs:2021:9
[INFO] [stdout]   12:     0x5653152b60b7 - test::test_main::{{closure}}::h7500b54257359db6
[INFO] [stdout]                                at /rustc/82e1608dfa6e0b5569232559e3d385fea5a93112/library/test/src/lib.rs:138:21
[INFO] [stdout]   13:     0x5653152eeb08 - <alloc::boxed::Box<F,A> as core::ops::function::Fn<Args>>::call::h1f8f335eaa9cfaee
[INFO] [stdout]                                at /rustc/82e1608dfa6e0b5569232559e3d385fea5a93112/library/alloc/src/boxed.rs:2021:9
[INFO] [stdout]   14:     0x5653152eeb08 - std::panicking::rust_panic_with_hook::h2b5517d590cab22e
[INFO] [stdout]                                at /rustc/82e1608dfa6e0b5569232559e3d385fea5a93112/library/std/src/panicking.rs:783:13
[INFO] [stdout]   15:     0x5653152ee85e - std::panicking::begin_panic_handler::{{closure}}::h233112c06e0ef43e
[INFO] [stdout]                                at /rustc/82e1608dfa6e0b5569232559e3d385fea5a93112/library/std/src/panicking.rs:657:13
[INFO] [stdout]   16:     0x5653152ecf16 - std::sys_common::backtrace::__rust_end_short_backtrace::h6e893f24d7ebbff8
[INFO] [stdout]                                at /rustc/82e1608dfa6e0b5569232559e3d385fea5a93112/library/std/src/sys_common/backtrace.rs:170:18
[INFO] [stdout]   17:     0x5653152ee5c2 - rust_begin_unwind
[INFO] [stdout]                                at /rustc/82e1608dfa6e0b5569232559e3d385fea5a93112/library/std/src/panicking.rs:645:5
[INFO] [stdout]   18:     0x56531527ecf5 - core::panicking::panic_fmt::hbf0e066aabfa482c
[INFO] [stdout]                                at /rustc/82e1608dfa6e0b5569232559e3d385fea5a93112/library/core/src/panicking.rs:72:14
[INFO] [stdout]   19:     0x56531527f01b - core::panicking::assert_failed_inner::h0bba8b7c26ee4492
[INFO] [stdout]   20:     0x5653152801de - core::panicking::assert_failed::ha0b2cda7f42e2512
[INFO] [stdout]                                at /rustc/82e1608dfa6e0b5569232559e3d385fea5a93112/library/core/src/panicking.rs:279:5
[INFO] [stdout]   21:     0x565315281d77 - rust1::pktfwd_interact::tests::ack_test2::h7fd8a963d4f97b37
[INFO] [stdout]                                at /opt/rustwide/workdir/src/pktfwd_interact.rs:100:9
[INFO] [stdout]   22:     0x565315281cb7 - rust1::pktfwd_interact::tests::ack_test2::{{closure}}::hc9809fb088a7fa3c
[INFO] [stdout]                                at /opt/rustwide/workdir/src/pktfwd_interact.rs:98:19
[INFO] [stdout]   23:     0x56531527fce6 - core::ops::function::FnOnce::call_once::hfa625f90c961b85c
[INFO] [stdout]                                at /rustc/82e1608dfa6e0b5569232559e3d385fea5a93112/library/core/src/ops/function.rs:250:5
[INFO] [stdout]   24:     0x5653152bb70f - core::ops::function::FnOnce::call_once::h2b5d431d5046312d
[INFO] [stdout]                                at /rustc/82e1608dfa6e0b5569232559e3d385fea5a93112/library/core/src/ops/function.rs:250:5
[INFO] [stdout]   25:     0x5653152bb70f - test::__rust_begin_short_backtrace::h7714669af176e207
[INFO] [stdout]                                at /rustc/82e1608dfa6e0b5569232559e3d385fea5a93112/library/test/src/lib.rs:628:18
[INFO] [stdout]   26:     0x5653152ba725 - test::run_test_in_process::{{closure}}::h85218797dcbcec12
[INFO] [stdout]                                at /rustc/82e1608dfa6e0b5569232559e3d385fea5a93112/library/test/src/lib.rs:651:60
[INFO] [stdout]   27:     0x5653152ba725 - <core::panic::unwind_safe::AssertUnwindSafe<F> as core::ops::function::FnOnce<()>>::call_once::h76c106ea31c14d7b
[INFO] [stdout]                                at /rustc/82e1608dfa6e0b5569232559e3d385fea5a93112/library/core/src/panic/unwind_safe.rs:272:9
[INFO] [stdout]   28:     0x5653152ba725 - std::panicking::try::do_call::h3bd5d0f6620ee946
[INFO] [stdout]                                at /rustc/82e1608dfa6e0b5569232559e3d385fea5a93112/library/std/src/panicking.rs:552:40
[INFO] [stdout]   29:     0x5653152ba725 - std::panicking::try::h232e535e4744fe31
[INFO] [stdout]                                at /rustc/82e1608dfa6e0b5569232559e3d385fea5a93112/library/std/src/panicking.rs:516:19
[INFO] [stdout]   30:     0x5653152ba725 - std::panic::catch_unwind::h3ce3bd6ca8dbac68
[INFO] [stdout]                                at /rustc/82e1608dfa6e0b5569232559e3d385fea5a93112/library/std/src/panic.rs:142:14
[INFO] [stdout]   31:     0x5653152ba725 - test::run_test_in_process::hc97b257c9621286a
[INFO] [stdout]                                at /rustc/82e1608dfa6e0b5569232559e3d385fea5a93112/library/test/src/lib.rs:651:27
[INFO] [stdout]   32:     0x5653152ba725 - test::run_test::{{closure}}::h2aa798823a438d38
[INFO] [stdout]                                at /rustc/82e1608dfa6e0b5569232559e3d385fea5a93112/library/test/src/lib.rs:574:43
[INFO] [stdout]   33:     0x5653152829e6 - test::run_test::{{closure}}::h87d231c78fb59832
[INFO] [stdout]                                at /rustc/82e1608dfa6e0b5569232559e3d385fea5a93112/library/test/src/lib.rs:602:41
[INFO] [stdout]   34:     0x5653152829e6 - std::sys_common::backtrace::__rust_begin_short_backtrace::he6df152596625789
[INFO] [stdout]                                at /rustc/82e1608dfa6e0b5569232559e3d385fea5a93112/library/std/src/sys_common/backtrace.rs:154:18
[INFO] [stdout]   35:     0x565315287a97 - std::thread::Builder::spawn_unchecked_::{{closure}}::{{closure}}::ha94be15d1e0acf36
[INFO] [stdout]                                at /rustc/82e1608dfa6e0b5569232559e3d385fea5a93112/library/std/src/thread/mod.rs:529:17
[INFO] [stdout]   36:     0x565315287a97 - <core::panic::unwind_safe::AssertUnwindSafe<F> as core::ops::function::FnOnce<()>>::call_once::h9dc6bd6372f16606
[INFO] [stdout]                                at /rustc/82e1608dfa6e0b5569232559e3d385fea5a93112/library/core/src/panic/unwind_safe.rs:272:9
[INFO] [stdout]   37:     0x565315287a97 - std::panicking::try::do_call::h9057517f80303cd4
[INFO] [stdout]                                at /rustc/82e1608dfa6e0b5569232559e3d385fea5a93112/library/std/src/panicking.rs:552:40
[INFO] [stdout]   38:     0x565315287a97 - std::panicking::try::he3a30b11ee45340c
[INFO] [stdout]                                at /rustc/82e1608dfa6e0b5569232559e3d385fea5a93112/library/std/src/panicking.rs:516:19
[INFO] [stdout]   39:     0x565315287a97 - std::panic::catch_unwind::h410458cfd3528b8b
[INFO] [stdout]                                at /rustc/82e1608dfa6e0b5569232559e3d385fea5a93112/library/std/src/panic.rs:142:14
[INFO] [stdout]   40:     0x565315287a97 - std::thread::Builder::spawn_unchecked_::{{closure}}::h72ac3bdb567b737b
[INFO] [stdout]                                at /rustc/82e1608dfa6e0b5569232559e3d385fea5a93112/library/std/src/thread/mod.rs:528:30
[INFO] [stdout]   41:     0x565315287a97 - core::ops::function::FnOnce::call_once{{vtable.shim}}::h38f34da3654a8344
[INFO] [stdout]                                at /rustc/82e1608dfa6e0b5569232559e3d385fea5a93112/library/core/src/ops/function.rs:250:5
[INFO] [stdout]   42:     0x5653152f3595 - <alloc::boxed::Box<F,A> as core::ops::function::FnOnce<Args>>::call_once::hc7eafaff61e32df9
[INFO] [stdout]                                at /rustc/82e1608dfa6e0b5569232559e3d385fea5a93112/library/alloc/src/boxed.rs:2007:9
[INFO] [stdout]   43:     0x5653152f3595 - <alloc::boxed::Box<F,A> as core::ops::function::FnOnce<Args>>::call_once::h6ba4a5de48dd2304
[INFO] [stdout]                                at /rustc/82e1608dfa6e0b5569232559e3d385fea5a93112/library/alloc/src/boxed.rs:2007:9
[INFO] [stdout]   44:     0x5653152f3595 - std::sys::unix::thread::Thread::new::thread_start::he469335aef763e45
[INFO] [stdout]                                at /rustc/82e1608dfa6e0b5569232559e3d385fea5a93112/library/std/src/sys/unix/thread.rs:108:17
[INFO] [stdout]   45:     0x7f30bb48aac3 - <unknown>
[INFO] [stdout]   46:     0x7f30bb51bbf4 - __clone
[INFO] [stdout]   47:                0x0 - <unknown>
[INFO] [stdout] 
[INFO] [stdout] 
[INFO] [stdout] failures:
[INFO] [stdout]     pktfwd_interact::tests::ack_test2
[INFO] [stdout] 
[INFO] [stdout] test result: FAILED. 2 passed; 1 failed; 0 ignored; 0 measured; 0 filtered out; finished in 0.01s
[INFO] [stdout] 
[INFO] [stderr] error: test failed, to rerun pass `--bin rust1`
[INFO] running `Command { std: "docker" "inspect" "0358104486a71c236ccb372e16bc1b526a9c67f9df6a01491925c7a63c367318", kill_on_drop: false }`
[INFO] running `Command { std: "docker" "rm" "-f" "0358104486a71c236ccb372e16bc1b526a9c67f9df6a01491925c7a63c367318", kill_on_drop: false }`
[INFO] [stdout] 0358104486a71c236ccb372e16bc1b526a9c67f9df6a01491925c7a63c367318
