[INFO] cloning repository https://github.com/Azuyamat/Boxes
[INFO] running `Command { std: "git" "-c" "credential.helper=" "-c" "credential.helper=/workspace/cargo-home/bin/git-credential-null" "clone" "--bare" "https://github.com/Azuyamat/Boxes" "/workspace/cache/git-repos/https%3A%2F%2Fgithub.com%2FAzuyamat%2FBoxes", kill_on_drop: false }`
[INFO] [stderr] Cloning into bare repository '/workspace/cache/git-repos/https%3A%2F%2Fgithub.com%2FAzuyamat%2FBoxes'...
[INFO] running `Command { std: "git" "rev-parse" "HEAD", kill_on_drop: false }`
[INFO] [stdout] 01e68efdfa27ba5e12fc02b7ac1c1042a8324eeb
[INFO] testing Azuyamat/Boxes against 1.75.0 for beta-1.76-1
[INFO] running `Command { std: "git" "clone" "/workspace/cache/git-repos/https%3A%2F%2Fgithub.com%2FAzuyamat%2FBoxes" "/workspace/builds/worker-5-tc1/source", kill_on_drop: false }`
[INFO] [stderr] Cloning into '/workspace/builds/worker-5-tc1/source'...
[INFO] [stderr] done.
[INFO] validating manifest of git repo https://github.com/Azuyamat/Boxes on toolchain 1.75.0
[INFO] running `Command { std: CARGO_HOME="/workspace/cargo-home" RUSTUP_HOME="/workspace/rustup-home" "/workspace/cargo-home/bin/cargo" "+1.75.0" "metadata" "--manifest-path" "Cargo.toml" "--no-deps", kill_on_drop: false }`
[INFO] started tweaking git repo https://github.com/Azuyamat/Boxes
[INFO] finished tweaking git repo https://github.com/Azuyamat/Boxes
[INFO] tweaked toml for git repo https://github.com/Azuyamat/Boxes written to /workspace/builds/worker-5-tc1/source/Cargo.toml
[INFO] crate git repo https://github.com/Azuyamat/Boxes already has a lockfile, it will not be regenerated
[INFO] running `Command { std: CARGO_HOME="/workspace/cargo-home" RUSTUP_HOME="/workspace/rustup-home" "/workspace/cargo-home/bin/cargo" "+1.75.0" "fetch" "--manifest-path" "Cargo.toml", kill_on_drop: false }`
[INFO] [stderr]  Downloading crates ...
[INFO] [stderr]   Downloaded clap v4.4.11
[INFO] [stderr]   Downloaded anstyle-query v1.0.1
[INFO] [stderr]   Downloaded openssl-sys v0.9.97
[INFO] [stderr]   Downloaded clap_builder v4.4.11
[INFO] [stderr]   Downloaded winnow v0.5.26
[INFO] [stderr]   Downloaded openssl v0.10.61
[INFO] running `Command { std: "docker" "create" "-v" "/var/lib/crater-agent-workspace/builds/worker-5-tc1/target:/opt/rustwide/target:rw,Z" "-v" "/var/lib/crater-agent-workspace/builds/worker-5-tc1/source:/opt/rustwide/workdir:ro,Z" "-v" "/var/lib/crater-agent-workspace/cargo-home:/opt/rustwide/cargo-home:ro,Z" "-v" "/var/lib/crater-agent-workspace/rustup-home:/opt/rustwide/rustup-home:ro,Z" "-e" "SOURCE_DIR=/opt/rustwide/workdir" "-e" "CARGO_TARGET_DIR=/opt/rustwide/target" "-e" "CARGO_HOME=/opt/rustwide/cargo-home" "-e" "RUSTUP_HOME=/opt/rustwide/rustup-home" "-w" "/opt/rustwide/workdir" "-m" "1610612736" "--user" "0:0" "--network" "none" "ghcr.io/rust-lang/crates-build-env/linux@sha256:2788e3201cd34a07e3172128adcd8b3090168a8e3bcc40d7c032b9dda1df7d1c" "/opt/rustwide/cargo-home/bin/cargo" "+1.75.0" "metadata" "--no-deps" "--format-version=1", kill_on_drop: false }`
[INFO] [stdout] 67520b7cb3efa97bf5a2bc8b1bcaa6efbba41b86ad545e3c77e2725213ef4a6d
[INFO] running `Command { std: "docker" "start" "-a" "67520b7cb3efa97bf5a2bc8b1bcaa6efbba41b86ad545e3c77e2725213ef4a6d", kill_on_drop: false }`
[INFO] running `Command { std: "docker" "inspect" "67520b7cb3efa97bf5a2bc8b1bcaa6efbba41b86ad545e3c77e2725213ef4a6d", kill_on_drop: false }`
[INFO] running `Command { std: "docker" "rm" "-f" "67520b7cb3efa97bf5a2bc8b1bcaa6efbba41b86ad545e3c77e2725213ef4a6d", kill_on_drop: false }`
[INFO] [stdout] 67520b7cb3efa97bf5a2bc8b1bcaa6efbba41b86ad545e3c77e2725213ef4a6d
[INFO] running `Command { std: "docker" "create" "-v" "/var/lib/crater-agent-workspace/builds/worker-5-tc1/target:/opt/rustwide/target:rw,Z" "-v" "/var/lib/crater-agent-workspace/builds/worker-5-tc1/source:/opt/rustwide/workdir:ro,Z" "-v" "/var/lib/crater-agent-workspace/cargo-home:/opt/rustwide/cargo-home:ro,Z" "-v" "/var/lib/crater-agent-workspace/rustup-home:/opt/rustwide/rustup-home:ro,Z" "-e" "SOURCE_DIR=/opt/rustwide/workdir" "-e" "CARGO_TARGET_DIR=/opt/rustwide/target" "-e" "CARGO_INCREMENTAL=0" "-e" "RUST_BACKTRACE=full" "-e" "RUSTFLAGS=--cap-lints=warn" "-e" "RUSTDOCFLAGS=--cap-lints=warn" "-e" "CARGO_HOME=/opt/rustwide/cargo-home" "-e" "RUSTUP_HOME=/opt/rustwide/rustup-home" "-w" "/opt/rustwide/workdir" "-m" "1610612736" "--user" "0:0" "--network" "none" "ghcr.io/rust-lang/crates-build-env/linux@sha256:2788e3201cd34a07e3172128adcd8b3090168a8e3bcc40d7c032b9dda1df7d1c" "/opt/rustwide/cargo-home/bin/cargo" "+1.75.0" "build" "--frozen" "--message-format=json", kill_on_drop: false }`
[INFO] [stdout] 06fd26b0c7e4b1b312deaa9e9945c69ae3d6f36dc866bc768f26bcb02b4ab49b
[INFO] running `Command { std: "docker" "start" "-a" "06fd26b0c7e4b1b312deaa9e9945c69ae3d6f36dc866bc768f26bcb02b4ab49b", kill_on_drop: false }`
[INFO] [stderr]    Compiling libc v0.2.150
[INFO] [stderr]    Compiling log v0.4.20
[INFO] [stderr]    Compiling serde v1.0.193
[INFO] [stderr]    Compiling vcpkg v0.2.15
[INFO] [stderr]    Compiling pkg-config v0.3.27
[INFO] [stderr]    Compiling itoa v1.0.9
[INFO] [stderr]    Compiling crossbeam-utils v0.8.16
[INFO] [stderr]    Compiling futures-io v0.3.29
[INFO] [stderr]    Compiling indexmap v2.1.0
[INFO] [stderr]    Compiling foreign-types-shared v0.1.1
[INFO] [stderr]    Compiling openssl v0.10.61
[INFO] [stderr]    Compiling futures-util v0.3.29
[INFO] [stderr]    Compiling syn v2.0.39
[INFO] [stderr]    Compiling tinyvec_macros v0.1.1
[INFO] [stderr]    Compiling bitflags v2.4.1
[INFO] [stderr]    Compiling foreign-types v0.3.2
[INFO] [stderr]    Compiling futures-channel v0.3.29
[INFO] [stderr]    Compiling http v0.2.11
[INFO] [stderr]    Compiling native-tls v0.2.11
[INFO] [stderr]    Compiling signal-hook v0.3.17
[INFO] [stderr]    Compiling parking v2.2.0
[INFO] [stderr]    Compiling tinyvec v1.6.0
[INFO] [stderr]    Compiling thiserror v1.0.50
[INFO] [stderr]    Compiling openssl-probe v0.1.5
[INFO] [stderr]    Compiling utf8parse v0.2.1
[INFO] [stderr]    Compiling form_urlencoded v1.2.1
[INFO] [stderr]    Compiling anstyle-parse v0.2.3
[INFO] [stderr]    Compiling colorchoice v1.0.0
[INFO] [stderr]    Compiling concurrent-queue v2.4.0
[INFO] [stderr]    Compiling anstyle-query v1.0.1
[INFO] [stderr]    Compiling anstyle v1.0.4
[INFO] [stderr]    Compiling portable-atomic v1.6.0
[INFO] [stderr]    Compiling ryu v1.0.15
[INFO] [stderr]    Compiling unicode-bidi v0.3.14
[INFO] [stderr]    Compiling unicode-width v0.1.11
[INFO] [stderr]    Compiling bitflags v1.3.2
[INFO] [stderr]    Compiling event-listener v4.0.0
[INFO] [stderr]    Compiling winnow v0.5.26
[INFO] [stderr]    Compiling clap_lex v0.6.0
[INFO] [stderr]    Compiling heck v0.4.1
[INFO] [stderr]    Compiling anstream v0.6.4
[INFO] [stderr]    Compiling unicode-segmentation v1.10.1
[INFO] [stderr]    Compiling atomic-waker v1.1.2
[INFO] [stderr]    Compiling event-listener-strategy v0.4.0
[INFO] [stderr]    Compiling piper v0.2.1
[INFO] [stderr]    Compiling http-body v0.4.5
[INFO] [stderr]    Compiling clap_builder v4.4.11
[INFO] [stderr]    Compiling futures-lite v2.1.0
[INFO] [stderr]    Compiling async-channel v2.1.1
[INFO] [stderr]    Compiling mio v0.8.10
[INFO] [stderr]    Compiling cc v1.0.83
[INFO] [stderr]    Compiling socket2 v0.5.5
[INFO] [stderr]    Compiling num_cpus v1.16.0
[INFO] [stderr]    Compiling signal-hook-registry v1.4.1
[INFO] [stderr]    Compiling socket2 v0.4.10
[INFO] [stderr]    Compiling parking_lot_core v0.9.9
[INFO] [stderr]    Compiling unicode-normalization v0.1.22
[INFO] [stderr]    Compiling dirs-sys v0.3.7
[INFO] [stderr]    Compiling tokio v1.34.0
[INFO] [stderr]    Compiling parking_lot v0.12.1
[INFO] [stderr]    Compiling idna v0.5.0
[INFO] [stderr]    Compiling directories v4.0.1
[INFO] [stderr]    Compiling newline-converter v0.2.2
[INFO] [stderr]    Compiling console v0.15.7
[INFO] [stderr]    Compiling async-lock v3.2.0
[INFO] [stderr]    Compiling signal-hook-mio v0.2.3
[INFO] [stderr]    Compiling async-task v4.5.0
[INFO] [stderr]    Compiling dyn-clone v1.0.16
[INFO] [stderr]    Compiling crossterm v0.25.0
[INFO] [stderr]    Compiling ipnet v2.9.0
[INFO] [stderr]    Compiling base64 v0.21.5
[INFO] [stderr]    Compiling url v2.5.0
[INFO] [stderr]    Compiling blocking v1.5.1
[INFO] [stderr]    Compiling indicatif v0.17.7
[INFO] [stderr]    Compiling openssl-sys v0.9.97
[INFO] [stderr]    Compiling serde_derive v1.0.193
[INFO] [stderr]    Compiling openssl-macros v0.1.1
[INFO] [stderr]    Compiling thiserror-impl v1.0.50
[INFO] [stderr]    Compiling clap_derive v4.4.7
[INFO] [stderr]    Compiling inquire v0.6.2
[INFO] [stderr]    Compiling clap v4.4.11
[INFO] [stderr]    Compiling tokio-util v0.7.10
[INFO] [stderr]    Compiling h2 v0.3.22
[INFO] [stderr]    Compiling tokio-native-tls v0.3.1
[INFO] [stderr]    Compiling hyper v0.14.27
[INFO] [stderr]    Compiling serde_spanned v0.6.4
[INFO] [stderr]    Compiling toml_datetime v0.6.5
[INFO] [stderr]    Compiling serde_json v1.0.108
[INFO] [stderr]    Compiling toml v0.5.11
[INFO] [stderr]    Compiling serde_urlencoded v0.7.1
[INFO] [stderr]    Compiling toml_edit v0.21.0
[INFO] [stderr]    Compiling confy v0.5.1
[INFO] [stderr]    Compiling hyper-tls v0.5.0
[INFO] [stderr]    Compiling reqwest v0.11.22
[INFO] [stderr]    Compiling toml v0.8.8
[INFO] [stderr]    Compiling boxes v0.1.5 (/opt/rustwide/workdir)
[INFO] [stdout] warning: unused import: `crate::error::Error`
[INFO] [stdout]   --> src/tests/mod.rs:1:5
[INFO] [stdout]    |
[INFO] [stdout] 1  | use crate::error::Error;
[INFO] [stdout]    |     ^^^^^^^^^^^^^^^^^^^
[INFO] [stdout]    |
[INFO] [stdout] help: consider adding a `#[cfg(test)]` to the containing module
[INFO] [stdout]   --> src/main.rs:12:1
[INFO] [stdout]    |
[INFO] [stdout] 12 | mod tests;
[INFO] [stdout]    | ^^^^^^^^^^
[INFO] [stdout]    = note: `#[warn(unused_imports)]` on by default
[INFO] [stdout] 
[INFO] [stdout] 
[INFO] [stdout] warning: unused import: `crate::minecraft::jars`
[INFO] [stdout]   --> src/tests/mod.rs:2:5
[INFO] [stdout]    |
[INFO] [stdout] 2  | use crate::minecraft::jars;
[INFO] [stdout]    |     ^^^^^^^^^^^^^^^^^^^^^^
[INFO] [stdout]    |
[INFO] [stdout] help: consider adding a `#[cfg(test)]` to the containing module
[INFO] [stdout]   --> src/main.rs:12:1
[INFO] [stdout]    |
[INFO] [stdout] 12 | mod tests;
[INFO] [stdout]    | ^^^^^^^^^^
[INFO] [stdout] 
[INFO] [stdout] 
[INFO] [stdout] warning: 2 warnings emitted
[INFO] [stdout] 
[INFO] [stdout] 
[INFO] [stderr]     Finished dev [unoptimized + debuginfo] target(s) in 21.67s
[INFO] running `Command { std: "docker" "inspect" "06fd26b0c7e4b1b312deaa9e9945c69ae3d6f36dc866bc768f26bcb02b4ab49b", kill_on_drop: false }`
[INFO] running `Command { std: "docker" "rm" "-f" "06fd26b0c7e4b1b312deaa9e9945c69ae3d6f36dc866bc768f26bcb02b4ab49b", kill_on_drop: false }`
[INFO] [stdout] 06fd26b0c7e4b1b312deaa9e9945c69ae3d6f36dc866bc768f26bcb02b4ab49b
[INFO] running `Command { std: "docker" "create" "-v" "/var/lib/crater-agent-workspace/builds/worker-5-tc1/target:/opt/rustwide/target:rw,Z" "-v" "/var/lib/crater-agent-workspace/builds/worker-5-tc1/source:/opt/rustwide/workdir:ro,Z" "-v" "/var/lib/crater-agent-workspace/cargo-home:/opt/rustwide/cargo-home:ro,Z" "-v" "/var/lib/crater-agent-workspace/rustup-home:/opt/rustwide/rustup-home:ro,Z" "-e" "SOURCE_DIR=/opt/rustwide/workdir" "-e" "CARGO_TARGET_DIR=/opt/rustwide/target" "-e" "CARGO_INCREMENTAL=0" "-e" "RUST_BACKTRACE=full" "-e" "RUSTFLAGS=--cap-lints=warn" "-e" "RUSTDOCFLAGS=--cap-lints=warn" "-e" "CARGO_HOME=/opt/rustwide/cargo-home" "-e" "RUSTUP_HOME=/opt/rustwide/rustup-home" "-w" "/opt/rustwide/workdir" "-m" "1610612736" "--user" "0:0" "--network" "none" "ghcr.io/rust-lang/crates-build-env/linux@sha256:2788e3201cd34a07e3172128adcd8b3090168a8e3bcc40d7c032b9dda1df7d1c" "/opt/rustwide/cargo-home/bin/cargo" "+1.75.0" "test" "--frozen" "--no-run" "--message-format=json", kill_on_drop: false }`
[INFO] [stdout] be4b33b83c162ff0df8c321dda700e6ffcce81095a6c8ead0e883a920dc27fef
[INFO] running `Command { std: "docker" "start" "-a" "be4b33b83c162ff0df8c321dda700e6ffcce81095a6c8ead0e883a920dc27fef", kill_on_drop: false }`
[INFO] [stderr]    Compiling boxes v0.1.5 (/opt/rustwide/workdir)
[INFO] [stderr]     Finished test [unoptimized + debuginfo] target(s) in 3.67s
[INFO] running `Command { std: "docker" "inspect" "be4b33b83c162ff0df8c321dda700e6ffcce81095a6c8ead0e883a920dc27fef", kill_on_drop: false }`
[INFO] running `Command { std: "docker" "rm" "-f" "be4b33b83c162ff0df8c321dda700e6ffcce81095a6c8ead0e883a920dc27fef", kill_on_drop: false }`
[INFO] [stdout] be4b33b83c162ff0df8c321dda700e6ffcce81095a6c8ead0e883a920dc27fef
[INFO] running `Command { std: "docker" "create" "-v" "/var/lib/crater-agent-workspace/builds/worker-5-tc1/target:/opt/rustwide/target:rw,Z" "-v" "/var/lib/crater-agent-workspace/builds/worker-5-tc1/source:/opt/rustwide/workdir:ro,Z" "-v" "/var/lib/crater-agent-workspace/cargo-home:/opt/rustwide/cargo-home:ro,Z" "-v" "/var/lib/crater-agent-workspace/rustup-home:/opt/rustwide/rustup-home:ro,Z" "-e" "SOURCE_DIR=/opt/rustwide/workdir" "-e" "CARGO_TARGET_DIR=/opt/rustwide/target" "-e" "CARGO_INCREMENTAL=0" "-e" "RUST_BACKTRACE=full" "-e" "RUSTFLAGS=--cap-lints=warn" "-e" "RUSTDOCFLAGS=--cap-lints=warn" "-e" "CARGO_HOME=/opt/rustwide/cargo-home" "-e" "RUSTUP_HOME=/opt/rustwide/rustup-home" "-w" "/opt/rustwide/workdir" "-m" "1610612736" "--user" "0:0" "--network" "none" "ghcr.io/rust-lang/crates-build-env/linux@sha256:2788e3201cd34a07e3172128adcd8b3090168a8e3bcc40d7c032b9dda1df7d1c" "/opt/rustwide/cargo-home/bin/cargo" "+1.75.0" "test" "--frozen", kill_on_drop: false }`
[INFO] [stdout] f59b59e12e4f8d9487c1eea0e41d34dfea555e9e55d5d38b1c35fc6ac9af43b5
[INFO] running `Command { std: "docker" "start" "-a" "f59b59e12e4f8d9487c1eea0e41d34dfea555e9e55d5d38b1c35fc6ac9af43b5", kill_on_drop: false }`
[INFO] [stderr]     Finished test [unoptimized + debuginfo] target(s) in 0.09s
[INFO] [stderr]      Running unittests src/main.rs (/opt/rustwide/target/debug/deps/boxes-33ca558841193f19)
[INFO] [stdout] 
[INFO] [stdout] running 4 tests
[INFO] [stdout] test tests::get_jar_returns_none_for_non_existent_jar ... ok
[INFO] [stdout] test tests::get_jar_returns_expected_jar ... ok
[INFO] [stdout] test tests::get_builds_returns_expected_builds ... FAILED
[INFO] [stdout] test tests::get_versions_returns_expected_versions ... FAILED
[INFO] [stdout] 
[INFO] [stdout] failures:
[INFO] [stdout] 
[INFO] [stdout] ---- tests::get_builds_returns_expected_builds stdout ----
[INFO] [stdout] Error: Reqwest(reqwest::Error { kind: Request, url: Url { scheme: "https", cannot_be_a_base: false, username: "", password: None, host: Some(Domain("api.papermc.io")), port: None, path: "/v2/projects/paper", query: None, fragment: None }, source: hyper::Error(Connect, ConnectError("dns error", Custom { kind: Uncategorized, error: "failed to lookup address information: Temporary failure in name resolution" })) })
[INFO] [stdout] 
[INFO] [stdout] ---- tests::get_versions_returns_expected_versions stdout ----
[INFO] [stdout] Error: Reqwest(reqwest::Error { kind: Request, url: Url { scheme: "https", cannot_be_a_base: false, username: "", password: None, host: Some(Domain("api.papermc.io")), port: None, path: "/v2/projects/paper", query: None, fragment: None }, source: hyper::Error(Connect, ConnectError("dns error", Custom { kind: Uncategorized, error: "failed to lookup address information: Temporary failure in name resolution" })) })
[INFO] [stdout] 
[INFO] [stdout] 
[INFO] [stdout] failures:
[INFO] [stdout]     tests::get_builds_returns_expected_builds
[INFO] [stdout]     tests::get_versions_returns_expected_versions
[INFO] [stdout] 
[INFO] [stdout] test result: FAILED. 2 passed; 2 failed; 0 ignored; 0 measured; 0 filtered out; finished in 0.17s
[INFO] [stdout] 
[INFO] [stderr] error: test failed, to rerun pass `--bin boxes`
[INFO] running `Command { std: "docker" "inspect" "f59b59e12e4f8d9487c1eea0e41d34dfea555e9e55d5d38b1c35fc6ac9af43b5", kill_on_drop: false }`
[INFO] running `Command { std: "docker" "rm" "-f" "f59b59e12e4f8d9487c1eea0e41d34dfea555e9e55d5d38b1c35fc6ac9af43b5", kill_on_drop: false }`
[INFO] [stdout] f59b59e12e4f8d9487c1eea0e41d34dfea555e9e55d5d38b1c35fc6ac9af43b5
