[INFO] cloning repository https://github.com/AustrianToast/graphprogram_rust
[INFO] running `Command { std: "git" "-c" "credential.helper=" "-c" "credential.helper=/workspace/cargo-home/bin/git-credential-null" "clone" "--bare" "https://github.com/AustrianToast/graphprogram_rust" "/workspace/cache/git-repos/https%3A%2F%2Fgithub.com%2FAustrianToast%2Fgraphprogram_rust", kill_on_drop: false }`
[INFO] [stderr] Cloning into bare repository '/workspace/cache/git-repos/https%3A%2F%2Fgithub.com%2FAustrianToast%2Fgraphprogram_rust'...
[INFO] running `Command { std: "git" "rev-parse" "HEAD", kill_on_drop: false }`
[INFO] [stdout] 33f2a0c57fde019eb2e977f191edd1a929c4548a
[INFO] testing AustrianToast/graphprogram_rust against 1.75.0 for beta-1.76-1
[INFO] running `Command { std: "git" "clone" "/workspace/cache/git-repos/https%3A%2F%2Fgithub.com%2FAustrianToast%2Fgraphprogram_rust" "/workspace/builds/worker-3-tc1/source", kill_on_drop: false }`
[INFO] [stderr] Cloning into '/workspace/builds/worker-3-tc1/source'...
[INFO] [stderr] done.
[INFO] validating manifest of git repo https://github.com/AustrianToast/graphprogram_rust on toolchain 1.75.0
[INFO] running `Command { std: CARGO_HOME="/workspace/cargo-home" RUSTUP_HOME="/workspace/rustup-home" "/workspace/cargo-home/bin/cargo" "+1.75.0" "metadata" "--manifest-path" "Cargo.toml" "--no-deps", kill_on_drop: false }`
[INFO] started tweaking git repo https://github.com/AustrianToast/graphprogram_rust
[INFO] finished tweaking git repo https://github.com/AustrianToast/graphprogram_rust
[INFO] tweaked toml for git repo https://github.com/AustrianToast/graphprogram_rust written to /workspace/builds/worker-3-tc1/source/Cargo.toml
[INFO] crate git repo https://github.com/AustrianToast/graphprogram_rust already has a lockfile, it will not be regenerated
[INFO] running `Command { std: CARGO_HOME="/workspace/cargo-home" RUSTUP_HOME="/workspace/rustup-home" "/workspace/cargo-home/bin/cargo" "+1.75.0" "fetch" "--manifest-path" "Cargo.toml", kill_on_drop: false }`
[INFO] running `Command { std: "docker" "create" "-v" "/var/lib/crater-agent-workspace/builds/worker-3-tc1/target:/opt/rustwide/target:rw,Z" "-v" "/var/lib/crater-agent-workspace/builds/worker-3-tc1/source:/opt/rustwide/workdir:ro,Z" "-v" "/var/lib/crater-agent-workspace/cargo-home:/opt/rustwide/cargo-home:ro,Z" "-v" "/var/lib/crater-agent-workspace/rustup-home:/opt/rustwide/rustup-home:ro,Z" "-e" "SOURCE_DIR=/opt/rustwide/workdir" "-e" "CARGO_TARGET_DIR=/opt/rustwide/target" "-e" "CARGO_HOME=/opt/rustwide/cargo-home" "-e" "RUSTUP_HOME=/opt/rustwide/rustup-home" "-w" "/opt/rustwide/workdir" "-m" "1610612736" "--user" "0:0" "--network" "none" "ghcr.io/rust-lang/crates-build-env/linux@sha256:2788e3201cd34a07e3172128adcd8b3090168a8e3bcc40d7c032b9dda1df7d1c" "/opt/rustwide/cargo-home/bin/cargo" "+1.75.0" "metadata" "--no-deps" "--format-version=1", kill_on_drop: false }`
[INFO] [stdout] f0da7c8f9f899227eca965c7601e9620a481c85a376e8b65959f43aff7094cde
[INFO] running `Command { std: "docker" "start" "-a" "f0da7c8f9f899227eca965c7601e9620a481c85a376e8b65959f43aff7094cde", kill_on_drop: false }`
[INFO] running `Command { std: "docker" "inspect" "f0da7c8f9f899227eca965c7601e9620a481c85a376e8b65959f43aff7094cde", kill_on_drop: false }`
[INFO] running `Command { std: "docker" "rm" "-f" "f0da7c8f9f899227eca965c7601e9620a481c85a376e8b65959f43aff7094cde", kill_on_drop: false }`
[INFO] [stdout] f0da7c8f9f899227eca965c7601e9620a481c85a376e8b65959f43aff7094cde
[INFO] running `Command { std: "docker" "create" "-v" "/var/lib/crater-agent-workspace/builds/worker-3-tc1/target:/opt/rustwide/target:rw,Z" "-v" "/var/lib/crater-agent-workspace/builds/worker-3-tc1/source:/opt/rustwide/workdir:ro,Z" "-v" "/var/lib/crater-agent-workspace/cargo-home:/opt/rustwide/cargo-home:ro,Z" "-v" "/var/lib/crater-agent-workspace/rustup-home:/opt/rustwide/rustup-home:ro,Z" "-e" "SOURCE_DIR=/opt/rustwide/workdir" "-e" "CARGO_TARGET_DIR=/opt/rustwide/target" "-e" "CARGO_INCREMENTAL=0" "-e" "RUST_BACKTRACE=full" "-e" "RUSTFLAGS=--cap-lints=warn" "-e" "RUSTDOCFLAGS=--cap-lints=warn" "-e" "CARGO_HOME=/opt/rustwide/cargo-home" "-e" "RUSTUP_HOME=/opt/rustwide/rustup-home" "-w" "/opt/rustwide/workdir" "-m" "1610612736" "--user" "0:0" "--network" "none" "ghcr.io/rust-lang/crates-build-env/linux@sha256:2788e3201cd34a07e3172128adcd8b3090168a8e3bcc40d7c032b9dda1df7d1c" "/opt/rustwide/cargo-home/bin/cargo" "+1.75.0" "build" "--frozen" "--message-format=json", kill_on_drop: false }`
[INFO] [stdout] 973a6fdc58080f088505aa70926fd92bd2a930bff3903ade7449fbcad96b87ff
[INFO] running `Command { std: "docker" "start" "-a" "973a6fdc58080f088505aa70926fd92bd2a930bff3903ade7449fbcad96b87ff", kill_on_drop: false }`
[INFO] [stderr]    Compiling memchr v2.5.0
[INFO] [stderr]    Compiling serde v1.0.163
[INFO] [stderr]    Compiling ryu v1.0.13
[INFO] [stderr]    Compiling itoa v1.0.6
[INFO] [stderr]    Compiling fastrand v1.9.0
[INFO] [stderr]    Compiling csv-core v0.1.10
[INFO] [stderr]    Compiling csv v1.2.2
[INFO] [stderr]    Compiling graphprogram_rust v0.1.0 (/opt/rustwide/workdir)
[INFO] [stderr]     Finished dev [optimized] target(s) in 12.96s
[INFO] running `Command { std: "docker" "inspect" "973a6fdc58080f088505aa70926fd92bd2a930bff3903ade7449fbcad96b87ff", kill_on_drop: false }`
[INFO] running `Command { std: "docker" "rm" "-f" "973a6fdc58080f088505aa70926fd92bd2a930bff3903ade7449fbcad96b87ff", kill_on_drop: false }`
[INFO] [stdout] 973a6fdc58080f088505aa70926fd92bd2a930bff3903ade7449fbcad96b87ff
[INFO] running `Command { std: "docker" "create" "-v" "/var/lib/crater-agent-workspace/builds/worker-3-tc1/target:/opt/rustwide/target:rw,Z" "-v" "/var/lib/crater-agent-workspace/builds/worker-3-tc1/source:/opt/rustwide/workdir:ro,Z" "-v" "/var/lib/crater-agent-workspace/cargo-home:/opt/rustwide/cargo-home:ro,Z" "-v" "/var/lib/crater-agent-workspace/rustup-home:/opt/rustwide/rustup-home:ro,Z" "-e" "SOURCE_DIR=/opt/rustwide/workdir" "-e" "CARGO_TARGET_DIR=/opt/rustwide/target" "-e" "CARGO_INCREMENTAL=0" "-e" "RUST_BACKTRACE=full" "-e" "RUSTFLAGS=--cap-lints=warn" "-e" "RUSTDOCFLAGS=--cap-lints=warn" "-e" "CARGO_HOME=/opt/rustwide/cargo-home" "-e" "RUSTUP_HOME=/opt/rustwide/rustup-home" "-w" "/opt/rustwide/workdir" "-m" "1610612736" "--user" "0:0" "--network" "none" "ghcr.io/rust-lang/crates-build-env/linux@sha256:2788e3201cd34a07e3172128adcd8b3090168a8e3bcc40d7c032b9dda1df7d1c" "/opt/rustwide/cargo-home/bin/cargo" "+1.75.0" "test" "--frozen" "--no-run" "--message-format=json", kill_on_drop: false }`
[INFO] [stdout] 99af54a8c35f0a4fb549508cd339714703ad56fbfced58aa2a20fa33312bbe07
[INFO] running `Command { std: "docker" "start" "-a" "99af54a8c35f0a4fb549508cd339714703ad56fbfced58aa2a20fa33312bbe07", kill_on_drop: false }`
[INFO] [stderr]    Compiling graphprogram_rust v0.1.0 (/opt/rustwide/workdir)
[INFO] [stderr]     Finished test [optimized] target(s) in 8.05s
[INFO] running `Command { std: "docker" "inspect" "99af54a8c35f0a4fb549508cd339714703ad56fbfced58aa2a20fa33312bbe07", kill_on_drop: false }`
[INFO] running `Command { std: "docker" "rm" "-f" "99af54a8c35f0a4fb549508cd339714703ad56fbfced58aa2a20fa33312bbe07", kill_on_drop: false }`
[INFO] [stdout] 99af54a8c35f0a4fb549508cd339714703ad56fbfced58aa2a20fa33312bbe07
[INFO] running `Command { std: "docker" "create" "-v" "/var/lib/crater-agent-workspace/builds/worker-3-tc1/target:/opt/rustwide/target:rw,Z" "-v" "/var/lib/crater-agent-workspace/builds/worker-3-tc1/source:/opt/rustwide/workdir:ro,Z" "-v" "/var/lib/crater-agent-workspace/cargo-home:/opt/rustwide/cargo-home:ro,Z" "-v" "/var/lib/crater-agent-workspace/rustup-home:/opt/rustwide/rustup-home:ro,Z" "-e" "SOURCE_DIR=/opt/rustwide/workdir" "-e" "CARGO_TARGET_DIR=/opt/rustwide/target" "-e" "CARGO_INCREMENTAL=0" "-e" "RUST_BACKTRACE=full" "-e" "RUSTFLAGS=--cap-lints=warn" "-e" "RUSTDOCFLAGS=--cap-lints=warn" "-e" "CARGO_HOME=/opt/rustwide/cargo-home" "-e" "RUSTUP_HOME=/opt/rustwide/rustup-home" "-w" "/opt/rustwide/workdir" "-m" "1610612736" "--user" "0:0" "--network" "none" "ghcr.io/rust-lang/crates-build-env/linux@sha256:2788e3201cd34a07e3172128adcd8b3090168a8e3bcc40d7c032b9dda1df7d1c" "/opt/rustwide/cargo-home/bin/cargo" "+1.75.0" "test" "--frozen", kill_on_drop: false }`
[INFO] [stdout] 81262eca7870843a82b66311d9e9cd1bd8920162f6ca65ad46c23ee89a883503
[INFO] running `Command { std: "docker" "start" "-a" "81262eca7870843a82b66311d9e9cd1bd8920162f6ca65ad46c23ee89a883503", kill_on_drop: false }`
[INFO] [stderr]     Finished test [optimized] target(s) in 0.01s
[INFO] [stderr]      Running unittests src/lib.rs (/opt/rustwide/target/debug/deps/graphprogram_rust-b8f26ba22d76ddfa)
[INFO] [stdout] 
[INFO] [stdout] running 2 tests
[INFO] [stdout] test tests::matrix ... FAILED
[INFO] [stdout] test tests::graph ... FAILED
[INFO] [stdout] 
[INFO] [stdout] failures:
[INFO] [stdout] 
[INFO] [stdout] ---- tests::matrix stdout ----
[INFO] [stdout] thread 'tests::matrix' panicked at src/graph/matrix.rs:157:10:
[INFO] [stdout] called `Result::unwrap()` on an `Err` value: Error(Io(Os { code: 2, kind: NotFound, message: "No such file or directory" }))
[INFO] [stdout] stack backtrace:
[INFO] [stdout]    0:     0x5609637124be - <unknown>
[INFO] [stdout]    1:     0x5609636cc410 - <unknown>
[INFO] [stdout]    2:     0x56096370dbc3 - <unknown>
[INFO] [stdout]    3:     0x560963712264 - <unknown>
[INFO] [stdout]    4:     0x560963714060 - <unknown>
[INFO] [stdout]    5:     0x560963713cf2 - <unknown>
[INFO] [stdout]    6:     0x560963760727 - <unknown>
[INFO] [stdout]    7:     0x56096371471f - <unknown>
[INFO] [stdout]    8:     0x56096371446e - <unknown>
[INFO] [stdout]    9:     0x560963712986 - <unknown>
[INFO] [stdout]   10:     0x5609637141f2 - <unknown>
[INFO] [stdout]   11:     0x5609636c0375 - <unknown>
[INFO] [stdout]   12:     0x5609636c0813 - <unknown>
[INFO] [stdout]   13:     0x5609636dbdfa - <unknown>
[INFO] [stdout]   14:     0x5609636dd357 - <unknown>
[INFO] [stdout]   15:     0x5609636e17b9 - <unknown>
[INFO] [stdout]   16:     0x560963766d5f - <unknown>
[INFO] [stdout]   17:     0x560963765653 - <unknown>
[INFO] [stdout]   18:     0x56096372a85c - <unknown>
[INFO] [stdout]   19:     0x56096373078e - <unknown>
[INFO] [stdout]   20:     0x560963717bd5 - <unknown>
[INFO] [stdout]   21:     0x7f2500759ac3 - <unknown>
[INFO] [stdout]   22:     0x7f25007eabf4 - __clone
[INFO] [stdout]   23:                0x0 - <unknown>
[INFO] [stdout] 
[INFO] [stdout] ---- tests::graph stdout ----
[INFO] [stdout] thread 'tests::graph' panicked at src/graph/matrix.rs:157:10:
[INFO] [stdout] called `Result::unwrap()` on an `Err` value: Error(Io(Os { code: 2, kind: NotFound, message: "No such file or directory" }))
[INFO] [stdout] stack backtrace:
[INFO] [stdout]    0:     0x5609637124be - <unknown>
[INFO] [stdout]    1:     0x5609636cc410 - <unknown>
[INFO] [stdout]    2:     0x56096370dbc3 - <unknown>
[INFO] [stdout]    3:     0x560963712264 - <unknown>
[INFO] [stdout]    4:     0x560963714060 - <unknown>
[INFO] [stdout]    5:     0x560963713cf2 - <unknown>
[INFO] [stdout]    6:     0x560963760727 - <unknown>
[INFO] [stdout]    7:     0x56096371471f - <unknown>
[INFO] [stdout]    8:     0x56096371446e - <unknown>
[INFO] [stdout]    9:     0x560963712986 - <unknown>
[INFO] [stdout]   10:     0x5609637141f2 - <unknown>
[INFO] [stdout]   11:     0x5609636c0375 - <unknown>
[INFO] [stdout]   12:     0x5609636c0813 - <unknown>
[INFO] [stdout]   13:     0x5609636dbdfa - <unknown>
[INFO] [stdout]   14:     0x5609636dc03d - <unknown>
[INFO] [stdout]   15:     0x5609636e1799 - <unknown>
[INFO] [stdout]   16:     0x560963766d5f - <unknown>
[INFO] [stdout]   17:     0x560963765653 - <unknown>
[INFO] [stdout]   18:     0x56096372a85c - <unknown>
[INFO] [stdout]   19:     0x56096373078e - <unknown>
[INFO] [stdout]   20:     0x560963717bd5 - <unknown>
[INFO] [stdout]   21:     0x7f2500759ac3 - <unknown>
[INFO] [stdout]   22:     0x7f25007eabf4 - __clone
[INFO] [stdout]   23:                0x0 - <unknown>
[INFO] [stdout] 
[INFO] [stdout] 
[INFO] [stdout] failures:
[INFO] [stdout]     tests::graph
[INFO] [stdout]     tests::matrix
[INFO] [stdout] 
[INFO] [stdout] test result: FAILED. 0 passed; 2 failed; 0 ignored; 0 measured; 0 filtered out; finished in 0.00s
[INFO] [stdout] 
[INFO] [stderr] error: test failed, to rerun pass `--lib`
[INFO] running `Command { std: "docker" "inspect" "81262eca7870843a82b66311d9e9cd1bd8920162f6ca65ad46c23ee89a883503", kill_on_drop: false }`
[INFO] running `Command { std: "docker" "rm" "-f" "81262eca7870843a82b66311d9e9cd1bd8920162f6ca65ad46c23ee89a883503", kill_on_drop: false }`
[INFO] [stdout] 81262eca7870843a82b66311d9e9cd1bd8920162f6ca65ad46c23ee89a883503
[INFO] testing AustrianToast/graphprogram_rust against beta-2023-12-22 for beta-1.76-1
[INFO] running `Command { std: "git" "clone" "/workspace/cache/git-repos/https%3A%2F%2Fgithub.com%2FAustrianToast%2Fgraphprogram_rust" "/workspace/builds/worker-3-tc2/source", kill_on_drop: false }`
[INFO] [stderr] Cloning into '/workspace/builds/worker-3-tc2/source'...
[INFO] [stderr] done.
[INFO] validating manifest of git repo https://github.com/AustrianToast/graphprogram_rust on toolchain beta-2023-12-22
[INFO] running `Command { std: CARGO_HOME="/workspace/cargo-home" RUSTUP_HOME="/workspace/rustup-home" "/workspace/cargo-home/bin/cargo" "+beta-2023-12-22" "metadata" "--manifest-path" "Cargo.toml" "--no-deps", kill_on_drop: false }`
[INFO] started tweaking git repo https://github.com/AustrianToast/graphprogram_rust
[INFO] finished tweaking git repo https://github.com/AustrianToast/graphprogram_rust
[INFO] tweaked toml for git repo https://github.com/AustrianToast/graphprogram_rust written to /workspace/builds/worker-3-tc2/source/Cargo.toml
[INFO] crate git repo https://github.com/AustrianToast/graphprogram_rust already has a lockfile, it will not be regenerated
[INFO] running `Command { std: CARGO_HOME="/workspace/cargo-home" RUSTUP_HOME="/workspace/rustup-home" "/workspace/cargo-home/bin/cargo" "+beta-2023-12-22" "fetch" "--manifest-path" "Cargo.toml", kill_on_drop: false }`
[INFO] running `Command { std: "docker" "create" "-v" "/var/lib/crater-agent-workspace/builds/worker-3-tc2/target:/opt/rustwide/target:rw,Z" "-v" "/var/lib/crater-agent-workspace/builds/worker-3-tc2/source:/opt/rustwide/workdir:ro,Z" "-v" "/var/lib/crater-agent-workspace/cargo-home:/opt/rustwide/cargo-home:ro,Z" "-v" "/var/lib/crater-agent-workspace/rustup-home:/opt/rustwide/rustup-home:ro,Z" "-e" "SOURCE_DIR=/opt/rustwide/workdir" "-e" "CARGO_TARGET_DIR=/opt/rustwide/target" "-e" "CARGO_HOME=/opt/rustwide/cargo-home" "-e" "RUSTUP_HOME=/opt/rustwide/rustup-home" "-w" "/opt/rustwide/workdir" "-m" "1610612736" "--user" "0:0" "--network" "none" "ghcr.io/rust-lang/crates-build-env/linux@sha256:2788e3201cd34a07e3172128adcd8b3090168a8e3bcc40d7c032b9dda1df7d1c" "/opt/rustwide/cargo-home/bin/cargo" "+beta-2023-12-22" "metadata" "--no-deps" "--format-version=1", kill_on_drop: false }`
[INFO] [stdout] 74851a59ae1a8ef570691842929fb33ec69e39a00bfb27f366df55e7a8a48d39
[INFO] running `Command { std: "docker" "start" "-a" "74851a59ae1a8ef570691842929fb33ec69e39a00bfb27f366df55e7a8a48d39", kill_on_drop: false }`
[INFO] running `Command { std: "docker" "inspect" "74851a59ae1a8ef570691842929fb33ec69e39a00bfb27f366df55e7a8a48d39", kill_on_drop: false }`
[INFO] running `Command { std: "docker" "rm" "-f" "74851a59ae1a8ef570691842929fb33ec69e39a00bfb27f366df55e7a8a48d39", kill_on_drop: false }`
[INFO] [stdout] 74851a59ae1a8ef570691842929fb33ec69e39a00bfb27f366df55e7a8a48d39
[INFO] running `Command { std: "docker" "create" "-v" "/var/lib/crater-agent-workspace/builds/worker-3-tc2/target:/opt/rustwide/target:rw,Z" "-v" "/var/lib/crater-agent-workspace/builds/worker-3-tc2/source:/opt/rustwide/workdir:ro,Z" "-v" "/var/lib/crater-agent-workspace/cargo-home:/opt/rustwide/cargo-home:ro,Z" "-v" "/var/lib/crater-agent-workspace/rustup-home:/opt/rustwide/rustup-home:ro,Z" "-e" "SOURCE_DIR=/opt/rustwide/workdir" "-e" "CARGO_TARGET_DIR=/opt/rustwide/target" "-e" "CARGO_INCREMENTAL=0" "-e" "RUST_BACKTRACE=full" "-e" "RUSTFLAGS=--cap-lints=warn" "-e" "RUSTDOCFLAGS=--cap-lints=warn" "-e" "CARGO_HOME=/opt/rustwide/cargo-home" "-e" "RUSTUP_HOME=/opt/rustwide/rustup-home" "-w" "/opt/rustwide/workdir" "-m" "1610612736" "--user" "0:0" "--network" "none" "ghcr.io/rust-lang/crates-build-env/linux@sha256:2788e3201cd34a07e3172128adcd8b3090168a8e3bcc40d7c032b9dda1df7d1c" "/opt/rustwide/cargo-home/bin/cargo" "+beta-2023-12-22" "build" "--frozen" "--message-format=json", kill_on_drop: false }`
[INFO] [stdout] c02413d54c2f1af4679fccbe544cb2e6759fe4e86b7c316e26ae4b16bdbb313c
[INFO] running `Command { std: "docker" "start" "-a" "c02413d54c2f1af4679fccbe544cb2e6759fe4e86b7c316e26ae4b16bdbb313c", kill_on_drop: false }`
[INFO] [stderr]    Compiling memchr v2.5.0
[INFO] [stderr]    Compiling serde v1.0.163
[INFO] [stderr]    Compiling itoa v1.0.6
[INFO] [stderr]    Compiling ryu v1.0.13
[INFO] [stderr]    Compiling fastrand v1.9.0
[INFO] [stderr]    Compiling csv-core v0.1.10
[INFO] [stderr]    Compiling csv v1.2.2
[INFO] [stderr]    Compiling graphprogram_rust v0.1.0 (/opt/rustwide/workdir)
[INFO] [stderr]     Finished dev [optimized] target(s) in 11.60s
[INFO] running `Command { std: "docker" "inspect" "c02413d54c2f1af4679fccbe544cb2e6759fe4e86b7c316e26ae4b16bdbb313c", kill_on_drop: false }`
[INFO] running `Command { std: "docker" "rm" "-f" "c02413d54c2f1af4679fccbe544cb2e6759fe4e86b7c316e26ae4b16bdbb313c", kill_on_drop: false }`
[INFO] [stdout] c02413d54c2f1af4679fccbe544cb2e6759fe4e86b7c316e26ae4b16bdbb313c
[INFO] running `Command { std: "docker" "create" "-v" "/var/lib/crater-agent-workspace/builds/worker-3-tc2/target:/opt/rustwide/target:rw,Z" "-v" "/var/lib/crater-agent-workspace/builds/worker-3-tc2/source:/opt/rustwide/workdir:ro,Z" "-v" "/var/lib/crater-agent-workspace/cargo-home:/opt/rustwide/cargo-home:ro,Z" "-v" "/var/lib/crater-agent-workspace/rustup-home:/opt/rustwide/rustup-home:ro,Z" "-e" "SOURCE_DIR=/opt/rustwide/workdir" "-e" "CARGO_TARGET_DIR=/opt/rustwide/target" "-e" "CARGO_INCREMENTAL=0" "-e" "RUST_BACKTRACE=full" "-e" "RUSTFLAGS=--cap-lints=warn" "-e" "RUSTDOCFLAGS=--cap-lints=warn" "-e" "CARGO_HOME=/opt/rustwide/cargo-home" "-e" "RUSTUP_HOME=/opt/rustwide/rustup-home" "-w" "/opt/rustwide/workdir" "-m" "1610612736" "--user" "0:0" "--network" "none" "ghcr.io/rust-lang/crates-build-env/linux@sha256:2788e3201cd34a07e3172128adcd8b3090168a8e3bcc40d7c032b9dda1df7d1c" "/opt/rustwide/cargo-home/bin/cargo" "+beta-2023-12-22" "test" "--frozen" "--no-run" "--message-format=json", kill_on_drop: false }`
[INFO] [stdout] 3999282ef524789e738dcb2473615246d85b6bd5ebc24bbc732f984452ddc051
[INFO] running `Command { std: "docker" "start" "-a" "3999282ef524789e738dcb2473615246d85b6bd5ebc24bbc732f984452ddc051", kill_on_drop: false }`
[INFO] [stderr]    Compiling graphprogram_rust v0.1.0 (/opt/rustwide/workdir)
[INFO] [stderr]     Finished test [optimized] target(s) in 4.39s
[INFO] running `Command { std: "docker" "inspect" "3999282ef524789e738dcb2473615246d85b6bd5ebc24bbc732f984452ddc051", kill_on_drop: false }`
[INFO] running `Command { std: "docker" "rm" "-f" "3999282ef524789e738dcb2473615246d85b6bd5ebc24bbc732f984452ddc051", kill_on_drop: false }`
[INFO] [stdout] 3999282ef524789e738dcb2473615246d85b6bd5ebc24bbc732f984452ddc051
[INFO] running `Command { std: "docker" "create" "-v" "/var/lib/crater-agent-workspace/builds/worker-3-tc2/target:/opt/rustwide/target:rw,Z" "-v" "/var/lib/crater-agent-workspace/builds/worker-3-tc2/source:/opt/rustwide/workdir:ro,Z" "-v" "/var/lib/crater-agent-workspace/cargo-home:/opt/rustwide/cargo-home:ro,Z" "-v" "/var/lib/crater-agent-workspace/rustup-home:/opt/rustwide/rustup-home:ro,Z" "-e" "SOURCE_DIR=/opt/rustwide/workdir" "-e" "CARGO_TARGET_DIR=/opt/rustwide/target" "-e" "CARGO_INCREMENTAL=0" "-e" "RUST_BACKTRACE=full" "-e" "RUSTFLAGS=--cap-lints=warn" "-e" "RUSTDOCFLAGS=--cap-lints=warn" "-e" "CARGO_HOME=/opt/rustwide/cargo-home" "-e" "RUSTUP_HOME=/opt/rustwide/rustup-home" "-w" "/opt/rustwide/workdir" "-m" "1610612736" "--user" "0:0" "--network" "none" "ghcr.io/rust-lang/crates-build-env/linux@sha256:2788e3201cd34a07e3172128adcd8b3090168a8e3bcc40d7c032b9dda1df7d1c" "/opt/rustwide/cargo-home/bin/cargo" "+beta-2023-12-22" "test" "--frozen", kill_on_drop: false }`
[INFO] [stdout] 9038357b472d02e97331a52a207cf3996c47903d8e79135a8656a7a77b5b21d7
[INFO] running `Command { std: "docker" "start" "-a" "9038357b472d02e97331a52a207cf3996c47903d8e79135a8656a7a77b5b21d7", kill_on_drop: false }`
[INFO] [stderr]     Finished test [optimized] target(s) in 0.01s
[INFO] [stderr]      Running unittests src/lib.rs (/opt/rustwide/target/debug/deps/graphprogram_rust-6a2ab61ff3c30791)
[INFO] [stdout] 
[INFO] [stdout] running 2 tests
[INFO] [stdout] test tests::graph ... FAILED
[INFO] [stdout] test tests::matrix ... FAILED
[INFO] [stdout] 
[INFO] [stdout] failures:
[INFO] [stdout] 
[INFO] [stdout] ---- tests::graph stdout ----
[INFO] [stdout] thread 'tests::graph' panicked at src/graph/matrix.rs:157:10:
[INFO] [stdout] called `Result::unwrap()` on an `Err` value: Error(Io(Os { code: 2, kind: NotFound, message: "No such file or directory" }))
[INFO] [stdout] stack backtrace:
[INFO] [stdout]    0:     0x55dcf26da10b - <unknown>
[INFO] [stdout]    1:     0x55dcf2693250 - <unknown>
[INFO] [stdout]    2:     0x55dcf26d5333 - <unknown>
[INFO] [stdout]    3:     0x55dcf26d9ea4 - <unknown>
[INFO] [stdout]    4:     0x55dcf26dbcb0 - <unknown>
[INFO] [stdout]    5:     0x55dcf26db94c - <unknown>
[INFO] [stdout]    6:     0x55dcf2724b37 - <unknown>
[INFO] [stdout]    7:     0x55dcf26dc37f - <unknown>
[INFO] [stdout]    8:     0x55dcf26dc0d2 - <unknown>
[INFO] [stdout]    9:     0x55dcf26da606 - <unknown>
[INFO] [stdout]   10:     0x55dcf26dbe40 - <unknown>
[INFO] [stdout]   11:     0x55dcf2686365 - <unknown>
[INFO] [stdout]   12:     0x55dcf2686813 - <unknown>
[INFO] [stdout]   13:     0x55dcf26a2d5a - <unknown>
[INFO] [stdout]   14:     0x55dcf26a4f4d - <unknown>
[INFO] [stdout]   15:     0x55dcf26a8789 - <unknown>
[INFO] [stdout]   16:     0x55dcf272b12f - <unknown>
[INFO] [stdout]   17:     0x55dcf27296d0 - <unknown>
[INFO] [stdout]   18:     0x55dcf26ee85c - <unknown>
[INFO] [stdout]   19:     0x55dcf26f480e - <unknown>
[INFO] [stdout]   20:     0x55dcf26df835 - <unknown>
[INFO] [stdout]   21:     0x7f976cf6dac3 - <unknown>
[INFO] [stdout]   22:     0x7f976cffebf4 - __clone
[INFO] [stdout]   23:                0x0 - <unknown>
[INFO] [stdout] 
[INFO] [stdout] ---- tests::matrix stdout ----
[INFO] [stdout] thread 'tests::matrix' panicked at src/graph/matrix.rs:157:10:
[INFO] [stdout] called `Result::unwrap()` on an `Err` value: Error(Io(Os { code: 2, kind: NotFound, message: "No such file or directory" }))
[INFO] [stdout] stack backtrace:
[INFO] [stdout]    0:     0x55dcf26da10b - <unknown>
[INFO] [stdout]    1:     0x55dcf2693250 - <unknown>
[INFO] [stdout]    2:     0x55dcf26d5333 - <unknown>
[INFO] [stdout]    3:     0x55dcf26d9ea4 - <unknown>
[INFO] [stdout]    4:     0x55dcf26dbcb0 - <unknown>
[INFO] [stdout]    5:     0x55dcf26db94c - <unknown>
[INFO] [stdout]    6:     0x55dcf2724b37 - <unknown>
[INFO] [stdout]    7:     0x55dcf26dc37f - <unknown>
[INFO] [stdout]    8:     0x55dcf26dc0d2 - <unknown>
[INFO] [stdout]    9:     0x55dcf26da606 - <unknown>
[INFO] [stdout]   10:     0x55dcf26dbe40 - <unknown>
[INFO] [stdout]   11:     0x55dcf2686365 - <unknown>
[INFO] [stdout]   12:     0x55dcf2686813 - <unknown>
[INFO] [stdout]   13:     0x55dcf26a2d5a - <unknown>
[INFO] [stdout]   14:     0x55dcf26a6297 - <unknown>
[INFO] [stdout]   15:     0x55dcf26a87a9 - <unknown>
[INFO] [stdout]   16:     0x55dcf272b12f - <unknown>
[INFO] [stdout]   17:     0x55dcf27296d0 - <unknown>
[INFO] [stdout]   18:     0x55dcf26ee85c - <unknown>
[INFO] [stdout]   19:     0x55dcf26f480e - <unknown>
[INFO] [stdout]   20:     0x55dcf26df835 - <unknown>
[INFO] [stdout]   21:     0x7f976cf6dac3 - <unknown>
[INFO] [stdout]   22:     0x7f976cffebf4 - __clone
[INFO] [stdout]   23:                0x0 - <unknown>
[INFO] [stdout] 
[INFO] [stdout] 
[INFO] [stdout] failures:
[INFO] [stdout]     tests::graph
[INFO] [stdout]     tests::matrix
[INFO] [stdout] 
[INFO] [stdout] test result: FAILED. 0 passed; 2 failed; 0 ignored; 0 measured; 0 filtered out; finished in 0.00s
[INFO] [stdout] 
[INFO] [stderr] error: test failed, to rerun pass `--lib`
[INFO] running `Command { std: "docker" "inspect" "9038357b472d02e97331a52a207cf3996c47903d8e79135a8656a7a77b5b21d7", kill_on_drop: false }`
[INFO] running `Command { std: "docker" "rm" "-f" "9038357b472d02e97331a52a207cf3996c47903d8e79135a8656a7a77b5b21d7", kill_on_drop: false }`
[INFO] [stdout] 9038357b472d02e97331a52a207cf3996c47903d8e79135a8656a7a77b5b21d7
