[INFO] cloning repository https://github.com/Asone/nostr-banhammer
[INFO] running `Command { std: "git" "-c" "credential.helper=" "-c" "credential.helper=/workspace/cargo-home/bin/git-credential-null" "clone" "--bare" "https://github.com/Asone/nostr-banhammer" "/workspace/cache/git-repos/https%3A%2F%2Fgithub.com%2FAsone%2Fnostr-banhammer", kill_on_drop: false }`
[INFO] [stderr] Cloning into bare repository '/workspace/cache/git-repos/https%3A%2F%2Fgithub.com%2FAsone%2Fnostr-banhammer'...
[INFO] running `Command { std: "git" "rev-parse" "HEAD", kill_on_drop: false }`
[INFO] [stdout] 873173744975178d096ce2c5606bde06e7245421
[INFO] testing Asone/nostr-banhammer against 1.75.0 for beta-1.76-1
[INFO] running `Command { std: "git" "clone" "/workspace/cache/git-repos/https%3A%2F%2Fgithub.com%2FAsone%2Fnostr-banhammer" "/workspace/builds/worker-7-tc1/source", kill_on_drop: false }`
[INFO] [stderr] Cloning into '/workspace/builds/worker-7-tc1/source'...
[INFO] [stderr] done.
[INFO] validating manifest of git repo https://github.com/Asone/nostr-banhammer on toolchain 1.75.0
[INFO] running `Command { std: CARGO_HOME="/workspace/cargo-home" RUSTUP_HOME="/workspace/rustup-home" "/workspace/cargo-home/bin/cargo" "+1.75.0" "metadata" "--manifest-path" "Cargo.toml" "--no-deps", kill_on_drop: false }`
[INFO] started tweaking git repo https://github.com/Asone/nostr-banhammer
[INFO] finished tweaking git repo https://github.com/Asone/nostr-banhammer
[INFO] tweaked toml for git repo https://github.com/Asone/nostr-banhammer written to /workspace/builds/worker-7-tc1/source/Cargo.toml
[INFO] crate git repo https://github.com/Asone/nostr-banhammer already has a lockfile, it will not be regenerated
[INFO] running `Command { std: CARGO_HOME="/workspace/cargo-home" RUSTUP_HOME="/workspace/rustup-home" "/workspace/cargo-home/bin/cargo" "+1.75.0" "fetch" "--manifest-path" "Cargo.toml", kill_on_drop: false }`
[INFO] [stderr] warning: profiles for the non root package will be ignored, specify profiles at the workspace root:
[INFO] [stderr] package:   /workspace/builds/worker-7-tc1/source/banhammer_cli/Cargo.toml
[INFO] [stderr] workspace: /workspace/builds/worker-7-tc1/source/Cargo.toml
[INFO] [stderr] warning: virtual workspace defaulting to `resolver = "1"` despite one or more workspace members being on edition 2021 which implies `resolver = "2"`
[INFO] [stderr] note: to keep the current resolver, specify `workspace.resolver = "1"` in the workspace root's manifest
[INFO] [stderr] note: to use the edition 2021 resolver, specify `workspace.resolver = "2"` in the workspace root's manifest
[INFO] [stderr] note: for more details see https://doc.rust-lang.org/cargo/reference/resolver.html#resolver-versions
[INFO] [stderr]  Downloading crates ...
[INFO] [stderr]   Downloaded secp256k1 v0.28.0
[INFO] [stderr]   Downloaded secp256k1-sys v0.9.0
[INFO] running `Command { std: "docker" "create" "-v" "/var/lib/crater-agent-workspace/builds/worker-7-tc1/target:/opt/rustwide/target:rw,Z" "-v" "/var/lib/crater-agent-workspace/builds/worker-7-tc1/source:/opt/rustwide/workdir:ro,Z" "-v" "/var/lib/crater-agent-workspace/cargo-home:/opt/rustwide/cargo-home:ro,Z" "-v" "/var/lib/crater-agent-workspace/rustup-home:/opt/rustwide/rustup-home:ro,Z" "-e" "SOURCE_DIR=/opt/rustwide/workdir" "-e" "CARGO_TARGET_DIR=/opt/rustwide/target" "-e" "CARGO_HOME=/opt/rustwide/cargo-home" "-e" "RUSTUP_HOME=/opt/rustwide/rustup-home" "-w" "/opt/rustwide/workdir" "-m" "1610612736" "--user" "0:0" "--network" "none" "ghcr.io/rust-lang/crates-build-env/linux@sha256:2788e3201cd34a07e3172128adcd8b3090168a8e3bcc40d7c032b9dda1df7d1c" "/opt/rustwide/cargo-home/bin/cargo" "+1.75.0" "metadata" "--no-deps" "--format-version=1", kill_on_drop: false }`
[INFO] [stdout] 90b57234efa45de61e4be62dc12f0e48f999c51a8492c80c6bb4409555861b43
[INFO] running `Command { std: "docker" "start" "-a" "90b57234efa45de61e4be62dc12f0e48f999c51a8492c80c6bb4409555861b43", kill_on_drop: false }`
[INFO] running `Command { std: "docker" "inspect" "90b57234efa45de61e4be62dc12f0e48f999c51a8492c80c6bb4409555861b43", kill_on_drop: false }`
[INFO] running `Command { std: "docker" "rm" "-f" "90b57234efa45de61e4be62dc12f0e48f999c51a8492c80c6bb4409555861b43", kill_on_drop: false }`
[INFO] [stdout] 90b57234efa45de61e4be62dc12f0e48f999c51a8492c80c6bb4409555861b43
[INFO] running `Command { std: "docker" "create" "-v" "/var/lib/crater-agent-workspace/builds/worker-7-tc1/target:/opt/rustwide/target:rw,Z" "-v" "/var/lib/crater-agent-workspace/builds/worker-7-tc1/source:/opt/rustwide/workdir:ro,Z" "-v" "/var/lib/crater-agent-workspace/cargo-home:/opt/rustwide/cargo-home:ro,Z" "-v" "/var/lib/crater-agent-workspace/rustup-home:/opt/rustwide/rustup-home:ro,Z" "-e" "SOURCE_DIR=/opt/rustwide/workdir" "-e" "CARGO_TARGET_DIR=/opt/rustwide/target" "-e" "CARGO_INCREMENTAL=0" "-e" "RUST_BACKTRACE=full" "-e" "RUSTFLAGS=--cap-lints=warn" "-e" "RUSTDOCFLAGS=--cap-lints=warn" "-e" "CARGO_HOME=/opt/rustwide/cargo-home" "-e" "RUSTUP_HOME=/opt/rustwide/rustup-home" "-w" "/opt/rustwide/workdir" "-m" "1610612736" "--user" "0:0" "--network" "none" "ghcr.io/rust-lang/crates-build-env/linux@sha256:2788e3201cd34a07e3172128adcd8b3090168a8e3bcc40d7c032b9dda1df7d1c" "/opt/rustwide/cargo-home/bin/cargo" "+1.75.0" "build" "--frozen" "--message-format=json", kill_on_drop: false }`
[INFO] [stdout] 573cc3dca5b696fbb5029939372cacc702712e7ac561ee700a60aa8fe9d8cb62
[INFO] running `Command { std: "docker" "start" "-a" "573cc3dca5b696fbb5029939372cacc702712e7ac561ee700a60aa8fe9d8cb62", kill_on_drop: false }`
[INFO] [stderr] warning: profiles for the non root package will be ignored, specify profiles at the workspace root:
[INFO] [stderr] package:   /opt/rustwide/workdir/banhammer_cli/Cargo.toml
[INFO] [stderr] workspace: /opt/rustwide/workdir/Cargo.toml
[INFO] [stderr] warning: virtual workspace defaulting to `resolver = "1"` despite one or more workspace members being on edition 2021 which implies `resolver = "2"`
[INFO] [stderr] note: to keep the current resolver, specify `workspace.resolver = "1"` in the workspace root's manifest
[INFO] [stderr] note: to use the edition 2021 resolver, specify `workspace.resolver = "2"` in the workspace root's manifest
[INFO] [stderr] note: for more details see https://doc.rust-lang.org/cargo/reference/resolver.html#resolver-versions
[INFO] [stderr]    Compiling proc-macro2 v1.0.69
[INFO] [stderr]    Compiling unicode-ident v1.0.12
[INFO] [stderr]    Compiling autocfg v1.1.0
[INFO] [stderr]    Compiling libc v0.2.149
[INFO] [stderr]    Compiling cfg-if v1.0.0
[INFO] [stderr]    Compiling bytes v1.5.0
[INFO] [stderr]    Compiling pin-project-lite v0.2.13
[INFO] [stderr]    Compiling futures-core v0.3.28
[INFO] [stderr]    Compiling parking_lot_core v0.9.9
[INFO] [stderr]    Compiling once_cell v1.18.0
[INFO] [stderr]    Compiling scopeguard v1.2.0
[INFO] [stderr]    Compiling smallvec v1.11.1
[INFO] [stderr]    Compiling either v1.9.0
[INFO] [stderr]    Compiling futures-task v0.3.28
[INFO] [stderr]    Compiling fnv v1.0.7
[INFO] [stderr]    Compiling anyhow v1.0.75
[INFO] [stderr]    Compiling itoa v1.0.9
[INFO] [stderr]    Compiling futures-util v0.3.28
[INFO] [stderr]    Compiling memchr v2.6.4
[INFO] [stderr]    Compiling rustix v0.38.20
[INFO] [stderr]    Compiling rustversion v1.0.14
[INFO] [stderr]    Compiling itertools v0.11.0
[INFO] [stderr]    Compiling tracing-core v0.1.32
[INFO] [stderr]    Compiling heck v0.4.1
[INFO] [stderr]    Compiling linux-raw-sys v0.4.10
[INFO] [stderr]    Compiling bitflags v2.4.1
[INFO] [stderr]    Compiling lock_api v0.4.11
[INFO] [stderr]    Compiling num-traits v0.2.17
[INFO] [stderr]    Compiling indexmap v1.9.3
[INFO] [stderr]    Compiling slab v0.4.9
[INFO] [stderr]    Compiling pin-utils v0.1.0
[INFO] [stderr]    Compiling http v0.2.9
[INFO] [stderr]    Compiling hashbrown v0.12.3
[INFO] [stderr]    Compiling futures-sink v0.3.28
[INFO] [stderr]    Compiling serde v1.0.189
[INFO] [stderr]    Compiling hashbrown v0.14.2
[INFO] [stderr]    Compiling equivalent v1.0.1
[INFO] [stderr]    Compiling quote v1.0.33
[INFO] [stderr]    Compiling aho-corasick v1.1.2
[INFO] [stderr]    Compiling syn v2.0.38
[INFO] [stderr]    Compiling num-integer v0.1.45
[INFO] [stderr]    Compiling prettyplease v0.2.15
[INFO] [stderr]    Compiling futures-channel v0.3.28
[INFO] [stderr]    Compiling httparse v1.8.0
[INFO] [stderr]    Compiling version_check v0.9.4
[INFO] [stderr]    Compiling tower-service v0.3.2
[INFO] [stderr]    Compiling home v0.5.5
[INFO] [stderr]    Compiling regex-syntax v0.8.2
[INFO] [stderr]    Compiling http-body v0.4.5
[INFO] [stderr]    Compiling indexmap v2.0.2
[INFO] [stderr]    Compiling ppv-lite86 v0.2.17
[INFO] [stderr]    Compiling async-trait v0.1.74
[INFO] [stderr]    Compiling fixedbitset v0.4.2
[INFO] [stderr]    Compiling try-lock v0.2.4
[INFO] [stderr]    Compiling log v0.4.20
[INFO] [stderr]    Compiling fastrand v2.0.1
[INFO] [stderr]    Compiling want v0.3.1
[INFO] [stderr]    Compiling axum-core v0.3.4
[INFO] [stderr]    Compiling num-bigint v0.4.4
[INFO] [stderr]    Compiling multimap v0.8.3
[INFO] [stderr]    Compiling httpdate v1.0.3
[INFO] [stderr]    Compiling num_cpus v1.16.0
[INFO] [stderr]    Compiling mio v0.8.9
[INFO] [stderr]    Compiling signal-hook-registry v1.4.1
[INFO] [stderr]    Compiling socket2 v0.5.5
[INFO] [stderr]    Compiling parking_lot v0.12.1
[INFO] [stderr]    Compiling getrandom v0.2.10
[INFO] [stderr]    Compiling petgraph v0.6.4
[INFO] [stderr]    Compiling socket2 v0.4.10
[INFO] [stderr]    Compiling tower-layer v0.3.2
[INFO] [stderr]    Compiling rand_core v0.6.4
[INFO] [stderr]    Compiling proc-macro-error-attr v1.0.4
[INFO] [stderr]    Compiling axum v0.6.20
[INFO] [stderr]    Compiling num-rational v0.4.1
[INFO] [stderr]    Compiling rand_chacha v0.3.1
[INFO] [stderr]    Compiling num-iter v0.1.43
[INFO] [stderr]    Compiling syn v1.0.109
[INFO] [stderr]    Compiling mime v0.3.17
[INFO] [stderr]    Compiling utf8parse v0.2.1
[INFO] [stderr]    Compiling anstyle-parse v0.2.2
[INFO] [stderr]    Compiling cc v1.0.83
[INFO] [stderr]    Compiling proc-macro-error v1.0.4
[INFO] [stderr]    Compiling which v4.4.2
[INFO] [stderr]    Compiling tempfile v3.8.0
[INFO] [stderr]    Compiling rand v0.8.5
[INFO] [stderr]    Compiling percent-encoding v2.3.0
[INFO] [stderr]    Compiling colorchoice v1.0.0
[INFO] [stderr]    Compiling anstyle-query v1.0.0
[INFO] [stderr]    Compiling anstyle v1.0.4
[INFO] [stderr]    Compiling sync_wrapper v0.1.2
[INFO] [stderr]    Compiling matchit v0.7.3
[INFO] [stderr]    Compiling bitflags v1.3.2
[INFO] [stderr]    Compiling anstream v0.6.4
[INFO] [stderr]    Compiling num-complex v0.4.4
[INFO] [stderr]    Compiling clap_lex v0.6.0
[INFO] [stderr]    Compiling strsim v0.10.0
[INFO] [stderr]    Compiling base64 v0.21.5
[INFO] [stderr]    Compiling protoc v2.28.0
[INFO] [stderr]    Compiling unicode-width v0.1.11
[INFO] [stderr]    Compiling clap_builder v4.4.7
[INFO] [stderr]    Compiling bytecount v0.6.7
[INFO] [stderr]    Compiling dotenv v0.15.0
[INFO] [stderr]    Compiling papergrid v0.10.0
[INFO] [stderr]    Compiling regex-automata v0.4.3
[INFO] [stderr]    Compiling serde_json v1.0.107
[INFO] [stderr]    Compiling bech32 v0.9.1
[INFO] [stderr]    Compiling ryu v1.0.15
[INFO] [stderr]    Compiling unsafe-libyaml v0.2.9
[INFO] [stderr]    Compiling iana-time-zone v0.1.58
[INFO] [stderr]    Compiling hex v0.4.3
[INFO] [stderr]    Compiling secp256k1-sys v0.9.0
[INFO] [stderr]    Compiling num v0.4.1
[INFO] [stderr]    Compiling tabled_derive v0.6.0
[INFO] [stderr]    Compiling regex v1.10.2
[INFO] [stderr]    Compiling tabled v0.14.0
[INFO] [stderr]    Compiling tokio-macros v2.1.0
[INFO] [stderr]    Compiling tracing-attributes v0.1.27
[INFO] [stderr]    Compiling prost-derive v0.12.1
[INFO] [stderr]    Compiling serde_derive v1.0.189
[INFO] [stderr]    Compiling pin-project-internal v1.1.3
[INFO] [stderr]    Compiling async-stream-impl v0.3.5
[INFO] [stderr]    Compiling clap_derive v4.4.7
[INFO] [stderr]    Compiling num-derive v0.4.1
[INFO] [stderr]    Compiling async-stream v0.3.5
[INFO] [stderr]    Compiling tokio v1.33.0
[INFO] [stderr]    Compiling secp256k1 v0.28.0
[INFO] [stderr]    Compiling tracing v0.1.40
[INFO] [stderr]    Compiling pin-project v1.1.3
[INFO] [stderr]    Compiling prost v0.12.1
[INFO] [stderr]    Compiling prost-types v0.12.1
[INFO] [stderr]    Compiling clap v4.4.7
[INFO] [stderr]    Compiling prost-build v0.12.1
[INFO] [stderr]    Compiling tonic-build v0.10.2
[INFO] [stderr]    Compiling banhammer_grpc v1.0.0 (/opt/rustwide/workdir/banhammer_grpc)
[INFO] [stderr]    Compiling tokio-util v0.7.10
[INFO] [stderr]    Compiling tokio-io-timeout v1.2.0
[INFO] [stderr]    Compiling tokio-stream v0.1.14
[INFO] [stderr]    Compiling h2 v0.3.21
[INFO] [stderr]    Compiling tower v0.4.13
[INFO] [stderr]    Compiling serde_yaml v0.9.25
[INFO] [stderr]    Compiling chrono v0.4.31
[INFO] [stderr]    Compiling hyper v0.14.27
[INFO] [stderr]    Compiling hyper-timeout v0.4.1
[INFO] [stderr]    Compiling tonic v0.10.2
[INFO] [stderr]    Compiling banhammer_cli v0.1.0 (/opt/rustwide/workdir/banhammer_cli)
[INFO] [stdout] warning: unused variable: `validators`
[INFO] [stdout]  --> banhammer_cli/src/lib.rs:9:29
[INFO] [stdout]   |
[INFO] [stdout] 9 |     pub fn get(label: &str, validators: Option<Vec<fn(String) -> bool>>) -> String {
[INFO] [stdout]   |                             ^^^^^^^^^^ help: if this is intentional, prefix it with an underscore: `_validators`
[INFO] [stdout]   |
[INFO] [stdout]   = note: `#[warn(unused_variables)]` on by default
[INFO] [stdout] 
[INFO] [stdout] 
[INFO] [stdout] warning: struct `Input` is never constructed
[INFO] [stdout]  --> banhammer_cli/src/lib.rs:6:8
[INFO] [stdout]   |
[INFO] [stdout] 6 | struct Input;
[INFO] [stdout]   |        ^^^^^
[INFO] [stdout]   |
[INFO] [stdout]   = note: `#[warn(dead_code)]` on by default
[INFO] [stdout] 
[INFO] [stdout] 
[INFO] [stdout] warning: associated function `get` is never used
[INFO] [stdout]  --> banhammer_cli/src/lib.rs:9:12
[INFO] [stdout]   |
[INFO] [stdout] 8 | impl Input {
[INFO] [stdout]   | ---------- associated function in this implementation
[INFO] [stdout] 9 |     pub fn get(label: &str, validators: Option<Vec<fn(String) -> bool>>) -> String {
[INFO] [stdout]   |            ^^^
[INFO] [stdout] 
[INFO] [stdout] 
[INFO] [stdout] warning: 3 warnings emitted
[INFO] [stdout] 
[INFO] [stdout] 
[INFO] [stderr]    Compiling banhammer v0.1.0 (/opt/rustwide/workdir/banhammer)
[INFO] [stdout] warning: unused import: `BanTypesEnum`
[INFO] [stdout]  --> banhammer_cli/src/handler.rs:7:5
[INFO] [stdout]   |
[INFO] [stdout] 7 |     BanTypesEnum,
[INFO] [stdout]   |     ^^^^^^^^^^^^
[INFO] [stdout]   |
[INFO] [stdout]   = note: `#[warn(unused_imports)]` on by default
[INFO] [stdout] 
[INFO] [stdout] 
[INFO] [stdout] warning: unused imports: `BanType`, `BanTypesEnum`
[INFO] [stdout]  --> banhammer_cli/src/main.rs:6:64
[INFO] [stdout]   |
[INFO] [stdout] 6 |     grpc::{validation_control_client::ValidationControlClient, BanType},
[INFO] [stdout]   |                                                                ^^^^^^^
[INFO] [stdout] 7 |     BanTypesEnum,
[INFO] [stdout]   |     ^^^^^^^^^^^^
[INFO] [stdout] 
[INFO] [stdout] 
[INFO] [stdout] warning: unused import: `std::collections::HashMap`
[INFO] [stdout]  --> banhammer/src/main.rs:1:5
[INFO] [stdout]   |
[INFO] [stdout] 1 | use std::collections::HashMap;
[INFO] [stdout]   |     ^^^^^^^^^^^^^^^^^^^^^^^^^
[INFO] [stdout]   |
[INFO] [stdout]   = note: `#[warn(unused_imports)]` on by default
[INFO] [stdout] 
[INFO] [stdout] 
[INFO] [stdout] warning: unused import: `DateTime`
[INFO] [stdout]   --> banhammer/src/main.rs:10:14
[INFO] [stdout]    |
[INFO] [stdout] 10 | use chrono::{DateTime, NaiveDateTime, Utc};
[INFO] [stdout]    |              ^^^^^^^^
[INFO] [stdout] 
[INFO] [stdout] 
[INFO] [stdout] warning: unused import: `fmt`
[INFO] [stdout]  --> banhammer/src/hammer.rs:1:11
[INFO] [stdout]   |
[INFO] [stdout] 1 | use std::{fmt, path::Path};
[INFO] [stdout]   |           ^^^
[INFO] [stdout] 
[INFO] [stdout] 
[INFO] [stdout] warning: unreachable pattern
[INFO] [stdout]   --> banhammer_cli/src/handler.rs:90:13
[INFO] [stdout]    |
[INFO] [stdout] 90 |             _ => {
[INFO] [stdout]    |             ^
[INFO] [stdout]    |
[INFO] [stdout]    = note: `#[warn(unreachable_patterns)]` on by default
[INFO] [stdout] 
[INFO] [stdout] 
[INFO] [stdout] warning: unused variable: `opts`
[INFO] [stdout]   --> banhammer_cli/src/handler.rs:53:62
[INFO] [stdout]    |
[INFO] [stdout] 53 |     pub async fn dispatcher(&mut self, command: Subcommands, opts: CliOptions) {
[INFO] [stdout]    |                                                              ^^^^ help: if this is intentional, prefix it with an underscore: `_opts`
[INFO] [stdout]    |
[INFO] [stdout]    = note: `#[warn(unused_variables)]` on by default
[INFO] [stdout] 
[INFO] [stdout] 
[INFO] [stdout] warning: unused variable: `response`
[INFO] [stdout]    --> banhammer_cli/src/handler.rs:188:13
[INFO] [stdout]     |
[INFO] [stdout] 188 |         let response = self.client.remove_ban(request).await;
[INFO] [stdout]     |             ^^^^^^^^ help: if this is intentional, prefix it with an underscore: `_response`
[INFO] [stdout] 
[INFO] [stdout] 
[INFO] [stdout] warning: unused variable: `r`
[INFO] [stdout]    --> banhammer_cli/src/handler.rs:173:16
[INFO] [stdout]     |
[INFO] [stdout] 173 |             Ok(r) => {}
[INFO] [stdout]     |                ^ help: if this is intentional, prefix it with an underscore: `_r`
[INFO] [stdout] 
[INFO] [stdout] 
[INFO] [stdout] warning: unused variable: `e`
[INFO] [stdout]    --> banhammer_cli/src/handler.rs:174:17
[INFO] [stdout]     |
[INFO] [stdout] 174 |             Err(e) => {}
[INFO] [stdout]     |                 ^ help: if this is intentional, prefix it with an underscore: `_e`
[INFO] [stdout] 
[INFO] [stdout] 
[INFO] [stdout] warning: unused import: `clap::Parser`
[INFO] [stdout]   --> banhammer/src/main.rs:11:5
[INFO] [stdout]    |
[INFO] [stdout] 11 | use clap::Parser;
[INFO] [stdout]    |     ^^^^^^^^^^^^
[INFO] [stdout] 
[INFO] [stdout] 
[INFO] [stdout] warning: unused variable: `request`
[INFO] [stdout]   --> banhammer/src/admin.rs:90:9
[INFO] [stdout]    |
[INFO] [stdout] 90 |         request: Request<RemoveBanRequest>,
[INFO] [stdout]    |         ^^^^^^^ help: if this is intentional, prefix it with an underscore: `_request`
[INFO] [stdout]    |
[INFO] [stdout]    = note: `#[warn(unused_variables)]` on by default
[INFO] [stdout] 
[INFO] [stdout] 
[INFO] [stdout] warning: unused variable: `banhammer_lock`
[INFO] [stdout]   --> banhammer/src/admin.rs:92:13
[INFO] [stdout]    |
[INFO] [stdout] 92 |         let banhammer_lock = &self.banhammer.lock().await;
[INFO] [stdout]    |             ^^^^^^^^^^^^^^ help: if this is intentional, prefix it with an underscore: `_banhammer_lock`
[INFO] [stdout] 
[INFO] [stdout] 
[INFO] [stdout] warning: unused variable: `request`
[INFO] [stdout]   --> banhammer/src/admin.rs:99:9
[INFO] [stdout]    |
[INFO] [stdout] 99 |         request: Request<StateRequest>,
[INFO] [stdout]    |         ^^^^^^^ help: if this is intentional, prefix it with an underscore: `_request`
[INFO] [stdout] 
[INFO] [stdout] 
[INFO] [stdout] warning: field `save` is never read
[INFO] [stdout]   --> banhammer_cli/src/main.rs:25:5
[INFO] [stdout]    |
[INFO] [stdout] 24 | pub struct CliOptions {
[INFO] [stdout]    |            ---------- field in this struct
[INFO] [stdout] 25 |     save: bool,
[INFO] [stdout]    |     ^^^^
[INFO] [stdout]    |
[INFO] [stdout]    = note: `CliOptions` has a derived impl for the trait `Debug`, but this is intentionally ignored during dead code analysis
[INFO] [stdout]    = note: `#[warn(dead_code)]` on by default
[INFO] [stdout] 
[INFO] [stdout] 
[INFO] [stdout] warning: unused variable: `reply`
[INFO] [stdout]    --> banhammer/src/hammer.rs:127:9
[INFO] [stdout]     |
[INFO] [stdout] 127 |         reply: EventReply,
[INFO] [stdout]     |         ^^^^^ help: if this is intentional, prefix it with an underscore: `_reply`
[INFO] [stdout] 
[INFO] [stdout] 
[INFO] [stdout] warning: unused variable: `reply`
[INFO] [stdout]   --> banhammer/src/main.rs:44:9
[INFO] [stdout]    |
[INFO] [stdout] 44 |         reply: EventReply,
[INFO] [stdout]    |         ^^^^^ help: if this is intentional, prefix it with an underscore: `_reply`
[INFO] [stdout] 
[INFO] [stdout] 
[INFO] [stdout] warning: field `addr` is never read
[INFO] [stdout]   --> banhammer/src/main.rs:28:5
[INFO] [stdout]    |
[INFO] [stdout] 27 | pub struct EventAuthz {
[INFO] [stdout]    |            ---------- field in this struct
[INFO] [stdout] 28 |     addr: String,
[INFO] [stdout]    |     ^^^^
[INFO] [stdout]    |
[INFO] [stdout]    = note: `#[warn(dead_code)]` on by default
[INFO] [stdout] 
[INFO] [stdout] 
[INFO] [stdout] warning: fields `addr` and `dict` are never read
[INFO] [stdout]    --> banhammer/src/main.rs:178:5
[INFO] [stdout]     |
[INFO] [stdout] 177 | pub struct AuthorizationServerConfig {
[INFO] [stdout]     |            ------------------------- fields in this struct
[INFO] [stdout] 178 |     addr: String,
[INFO] [stdout]     |     ^^^^
[INFO] [stdout] 179 |     dict: String,
[INFO] [stdout]     |     ^^^^
[INFO] [stdout] 
[INFO] [stdout] 
[INFO] [stdout] warning: 8 warnings emitted
[INFO] [stdout] 
[INFO] [stdout] 
[INFO] [stdout] warning: 11 warnings emitted
[INFO] [stdout] 
[INFO] [stdout] 
[INFO] [stderr]     Finished dev [unoptimized + debuginfo] target(s) in 37.90s
[INFO] running `Command { std: "docker" "inspect" "573cc3dca5b696fbb5029939372cacc702712e7ac561ee700a60aa8fe9d8cb62", kill_on_drop: false }`
[INFO] running `Command { std: "docker" "rm" "-f" "573cc3dca5b696fbb5029939372cacc702712e7ac561ee700a60aa8fe9d8cb62", kill_on_drop: false }`
[INFO] [stdout] 573cc3dca5b696fbb5029939372cacc702712e7ac561ee700a60aa8fe9d8cb62
[INFO] running `Command { std: "docker" "create" "-v" "/var/lib/crater-agent-workspace/builds/worker-7-tc1/target:/opt/rustwide/target:rw,Z" "-v" "/var/lib/crater-agent-workspace/builds/worker-7-tc1/source:/opt/rustwide/workdir:ro,Z" "-v" "/var/lib/crater-agent-workspace/cargo-home:/opt/rustwide/cargo-home:ro,Z" "-v" "/var/lib/crater-agent-workspace/rustup-home:/opt/rustwide/rustup-home:ro,Z" "-e" "SOURCE_DIR=/opt/rustwide/workdir" "-e" "CARGO_TARGET_DIR=/opt/rustwide/target" "-e" "CARGO_INCREMENTAL=0" "-e" "RUST_BACKTRACE=full" "-e" "RUSTFLAGS=--cap-lints=warn" "-e" "RUSTDOCFLAGS=--cap-lints=warn" "-e" "CARGO_HOME=/opt/rustwide/cargo-home" "-e" "RUSTUP_HOME=/opt/rustwide/rustup-home" "-w" "/opt/rustwide/workdir" "-m" "1610612736" "--user" "0:0" "--network" "none" "ghcr.io/rust-lang/crates-build-env/linux@sha256:2788e3201cd34a07e3172128adcd8b3090168a8e3bcc40d7c032b9dda1df7d1c" "/opt/rustwide/cargo-home/bin/cargo" "+1.75.0" "test" "--frozen" "--no-run" "--message-format=json", kill_on_drop: false }`
[INFO] [stdout] 8c9de6ad2da318cb9c89c9bbe163dec13263f3d77359b0a8d328ea2e17f95890
[INFO] running `Command { std: "docker" "start" "-a" "8c9de6ad2da318cb9c89c9bbe163dec13263f3d77359b0a8d328ea2e17f95890", kill_on_drop: false }`
[INFO] [stderr] warning: profiles for the non root package will be ignored, specify profiles at the workspace root:
[INFO] [stderr] package:   /opt/rustwide/workdir/banhammer_cli/Cargo.toml
[INFO] [stderr] workspace: /opt/rustwide/workdir/Cargo.toml
[INFO] [stderr] warning: virtual workspace defaulting to `resolver = "1"` despite one or more workspace members being on edition 2021 which implies `resolver = "2"`
[INFO] [stderr] note: to keep the current resolver, specify `workspace.resolver = "1"` in the workspace root's manifest
[INFO] [stderr] note: to use the edition 2021 resolver, specify `workspace.resolver = "2"` in the workspace root's manifest
[INFO] [stderr] note: for more details see https://doc.rust-lang.org/cargo/reference/resolver.html#resolver-versions
[INFO] [stderr]    Compiling banhammer_grpc v1.0.0 (/opt/rustwide/workdir/banhammer_grpc)
[INFO] [stderr]    Compiling banhammer v0.1.0 (/opt/rustwide/workdir/banhammer)
[INFO] [stdout] warning: unused variable: `validators`
[INFO] [stdout]  --> banhammer_cli/src/lib.rs:9:29
[INFO] [stdout]   |
[INFO] [stdout] 9 |     pub fn get(label: &str, validators: Option<Vec<fn(String) -> bool>>) -> String {
[INFO] [stdout]   |                             ^^^^^^^^^^ help: if this is intentional, prefix it with an underscore: `_validators`
[INFO] [stdout]   |
[INFO] [stdout]   = note: `#[warn(unused_variables)]` on by default
[INFO] [stdout] 
[INFO] [stdout] 
[INFO] [stdout] warning: struct `Input` is never constructed
[INFO] [stdout]  --> banhammer_cli/src/lib.rs:6:8
[INFO] [stdout]   |
[INFO] [stdout] 6 | struct Input;
[INFO] [stdout]   |        ^^^^^
[INFO] [stdout]   |
[INFO] [stdout]   = note: `#[warn(dead_code)]` on by default
[INFO] [stdout] 
[INFO] [stdout] 
[INFO] [stderr]    Compiling banhammer_cli v0.1.0 (/opt/rustwide/workdir/banhammer_cli)
[INFO] [stdout] warning: associated function `get` is never used
[INFO] [stdout]  --> banhammer_cli/src/lib.rs:9:12
[INFO] [stdout]   |
[INFO] [stdout] 8 | impl Input {
[INFO] [stdout]   | ---------- associated function in this implementation
[INFO] [stdout] 9 |     pub fn get(label: &str, validators: Option<Vec<fn(String) -> bool>>) -> String {
[INFO] [stdout]   |            ^^^
[INFO] [stdout] 
[INFO] [stdout] 
[INFO] [stdout] warning: 3 warnings emitted
[INFO] [stdout] 
[INFO] [stdout] 
[INFO] [stdout] warning: unused import: `BanTypesEnum`
[INFO] [stdout]  --> banhammer_cli/src/handler.rs:7:5
[INFO] [stdout]   |
[INFO] [stdout] 7 |     BanTypesEnum,
[INFO] [stdout]   |     ^^^^^^^^^^^^
[INFO] [stdout]   |
[INFO] [stdout]   = note: `#[warn(unused_imports)]` on by default
[INFO] [stdout] 
[INFO] [stdout] 
[INFO] [stdout] warning: unused import: `super::*`
[INFO] [stdout]    --> banhammer_cli/src/handler.rs:195:9
[INFO] [stdout]     |
[INFO] [stdout] 195 |     use super::*;
[INFO] [stdout]     |         ^^^^^^^^
[INFO] [stdout] 
[INFO] [stdout] 
[INFO] [stdout] warning: unused imports: `BanType`, `BanTypesEnum`
[INFO] [stdout]  --> banhammer_cli/src/main.rs:6:64
[INFO] [stdout]   |
[INFO] [stdout] 6 |     grpc::{validation_control_client::ValidationControlClient, BanType},
[INFO] [stdout]   |                                                                ^^^^^^^
[INFO] [stdout] 7 |     BanTypesEnum,
[INFO] [stdout]   |     ^^^^^^^^^^^^
[INFO] [stdout] 
[INFO] [stdout] 
[INFO] [stdout] warning: unused variable: `validators`
[INFO] [stdout]  --> banhammer_cli/src/lib.rs:9:29
[INFO] [stdout]   |
[INFO] [stdout] 9 |     pub fn get(label: &str, validators: Option<Vec<fn(String) -> bool>>) -> String {
[INFO] [stdout]   |                             ^^^^^^^^^^ help: if this is intentional, prefix it with an underscore: `_validators`
[INFO] [stdout]   |
[INFO] [stdout]   = note: `#[warn(unused_variables)]` on by default
[INFO] [stdout] 
[INFO] [stdout] 
[INFO] [stdout] warning: unused import: `std::collections::HashMap`
[INFO] [stdout]  --> banhammer/src/main.rs:1:5
[INFO] [stdout]   |
[INFO] [stdout] 1 | use std::collections::HashMap;
[INFO] [stdout]   |     ^^^^^^^^^^^^^^^^^^^^^^^^^
[INFO] [stdout]   |
[INFO] [stdout]   = note: `#[warn(unused_imports)]` on by default
[INFO] [stdout] 
[INFO] [stdout] 
[INFO] [stdout] warning: unused import: `DateTime`
[INFO] [stdout]   --> banhammer/src/main.rs:10:14
[INFO] [stdout]    |
[INFO] [stdout] 10 | use chrono::{DateTime, NaiveDateTime, Utc};
[INFO] [stdout]    |              ^^^^^^^^
[INFO] [stdout] 
[INFO] [stdout] 
[INFO] [stdout] warning: unused import: `fmt`
[INFO] [stdout]  --> banhammer/src/hammer.rs:1:11
[INFO] [stdout]   |
[INFO] [stdout] 1 | use std::{fmt, path::Path};
[INFO] [stdout]   |           ^^^
[INFO] [stdout] 
[INFO] [stdout] 
[INFO] [stdout] warning: struct `Input` is never constructed
[INFO] [stdout]  --> banhammer_cli/src/lib.rs:6:8
[INFO] [stdout]   |
[INFO] [stdout] 6 | struct Input;
[INFO] [stdout]   |        ^^^^^
[INFO] [stdout]   |
[INFO] [stdout]   = note: `#[warn(dead_code)]` on by default
[INFO] [stdout] 
[INFO] [stdout] 
[INFO] [stdout] warning: associated function `get` is never used
[INFO] [stdout]  --> banhammer_cli/src/lib.rs:9:12
[INFO] [stdout]   |
[INFO] [stdout] 8 | impl Input {
[INFO] [stdout]   | ---------- associated function in this implementation
[INFO] [stdout] 9 |     pub fn get(label: &str, validators: Option<Vec<fn(String) -> bool>>) -> String {
[INFO] [stdout]   |            ^^^
[INFO] [stdout] 
[INFO] [stdout] 
[INFO] [stdout] warning: unreachable pattern
[INFO] [stdout]   --> banhammer_cli/src/handler.rs:90:13
[INFO] [stdout]    |
[INFO] [stdout] 90 |             _ => {
[INFO] [stdout]    |             ^
[INFO] [stdout]    |
[INFO] [stdout]    = note: `#[warn(unreachable_patterns)]` on by default
[INFO] [stdout] 
[INFO] [stdout] 
[INFO] [stdout] warning: unused variable: `opts`
[INFO] [stdout]   --> banhammer_cli/src/handler.rs:53:62
[INFO] [stdout]    |
[INFO] [stdout] 53 |     pub async fn dispatcher(&mut self, command: Subcommands, opts: CliOptions) {
[INFO] [stdout]    |                                                              ^^^^ help: if this is intentional, prefix it with an underscore: `_opts`
[INFO] [stdout]    |
[INFO] [stdout]    = note: `#[warn(unused_variables)]` on by default
[INFO] [stdout] 
[INFO] [stdout] 
[INFO] [stdout] warning: unused variable: `response`
[INFO] [stdout]    --> banhammer_cli/src/handler.rs:188:13
[INFO] [stdout]     |
[INFO] [stdout] 188 |         let response = self.client.remove_ban(request).await;
[INFO] [stdout]     |             ^^^^^^^^ help: if this is intentional, prefix it with an underscore: `_response`
[INFO] [stdout] 
[INFO] [stdout] 
[INFO] [stdout] warning: unused variable: `r`
[INFO] [stdout]    --> banhammer_cli/src/handler.rs:173:16
[INFO] [stdout]     |
[INFO] [stdout] 173 |             Ok(r) => {}
[INFO] [stdout]     |                ^ help: if this is intentional, prefix it with an underscore: `_r`
[INFO] [stdout] 
[INFO] [stdout] 
[INFO] [stdout] warning: unused variable: `e`
[INFO] [stdout]    --> banhammer_cli/src/handler.rs:174:17
[INFO] [stdout]     |
[INFO] [stdout] 174 |             Err(e) => {}
[INFO] [stdout]     |                 ^ help: if this is intentional, prefix it with an underscore: `_e`
[INFO] [stdout] 
[INFO] [stdout] 
[INFO] [stdout] warning: unused import: `clap::Parser`
[INFO] [stdout]   --> banhammer/src/main.rs:11:5
[INFO] [stdout]    |
[INFO] [stdout] 11 | use clap::Parser;
[INFO] [stdout]    |     ^^^^^^^^^^^^
[INFO] [stdout] 
[INFO] [stdout] 
[INFO] [stdout] warning: unused variable: `request`
[INFO] [stdout]   --> banhammer/src/admin.rs:90:9
[INFO] [stdout]    |
[INFO] [stdout] 90 |         request: Request<RemoveBanRequest>,
[INFO] [stdout]    |         ^^^^^^^ help: if this is intentional, prefix it with an underscore: `_request`
[INFO] [stdout]    |
[INFO] [stdout]    = note: `#[warn(unused_variables)]` on by default
[INFO] [stdout] 
[INFO] [stdout] 
[INFO] [stdout] warning: unused variable: `banhammer_lock`
[INFO] [stdout]   --> banhammer/src/admin.rs:92:13
[INFO] [stdout]    |
[INFO] [stdout] 92 |         let banhammer_lock = &self.banhammer.lock().await;
[INFO] [stdout]    |             ^^^^^^^^^^^^^^ help: if this is intentional, prefix it with an underscore: `_banhammer_lock`
[INFO] [stdout] 
[INFO] [stdout] 
[INFO] [stdout] warning: unused variable: `request`
[INFO] [stdout]   --> banhammer/src/admin.rs:99:9
[INFO] [stdout]    |
[INFO] [stdout] 99 |         request: Request<StateRequest>,
[INFO] [stdout]    |         ^^^^^^^ help: if this is intentional, prefix it with an underscore: `_request`
[INFO] [stdout] 
[INFO] [stdout] 
[INFO] [stdout] warning: unused variable: `reply`
[INFO] [stdout]    --> banhammer/src/hammer.rs:127:9
[INFO] [stdout]     |
[INFO] [stdout] 127 |         reply: EventReply,
[INFO] [stdout]     |         ^^^^^ help: if this is intentional, prefix it with an underscore: `_reply`
[INFO] [stdout] 
[INFO] [stdout] 
[INFO] [stdout] warning: variable does not need to be mutable
[INFO] [stdout]    --> banhammer/src/hammer.rs:341:13
[INFO] [stdout]     |
[INFO] [stdout] 341 |         let mut ban = Ban {
[INFO] [stdout]     |             ----^^^
[INFO] [stdout]     |             |
[INFO] [stdout]     |             help: remove this `mut`
[INFO] [stdout]     |
[INFO] [stdout]     = note: `#[warn(unused_mut)]` on by default
[INFO] [stdout] 
[INFO] [stdout] 
[INFO] [stdout] warning: variable does not need to be mutable
[INFO] [stdout]    --> banhammer/src/hammer.rs:363:13
[INFO] [stdout]     |
[INFO] [stdout] 363 |         let mut ban = Ban {
[INFO] [stdout]     |             ----^^^
[INFO] [stdout]     |             |
[INFO] [stdout]     |             help: remove this `mut`
[INFO] [stdout] 
[INFO] [stdout] 
[INFO] [stdout] warning: unused variable: `banhammer`
[INFO] [stdout]    --> banhammer/src/hammer.rs:388:13
[INFO] [stdout]     |
[INFO] [stdout] 388 |         let banhammer = BanHammer {
[INFO] [stdout]     |             ^^^^^^^^^ help: if this is intentional, prefix it with an underscore: `_banhammer`
[INFO] [stdout] 
[INFO] [stdout] 
[INFO] [stdout] warning: variable does not need to be mutable
[INFO] [stdout]    --> banhammer/src/hammer.rs:382:13
[INFO] [stdout]     |
[INFO] [stdout] 382 |         let mut ban = Ban {
[INFO] [stdout]     |             ----^^^
[INFO] [stdout]     |             |
[INFO] [stdout]     |             help: remove this `mut`
[INFO] [stdout] 
[INFO] [stdout] 
[INFO] [stdout] warning: unused variable: `banhammer`
[INFO] [stdout]    --> banhammer/src/hammer.rs:404:13
[INFO] [stdout]     |
[INFO] [stdout] 404 |         let banhammer = BanHammer {
[INFO] [stdout]     |             ^^^^^^^^^ help: if this is intentional, prefix it with an underscore: `_banhammer`
[INFO] [stdout] 
[INFO] [stdout] 
[INFO] [stdout] warning: variable does not need to be mutable
[INFO] [stdout]    --> banhammer/src/hammer.rs:398:13
[INFO] [stdout]     |
[INFO] [stdout] 398 |         let mut ban = Ban {
[INFO] [stdout]     |             ----^^^
[INFO] [stdout]     |             |
[INFO] [stdout]     |             help: remove this `mut`
[INFO] [stdout] 
[INFO] [stdout] 
[INFO] [stdout] warning: unused variable: `reply`
[INFO] [stdout]   --> banhammer/src/main.rs:44:9
[INFO] [stdout]    |
[INFO] [stdout] 44 |         reply: EventReply,
[INFO] [stdout]    |         ^^^^^ help: if this is intentional, prefix it with an underscore: `_reply`
[INFO] [stdout] 
[INFO] [stdout] 
[INFO] [stdout] warning: field `save` is never read
[INFO] [stdout]   --> banhammer_cli/src/main.rs:25:5
[INFO] [stdout]    |
[INFO] [stdout] 24 | pub struct CliOptions {
[INFO] [stdout]    |            ---------- field in this struct
[INFO] [stdout] 25 |     save: bool,
[INFO] [stdout]    |     ^^^^
[INFO] [stdout]    |
[INFO] [stdout]    = note: `CliOptions` has a derived impl for the trait `Debug`, but this is intentionally ignored during dead code analysis
[INFO] [stdout]    = note: `#[warn(dead_code)]` on by default
[INFO] [stdout] 
[INFO] [stdout] 
[INFO] [stdout] warning: function `test_list_handler` is never used
[INFO] [stdout]    --> banhammer_cli/src/handler.rs:197:8
[INFO] [stdout]     |
[INFO] [stdout] 197 |     fn test_list_handler() {}
[INFO] [stdout]     |        ^^^^^^^^^^^^^^^^^
[INFO] [stdout] 
[INFO] [stdout] 
[INFO] [stdout] warning: field `addr` is never read
[INFO] [stdout]   --> banhammer/src/main.rs:28:5
[INFO] [stdout]    |
[INFO] [stdout] 27 | pub struct EventAuthz {
[INFO] [stdout]    |            ---------- field in this struct
[INFO] [stdout] 28 |     addr: String,
[INFO] [stdout]    |     ^^^^
[INFO] [stdout]    |
[INFO] [stdout]    = note: `#[warn(dead_code)]` on by default
[INFO] [stdout] 
[INFO] [stdout] 
[INFO] [stdout] warning: fields `addr` and `dict` are never read
[INFO] [stdout]    --> banhammer/src/main.rs:178:5
[INFO] [stdout]     |
[INFO] [stdout] 177 | pub struct AuthorizationServerConfig {
[INFO] [stdout]     |            ------------------------- fields in this struct
[INFO] [stdout] 178 |     addr: String,
[INFO] [stdout]     |     ^^^^
[INFO] [stdout] 179 |     dict: String,
[INFO] [stdout]     |     ^^^^
[INFO] [stdout] 
[INFO] [stdout] 
[INFO] [stdout] warning: 3 warnings emitted
[INFO] [stdout] 
[INFO] [stdout] 
[INFO] [stdout] warning: 10 warnings emitted
[INFO] [stdout] 
[INFO] [stdout] 
[INFO] [stdout] warning: 17 warnings emitted
[INFO] [stdout] 
[INFO] [stdout] 
[INFO] [stderr]     Finished test [unoptimized + debuginfo] target(s) in 2.73s
[INFO] running `Command { std: "docker" "inspect" "8c9de6ad2da318cb9c89c9bbe163dec13263f3d77359b0a8d328ea2e17f95890", kill_on_drop: false }`
[INFO] running `Command { std: "docker" "rm" "-f" "8c9de6ad2da318cb9c89c9bbe163dec13263f3d77359b0a8d328ea2e17f95890", kill_on_drop: false }`
[INFO] [stdout] 8c9de6ad2da318cb9c89c9bbe163dec13263f3d77359b0a8d328ea2e17f95890
[INFO] running `Command { std: "docker" "create" "-v" "/var/lib/crater-agent-workspace/builds/worker-7-tc1/target:/opt/rustwide/target:rw,Z" "-v" "/var/lib/crater-agent-workspace/builds/worker-7-tc1/source:/opt/rustwide/workdir:ro,Z" "-v" "/var/lib/crater-agent-workspace/cargo-home:/opt/rustwide/cargo-home:ro,Z" "-v" "/var/lib/crater-agent-workspace/rustup-home:/opt/rustwide/rustup-home:ro,Z" "-e" "SOURCE_DIR=/opt/rustwide/workdir" "-e" "CARGO_TARGET_DIR=/opt/rustwide/target" "-e" "CARGO_INCREMENTAL=0" "-e" "RUST_BACKTRACE=full" "-e" "RUSTFLAGS=--cap-lints=warn" "-e" "RUSTDOCFLAGS=--cap-lints=warn" "-e" "CARGO_HOME=/opt/rustwide/cargo-home" "-e" "RUSTUP_HOME=/opt/rustwide/rustup-home" "-w" "/opt/rustwide/workdir" "-m" "1610612736" "--user" "0:0" "--network" "none" "ghcr.io/rust-lang/crates-build-env/linux@sha256:2788e3201cd34a07e3172128adcd8b3090168a8e3bcc40d7c032b9dda1df7d1c" "/opt/rustwide/cargo-home/bin/cargo" "+1.75.0" "test" "--frozen", kill_on_drop: false }`
[INFO] [stdout] 3a5c90a227d27a888270274012ff94835741c82828109883dd173089372453a8
[INFO] running `Command { std: "docker" "start" "-a" "3a5c90a227d27a888270274012ff94835741c82828109883dd173089372453a8", kill_on_drop: false }`
[INFO] [stderr] warning: profiles for the non root package will be ignored, specify profiles at the workspace root:
[INFO] [stderr] package:   /opt/rustwide/workdir/banhammer_cli/Cargo.toml
[INFO] [stderr] workspace: /opt/rustwide/workdir/Cargo.toml
[INFO] [stderr] warning: virtual workspace defaulting to `resolver = "1"` despite one or more workspace members being on edition 2021 which implies `resolver = "2"`
[INFO] [stderr] note: to keep the current resolver, specify `workspace.resolver = "1"` in the workspace root's manifest
[INFO] [stderr] note: to use the edition 2021 resolver, specify `workspace.resolver = "2"` in the workspace root's manifest
[INFO] [stderr] note: for more details see https://doc.rust-lang.org/cargo/reference/resolver.html#resolver-versions
[INFO] [stderr] warning: unused import: `std::collections::HashMap`
[INFO] [stderr]  --> banhammer/src/main.rs:1:5
[INFO] [stderr]   |
[INFO] [stderr] 1 | use std::collections::HashMap;
[INFO] [stderr]   |     ^^^^^^^^^^^^^^^^^^^^^^^^^
[INFO] [stderr]   |
[INFO] [stderr]   = note: `#[warn(unused_imports)]` on by default
[INFO] [stderr] 
[INFO] [stderr] warning: unused import: `DateTime`
[INFO] [stderr]   --> banhammer/src/main.rs:10:14
[INFO] [stderr]    |
[INFO] [stderr] 10 | use chrono::{DateTime, NaiveDateTime, Utc};
[INFO] [stderr]    |              ^^^^^^^^
[INFO] [stderr] 
[INFO] [stderr] warning: unused import: `fmt`
[INFO] [stderr]  --> banhammer/src/hammer.rs:1:11
[INFO] [stderr]   |
[INFO] [stderr] 1 | use std::{fmt, path::Path};
[INFO] [stderr]   |           ^^^
[INFO] [stderr] 
[INFO] [stderr] warning: unused import: `clap::Parser`
[INFO] [stderr]   --> banhammer/src/main.rs:11:5
[INFO] [stderr]    |
[INFO] [stderr] 11 | use clap::Parser;
[INFO] [stderr]    |     ^^^^^^^^^^^^
[INFO] [stderr] 
[INFO] [stderr] warning: unused variable: `request`
[INFO] [stderr]   --> banhammer/src/admin.rs:90:9
[INFO] [stderr]    |
[INFO] [stderr] 90 |         request: Request<RemoveBanRequest>,
[INFO] [stderr]    |         ^^^^^^^ help: if this is intentional, prefix it with an underscore: `_request`
[INFO] [stderr]    |
[INFO] [stderr]    = note: `#[warn(unused_variables)]` on by default
[INFO] [stderr] 
[INFO] [stderr] warning: unused variable: `banhammer_lock`
[INFO] [stderr]   --> banhammer/src/admin.rs:92:13
[INFO] [stderr]    |
[INFO] [stderr] 92 |         let banhammer_lock = &self.banhammer.lock().await;
[INFO] [stderr]    |             ^^^^^^^^^^^^^^ help: if this is intentional, prefix it with an underscore: `_banhammer_lock`
[INFO] [stderr] 
[INFO] [stderr] warning: unused variable: `request`
[INFO] [stderr]   --> banhammer/src/admin.rs:99:9
[INFO] [stderr]    |
[INFO] [stderr] 99 |         request: Request<StateRequest>,
[INFO] [stderr]    |         ^^^^^^^ help: if this is intentional, prefix it with an underscore: `_request`
[INFO] [stderr] 
[INFO] [stderr] warning: unused variable: `reply`
[INFO] [stderr]    --> banhammer/src/hammer.rs:127:9
[INFO] [stderr]     |
[INFO] [stderr] 127 |         reply: EventReply,
[INFO] [stderr]     |         ^^^^^ help: if this is intentional, prefix it with an underscore: `_reply`
[INFO] [stderr] 
[INFO] [stderr] warning: variable does not need to be mutable
[INFO] [stderr]    --> banhammer/src/hammer.rs:341:13
[INFO] [stderr]     |
[INFO] [stderr] 341 |         let mut ban = Ban {
[INFO] [stderr]     |             ----^^^
[INFO] [stderr]     |             |
[INFO] [stderr]     |             help: remove this `mut`
[INFO] [stderr]     |
[INFO] [stderr]     = note: `#[warn(unused_mut)]` on by default
[INFO] [stderr] 
[INFO] [stderr] warning: variable does not need to be mutable
[INFO] [stderr]    --> banhammer/src/hammer.rs:363:13
[INFO] [stderr]     |
[INFO] [stderr] 363 |         let mut ban = Ban {
[INFO] [stderr]     |             ----^^^
[INFO] [stderr]     |             |
[INFO] [stderr]     |             help: remove this `mut`
[INFO] [stderr] 
[INFO] [stderr] warning: unused variable: `banhammer`
[INFO] [stderr]    --> banhammer/src/hammer.rs:388:13
[INFO] [stderr]     |
[INFO] [stderr] 388 |         let banhammer = BanHammer {
[INFO] [stderr]     |             ^^^^^^^^^ help: if this is intentional, prefix it with an underscore: `_banhammer`
[INFO] [stderr] 
[INFO] [stderr] warning: variable does not need to be mutable
[INFO] [stderr]    --> banhammer/src/hammer.rs:382:13
[INFO] [stderr]     |
[INFO] [stderr] 382 |         let mut ban = Ban {
[INFO] [stderr]     |             ----^^^
[INFO] [stderr]     |             |
[INFO] [stderr]     |             help: remove this `mut`
[INFO] [stderr] 
[INFO] [stderr] warning: unused variable: `banhammer`
[INFO] [stderr]    --> banhammer/src/hammer.rs:404:13
[INFO] [stderr]     |
[INFO] [stderr] 404 |         let banhammer = BanHammer {
[INFO] [stderr]     |             ^^^^^^^^^ help: if this is intentional, prefix it with an underscore: `_banhammer`
[INFO] [stderr] 
[INFO] [stderr] warning: variable does not need to be mutable
[INFO] [stderr]    --> banhammer/src/hammer.rs:398:13
[INFO] [stderr]     |
[INFO] [stderr] 398 |         let mut ban = Ban {
[INFO] [stderr]     |             ----^^^
[INFO] [stderr]     |             |
[INFO] [stderr]     |             help: remove this `mut`
[INFO] [stderr] 
[INFO] [stderr] warning: unused variable: `reply`
[INFO] [stderr]   --> banhammer/src/main.rs:44:9
[INFO] [stderr]    |
[INFO] [stderr] 44 |         reply: EventReply,
[INFO] [stderr]    |         ^^^^^ help: if this is intentional, prefix it with an underscore: `_reply`
[INFO] [stderr] 
[INFO] [stderr] warning: field `addr` is never read
[INFO] [stderr]   --> banhammer/src/main.rs:28:5
[INFO] [stderr]    |
[INFO] [stderr] 27 | pub struct EventAuthz {
[INFO] [stderr]    |            ---------- field in this struct
[INFO] [stderr] 28 |     addr: String,
[INFO] [stderr]    |     ^^^^
[INFO] [stderr]    |
[INFO] [stderr]    = note: `#[warn(dead_code)]` on by default
[INFO] [stderr] 
[INFO] [stderr] warning: fields `addr` and `dict` are never read
[INFO] [stderr]    --> banhammer/src/main.rs:178:5
[INFO] [stderr]     |
[INFO] [stderr] 177 | pub struct AuthorizationServerConfig {
[INFO] [stderr]     |            ------------------------- fields in this struct
[INFO] [stderr] 178 |     addr: String,
[INFO] [stderr]     |     ^^^^
[INFO] [stderr] 179 |     dict: String,
[INFO] [stderr]     |     ^^^^
[INFO] [stderr] 
[INFO] [stderr] warning: `banhammer` (bin "banhammer" test) generated 17 warnings (run `cargo fix --bin "banhammer" --tests` to apply 14 suggestions)
[INFO] [stderr] warning: unused variable: `validators`
[INFO] [stderr]  --> banhammer_cli/src/lib.rs:9:29
[INFO] [stderr]   |
[INFO] [stderr] 9 |     pub fn get(label: &str, validators: Option<Vec<fn(String) -> bool>>) -> String {
[INFO] [stderr]   |                             ^^^^^^^^^^ help: if this is intentional, prefix it with an underscore: `_validators`
[INFO] [stderr]   |
[INFO] [stderr]   = note: `#[warn(unused_variables)]` on by default
[INFO] [stderr] 
[INFO] [stderr] warning: struct `Input` is never constructed
[INFO] [stderr]  --> banhammer_cli/src/lib.rs:6:8
[INFO] [stderr]   |
[INFO] [stderr] 6 | struct Input;
[INFO] [stderr]   |        ^^^^^
[INFO] [stderr]   |
[INFO] [stderr]   = note: `#[warn(dead_code)]` on by default
[INFO] [stderr] 
[INFO] [stderr] warning: associated function `get` is never used
[INFO] [stderr]  --> banhammer_cli/src/lib.rs:9:12
[INFO] [stderr]   |
[INFO] [stderr] 8 | impl Input {
[INFO] [stderr]   | ---------- associated function in this implementation
[INFO] [stderr] 9 |     pub fn get(label: &str, validators: Option<Vec<fn(String) -> bool>>) -> String {
[INFO] [stderr]   |            ^^^
[INFO] [stderr] 
[INFO] [stderr] warning: `banhammer_cli` (lib) generated 3 warnings (run `cargo fix --lib -p banhammer_cli` to apply 1 suggestion)
[INFO] [stderr] warning: `banhammer_cli` (lib test) generated 3 warnings (3 duplicates)
[INFO] [stderr] warning: unused import: `BanTypesEnum`
[INFO] [stderr]  --> banhammer_cli/src/handler.rs:7:5
[INFO] [stderr]   |
[INFO] [stderr] 7 |     BanTypesEnum,
[INFO] [stderr]   |     ^^^^^^^^^^^^
[INFO] [stderr]   |
[INFO] [stderr]   = note: `#[warn(unused_imports)]` on by default
[INFO] [stderr] 
[INFO] [stderr] warning: unused import: `super::*`
[INFO] [stderr]    --> banhammer_cli/src/handler.rs:195:9
[INFO] [stderr]     |
[INFO] [stderr] 195 |     use super::*;
[INFO] [stderr]     |         ^^^^^^^^
[INFO] [stderr] 
[INFO] [stderr] warning: unused imports: `BanType`, `BanTypesEnum`
[INFO] [stderr]  --> banhammer_cli/src/main.rs:6:64
[INFO] [stderr]   |
[INFO] [stderr] 6 |     grpc::{validation_control_client::ValidationControlClient, BanType},
[INFO] [stderr]   |                                                                ^^^^^^^
[INFO] [stderr] 7 |     BanTypesEnum,
[INFO] [stderr]   |     ^^^^^^^^^^^^
[INFO] [stderr] 
[INFO] [stderr] warning: unreachable pattern
[INFO] [stderr]   --> banhammer_cli/src/handler.rs:90:13
[INFO] [stderr]    |
[INFO] [stderr] 90 |             _ => {
[INFO] [stderr]    |             ^
[INFO] [stderr]    |
[INFO] [stderr]    = note: `#[warn(unreachable_patterns)]` on by default
[INFO] [stderr] 
[INFO] [stderr] warning: unused variable: `opts`
[INFO] [stderr]   --> banhammer_cli/src/handler.rs:53:62
[INFO] [stderr]    |
[INFO] [stderr] 53 |     pub async fn dispatcher(&mut self, command: Subcommands, opts: CliOptions) {
[INFO] [stderr]    |                                                              ^^^^ help: if this is intentional, prefix it with an underscore: `_opts`
[INFO] [stderr]    |
[INFO] [stderr]    = note: `#[warn(unused_variables)]` on by default
[INFO] [stderr] 
[INFO] [stderr] warning: unused variable: `response`
[INFO] [stderr]    --> banhammer_cli/src/handler.rs:188:13
[INFO] [stderr]     |
[INFO] [stderr] 188 |         let response = self.client.remove_ban(request).await;
[INFO] [stderr]     |             ^^^^^^^^ help: if this is intentional, prefix it with an underscore: `_response`
[INFO] [stderr] 
[INFO] [stderr] warning: unused variable: `r`
[INFO] [stderr]    --> banhammer_cli/src/handler.rs:173:16
[INFO] [stderr]     |
[INFO] [stderr] 173 |             Ok(r) => {}
[INFO] [stderr]     |                ^ help: if this is intentional, prefix it with an underscore: `_r`
[INFO] [stderr] 
[INFO] [stderr] warning: unused variable: `e`
[INFO] [stderr]    --> banhammer_cli/src/handler.rs:174:17
[INFO] [stderr]     |
[INFO] [stderr] 174 |             Err(e) => {}
[INFO] [stderr]     |                 ^ help: if this is intentional, prefix it with an underscore: `_e`
[INFO] [stderr] 
[INFO] [stderr] warning: field `save` is never read
[INFO] [stderr]   --> banhammer_cli/src/main.rs:25:5
[INFO] [stderr]    |
[INFO] [stderr] 24 | pub struct CliOptions {
[INFO] [stderr]    |            ---------- field in this struct
[INFO] [stderr] 25 |     save: bool,
[INFO] [stderr]    |     ^^^^
[INFO] [stderr]    |
[INFO] [stderr]    = note: `CliOptions` has a derived impl for the trait `Debug`, but this is intentionally ignored during dead code analysis
[INFO] [stderr]    = note: `#[warn(dead_code)]` on by default
[INFO] [stderr] 
[INFO] [stderr] warning: function `test_list_handler` is never used
[INFO] [stderr]    --> banhammer_cli/src/handler.rs:197:8
[INFO] [stderr]     |
[INFO] [stderr] 197 |     fn test_list_handler() {}
[INFO] [stderr]     |        ^^^^^^^^^^^^^^^^^
[INFO] [stderr] 
[INFO] [stderr] warning: `banhammer_cli` (bin "banhammer_cli" test) generated 10 warnings (run `cargo fix --bin "banhammer_cli" --tests` to apply 7 suggestions)
[INFO] [stderr]     Finished test [unoptimized + debuginfo] target(s) in 0.09s
[INFO] [stderr]      Running unittests src/main.rs (/opt/rustwide/target/debug/deps/banhammer-24673542361ba378)
[INFO] [stdout] 
[INFO] [stdout] running 5 tests
[INFO] [stdout] test hammer::tests::test_ip_invalidation ... ok
[INFO] [stdout] test hammer::tests::test_content_invalidation ... ok
[INFO] [stdout] test hammer::tests::test_tags_invalidation ... ok
[INFO] [stdout] test hammer::tests::test_banhammer_default ... ok
[INFO] [stdout] test hammer::tests::test_user_invalidation ... FAILED
[INFO] [stdout] 
[INFO] [stdout] failures:
[INFO] [stdout] 
[INFO] [stdout] ---- hammer::tests::test_user_invalidation stdout ----
[INFO] [stdout] thread 'hammer::tests::test_user_invalidation' panicked at banhammer/src/hammer.rs:377:9:
[INFO] [stdout] assertion `left == right` failed
[INFO] [stdout]   left: true
[INFO] [stdout]  right: false
[INFO] [stdout] stack backtrace:
[INFO] [stdout]    0:     0x557f38bfa05c - std::backtrace_rs::backtrace::libunwind::trace::ha637c64ce894333a
[INFO] [stdout]                                at /rustc/82e1608dfa6e0b5569232559e3d385fea5a93112/library/std/src/../../backtrace/src/backtrace/libunwind.rs:104:5
[INFO] [stdout]    1:     0x557f38bfa05c - std::backtrace_rs::backtrace::trace_unsynchronized::h47f62dea28e0c88d
[INFO] [stdout]                                at /rustc/82e1608dfa6e0b5569232559e3d385fea5a93112/library/std/src/../../backtrace/src/backtrace/mod.rs:66:5
[INFO] [stdout]    2:     0x557f38bfa05c - std::sys_common::backtrace::_print_fmt::h9eef0abe20ede486
[INFO] [stdout]                                at /rustc/82e1608dfa6e0b5569232559e3d385fea5a93112/library/std/src/sys_common/backtrace.rs:67:5
[INFO] [stdout]    3:     0x557f38bfa05c - <std::sys_common::backtrace::_print::DisplayBacktrace as core::fmt::Display>::fmt::hed7f999df88cc644
[INFO] [stdout]                                at /rustc/82e1608dfa6e0b5569232559e3d385fea5a93112/library/std/src/sys_common/backtrace.rs:44:22
[INFO] [stdout]    4:     0x557f38c260b0 - core::fmt::rt::Argument::fmt::h1539a9308b8d058d
[INFO] [stdout]                                at /rustc/82e1608dfa6e0b5569232559e3d385fea5a93112/library/core/src/fmt/rt.rs:142:9
[INFO] [stdout]    5:     0x557f38c260b0 - core::fmt::write::h3a39390d8560d9c9
[INFO] [stdout]                                at /rustc/82e1608dfa6e0b5569232559e3d385fea5a93112/library/core/src/fmt/mod.rs:1120:17
[INFO] [stdout]    6:     0x557f38bf7a0f - std::io::Write::write_fmt::h040b369f3a0f9cbc
[INFO] [stdout]                                at /rustc/82e1608dfa6e0b5569232559e3d385fea5a93112/library/std/src/io/mod.rs:1762:15
[INFO] [stdout]    7:     0x557f38bf9e44 - std::sys_common::backtrace::_print::h894006fb5c6f3d45
[INFO] [stdout]                                at /rustc/82e1608dfa6e0b5569232559e3d385fea5a93112/library/std/src/sys_common/backtrace.rs:47:5
[INFO] [stdout]    8:     0x557f38bf9e44 - std::sys_common::backtrace::print::h23a2d212c6fff936
[INFO] [stdout]                                at /rustc/82e1608dfa6e0b5569232559e3d385fea5a93112/library/std/src/sys_common/backtrace.rs:34:9
[INFO] [stdout]    9:     0x557f38bfbb07 - std::panicking::default_hook::{{closure}}::h8a1d2ee00185001a
[INFO] [stdout]   10:     0x557f38bfb7f3 - std::panicking::default_hook::h6038f2eba384e475
[INFO] [stdout]                                at /rustc/82e1608dfa6e0b5569232559e3d385fea5a93112/library/std/src/panicking.rs:289:9
[INFO] [stdout]   11:     0x557f38907eb7 - <alloc::boxed::Box<F,A> as core::ops::function::Fn<Args>>::call::h0ad024c9bdc6d768
[INFO] [stdout]                                at /rustc/82e1608dfa6e0b5569232559e3d385fea5a93112/library/alloc/src/boxed.rs:2021:9
[INFO] [stdout]   12:     0x557f38907eb7 - test::test_main::{{closure}}::h7500b54257359db6
[INFO] [stdout]                                at /rustc/82e1608dfa6e0b5569232559e3d385fea5a93112/library/test/src/lib.rs:138:21
[INFO] [stdout]   13:     0x557f38bfc118 - <alloc::boxed::Box<F,A> as core::ops::function::Fn<Args>>::call::h1f8f335eaa9cfaee
[INFO] [stdout]                                at /rustc/82e1608dfa6e0b5569232559e3d385fea5a93112/library/alloc/src/boxed.rs:2021:9
[INFO] [stdout]   14:     0x557f38bfc118 - std::panicking::rust_panic_with_hook::h2b5517d590cab22e
[INFO] [stdout]                                at /rustc/82e1608dfa6e0b5569232559e3d385fea5a93112/library/std/src/panicking.rs:783:13
[INFO] [stdout]   15:     0x557f38bfbe6e - std::panicking::begin_panic_handler::{{closure}}::h233112c06e0ef43e
[INFO] [stdout]                                at /rustc/82e1608dfa6e0b5569232559e3d385fea5a93112/library/std/src/panicking.rs:657:13
[INFO] [stdout]   16:     0x557f38bfa526 - std::sys_common::backtrace::__rust_end_short_backtrace::h6e893f24d7ebbff8
[INFO] [stdout]                                at /rustc/82e1608dfa6e0b5569232559e3d385fea5a93112/library/std/src/sys_common/backtrace.rs:170:18
[INFO] [stdout]   17:     0x557f38bfbbd2 - rust_begin_unwind
[INFO] [stdout]                                at /rustc/82e1608dfa6e0b5569232559e3d385fea5a93112/library/std/src/panicking.rs:645:5
[INFO] [stdout]   18:     0x557f388762a5 - core::panicking::panic_fmt::hbf0e066aabfa482c
[INFO] [stdout]                                at /rustc/82e1608dfa6e0b5569232559e3d385fea5a93112/library/core/src/panicking.rs:72:14
[INFO] [stdout]   19:     0x557f3887675b - core::panicking::assert_failed_inner::h0bba8b7c26ee4492
[INFO] [stdout]   20:     0x557f38bc2f2e - core::panicking::assert_failed::h8eef612d93852679
[INFO] [stdout]                                at /rustc/82e1608dfa6e0b5569232559e3d385fea5a93112/library/core/src/panicking.rs:279:5
[INFO] [stdout]   21:     0x557f3887dfad - banhammer::hammer::tests::test_user_invalidation::hb8673b5347b4719e
[INFO] [stdout]                                at /opt/rustwide/workdir/banhammer/src/hammer.rs:377:9
[INFO] [stdout]   22:     0x557f3887dbb7 - banhammer::hammer::tests::test_user_invalidation::{{closure}}::h28e42cbc121b374e
[INFO] [stdout]                                at /opt/rustwide/workdir/banhammer/src/hammer.rs:362:32
[INFO] [stdout]   23:     0x557f38879fd6 - core::ops::function::FnOnce::call_once::h6aee6d05e1556762
[INFO] [stdout]                                at /rustc/82e1608dfa6e0b5569232559e3d385fea5a93112/library/core/src/ops/function.rs:250:5
[INFO] [stdout]   24:     0x557f3890d50f - core::ops::function::FnOnce::call_once::h2b5d431d5046312d
[INFO] [stdout]                                at /rustc/82e1608dfa6e0b5569232559e3d385fea5a93112/library/core/src/ops/function.rs:250:5
[INFO] [stdout]   25:     0x557f3890d50f - test::__rust_begin_short_backtrace::h7714669af176e207
[INFO] [stdout]                                at /rustc/82e1608dfa6e0b5569232559e3d385fea5a93112/library/test/src/lib.rs:628:18
[INFO] [stdout]   26:     0x557f3890c525 - test::run_test_in_process::{{closure}}::h85218797dcbcec12
[INFO] [stdout]                                at /rustc/82e1608dfa6e0b5569232559e3d385fea5a93112/library/test/src/lib.rs:651:60
[INFO] [stdout]   27:     0x557f3890c525 - <core::panic::unwind_safe::AssertUnwindSafe<F> as core::ops::function::FnOnce<()>>::call_once::h76c106ea31c14d7b
[INFO] [stdout]                                at /rustc/82e1608dfa6e0b5569232559e3d385fea5a93112/library/core/src/panic/unwind_safe.rs:272:9
[INFO] [stdout]   28:     0x557f3890c525 - std::panicking::try::do_call::h3bd5d0f6620ee946
[INFO] [stdout]                                at /rustc/82e1608dfa6e0b5569232559e3d385fea5a93112/library/std/src/panicking.rs:552:40
[INFO] [stdout]   29:     0x557f3890c525 - std::panicking::try::h232e535e4744fe31
[INFO] [stdout]                                at /rustc/82e1608dfa6e0b5569232559e3d385fea5a93112/library/std/src/panicking.rs:516:19
[INFO] [stdout]   30:     0x557f3890c525 - std::panic::catch_unwind::h3ce3bd6ca8dbac68
[INFO] [stdout]                                at /rustc/82e1608dfa6e0b5569232559e3d385fea5a93112/library/std/src/panic.rs:142:14
[INFO] [stdout]   31:     0x557f3890c525 - test::run_test_in_process::hc97b257c9621286a
[INFO] [stdout]                                at /rustc/82e1608dfa6e0b5569232559e3d385fea5a93112/library/test/src/lib.rs:651:27
[INFO] [stdout]   32:     0x557f3890c525 - test::run_test::{{closure}}::h2aa798823a438d38
[INFO] [stdout]                                at /rustc/82e1608dfa6e0b5569232559e3d385fea5a93112/library/test/src/lib.rs:574:43
[INFO] [stdout]   33:     0x557f388d47e6 - test::run_test::{{closure}}::h87d231c78fb59832
[INFO] [stdout]                                at /rustc/82e1608dfa6e0b5569232559e3d385fea5a93112/library/test/src/lib.rs:602:41
[INFO] [stdout]   34:     0x557f388d47e6 - std::sys_common::backtrace::__rust_begin_short_backtrace::he6df152596625789
[INFO] [stdout]                                at /rustc/82e1608dfa6e0b5569232559e3d385fea5a93112/library/std/src/sys_common/backtrace.rs:154:18
[INFO] [stdout]   35:     0x557f388d9897 - std::thread::Builder::spawn_unchecked_::{{closure}}::{{closure}}::ha94be15d1e0acf36
[INFO] [stdout]                                at /rustc/82e1608dfa6e0b5569232559e3d385fea5a93112/library/std/src/thread/mod.rs:529:17
[INFO] [stdout]   36:     0x557f388d9897 - <core::panic::unwind_safe::AssertUnwindSafe<F> as core::ops::function::FnOnce<()>>::call_once::h9dc6bd6372f16606
[INFO] [stdout]                                at /rustc/82e1608dfa6e0b5569232559e3d385fea5a93112/library/core/src/panic/unwind_safe.rs:272:9
[INFO] [stdout]   37:     0x557f388d9897 - std::panicking::try::do_call::h9057517f80303cd4
[INFO] [stdout]                                at /rustc/82e1608dfa6e0b5569232559e3d385fea5a93112/library/std/src/panicking.rs:552:40
[INFO] [stdout]   38:     0x557f388d9897 - std::panicking::try::he3a30b11ee45340c
[INFO] [stdout]                                at /rustc/82e1608dfa6e0b5569232559e3d385fea5a93112/library/std/src/panicking.rs:516:19
[INFO] [stdout]   39:     0x557f388d9897 - std::panic::catch_unwind::h410458cfd3528b8b
[INFO] [stdout]                                at /rustc/82e1608dfa6e0b5569232559e3d385fea5a93112/library/std/src/panic.rs:142:14
[INFO] [stdout]   40:     0x557f388d9897 - std::thread::Builder::spawn_unchecked_::{{closure}}::h72ac3bdb567b737b
[INFO] [stdout]                                at /rustc/82e1608dfa6e0b5569232559e3d385fea5a93112/library/std/src/thread/mod.rs:528:30
[INFO] [stdout]   41:     0x557f388d9897 - core::ops::function::FnOnce::call_once{{vtable.shim}}::h38f34da3654a8344
[INFO] [stdout]                                at /rustc/82e1608dfa6e0b5569232559e3d385fea5a93112/library/core/src/ops/function.rs:250:5
[INFO] [stdout]   42:     0x557f38c00ba5 - <alloc::boxed::Box<F,A> as core::ops::function::FnOnce<Args>>::call_once::hc7eafaff61e32df9
[INFO] [stdout]                                at /rustc/82e1608dfa6e0b5569232559e3d385fea5a93112/library/alloc/src/boxed.rs:2007:9
[INFO] [stdout]   43:     0x557f38c00ba5 - <alloc::boxed::Box<F,A> as core::ops::function::FnOnce<Args>>::call_once::h6ba4a5de48dd2304
[INFO] [stdout]                                at /rustc/82e1608dfa6e0b5569232559e3d385fea5a93112/library/alloc/src/boxed.rs:2007:9
[INFO] [stdout]   44:     0x557f38c00ba5 - std::sys::unix::thread::Thread::new::thread_start::he469335aef763e45
[INFO] [stdout]                                at /rustc/82e1608dfa6e0b5569232559e3d385fea5a93112/library/std/src/sys/unix/thread.rs:108:17
[INFO] [stdout]   45:     0x7fc5572afac3 - <unknown>
[INFO] [stdout]   46:     0x7fc557340bf4 - __clone
[INFO] [stdout]   47:                0x0 - <unknown>
[INFO] [stdout] 
[INFO] [stdout] 
[INFO] [stdout] failures:
[INFO] [stdout]     hammer::tests::test_user_invalidation
[INFO] [stdout] 
[INFO] [stdout] test result: FAILED. 4 passed; 1 failed; 0 ignored; 0 measured; 0 filtered out; finished in 0.06s
[INFO] [stdout] 
[INFO] [stderr] error: test failed, to rerun pass `-p banhammer --bin banhammer`
[INFO] running `Command { std: "docker" "inspect" "3a5c90a227d27a888270274012ff94835741c82828109883dd173089372453a8", kill_on_drop: false }`
[INFO] running `Command { std: "docker" "rm" "-f" "3a5c90a227d27a888270274012ff94835741c82828109883dd173089372453a8", kill_on_drop: false }`
[INFO] [stdout] 3a5c90a227d27a888270274012ff94835741c82828109883dd173089372453a8
