[INFO] cloning repository https://github.com/AsgrimS/stack-tavern-api
[INFO] running `Command { std: "git" "-c" "credential.helper=" "-c" "credential.helper=/workspace/cargo-home/bin/git-credential-null" "clone" "--bare" "https://github.com/AsgrimS/stack-tavern-api" "/workspace/cache/git-repos/https%3A%2F%2Fgithub.com%2FAsgrimS%2Fstack-tavern-api", kill_on_drop: false }`
[INFO] [stderr] Cloning into bare repository '/workspace/cache/git-repos/https%3A%2F%2Fgithub.com%2FAsgrimS%2Fstack-tavern-api'...
[INFO] running `Command { std: "git" "rev-parse" "HEAD", kill_on_drop: false }`
[INFO] [stdout] 0cafb8051b5012ab37f87354b71fc77e768bf965
[INFO] testing AsgrimS/stack-tavern-api against 1.75.0 for beta-1.76-1
[INFO] running `Command { std: "git" "clone" "/workspace/cache/git-repos/https%3A%2F%2Fgithub.com%2FAsgrimS%2Fstack-tavern-api" "/workspace/builds/worker-7-tc1/source", kill_on_drop: false }`
[INFO] [stderr] Cloning into '/workspace/builds/worker-7-tc1/source'...
[INFO] [stderr] done.
[INFO] validating manifest of git repo https://github.com/AsgrimS/stack-tavern-api on toolchain 1.75.0
[INFO] running `Command { std: CARGO_HOME="/workspace/cargo-home" RUSTUP_HOME="/workspace/rustup-home" "/workspace/cargo-home/bin/cargo" "+1.75.0" "metadata" "--manifest-path" "Cargo.toml" "--no-deps", kill_on_drop: false }`
[INFO] started tweaking git repo https://github.com/AsgrimS/stack-tavern-api
[INFO] finished tweaking git repo https://github.com/AsgrimS/stack-tavern-api
[INFO] tweaked toml for git repo https://github.com/AsgrimS/stack-tavern-api written to /workspace/builds/worker-7-tc1/source/Cargo.toml
[INFO] crate git repo https://github.com/AsgrimS/stack-tavern-api already has a lockfile, it will not be regenerated
[INFO] running `Command { std: CARGO_HOME="/workspace/cargo-home" RUSTUP_HOME="/workspace/rustup-home" "/workspace/cargo-home/bin/cargo" "+1.75.0" "fetch" "--manifest-path" "Cargo.toml", kill_on_drop: false }`
[INFO] [stderr]     Updating crates.io index
[INFO] [stderr]  Downloading crates ...
[INFO] [stderr]   Downloaded serde_plain v1.0.1
[INFO] [stderr]   Downloaded sqlformat v0.2.1
[INFO] [stderr]   Downloaded num-bigint-dig v0.8.3
[INFO] [stderr]   Downloaded openidconnect v3.2.0
[INFO] [stderr]   Downloaded oauth2 v4.4.1
[INFO] [stderr]   Downloaded rustls v0.21.2
[INFO] [stderr]   Downloaded const-oid v0.9.3
[INFO] running `Command { std: "docker" "create" "-v" "/var/lib/crater-agent-workspace/builds/worker-7-tc1/target:/opt/rustwide/target:rw,Z" "-v" "/var/lib/crater-agent-workspace/builds/worker-7-tc1/source:/opt/rustwide/workdir:ro,Z" "-v" "/var/lib/crater-agent-workspace/cargo-home:/opt/rustwide/cargo-home:ro,Z" "-v" "/var/lib/crater-agent-workspace/rustup-home:/opt/rustwide/rustup-home:ro,Z" "-e" "SOURCE_DIR=/opt/rustwide/workdir" "-e" "CARGO_TARGET_DIR=/opt/rustwide/target" "-e" "CARGO_HOME=/opt/rustwide/cargo-home" "-e" "RUSTUP_HOME=/opt/rustwide/rustup-home" "-w" "/opt/rustwide/workdir" "-m" "1610612736" "--user" "0:0" "--network" "none" "ghcr.io/rust-lang/crates-build-env/linux@sha256:2788e3201cd34a07e3172128adcd8b3090168a8e3bcc40d7c032b9dda1df7d1c" "/opt/rustwide/cargo-home/bin/cargo" "+1.75.0" "metadata" "--no-deps" "--format-version=1", kill_on_drop: false }`
[INFO] [stdout] 8f23acb62f31a0825d6d53ba51897bda3754e1c19d4707034b800faaa7a8aa3e
[INFO] running `Command { std: "docker" "start" "-a" "8f23acb62f31a0825d6d53ba51897bda3754e1c19d4707034b800faaa7a8aa3e", kill_on_drop: false }`
[INFO] running `Command { std: "docker" "inspect" "8f23acb62f31a0825d6d53ba51897bda3754e1c19d4707034b800faaa7a8aa3e", kill_on_drop: false }`
[INFO] running `Command { std: "docker" "rm" "-f" "8f23acb62f31a0825d6d53ba51897bda3754e1c19d4707034b800faaa7a8aa3e", kill_on_drop: false }`
[INFO] [stdout] 8f23acb62f31a0825d6d53ba51897bda3754e1c19d4707034b800faaa7a8aa3e
[INFO] running `Command { std: "docker" "create" "-v" "/var/lib/crater-agent-workspace/builds/worker-7-tc1/target:/opt/rustwide/target:rw,Z" "-v" "/var/lib/crater-agent-workspace/builds/worker-7-tc1/source:/opt/rustwide/workdir:ro,Z" "-v" "/var/lib/crater-agent-workspace/cargo-home:/opt/rustwide/cargo-home:ro,Z" "-v" "/var/lib/crater-agent-workspace/rustup-home:/opt/rustwide/rustup-home:ro,Z" "-e" "SOURCE_DIR=/opt/rustwide/workdir" "-e" "CARGO_TARGET_DIR=/opt/rustwide/target" "-e" "CARGO_INCREMENTAL=0" "-e" "RUST_BACKTRACE=full" "-e" "RUSTFLAGS=--cap-lints=warn" "-e" "RUSTDOCFLAGS=--cap-lints=warn" "-e" "CARGO_HOME=/opt/rustwide/cargo-home" "-e" "RUSTUP_HOME=/opt/rustwide/rustup-home" "-w" "/opt/rustwide/workdir" "-m" "1610612736" "--user" "0:0" "--network" "none" "ghcr.io/rust-lang/crates-build-env/linux@sha256:2788e3201cd34a07e3172128adcd8b3090168a8e3bcc40d7c032b9dda1df7d1c" "/opt/rustwide/cargo-home/bin/cargo" "+1.75.0" "build" "--frozen" "--message-format=json", kill_on_drop: false }`
[INFO] [stdout] 68adcce78cee2092d85fc9320752d3f6e3594726f0b1fd4abb000c6501ffc60d
[INFO] running `Command { std: "docker" "start" "-a" "68adcce78cee2092d85fc9320752d3f6e3594726f0b1fd4abb000c6501ffc60d", kill_on_drop: false }`
[INFO] [stderr]    Compiling libc v0.2.146
[INFO] [stderr]    Compiling proc-macro2 v1.0.60
[INFO] [stderr]    Compiling unicode-ident v1.0.9
[INFO] [stderr]    Compiling quote v1.0.28
[INFO] [stderr]    Compiling cc v1.0.79
[INFO] [stderr]    Compiling smallvec v1.10.0
[INFO] [stderr]    Compiling const-oid v0.9.3
[INFO] [stderr]    Compiling serde v1.0.164
[INFO] [stderr]    Compiling subtle v2.5.0
[INFO] [stderr]    Compiling itoa v1.0.6
[INFO] [stderr]    Compiling lock_api v0.4.10
[INFO] [stderr]    Compiling log v0.4.19
[INFO] [stderr]    Compiling digest v0.10.7
[INFO] [stderr]    Compiling libm v0.2.7
[INFO] [stderr]    Compiling num-traits v0.2.15
[INFO] [stderr]    Compiling tokio v1.28.2
[INFO] [stderr]    Compiling cpufeatures v0.2.8
[INFO] [stderr]    Compiling futures-util v0.3.28
[INFO] [stderr]    Compiling tracing-core v0.1.31
[INFO] [stderr]    Compiling http v0.2.9
[INFO] [stderr]    Compiling num_cpus v1.15.0
[INFO] [stderr]    Compiling socket2 v0.4.9
[INFO] [stderr]    Compiling syn v2.0.18
[INFO] [stderr]    Compiling getrandom v0.2.10
[INFO] [stderr]    Compiling mio v0.8.8
[INFO] [stderr]    Compiling ring v0.16.20
[INFO] [stderr]    Compiling rand_core v0.6.4
[INFO] [stderr]    Compiling parking_lot_core v0.9.8
[INFO] [stderr]    Compiling signal-hook-registry v1.4.1
[INFO] [stderr]    Compiling parking_lot v0.12.1
[INFO] [stderr]    Compiling base64ct v1.6.0
[INFO] [stderr]    Compiling rustls v0.20.8
[INFO] [stderr]    Compiling pem-rfc7468 v0.6.0
[INFO] [stderr]    Compiling ryu v1.0.13
[INFO] [stderr]    Compiling rand_chacha v0.3.1
[INFO] [stderr]    Compiling der v0.6.1
[INFO] [stderr]    Compiling futures-channel v0.3.28
[INFO] [stderr]    Compiling serde_json v1.0.97
[INFO] [stderr]    Compiling syn v1.0.109
[INFO] [stderr]    Compiling thiserror v1.0.40
[INFO] [stderr]    Compiling hmac v0.12.1
[INFO] [stderr]    Compiling num-integer v0.1.45
[INFO] [stderr]    Compiling base64 v0.21.2
[INFO] [stderr]    Compiling spki v0.6.0
[INFO] [stderr]    Compiling pkcs8 v0.9.0
[INFO] [stderr]    Compiling http-body v0.4.5
[INFO] [stderr]    Compiling ahash v0.8.3
[INFO] [stderr]    Compiling rustversion v1.0.12
[INFO] [stderr]    Compiling parking_lot_core v0.8.6
[INFO] [stderr]    Compiling rustls-pemfile v1.0.2
[INFO] [stderr]    Compiling hkdf v0.12.3
[INFO] [stderr]    Compiling instant v0.1.12
[INFO] [stderr]    Compiling byteorder v1.4.3
[INFO] [stderr]    Compiling memchr v2.5.0
[INFO] [stderr]    Compiling rustls v0.21.2
[INFO] [stderr]    Compiling rand v0.8.5
[INFO] [stderr]    Compiling sct v0.7.0
[INFO] [stderr]    Compiling webpki v0.22.0
[INFO] [stderr]    Compiling rustls-webpki v0.100.1
[INFO] [stderr]    Compiling ff v0.12.1
[INFO] [stderr]    Compiling crypto-bigint v0.4.9
[INFO] [stderr]    Compiling sha2 v0.10.7
[INFO] [stderr]    Compiling lazy_static v1.4.0
[INFO] [stderr]    Compiling ahash v0.7.6
[INFO] [stderr]    Compiling futures-task v0.3.28
[INFO] [stderr]    Compiling allocator-api2 v0.2.15
[INFO] [stderr]    Compiling unicode_categories v0.1.1
[INFO] [stderr]    Compiling paste v1.0.12
[INFO] [stderr]    Compiling base16ct v0.1.1
[INFO] [stderr]    Compiling crossbeam-queue v0.3.8
[INFO] [stderr]    Compiling hashbrown v0.14.0
[INFO] [stderr]    Compiling sec1 v0.3.0
[INFO] [stderr]    Compiling serde_derive v1.0.164
[INFO] [stderr]    Compiling tokio-macros v2.1.0
[INFO] [stderr]    Compiling tracing-attributes v0.1.24
[INFO] [stderr]    Compiling thiserror-impl v1.0.40
[INFO] [stderr]    Compiling darling_core v0.13.4
[INFO] [stderr]    Compiling tracing v0.1.37
[INFO] [stderr]    Compiling group v0.12.1
[INFO] [stderr]    Compiling webpki-roots v0.22.6
[INFO] [stderr]    Compiling parking_lot v0.11.2
[INFO] [stderr]    Compiling signature v1.6.4
[INFO] [stderr]    Compiling dirs-sys v0.3.7
[INFO] [stderr]    Compiling time v0.1.45
[INFO] [stderr]    Compiling indexmap v1.9.3
[INFO] [stderr]    Compiling num-iter v0.1.43
[INFO] [stderr]    Compiling futures-sink v0.3.28
[INFO] [stderr]    Compiling crc-catalog v2.2.0
[INFO] [stderr]    Compiling crc v3.0.1
[INFO] [stderr]    Compiling darling_macro v0.13.4
[INFO] [stderr]    Compiling nom v7.1.3
[INFO] [stderr]    Compiling dirs v4.0.0
[INFO] [stderr]    Compiling tokio-rustls v0.23.4
[INFO] [stderr]    Compiling futures-intrusive v0.4.2
[INFO] [stderr]    Compiling elliptic-curve v0.12.3
[INFO] [stderr]    Compiling tokio-util v0.7.8
[INFO] [stderr]    Compiling tokio-rustls v0.24.1
[INFO] [stderr]    Compiling h2 v0.3.19
[INFO] [stderr]    Compiling hashlink v0.8.3
[INFO] [stderr]    Compiling rfc6979 v0.3.1
[INFO] [stderr]    Compiling stringprep v0.1.2
[INFO] [stderr]    Compiling sha1 v0.10.5
[INFO] [stderr]    Compiling num-bigint v0.4.3
[INFO] [stderr]    Compiling whoami v1.4.0
[INFO] [stderr]    Compiling uuid v1.4.0
[INFO] [stderr]    Compiling num-bigint-dig v0.8.3
[INFO] [stderr]    Compiling tower-layer v0.3.2
[INFO] [stderr]    Compiling hex v0.4.3
[INFO] [stderr]    Compiling dotenvy v0.15.7
[INFO] [stderr]    Compiling async-trait v0.1.68
[INFO] [stderr]    Compiling either v1.8.1
[INFO] [stderr]    Compiling url v2.4.0
[INFO] [stderr]    Compiling itertools v0.10.5
[INFO] [stderr]    Compiling serde_urlencoded v0.7.1
[INFO] [stderr]    Compiling chrono v0.4.26
[INFO] [stderr]    Compiling event-listener v2.5.3
[INFO] [stderr]    Compiling serde_path_to_error v0.1.11
[INFO] [stderr]    Compiling time-macros v0.2.9
[INFO] [stderr]    Compiling sqlformat v0.2.1
[INFO] [stderr]    Compiling ecdsa v0.14.8
[INFO] [stderr]    Compiling sqlx-rt v0.6.3
[INFO] [stderr]    Compiling darling v0.13.4
[INFO] [stderr]    Compiling hyper v0.14.26
[INFO] [stderr]    Compiling atoi v1.0.0
[INFO] [stderr]    Compiling tokio-stream v0.1.14
[INFO] [stderr]    Compiling pin-project-internal v1.1.0
[INFO] [stderr]    Compiling axum-core v0.3.4
[INFO] [stderr]    Compiling md-5 v0.10.5
[INFO] [stderr]    Compiling encoding_rs v0.8.32
[INFO] [stderr]    Compiling bitflags v1.3.2
[INFO] [stderr]    Compiling ipnet v2.8.0
[INFO] [stderr]    Compiling regex-syntax v0.6.29
[INFO] [stderr]    Compiling base64 v0.13.1
[INFO] [stderr]    Compiling heck v0.4.1
[INFO] [stderr]    Compiling pin-project v1.1.0
[INFO] [stderr]    Compiling time v0.3.22
[INFO] [stderr]    Compiling sqlx-core v0.6.3
[INFO] [stderr]    Compiling serde_with_macros v1.5.2
[INFO] [stderr]    Compiling regex-automata v0.1.10
[INFO] [stderr]    Compiling hyper-rustls v0.24.0
[INFO] [stderr]    Compiling reqwest v0.11.18
[INFO] [stderr]    Compiling axum v0.6.18
[INFO] [stderr]    Compiling pkcs1 v0.4.1
[INFO] [stderr]    Compiling ordered-float v2.10.0
[INFO] [stderr]    Compiling headers-core v0.2.0
[INFO] [stderr]    Compiling regex-syntax v0.7.2
[INFO] [stderr]    Compiling overload v0.1.1
[INFO] [stderr]    Compiling nu-ansi-term v0.46.0
[INFO] [stderr]    Compiling simple_asn1 v0.6.2
[INFO] [stderr]    Compiling oauth2 v4.4.1
[INFO] [stderr]    Compiling serde-value v0.7.0
[INFO] [stderr]    Compiling headers v0.3.8
[INFO] [stderr]    Compiling rsa v0.7.2
[INFO] [stderr]    Compiling regex v1.8.4
[INFO] [stderr]    Compiling matchers v0.1.0
[INFO] [stderr]    Compiling serde_with v1.14.0
[INFO] [stderr]    Compiling tower v0.4.13
[INFO] [stderr]    Compiling p256 v0.11.1
[INFO] [stderr]    Compiling p384 v0.11.2
[INFO] [stderr]    Compiling serde_plain v1.0.1
[INFO] [stderr]    Compiling sharded-slab v0.1.4
[INFO] [stderr]    Compiling tracing-log v0.1.3
[INFO] [stderr]    Compiling pem v1.1.1
[INFO] [stderr]    Compiling thread_local v1.1.7
[INFO] [stderr]    Compiling matchit v0.7.0
[INFO] [stderr]    Compiling sync_wrapper v0.1.2
[INFO] [stderr]    Compiling http-range-header v0.3.0
[INFO] [stderr]    Compiling dyn-clone v1.0.11
[INFO] [stderr]    Compiling openidconnect v3.2.0
[INFO] [stderr]    Compiling tower-http v0.4.0
[INFO] [stderr]    Compiling tracing-subscriber v0.3.17
[INFO] [stderr]    Compiling jsonwebtoken v8.3.0
[INFO] [stderr]    Compiling sqlx-macros v0.6.3
[INFO] [stderr]    Compiling sqlx v0.6.3
[INFO] [stderr]    Compiling stack-tavern-api v0.1.0 (/opt/rustwide/workdir)
[INFO] [stderr]     Finished dev [unoptimized + debuginfo] target(s) in 1m 39s
[INFO] running `Command { std: "docker" "inspect" "68adcce78cee2092d85fc9320752d3f6e3594726f0b1fd4abb000c6501ffc60d", kill_on_drop: false }`
[INFO] running `Command { std: "docker" "rm" "-f" "68adcce78cee2092d85fc9320752d3f6e3594726f0b1fd4abb000c6501ffc60d", kill_on_drop: false }`
[INFO] [stdout] 68adcce78cee2092d85fc9320752d3f6e3594726f0b1fd4abb000c6501ffc60d
[INFO] running `Command { std: "docker" "create" "-v" "/var/lib/crater-agent-workspace/builds/worker-7-tc1/target:/opt/rustwide/target:rw,Z" "-v" "/var/lib/crater-agent-workspace/builds/worker-7-tc1/source:/opt/rustwide/workdir:ro,Z" "-v" "/var/lib/crater-agent-workspace/cargo-home:/opt/rustwide/cargo-home:ro,Z" "-v" "/var/lib/crater-agent-workspace/rustup-home:/opt/rustwide/rustup-home:ro,Z" "-e" "SOURCE_DIR=/opt/rustwide/workdir" "-e" "CARGO_TARGET_DIR=/opt/rustwide/target" "-e" "CARGO_INCREMENTAL=0" "-e" "RUST_BACKTRACE=full" "-e" "RUSTFLAGS=--cap-lints=warn" "-e" "RUSTDOCFLAGS=--cap-lints=warn" "-e" "CARGO_HOME=/opt/rustwide/cargo-home" "-e" "RUSTUP_HOME=/opt/rustwide/rustup-home" "-w" "/opt/rustwide/workdir" "-m" "1610612736" "--user" "0:0" "--network" "none" "ghcr.io/rust-lang/crates-build-env/linux@sha256:2788e3201cd34a07e3172128adcd8b3090168a8e3bcc40d7c032b9dda1df7d1c" "/opt/rustwide/cargo-home/bin/cargo" "+1.75.0" "test" "--frozen" "--no-run" "--message-format=json", kill_on_drop: false }`
[INFO] [stdout] 0e66ad454dfd92b0d0a8258b8a92eb4da75567d1ced7f957f28d1c23c18e9b02
[INFO] running `Command { std: "docker" "start" "-a" "0e66ad454dfd92b0d0a8258b8a92eb4da75567d1ced7f957f28d1c23c18e9b02", kill_on_drop: false }`
[INFO] [stderr]    Compiling futures-util v0.3.28
[INFO] [stderr]    Compiling futures-macro v0.3.28
[INFO] [stderr]    Compiling syn v1.0.109
[INFO] [stderr]    Compiling semver v1.0.17
[INFO] [stderr]    Compiling futures-timer v3.0.2
[INFO] [stderr]    Compiling rustc_version v0.4.0
[INFO] [stderr]    Compiling rstest_macros v0.17.0
[INFO] [stderr]    Compiling darling_core v0.13.4
[INFO] [stderr]    Compiling h2 v0.3.19
[INFO] [stderr]    Compiling futures-executor v0.3.28
[INFO] [stderr]    Compiling futures v0.3.28
[INFO] [stderr]    Compiling tower v0.4.13
[INFO] [stderr]    Compiling axum-core v0.3.4
[INFO] [stderr]    Compiling sqlx-core v0.6.3
[INFO] [stderr]    Compiling tower-http v0.4.0
[INFO] [stderr]    Compiling sqlx-macros v0.6.3
[INFO] [stderr]    Compiling darling_macro v0.13.4
[INFO] [stderr]    Compiling darling v0.13.4
[INFO] [stderr]    Compiling serde_with_macros v1.5.2
[INFO] [stderr]    Compiling rstest v0.17.0
[INFO] [stderr]    Compiling serde_with v1.14.0
[INFO] [stderr]    Compiling hyper v0.14.26
[INFO] [stderr]    Compiling sqlx v0.6.3
[INFO] [stderr]    Compiling hyper-rustls v0.24.0
[INFO] [stderr]    Compiling axum v0.6.18
[INFO] [stderr]    Compiling reqwest v0.11.18
[INFO] [stderr]    Compiling oauth2 v4.4.1
[INFO] [stderr]    Compiling openidconnect v3.2.0
[INFO] [stderr]    Compiling stack-tavern-api v0.1.0 (/opt/rustwide/workdir)
[INFO] [stderr]     Finished test [unoptimized + debuginfo] target(s) in 35.35s
[INFO] running `Command { std: "docker" "inspect" "0e66ad454dfd92b0d0a8258b8a92eb4da75567d1ced7f957f28d1c23c18e9b02", kill_on_drop: false }`
[INFO] running `Command { std: "docker" "rm" "-f" "0e66ad454dfd92b0d0a8258b8a92eb4da75567d1ced7f957f28d1c23c18e9b02", kill_on_drop: false }`
[INFO] [stdout] 0e66ad454dfd92b0d0a8258b8a92eb4da75567d1ced7f957f28d1c23c18e9b02
[INFO] running `Command { std: "docker" "create" "-v" "/var/lib/crater-agent-workspace/builds/worker-7-tc1/target:/opt/rustwide/target:rw,Z" "-v" "/var/lib/crater-agent-workspace/builds/worker-7-tc1/source:/opt/rustwide/workdir:ro,Z" "-v" "/var/lib/crater-agent-workspace/cargo-home:/opt/rustwide/cargo-home:ro,Z" "-v" "/var/lib/crater-agent-workspace/rustup-home:/opt/rustwide/rustup-home:ro,Z" "-e" "SOURCE_DIR=/opt/rustwide/workdir" "-e" "CARGO_TARGET_DIR=/opt/rustwide/target" "-e" "CARGO_INCREMENTAL=0" "-e" "RUST_BACKTRACE=full" "-e" "RUSTFLAGS=--cap-lints=warn" "-e" "RUSTDOCFLAGS=--cap-lints=warn" "-e" "CARGO_HOME=/opt/rustwide/cargo-home" "-e" "RUSTUP_HOME=/opt/rustwide/rustup-home" "-w" "/opt/rustwide/workdir" "-m" "1610612736" "--user" "0:0" "--network" "none" "ghcr.io/rust-lang/crates-build-env/linux@sha256:2788e3201cd34a07e3172128adcd8b3090168a8e3bcc40d7c032b9dda1df7d1c" "/opt/rustwide/cargo-home/bin/cargo" "+1.75.0" "test" "--frozen", kill_on_drop: false }`
[INFO] [stdout] 5e4dd3f63ac0fc8189524589443bfd07bc079ae285ef9e42e2b232e1951b5c13
[INFO] running `Command { std: "docker" "start" "-a" "5e4dd3f63ac0fc8189524589443bfd07bc079ae285ef9e42e2b232e1951b5c13", kill_on_drop: false }`
[INFO] [stderr]     Finished test [unoptimized + debuginfo] target(s) in 0.32s
[INFO] [stderr]      Running unittests src/main.rs (/opt/rustwide/target/debug/deps/stack_tavern_api-a031a20504d24151)
[INFO] [stdout] 
[INFO] [stdout] running 1 test
[INFO] [stdout] test tests::hello_world ... FAILED
[INFO] [stdout] 
[INFO] [stdout] failures:
[INFO] [stdout] 
[INFO] [stdout] ---- tests::hello_world stdout ----
[INFO] [stdout] thread 'tests::hello_world' panicked at src/main.rs:102:9:
[INFO] [stdout] assertion `left == right` failed
[INFO] [stdout]   left: 404
[INFO] [stdout]  right: 200
[INFO] [stdout] stack backtrace:
[INFO] [stdout]    0:     0x55ac59e4f4bc - std::backtrace_rs::backtrace::libunwind::trace::ha637c64ce894333a
[INFO] [stdout]                                at /rustc/82e1608dfa6e0b5569232559e3d385fea5a93112/library/std/src/../../backtrace/src/backtrace/libunwind.rs:104:5
[INFO] [stdout]    1:     0x55ac59e4f4bc - std::backtrace_rs::backtrace::trace_unsynchronized::h47f62dea28e0c88d
[INFO] [stdout]                                at /rustc/82e1608dfa6e0b5569232559e3d385fea5a93112/library/std/src/../../backtrace/src/backtrace/mod.rs:66:5
[INFO] [stdout]    2:     0x55ac59e4f4bc - std::sys_common::backtrace::_print_fmt::h9eef0abe20ede486
[INFO] [stdout]                                at /rustc/82e1608dfa6e0b5569232559e3d385fea5a93112/library/std/src/sys_common/backtrace.rs:67:5
[INFO] [stdout]    3:     0x55ac59e4f4bc - <std::sys_common::backtrace::_print::DisplayBacktrace as core::fmt::Display>::fmt::hed7f999df88cc644
[INFO] [stdout]                                at /rustc/82e1608dfa6e0b5569232559e3d385fea5a93112/library/std/src/sys_common/backtrace.rs:44:22
[INFO] [stdout]    4:     0x55ac59e7dc40 - core::fmt::rt::Argument::fmt::h1539a9308b8d058d
[INFO] [stdout]                                at /rustc/82e1608dfa6e0b5569232559e3d385fea5a93112/library/core/src/fmt/rt.rs:142:9
[INFO] [stdout]    5:     0x55ac59e7dc40 - core::fmt::write::h3a39390d8560d9c9
[INFO] [stdout]                                at /rustc/82e1608dfa6e0b5569232559e3d385fea5a93112/library/core/src/fmt/mod.rs:1120:17
[INFO] [stdout]    6:     0x55ac59e4c36f - std::io::Write::write_fmt::h040b369f3a0f9cbc
[INFO] [stdout]                                at /rustc/82e1608dfa6e0b5569232559e3d385fea5a93112/library/std/src/io/mod.rs:1762:15
[INFO] [stdout]    7:     0x55ac59e4f2a4 - std::sys_common::backtrace::_print::h894006fb5c6f3d45
[INFO] [stdout]                                at /rustc/82e1608dfa6e0b5569232559e3d385fea5a93112/library/std/src/sys_common/backtrace.rs:47:5
[INFO] [stdout]    8:     0x55ac59e4f2a4 - std::sys_common::backtrace::print::h23a2d212c6fff936
[INFO] [stdout]                                at /rustc/82e1608dfa6e0b5569232559e3d385fea5a93112/library/std/src/sys_common/backtrace.rs:34:9
[INFO] [stdout]    9:     0x55ac59e50f67 - std::panicking::default_hook::{{closure}}::h8a1d2ee00185001a
[INFO] [stdout]   10:     0x55ac59e50c53 - std::panicking::default_hook::h6038f2eba384e475
[INFO] [stdout]                                at /rustc/82e1608dfa6e0b5569232559e3d385fea5a93112/library/std/src/panicking.rs:289:9
[INFO] [stdout]   11:     0x55ac5942a147 - <alloc::boxed::Box<F,A> as core::ops::function::Fn<Args>>::call::h0ad024c9bdc6d768
[INFO] [stdout]                                at /rustc/82e1608dfa6e0b5569232559e3d385fea5a93112/library/alloc/src/boxed.rs:2021:9
[INFO] [stdout]   12:     0x55ac5942a147 - test::test_main::{{closure}}::h7500b54257359db6
[INFO] [stdout]                                at /rustc/82e1608dfa6e0b5569232559e3d385fea5a93112/library/test/src/lib.rs:138:21
[INFO] [stdout]   13:     0x55ac59e51578 - <alloc::boxed::Box<F,A> as core::ops::function::Fn<Args>>::call::h1f8f335eaa9cfaee
[INFO] [stdout]                                at /rustc/82e1608dfa6e0b5569232559e3d385fea5a93112/library/alloc/src/boxed.rs:2021:9
[INFO] [stdout]   14:     0x55ac59e51578 - std::panicking::rust_panic_with_hook::h2b5517d590cab22e
[INFO] [stdout]                                at /rustc/82e1608dfa6e0b5569232559e3d385fea5a93112/library/std/src/panicking.rs:783:13
[INFO] [stdout]   15:     0x55ac59e512ce - std::panicking::begin_panic_handler::{{closure}}::h233112c06e0ef43e
[INFO] [stdout]                                at /rustc/82e1608dfa6e0b5569232559e3d385fea5a93112/library/std/src/panicking.rs:657:13
[INFO] [stdout]   16:     0x55ac59e4f986 - std::sys_common::backtrace::__rust_end_short_backtrace::h6e893f24d7ebbff8
[INFO] [stdout]                                at /rustc/82e1608dfa6e0b5569232559e3d385fea5a93112/library/std/src/sys_common/backtrace.rs:170:18
[INFO] [stdout]   17:     0x55ac59e51032 - rust_begin_unwind
[INFO] [stdout]                                at /rustc/82e1608dfa6e0b5569232559e3d385fea5a93112/library/std/src/panicking.rs:645:5
[INFO] [stdout]   18:     0x55ac591ec505 - core::panicking::panic_fmt::hbf0e066aabfa482c
[INFO] [stdout]                                at /rustc/82e1608dfa6e0b5569232559e3d385fea5a93112/library/core/src/panicking.rs:72:14
[INFO] [stdout]   19:     0x55ac591ec9bb - core::panicking::assert_failed_inner::h0bba8b7c26ee4492
[INFO] [stdout]   20:     0x55ac5930cb5e - core::panicking::assert_failed::hab54606a164b69bf
[INFO] [stdout]                                at /rustc/82e1608dfa6e0b5569232559e3d385fea5a93112/library/core/src/panicking.rs:279:5
[INFO] [stdout]   21:     0x55ac593a8b14 - stack_tavern_api::tests::hello_world::{{closure}}::hello_world::{{closure}}::hc5ff69f538824207
[INFO] [stdout]                                at /opt/rustwide/workdir/src/main.rs:102:9
[INFO] [stdout]   22:     0x55ac593a85d0 - stack_tavern_api::tests::hello_world::{{closure}}::hda66beb2ea4b9230
[INFO] [stdout]                                at /opt/rustwide/workdir/src/main.rs:97:5
[INFO] [stdout]   23:     0x55ac5938eeb8 - <core::pin::Pin<P> as core::future::future::Future>::poll::h3dd9274b13a87a3a
[INFO] [stdout]                                at /rustc/82e1608dfa6e0b5569232559e3d385fea5a93112/library/core/src/future/future.rs:125:9
[INFO] [stdout]   24:     0x55ac5938f44b - <core::pin::Pin<P> as core::future::future::Future>::poll::he325bae982ddb5c7
[INFO] [stdout]                                at /rustc/82e1608dfa6e0b5569232559e3d385fea5a93112/library/core/src/future/future.rs:125:9
[INFO] [stdout]   25:     0x55ac592ae674 - tokio::runtime::scheduler::current_thread::CoreGuard::block_on::{{closure}}::{{closure}}::{{closure}}::hcd73abf151bab623
[INFO] [stdout]                                at /opt/rustwide/cargo-home/registry/src/index.crates.io-6f17d22bba15001f/tokio-1.28.2/src/runtime/scheduler/current_thread.rs:541:57
[INFO] [stdout]   26:     0x55ac592ae5aa - tokio::runtime::coop::with_budget::h28e8f317cd203c9c
[INFO] [stdout]                                at /opt/rustwide/cargo-home/registry/src/index.crates.io-6f17d22bba15001f/tokio-1.28.2/src/runtime/coop.rs:107:5
[INFO] [stdout]   27:     0x55ac592ae5aa - tokio::runtime::coop::budget::hf06b62e3e35018a5
[INFO] [stdout]                                at /opt/rustwide/cargo-home/registry/src/index.crates.io-6f17d22bba15001f/tokio-1.28.2/src/runtime/coop.rs:73:5
[INFO] [stdout]   28:     0x55ac592ae5aa - tokio::runtime::scheduler::current_thread::CoreGuard::block_on::{{closure}}::{{closure}}::heb3daecddd2d00f2
[INFO] [stdout]                                at /opt/rustwide/cargo-home/registry/src/index.crates.io-6f17d22bba15001f/tokio-1.28.2/src/runtime/scheduler/current_thread.rs:541:25
[INFO] [stdout]   29:     0x55ac592ad05c - tokio::runtime::scheduler::current_thread::Context::enter::h92002c268f5c984c
[INFO] [stdout]                                at /opt/rustwide/cargo-home/registry/src/index.crates.io-6f17d22bba15001f/tokio-1.28.2/src/runtime/scheduler/current_thread.rs:350:19
[INFO] [stdout]   30:     0x55ac592adb4a - tokio::runtime::scheduler::current_thread::CoreGuard::block_on::{{closure}}::h251b31353ba57ac9
[INFO] [stdout]                                at /opt/rustwide/cargo-home/registry/src/index.crates.io-6f17d22bba15001f/tokio-1.28.2/src/runtime/scheduler/current_thread.rs:540:36
[INFO] [stdout]   31:     0x55ac592ad85b - tokio::runtime::scheduler::current_thread::CoreGuard::enter::{{closure}}::h86cb673666f4c4a4
[INFO] [stdout]                                at /opt/rustwide/cargo-home/registry/src/index.crates.io-6f17d22bba15001f/tokio-1.28.2/src/runtime/scheduler/current_thread.rs:615:57
[INFO] [stdout]   32:     0x55ac59334018 - tokio::macros::scoped_tls::ScopedKey<T>::set::h6728195e477ca6c5
[INFO] [stdout]                                at /opt/rustwide/cargo-home/registry/src/index.crates.io-6f17d22bba15001f/tokio-1.28.2/src/macros/scoped_tls.rs:61:9
[INFO] [stdout]   33:     0x55ac592ad5ef - tokio::runtime::scheduler::current_thread::CoreGuard::enter::h11daaf1db2d6b3f1
[INFO] [stdout]                                at /opt/rustwide/cargo-home/registry/src/index.crates.io-6f17d22bba15001f/tokio-1.28.2/src/runtime/scheduler/current_thread.rs:615:27
[INFO] [stdout]   34:     0x55ac592ad88d - tokio::runtime::scheduler::current_thread::CoreGuard::block_on::h1426be50dd608263
[INFO] [stdout]                                at /opt/rustwide/cargo-home/registry/src/index.crates.io-6f17d22bba15001f/tokio-1.28.2/src/runtime/scheduler/current_thread.rs:530:19
[INFO] [stdout]   35:     0x55ac592ac80d - tokio::runtime::scheduler::current_thread::CurrentThread::block_on::he991d1bcedd2c21f
[INFO] [stdout]                                at /opt/rustwide/cargo-home/registry/src/index.crates.io-6f17d22bba15001f/tokio-1.28.2/src/runtime/scheduler/current_thread.rs:154:24
[INFO] [stdout]   36:     0x55ac593240ad - tokio::runtime::runtime::Runtime::block_on::h0b3052e4daf243cb
[INFO] [stdout]                                at /opt/rustwide/cargo-home/registry/src/index.crates.io-6f17d22bba15001f/tokio-1.28.2/src/runtime/runtime.rs:302:47
[INFO] [stdout]   37:     0x55ac593a83ac - stack_tavern_api::tests::hello_world::he9c220dd8e0622d0
[INFO] [stdout]                                at /opt/rustwide/workdir/src/main.rs:97:5
[INFO] [stdout]   38:     0x55ac593a8237 - stack_tavern_api::tests::hello_world::{{closure}}::h80140f5d7481146a
[INFO] [stdout]                                at /opt/rustwide/workdir/src/main.rs:97:14
[INFO] [stdout]   39:     0x55ac59269ff6 - core::ops::function::FnOnce::call_once::hd2efe0bb3875ba67
[INFO] [stdout]                                at /rustc/82e1608dfa6e0b5569232559e3d385fea5a93112/library/core/src/ops/function.rs:250:5
[INFO] [stdout]   40:     0x55ac5942f79f - core::ops::function::FnOnce::call_once::h2b5d431d5046312d
[INFO] [stdout]                                at /rustc/82e1608dfa6e0b5569232559e3d385fea5a93112/library/core/src/ops/function.rs:250:5
[INFO] [stdout]   41:     0x55ac5942f79f - test::__rust_begin_short_backtrace::h7714669af176e207
[INFO] [stdout]                                at /rustc/82e1608dfa6e0b5569232559e3d385fea5a93112/library/test/src/lib.rs:628:18
[INFO] [stdout]   42:     0x55ac5942e7b5 - test::run_test_in_process::{{closure}}::h85218797dcbcec12
[INFO] [stdout]                                at /rustc/82e1608dfa6e0b5569232559e3d385fea5a93112/library/test/src/lib.rs:651:60
[INFO] [stdout]   43:     0x55ac5942e7b5 - <core::panic::unwind_safe::AssertUnwindSafe<F> as core::ops::function::FnOnce<()>>::call_once::h76c106ea31c14d7b
[INFO] [stdout]                                at /rustc/82e1608dfa6e0b5569232559e3d385fea5a93112/library/core/src/panic/unwind_safe.rs:272:9
[INFO] [stdout]   44:     0x55ac5942e7b5 - std::panicking::try::do_call::h3bd5d0f6620ee946
[INFO] [stdout]                                at /rustc/82e1608dfa6e0b5569232559e3d385fea5a93112/library/std/src/panicking.rs:552:40
[INFO] [stdout]   45:     0x55ac5942e7b5 - std::panicking::try::h232e535e4744fe31
[INFO] [stdout]                                at /rustc/82e1608dfa6e0b5569232559e3d385fea5a93112/library/std/src/panicking.rs:516:19
[INFO] [stdout]   46:     0x55ac5942e7b5 - std::panic::catch_unwind::h3ce3bd6ca8dbac68
[INFO] [stdout]                                at /rustc/82e1608dfa6e0b5569232559e3d385fea5a93112/library/std/src/panic.rs:142:14
[INFO] [stdout]   47:     0x55ac5942e7b5 - test::run_test_in_process::hc97b257c9621286a
[INFO] [stdout]                                at /rustc/82e1608dfa6e0b5569232559e3d385fea5a93112/library/test/src/lib.rs:651:27
[INFO] [stdout]   48:     0x55ac5942e7b5 - test::run_test::{{closure}}::h2aa798823a438d38
[INFO] [stdout]                                at /rustc/82e1608dfa6e0b5569232559e3d385fea5a93112/library/test/src/lib.rs:574:43
[INFO] [stdout]   49:     0x55ac593f6a76 - test::run_test::{{closure}}::h87d231c78fb59832
[INFO] [stdout]                                at /rustc/82e1608dfa6e0b5569232559e3d385fea5a93112/library/test/src/lib.rs:602:41
[INFO] [stdout]   50:     0x55ac593f6a76 - std::sys_common::backtrace::__rust_begin_short_backtrace::he6df152596625789
[INFO] [stdout]                                at /rustc/82e1608dfa6e0b5569232559e3d385fea5a93112/library/std/src/sys_common/backtrace.rs:154:18
[INFO] [stdout]   51:     0x55ac593fbb27 - std::thread::Builder::spawn_unchecked_::{{closure}}::{{closure}}::ha94be15d1e0acf36
[INFO] [stdout]                                at /rustc/82e1608dfa6e0b5569232559e3d385fea5a93112/library/std/src/thread/mod.rs:529:17
[INFO] [stdout]   52:     0x55ac593fbb27 - <core::panic::unwind_safe::AssertUnwindSafe<F> as core::ops::function::FnOnce<()>>::call_once::h9dc6bd6372f16606
[INFO] [stdout]                                at /rustc/82e1608dfa6e0b5569232559e3d385fea5a93112/library/core/src/panic/unwind_safe.rs:272:9
[INFO] [stdout]   53:     0x55ac593fbb27 - std::panicking::try::do_call::h9057517f80303cd4
[INFO] [stdout]                                at /rustc/82e1608dfa6e0b5569232559e3d385fea5a93112/library/std/src/panicking.rs:552:40
[INFO] [stdout]   54:     0x55ac593fbb27 - std::panicking::try::he3a30b11ee45340c
[INFO] [stdout]                                at /rustc/82e1608dfa6e0b5569232559e3d385fea5a93112/library/std/src/panicking.rs:516:19
[INFO] [stdout]   55:     0x55ac593fbb27 - std::panic::catch_unwind::h410458cfd3528b8b
[INFO] [stdout]                                at /rustc/82e1608dfa6e0b5569232559e3d385fea5a93112/library/std/src/panic.rs:142:14
[INFO] [stdout]   56:     0x55ac593fbb27 - std::thread::Builder::spawn_unchecked_::{{closure}}::h72ac3bdb567b737b
[INFO] [stdout]                                at /rustc/82e1608dfa6e0b5569232559e3d385fea5a93112/library/std/src/thread/mod.rs:528:30
[INFO] [stdout]   57:     0x55ac593fbb27 - core::ops::function::FnOnce::call_once{{vtable.shim}}::h38f34da3654a8344
[INFO] [stdout]                                at /rustc/82e1608dfa6e0b5569232559e3d385fea5a93112/library/core/src/ops/function.rs:250:5
[INFO] [stdout]   58:     0x55ac59e56295 - <alloc::boxed::Box<F,A> as core::ops::function::FnOnce<Args>>::call_once::hc7eafaff61e32df9
[INFO] [stdout]                                at /rustc/82e1608dfa6e0b5569232559e3d385fea5a93112/library/alloc/src/boxed.rs:2007:9
[INFO] [stdout]   59:     0x55ac59e56295 - <alloc::boxed::Box<F,A> as core::ops::function::FnOnce<Args>>::call_once::h6ba4a5de48dd2304
[INFO] [stdout]                                at /rustc/82e1608dfa6e0b5569232559e3d385fea5a93112/library/alloc/src/boxed.rs:2007:9
[INFO] [stdout]   60:     0x55ac59e56295 - std::sys::unix::thread::Thread::new::thread_start::he469335aef763e45
[INFO] [stdout]                                at /rustc/82e1608dfa6e0b5569232559e3d385fea5a93112/library/std/src/sys/unix/thread.rs:108:17
[INFO] [stdout]   61:     0x7f61ec00fac3 - <unknown>
[INFO] [stdout]   62:     0x7f61ec0a0bf4 - __clone
[INFO] [stdout]   63:                0x0 - <unknown>
[INFO] [stdout] 
[INFO] [stdout] 
[INFO] [stdout] failures:
[INFO] [stdout]     tests::hello_world
[INFO] [stdout] 
[INFO] [stdout] test result: FAILED. 0 passed; 1 failed; 0 ignored; 0 measured; 0 filtered out; finished in 0.05s
[INFO] [stdout] 
[INFO] [stderr] error: test failed, to rerun pass `--bin stack-tavern-api`
[INFO] running `Command { std: "docker" "inspect" "5e4dd3f63ac0fc8189524589443bfd07bc079ae285ef9e42e2b232e1951b5c13", kill_on_drop: false }`
[INFO] running `Command { std: "docker" "rm" "-f" "5e4dd3f63ac0fc8189524589443bfd07bc079ae285ef9e42e2b232e1951b5c13", kill_on_drop: false }`
[INFO] [stdout] 5e4dd3f63ac0fc8189524589443bfd07bc079ae285ef9e42e2b232e1951b5c13
