[INFO] cloning repository https://github.com/Arnavion/aoc2020
[INFO] running `Command { std: "git" "-c" "credential.helper=" "-c" "credential.helper=/workspace/cargo-home/bin/git-credential-null" "clone" "--bare" "https://github.com/Arnavion/aoc2020" "/workspace/cache/git-repos/https%3A%2F%2Fgithub.com%2FArnavion%2Faoc2020", kill_on_drop: false }`
[INFO] [stderr] Cloning into bare repository '/workspace/cache/git-repos/https%3A%2F%2Fgithub.com%2FArnavion%2Faoc2020'...
[INFO] running `Command { std: "git" "rev-parse" "HEAD", kill_on_drop: false }`
[INFO] [stdout] 105e0af391dee774af54e91189267dc93cbe8d5d
[INFO] testing Arnavion/aoc2020 against 1.75.0 for beta-1.76-1
[INFO] running `Command { std: "git" "clone" "/workspace/cache/git-repos/https%3A%2F%2Fgithub.com%2FArnavion%2Faoc2020" "/workspace/builds/worker-2-tc1/source", kill_on_drop: false }`
[INFO] [stderr] Cloning into '/workspace/builds/worker-2-tc1/source'...
[INFO] [stderr] done.
[INFO] validating manifest of git repo https://github.com/Arnavion/aoc2020 on toolchain 1.75.0
[INFO] running `Command { std: CARGO_HOME="/workspace/cargo-home" RUSTUP_HOME="/workspace/rustup-home" "/workspace/cargo-home/bin/cargo" "+1.75.0" "metadata" "--manifest-path" "Cargo.toml" "--no-deps", kill_on_drop: false }`
[INFO] removed /workspace/builds/worker-2-tc1/source/rust-toolchain.toml
[INFO] started tweaking git repo https://github.com/Arnavion/aoc2020
[INFO] finished tweaking git repo https://github.com/Arnavion/aoc2020
[INFO] tweaked toml for git repo https://github.com/Arnavion/aoc2020 written to /workspace/builds/worker-2-tc1/source/Cargo.toml
[INFO] crate git repo https://github.com/Arnavion/aoc2020 already has a lockfile, it will not be regenerated
[INFO] running `Command { std: CARGO_HOME="/workspace/cargo-home" RUSTUP_HOME="/workspace/rustup-home" "/workspace/cargo-home/bin/cargo" "+1.75.0" "fetch" "--manifest-path" "Cargo.toml", kill_on_drop: false }`
[INFO] [stderr]  Downloading crates ...
[INFO] [stderr]   Downloaded num-complex v0.4.1
[INFO] running `Command { std: "docker" "create" "-v" "/var/lib/crater-agent-workspace/builds/worker-2-tc1/target:/opt/rustwide/target:rw,Z" "-v" "/var/lib/crater-agent-workspace/builds/worker-2-tc1/source:/opt/rustwide/workdir:ro,Z" "-v" "/var/lib/crater-agent-workspace/cargo-home:/opt/rustwide/cargo-home:ro,Z" "-v" "/var/lib/crater-agent-workspace/rustup-home:/opt/rustwide/rustup-home:ro,Z" "-e" "SOURCE_DIR=/opt/rustwide/workdir" "-e" "CARGO_TARGET_DIR=/opt/rustwide/target" "-e" "CARGO_HOME=/opt/rustwide/cargo-home" "-e" "RUSTUP_HOME=/opt/rustwide/rustup-home" "-w" "/opt/rustwide/workdir" "-m" "1610612736" "--user" "0:0" "--network" "none" "ghcr.io/rust-lang/crates-build-env/linux@sha256:2788e3201cd34a07e3172128adcd8b3090168a8e3bcc40d7c032b9dda1df7d1c" "/opt/rustwide/cargo-home/bin/cargo" "+1.75.0" "metadata" "--no-deps" "--format-version=1", kill_on_drop: false }`
[INFO] [stdout] 7f0b023924b9ecd91625c8635ad8354f7561b6d90df57637d4bb8a3e05f9dc46
[INFO] running `Command { std: "docker" "start" "-a" "7f0b023924b9ecd91625c8635ad8354f7561b6d90df57637d4bb8a3e05f9dc46", kill_on_drop: false }`
[INFO] running `Command { std: "docker" "inspect" "7f0b023924b9ecd91625c8635ad8354f7561b6d90df57637d4bb8a3e05f9dc46", kill_on_drop: false }`
[INFO] running `Command { std: "docker" "rm" "-f" "7f0b023924b9ecd91625c8635ad8354f7561b6d90df57637d4bb8a3e05f9dc46", kill_on_drop: false }`
[INFO] [stdout] 7f0b023924b9ecd91625c8635ad8354f7561b6d90df57637d4bb8a3e05f9dc46
[INFO] running `Command { std: "docker" "create" "-v" "/var/lib/crater-agent-workspace/builds/worker-2-tc1/target:/opt/rustwide/target:rw,Z" "-v" "/var/lib/crater-agent-workspace/builds/worker-2-tc1/source:/opt/rustwide/workdir:ro,Z" "-v" "/var/lib/crater-agent-workspace/cargo-home:/opt/rustwide/cargo-home:ro,Z" "-v" "/var/lib/crater-agent-workspace/rustup-home:/opt/rustwide/rustup-home:ro,Z" "-e" "SOURCE_DIR=/opt/rustwide/workdir" "-e" "CARGO_TARGET_DIR=/opt/rustwide/target" "-e" "CARGO_INCREMENTAL=0" "-e" "RUST_BACKTRACE=full" "-e" "RUSTFLAGS=--cap-lints=warn" "-e" "RUSTDOCFLAGS=--cap-lints=warn" "-e" "CARGO_HOME=/opt/rustwide/cargo-home" "-e" "RUSTUP_HOME=/opt/rustwide/rustup-home" "-w" "/opt/rustwide/workdir" "-m" "1610612736" "--user" "0:0" "--network" "none" "ghcr.io/rust-lang/crates-build-env/linux@sha256:2788e3201cd34a07e3172128adcd8b3090168a8e3bcc40d7c032b9dda1df7d1c" "/opt/rustwide/cargo-home/bin/cargo" "+1.75.0" "build" "--frozen" "--message-format=json", kill_on_drop: false }`
[INFO] [stdout] 8b5966686ee9f4b86ffdd4d02e637050dd37a081f36bef3b9e9c5e07716b456b
[INFO] running `Command { std: "docker" "start" "-a" "8b5966686ee9f4b86ffdd4d02e637050dd37a081f36bef3b9e9c5e07716b456b", kill_on_drop: false }`
[INFO] [stderr]    Compiling memchr v2.5.0
[INFO] [stderr]    Compiling indexmap v1.8.2
[INFO] [stderr]    Compiling num-traits v0.2.15
[INFO] [stderr]    Compiling cc v1.0.73
[INFO] [stderr]    Compiling libc v0.2.126
[INFO] [stderr]    Compiling gimli v0.26.1
[INFO] [stderr]    Compiling adler v1.0.2
[INFO] [stderr]    Compiling hashbrown v0.11.2
[INFO] [stderr]    Compiling regex-syntax v0.6.26
[INFO] [stderr]    Compiling rustc-demangle v0.1.21
[INFO] [stderr]    Compiling fixedbitset v0.4.1
[INFO] [stderr]    Compiling once_cell v1.12.0
[INFO] [stderr]    Compiling miniz_oxide v0.5.3
[INFO] [stderr]    Compiling aho-corasick v0.7.18
[INFO] [stderr]    Compiling object v0.28.4
[INFO] [stderr]    Compiling backtrace v0.3.65
[INFO] [stderr]    Compiling petgraph v0.6.2
[INFO] [stderr]    Compiling num-complex v0.4.1
[INFO] [stderr]    Compiling regex v1.5.6
[INFO] [stderr]    Compiling addr2line v0.17.0
[INFO] [stderr]    Compiling aoc2020 v0.1.0 (/opt/rustwide/workdir)
[INFO] [stderr]     Finished dev [unoptimized + debuginfo] target(s) in 5.43s
[INFO] running `Command { std: "docker" "inspect" "8b5966686ee9f4b86ffdd4d02e637050dd37a081f36bef3b9e9c5e07716b456b", kill_on_drop: false }`
[INFO] running `Command { std: "docker" "rm" "-f" "8b5966686ee9f4b86ffdd4d02e637050dd37a081f36bef3b9e9c5e07716b456b", kill_on_drop: false }`
[INFO] [stdout] 8b5966686ee9f4b86ffdd4d02e637050dd37a081f36bef3b9e9c5e07716b456b
[INFO] running `Command { std: "docker" "create" "-v" "/var/lib/crater-agent-workspace/builds/worker-2-tc1/target:/opt/rustwide/target:rw,Z" "-v" "/var/lib/crater-agent-workspace/builds/worker-2-tc1/source:/opt/rustwide/workdir:ro,Z" "-v" "/var/lib/crater-agent-workspace/cargo-home:/opt/rustwide/cargo-home:ro,Z" "-v" "/var/lib/crater-agent-workspace/rustup-home:/opt/rustwide/rustup-home:ro,Z" "-e" "SOURCE_DIR=/opt/rustwide/workdir" "-e" "CARGO_TARGET_DIR=/opt/rustwide/target" "-e" "CARGO_INCREMENTAL=0" "-e" "RUST_BACKTRACE=full" "-e" "RUSTFLAGS=--cap-lints=warn" "-e" "RUSTDOCFLAGS=--cap-lints=warn" "-e" "CARGO_HOME=/opt/rustwide/cargo-home" "-e" "RUSTUP_HOME=/opt/rustwide/rustup-home" "-w" "/opt/rustwide/workdir" "-m" "1610612736" "--user" "0:0" "--network" "none" "ghcr.io/rust-lang/crates-build-env/linux@sha256:2788e3201cd34a07e3172128adcd8b3090168a8e3bcc40d7c032b9dda1df7d1c" "/opt/rustwide/cargo-home/bin/cargo" "+1.75.0" "test" "--frozen" "--no-run" "--message-format=json", kill_on_drop: false }`
[INFO] [stdout] 39a498cc39a0901a403304d0edd97804cdaab1cf102fe521d4c8e12c725146b7
[INFO] running `Command { std: "docker" "start" "-a" "39a498cc39a0901a403304d0edd97804cdaab1cf102fe521d4c8e12c725146b7", kill_on_drop: false }`
[INFO] [stderr]    Compiling aoc2020 v0.1.0 (/opt/rustwide/workdir)
[INFO] [stderr]     Finished test [unoptimized + debuginfo] target(s) in 2.61s
[INFO] running `Command { std: "docker" "inspect" "39a498cc39a0901a403304d0edd97804cdaab1cf102fe521d4c8e12c725146b7", kill_on_drop: false }`
[INFO] running `Command { std: "docker" "rm" "-f" "39a498cc39a0901a403304d0edd97804cdaab1cf102fe521d4c8e12c725146b7", kill_on_drop: false }`
[INFO] [stdout] 39a498cc39a0901a403304d0edd97804cdaab1cf102fe521d4c8e12c725146b7
[INFO] running `Command { std: "docker" "create" "-v" "/var/lib/crater-agent-workspace/builds/worker-2-tc1/target:/opt/rustwide/target:rw,Z" "-v" "/var/lib/crater-agent-workspace/builds/worker-2-tc1/source:/opt/rustwide/workdir:ro,Z" "-v" "/var/lib/crater-agent-workspace/cargo-home:/opt/rustwide/cargo-home:ro,Z" "-v" "/var/lib/crater-agent-workspace/rustup-home:/opt/rustwide/rustup-home:ro,Z" "-e" "SOURCE_DIR=/opt/rustwide/workdir" "-e" "CARGO_TARGET_DIR=/opt/rustwide/target" "-e" "CARGO_INCREMENTAL=0" "-e" "RUST_BACKTRACE=full" "-e" "RUSTFLAGS=--cap-lints=warn" "-e" "RUSTDOCFLAGS=--cap-lints=warn" "-e" "CARGO_HOME=/opt/rustwide/cargo-home" "-e" "RUSTUP_HOME=/opt/rustwide/rustup-home" "-w" "/opt/rustwide/workdir" "-m" "1610612736" "--user" "0:0" "--network" "none" "ghcr.io/rust-lang/crates-build-env/linux@sha256:2788e3201cd34a07e3172128adcd8b3090168a8e3bcc40d7c032b9dda1df7d1c" "/opt/rustwide/cargo-home/bin/cargo" "+1.75.0" "test" "--frozen", kill_on_drop: false }`
[INFO] [stdout] c55f68391b3fd56e72752587afa098cfd5653979262ff428aa0e12d81f6de5c3
[INFO] running `Command { std: "docker" "start" "-a" "c55f68391b3fd56e72752587afa098cfd5653979262ff428aa0e12d81f6de5c3", kill_on_drop: false }`
[INFO] [stderr]     Finished test [unoptimized + debuginfo] target(s) in 0.01s
[INFO] [stderr]      Running unittests src/main.rs (/opt/rustwide/target/debug/deps/aoc2020-d280745256d95758)
[INFO] [stdout] 
[INFO] [stdout] running 55 tests
[INFO] [stdout] test day10::tests::part1 ... ok
[INFO] [stdout] test day10::tests::part2 ... ok
[INFO] [stdout] test day12::tests::part1 ... ok
[INFO] [stdout] test day12::tests::part2 ... ok
[INFO] [stdout] test day13::tests::part1 ... ok
[INFO] [stdout] test day15::tests::part1 ... ok
[INFO] [stdout] test day11::tests::part1 ... ok
[INFO] [stdout] test day13::tests::part2 ... ok
[INFO] [stdout] test day11::tests::part2 ... ok
[INFO] [stdout] test day18::tests::part1 ... ok
[INFO] [stdout] test day18::tests::part2 ... ok
[INFO] [stdout] test day19::tests::part1_1 ... ok
[INFO] [stdout] test day19::tests::part1_2 ... ok
[INFO] [stdout] test day1::tests::find_three ... ok
[INFO] [stdout] test day19::tests::part1_3 ... ok
[INFO] [stdout] test day14::tests::part1 ... ok
[INFO] [stdout] test day1::tests::find_two ... ok
[INFO] [stdout] test day14::tests::part2 ... ok
[INFO] [stdout] test day21::tests::part1 ... ok
[INFO] [stdout] test day21::tests::part2 ... ok
[INFO] [stdout] test day22::tests::part1 ... ok
[INFO] [stdout] test day22::tests::part2 ... ok
[INFO] [stdout] test day23::tests::part1 ... ok
[INFO] [stdout] test day24::tests::part1 ... ok
[INFO] [stdout] test day16::tests::discover_fields ... ok
[INFO] [stdout] test day16::tests::part1 ... ok
[INFO] [stdout] test day25::tests::part1 ... ok
[INFO] [stdout] test day2::tests::check_password1 ... ok
[INFO] [stdout] test day2::tests::check_password2 ... ok
[INFO] [stdout] test day3::tests::count_along_diagonal ... ok
[INFO] [stdout] test day4::tests::part1 ... ok
[INFO] [stdout] test day4::tests::part2 ... ok
[INFO] [stdout] test day5::tests::find_seat_and_id ... ok
[INFO] [stdout] test day6::tests::part1 ... ok
[INFO] [stdout] test day6::tests::part2 ... ok
[INFO] [stdout] test day7::tests::part1 ... ok
[INFO] [stdout] test day7::tests::part2 ... ok
[INFO] [stdout] test day8::tests::part1 ... ok
[INFO] [stdout] test day9::tests::part1 ... ok
[INFO] [stdout] test day8::tests::part2 ... ok
[INFO] [stdout] test day9::tests::part2 ... ok
[INFO] [stdout] test day20::tests::part1 ... ok
[INFO] [stdout] test day20::tests::part2 ... ok
[INFO] [stdout] test day19::tests::part2 ... ok
[INFO] [stdout] test day17::tests::part2 ... FAILED
[INFO] [stdout] test day17::tests::part1 ... FAILED
[INFO] [stderr] error: test failed, to rerun pass `--bin aoc2020`
[INFO] [stderr] 
[INFO] [stderr] Caused by:
[INFO] [stderr]   process didn't exit successfully: `/opt/rustwide/target/debug/deps/aoc2020-d280745256d95758` (signal: 9, SIGKILL: kill)
[INFO] running `Command { std: "docker" "inspect" "c55f68391b3fd56e72752587afa098cfd5653979262ff428aa0e12d81f6de5c3", kill_on_drop: false }`
[INFO] running `Command { std: "docker" "rm" "-f" "c55f68391b3fd56e72752587afa098cfd5653979262ff428aa0e12d81f6de5c3", kill_on_drop: false }`
[INFO] [stdout] c55f68391b3fd56e72752587afa098cfd5653979262ff428aa0e12d81f6de5c3
[INFO] testing Arnavion/aoc2020 against beta-2023-12-22 for beta-1.76-1
[INFO] running `Command { std: "git" "clone" "/workspace/cache/git-repos/https%3A%2F%2Fgithub.com%2FArnavion%2Faoc2020" "/workspace/builds/worker-2-tc2/source", kill_on_drop: false }`
[INFO] [stderr] Cloning into '/workspace/builds/worker-2-tc2/source'...
[INFO] [stderr] done.
[INFO] validating manifest of git repo https://github.com/Arnavion/aoc2020 on toolchain beta-2023-12-22
[INFO] running `Command { std: CARGO_HOME="/workspace/cargo-home" RUSTUP_HOME="/workspace/rustup-home" "/workspace/cargo-home/bin/cargo" "+beta-2023-12-22" "metadata" "--manifest-path" "Cargo.toml" "--no-deps", kill_on_drop: false }`
[INFO] removed /workspace/builds/worker-2-tc2/source/rust-toolchain.toml
[INFO] started tweaking git repo https://github.com/Arnavion/aoc2020
[INFO] finished tweaking git repo https://github.com/Arnavion/aoc2020
[INFO] tweaked toml for git repo https://github.com/Arnavion/aoc2020 written to /workspace/builds/worker-2-tc2/source/Cargo.toml
[INFO] crate git repo https://github.com/Arnavion/aoc2020 already has a lockfile, it will not be regenerated
[INFO] running `Command { std: CARGO_HOME="/workspace/cargo-home" RUSTUP_HOME="/workspace/rustup-home" "/workspace/cargo-home/bin/cargo" "+beta-2023-12-22" "fetch" "--manifest-path" "Cargo.toml", kill_on_drop: false }`
[INFO] running `Command { std: "docker" "create" "-v" "/var/lib/crater-agent-workspace/builds/worker-2-tc2/target:/opt/rustwide/target:rw,Z" "-v" "/var/lib/crater-agent-workspace/builds/worker-2-tc2/source:/opt/rustwide/workdir:ro,Z" "-v" "/var/lib/crater-agent-workspace/cargo-home:/opt/rustwide/cargo-home:ro,Z" "-v" "/var/lib/crater-agent-workspace/rustup-home:/opt/rustwide/rustup-home:ro,Z" "-e" "SOURCE_DIR=/opt/rustwide/workdir" "-e" "CARGO_TARGET_DIR=/opt/rustwide/target" "-e" "CARGO_HOME=/opt/rustwide/cargo-home" "-e" "RUSTUP_HOME=/opt/rustwide/rustup-home" "-w" "/opt/rustwide/workdir" "-m" "1610612736" "--user" "0:0" "--network" "none" "ghcr.io/rust-lang/crates-build-env/linux@sha256:2788e3201cd34a07e3172128adcd8b3090168a8e3bcc40d7c032b9dda1df7d1c" "/opt/rustwide/cargo-home/bin/cargo" "+beta-2023-12-22" "metadata" "--no-deps" "--format-version=1", kill_on_drop: false }`
[INFO] [stdout] 2a1baa839b456d3a361670050c56ae5673b81f39233ac33b215ea64538c47878
[INFO] running `Command { std: "docker" "start" "-a" "2a1baa839b456d3a361670050c56ae5673b81f39233ac33b215ea64538c47878", kill_on_drop: false }`
[INFO] running `Command { std: "docker" "inspect" "2a1baa839b456d3a361670050c56ae5673b81f39233ac33b215ea64538c47878", kill_on_drop: false }`
[INFO] running `Command { std: "docker" "rm" "-f" "2a1baa839b456d3a361670050c56ae5673b81f39233ac33b215ea64538c47878", kill_on_drop: false }`
[INFO] [stdout] 2a1baa839b456d3a361670050c56ae5673b81f39233ac33b215ea64538c47878
[INFO] running `Command { std: "docker" "create" "-v" "/var/lib/crater-agent-workspace/builds/worker-2-tc2/target:/opt/rustwide/target:rw,Z" "-v" "/var/lib/crater-agent-workspace/builds/worker-2-tc2/source:/opt/rustwide/workdir:ro,Z" "-v" "/var/lib/crater-agent-workspace/cargo-home:/opt/rustwide/cargo-home:ro,Z" "-v" "/var/lib/crater-agent-workspace/rustup-home:/opt/rustwide/rustup-home:ro,Z" "-e" "SOURCE_DIR=/opt/rustwide/workdir" "-e" "CARGO_TARGET_DIR=/opt/rustwide/target" "-e" "CARGO_INCREMENTAL=0" "-e" "RUST_BACKTRACE=full" "-e" "RUSTFLAGS=--cap-lints=warn" "-e" "RUSTDOCFLAGS=--cap-lints=warn" "-e" "CARGO_HOME=/opt/rustwide/cargo-home" "-e" "RUSTUP_HOME=/opt/rustwide/rustup-home" "-w" "/opt/rustwide/workdir" "-m" "1610612736" "--user" "0:0" "--network" "none" "ghcr.io/rust-lang/crates-build-env/linux@sha256:2788e3201cd34a07e3172128adcd8b3090168a8e3bcc40d7c032b9dda1df7d1c" "/opt/rustwide/cargo-home/bin/cargo" "+beta-2023-12-22" "build" "--frozen" "--message-format=json", kill_on_drop: false }`
[INFO] [stdout] be23d4e6fb7d45bf2c06c3fbc79f11bef85f4c955d9383d3a200edf3dec86941
[INFO] running `Command { std: "docker" "start" "-a" "be23d4e6fb7d45bf2c06c3fbc79f11bef85f4c955d9383d3a200edf3dec86941", kill_on_drop: false }`
[INFO] [stderr]    Compiling memchr v2.5.0
[INFO] [stderr]    Compiling indexmap v1.8.2
[INFO] [stderr]    Compiling num-traits v0.2.15
[INFO] [stderr]    Compiling cc v1.0.73
[INFO] [stderr]    Compiling libc v0.2.126
[INFO] [stderr]    Compiling gimli v0.26.1
[INFO] [stderr]    Compiling hashbrown v0.11.2
[INFO] [stderr]    Compiling adler v1.0.2
[INFO] [stderr]    Compiling regex-syntax v0.6.26
[INFO] [stderr]    Compiling fixedbitset v0.4.1
[INFO] [stderr]    Compiling rustc-demangle v0.1.21
[INFO] [stderr]    Compiling once_cell v1.12.0
[INFO] [stderr]    Compiling miniz_oxide v0.5.3
[INFO] [stderr]    Compiling object v0.28.4
[INFO] [stderr]    Compiling aho-corasick v0.7.18
[INFO] [stderr]    Compiling backtrace v0.3.65
[INFO] [stderr]    Compiling petgraph v0.6.2
[INFO] [stderr]    Compiling num-complex v0.4.1
[INFO] [stderr]    Compiling regex v1.5.6
[INFO] [stderr]    Compiling addr2line v0.17.0
[INFO] [stderr]    Compiling aoc2020 v0.1.0 (/opt/rustwide/workdir)
[INFO] [stderr]     Finished dev [unoptimized + debuginfo] target(s) in 6.41s
[INFO] running `Command { std: "docker" "inspect" "be23d4e6fb7d45bf2c06c3fbc79f11bef85f4c955d9383d3a200edf3dec86941", kill_on_drop: false }`
[INFO] running `Command { std: "docker" "rm" "-f" "be23d4e6fb7d45bf2c06c3fbc79f11bef85f4c955d9383d3a200edf3dec86941", kill_on_drop: false }`
[INFO] [stdout] be23d4e6fb7d45bf2c06c3fbc79f11bef85f4c955d9383d3a200edf3dec86941
[INFO] running `Command { std: "docker" "create" "-v" "/var/lib/crater-agent-workspace/builds/worker-2-tc2/target:/opt/rustwide/target:rw,Z" "-v" "/var/lib/crater-agent-workspace/builds/worker-2-tc2/source:/opt/rustwide/workdir:ro,Z" "-v" "/var/lib/crater-agent-workspace/cargo-home:/opt/rustwide/cargo-home:ro,Z" "-v" "/var/lib/crater-agent-workspace/rustup-home:/opt/rustwide/rustup-home:ro,Z" "-e" "SOURCE_DIR=/opt/rustwide/workdir" "-e" "CARGO_TARGET_DIR=/opt/rustwide/target" "-e" "CARGO_INCREMENTAL=0" "-e" "RUST_BACKTRACE=full" "-e" "RUSTFLAGS=--cap-lints=warn" "-e" "RUSTDOCFLAGS=--cap-lints=warn" "-e" "CARGO_HOME=/opt/rustwide/cargo-home" "-e" "RUSTUP_HOME=/opt/rustwide/rustup-home" "-w" "/opt/rustwide/workdir" "-m" "1610612736" "--user" "0:0" "--network" "none" "ghcr.io/rust-lang/crates-build-env/linux@sha256:2788e3201cd34a07e3172128adcd8b3090168a8e3bcc40d7c032b9dda1df7d1c" "/opt/rustwide/cargo-home/bin/cargo" "+beta-2023-12-22" "test" "--frozen" "--no-run" "--message-format=json", kill_on_drop: false }`
[INFO] [stdout] 0f5eae45996ca838336ddfb37eb0c714bc7e66ce8d25fee2297be66881cab031
[INFO] running `Command { std: "docker" "start" "-a" "0f5eae45996ca838336ddfb37eb0c714bc7e66ce8d25fee2297be66881cab031", kill_on_drop: false }`
[INFO] [stderr]    Compiling aoc2020 v0.1.0 (/opt/rustwide/workdir)
[INFO] [stderr]     Finished test [unoptimized + debuginfo] target(s) in 2.66s
[INFO] running `Command { std: "docker" "inspect" "0f5eae45996ca838336ddfb37eb0c714bc7e66ce8d25fee2297be66881cab031", kill_on_drop: false }`
[INFO] running `Command { std: "docker" "rm" "-f" "0f5eae45996ca838336ddfb37eb0c714bc7e66ce8d25fee2297be66881cab031", kill_on_drop: false }`
[INFO] [stdout] 0f5eae45996ca838336ddfb37eb0c714bc7e66ce8d25fee2297be66881cab031
[INFO] running `Command { std: "docker" "create" "-v" "/var/lib/crater-agent-workspace/builds/worker-2-tc2/target:/opt/rustwide/target:rw,Z" "-v" "/var/lib/crater-agent-workspace/builds/worker-2-tc2/source:/opt/rustwide/workdir:ro,Z" "-v" "/var/lib/crater-agent-workspace/cargo-home:/opt/rustwide/cargo-home:ro,Z" "-v" "/var/lib/crater-agent-workspace/rustup-home:/opt/rustwide/rustup-home:ro,Z" "-e" "SOURCE_DIR=/opt/rustwide/workdir" "-e" "CARGO_TARGET_DIR=/opt/rustwide/target" "-e" "CARGO_INCREMENTAL=0" "-e" "RUST_BACKTRACE=full" "-e" "RUSTFLAGS=--cap-lints=warn" "-e" "RUSTDOCFLAGS=--cap-lints=warn" "-e" "CARGO_HOME=/opt/rustwide/cargo-home" "-e" "RUSTUP_HOME=/opt/rustwide/rustup-home" "-w" "/opt/rustwide/workdir" "-m" "1610612736" "--user" "0:0" "--network" "none" "ghcr.io/rust-lang/crates-build-env/linux@sha256:2788e3201cd34a07e3172128adcd8b3090168a8e3bcc40d7c032b9dda1df7d1c" "/opt/rustwide/cargo-home/bin/cargo" "+beta-2023-12-22" "test" "--frozen", kill_on_drop: false }`
[INFO] [stdout] 91d81ab4839f8fa28ab24c02fcff26b04db0606cdef3e882689eb7048dd1945d
[INFO] running `Command { std: "docker" "start" "-a" "91d81ab4839f8fa28ab24c02fcff26b04db0606cdef3e882689eb7048dd1945d", kill_on_drop: false }`
[INFO] [stderr]     Finished test [unoptimized + debuginfo] target(s) in 0.02s
[INFO] [stderr]      Running unittests src/main.rs (/opt/rustwide/target/debug/deps/aoc2020-01d555b924dfa96e)
[INFO] [stdout] 
[INFO] [stdout] running 55 tests
[INFO] [stdout] test day10::tests::part2 ... ok
[INFO] [stdout] test day10::tests::part1 ... ok
[INFO] [stdout] test day12::tests::part1 ... ok
[INFO] [stdout] test day12::tests::part2 ... ok
[INFO] [stdout] test day13::tests::part1 ... ok
[INFO] [stdout] test day11::tests::part1 ... ok
[INFO] [stdout] test day15::tests::part1 ... ok
[INFO] [stdout] test day13::tests::part2 ... ok
[INFO] [stdout] test day18::tests::part1 ... ok
[INFO] [stdout] test day11::tests::part2 ... ok
[INFO] [stdout] test day19::tests::part1_1 ... ok
[INFO] [stdout] test day18::tests::part2 ... ok
[INFO] [stdout] test day19::tests::part1_2 ... ok
[INFO] [stdout] test day19::tests::part1_3 ... ok
[INFO] [stdout] test day1::tests::find_three ... ok
[INFO] [stdout] test day1::tests::find_two ... ok
[INFO] [stdout] test day14::tests::part1 ... ok
[INFO] [stdout] test day16::tests::discover_fields ... ok
[INFO] [stdout] test day14::tests::part2 ... ok
[INFO] [stdout] test day16::tests::part1 ... ok
[INFO] [stdout] test day22::tests::part1 ... ok
[INFO] [stdout] test day21::tests::part2 ... ok
[INFO] [stdout] test day21::tests::part1 ... ok
[INFO] [stdout] test day22::tests::part2 ... ok
[INFO] [stdout] test day24::tests::part1 ... ok
[INFO] [stdout] test day23::tests::part1 ... ok
[INFO] [stdout] test day25::tests::part1 ... ok
[INFO] [stdout] test day2::tests::check_password1 ... ok
[INFO] [stdout] test day2::tests::check_password2 ... ok
[INFO] [stdout] test day3::tests::count_along_diagonal ... ok
[INFO] [stdout] test day4::tests::part1 ... ok
[INFO] [stdout] test day4::tests::part2 ... ok
[INFO] [stdout] test day5::tests::find_seat_and_id ... ok
[INFO] [stdout] test day6::tests::part2 ... ok
[INFO] [stdout] test day6::tests::part1 ... ok
[INFO] [stdout] test day7::tests::part1 ... ok
[INFO] [stdout] test day20::tests::part2 ... ok
[INFO] [stdout] test day8::tests::part1 ... ok
[INFO] [stdout] test day8::tests::part2 ... ok
[INFO] [stdout] test day7::tests::part2 ... ok
[INFO] [stdout] test day20::tests::part1 ... ok
[INFO] [stdout] test day9::tests::part2 ... ok
[INFO] [stdout] test day9::tests::part1 ... ok
[INFO] [stdout] test day19::tests::part2 ... ok
[INFO] [stdout] test day17::tests::part1 ... FAILED
[INFO] [stdout] test day17::tests::part2 ... FAILED
[INFO] [stderr] error: test failed, to rerun pass `--bin aoc2020`
[INFO] [stderr] 
[INFO] [stderr] Caused by:
[INFO] [stderr]   process didn't exit successfully: `/opt/rustwide/target/debug/deps/aoc2020-01d555b924dfa96e` (signal: 9, SIGKILL: kill)
[INFO] running `Command { std: "docker" "inspect" "91d81ab4839f8fa28ab24c02fcff26b04db0606cdef3e882689eb7048dd1945d", kill_on_drop: false }`
[INFO] running `Command { std: "docker" "rm" "-f" "91d81ab4839f8fa28ab24c02fcff26b04db0606cdef3e882689eb7048dd1945d", kill_on_drop: false }`
[INFO] [stdout] 91d81ab4839f8fa28ab24c02fcff26b04db0606cdef3e882689eb7048dd1945d
