[INFO] cloning repository https://github.com/Anexen/pyxirr
[INFO] running `Command { std: "git" "-c" "credential.helper=" "-c" "credential.helper=/workspace/cargo-home/bin/git-credential-null" "clone" "--bare" "https://github.com/Anexen/pyxirr" "/workspace/cache/git-repos/https%3A%2F%2Fgithub.com%2FAnexen%2Fpyxirr", kill_on_drop: false }`
[INFO] [stderr] Cloning into bare repository '/workspace/cache/git-repos/https%3A%2F%2Fgithub.com%2FAnexen%2Fpyxirr'...
[INFO] running `Command { std: "git" "rev-parse" "HEAD", kill_on_drop: false }`
[INFO] [stdout] 090c16933613d408d6314f42fd5b2c0570837b9b
[INFO] testing Anexen/pyxirr against 1.75.0 for beta-1.76-1
[INFO] running `Command { std: "git" "clone" "/workspace/cache/git-repos/https%3A%2F%2Fgithub.com%2FAnexen%2Fpyxirr" "/workspace/builds/worker-2-tc1/source", kill_on_drop: false }`
[INFO] [stderr] Cloning into '/workspace/builds/worker-2-tc1/source'...
[INFO] [stderr] done.
[INFO] validating manifest of git repo https://github.com/Anexen/pyxirr on toolchain 1.75.0
[INFO] running `Command { std: CARGO_HOME="/workspace/cargo-home" RUSTUP_HOME="/workspace/rustup-home" "/workspace/cargo-home/bin/cargo" "+1.75.0" "metadata" "--manifest-path" "Cargo.toml" "--no-deps", kill_on_drop: false }`
[INFO] removed /workspace/builds/worker-2-tc1/source/.cargo/config
[INFO] started tweaking git repo https://github.com/Anexen/pyxirr
[INFO] finished tweaking git repo https://github.com/Anexen/pyxirr
[INFO] tweaked toml for git repo https://github.com/Anexen/pyxirr written to /workspace/builds/worker-2-tc1/source/Cargo.toml
[INFO] crate git repo https://github.com/Anexen/pyxirr already has a lockfile, it will not be regenerated
[INFO] running `Command { std: CARGO_HOME="/workspace/cargo-home" RUSTUP_HOME="/workspace/rustup-home" "/workspace/cargo-home/bin/cargo" "+1.75.0" "fetch" "--manifest-path" "Cargo.toml", kill_on_drop: false }`
[INFO] [stderr]  Downloading crates ...
[INFO] [stderr]   Downloaded pyo3-ffi v0.20.0
[INFO] [stderr]   Downloaded pyo3-macros v0.20.0
[INFO] [stderr]   Downloaded pyo3-macros-backend v0.20.0
[INFO] [stderr]   Downloaded pyo3-build-config v0.20.0
[INFO] [stderr]   Downloaded numpy v0.20.0
[INFO] [stderr]   Downloaded pyo3 v0.20.0
[INFO] running `Command { std: "docker" "create" "-v" "/var/lib/crater-agent-workspace/builds/worker-2-tc1/target:/opt/rustwide/target:rw,Z" "-v" "/var/lib/crater-agent-workspace/builds/worker-2-tc1/source:/opt/rustwide/workdir:ro,Z" "-v" "/var/lib/crater-agent-workspace/cargo-home:/opt/rustwide/cargo-home:ro,Z" "-v" "/var/lib/crater-agent-workspace/rustup-home:/opt/rustwide/rustup-home:ro,Z" "-e" "SOURCE_DIR=/opt/rustwide/workdir" "-e" "CARGO_TARGET_DIR=/opt/rustwide/target" "-e" "CARGO_HOME=/opt/rustwide/cargo-home" "-e" "RUSTUP_HOME=/opt/rustwide/rustup-home" "-w" "/opt/rustwide/workdir" "-m" "1610612736" "--user" "0:0" "--network" "none" "ghcr.io/rust-lang/crates-build-env/linux@sha256:2788e3201cd34a07e3172128adcd8b3090168a8e3bcc40d7c032b9dda1df7d1c" "/opt/rustwide/cargo-home/bin/cargo" "+1.75.0" "metadata" "--no-deps" "--format-version=1", kill_on_drop: false }`
[INFO] [stdout] 1de205ac5c5899ca49b5e5f3f1d9fcd80e1371aaf27b9e2b355f4ea83166c4ca
[INFO] running `Command { std: "docker" "start" "-a" "1de205ac5c5899ca49b5e5f3f1d9fcd80e1371aaf27b9e2b355f4ea83166c4ca", kill_on_drop: false }`
[INFO] running `Command { std: "docker" "inspect" "1de205ac5c5899ca49b5e5f3f1d9fcd80e1371aaf27b9e2b355f4ea83166c4ca", kill_on_drop: false }`
[INFO] running `Command { std: "docker" "rm" "-f" "1de205ac5c5899ca49b5e5f3f1d9fcd80e1371aaf27b9e2b355f4ea83166c4ca", kill_on_drop: false }`
[INFO] [stdout] 1de205ac5c5899ca49b5e5f3f1d9fcd80e1371aaf27b9e2b355f4ea83166c4ca
[INFO] running `Command { std: "docker" "create" "-v" "/var/lib/crater-agent-workspace/builds/worker-2-tc1/target:/opt/rustwide/target:rw,Z" "-v" "/var/lib/crater-agent-workspace/builds/worker-2-tc1/source:/opt/rustwide/workdir:ro,Z" "-v" "/var/lib/crater-agent-workspace/cargo-home:/opt/rustwide/cargo-home:ro,Z" "-v" "/var/lib/crater-agent-workspace/rustup-home:/opt/rustwide/rustup-home:ro,Z" "-e" "SOURCE_DIR=/opt/rustwide/workdir" "-e" "CARGO_TARGET_DIR=/opt/rustwide/target" "-e" "CARGO_INCREMENTAL=0" "-e" "RUST_BACKTRACE=full" "-e" "RUSTFLAGS=--cap-lints=warn" "-e" "RUSTDOCFLAGS=--cap-lints=warn" "-e" "CARGO_HOME=/opt/rustwide/cargo-home" "-e" "RUSTUP_HOME=/opt/rustwide/rustup-home" "-w" "/opt/rustwide/workdir" "-m" "1610612736" "--user" "0:0" "--network" "none" "ghcr.io/rust-lang/crates-build-env/linux@sha256:2788e3201cd34a07e3172128adcd8b3090168a8e3bcc40d7c032b9dda1df7d1c" "/opt/rustwide/cargo-home/bin/cargo" "+1.75.0" "build" "--frozen" "--message-format=json", kill_on_drop: false }`
[INFO] [stdout] f137b8cccde1950fd71f0a2f21a69e13151b9df0d093f55ca8c8e8bea530825b
[INFO] running `Command { std: "docker" "start" "-a" "f137b8cccde1950fd71f0a2f21a69e13151b9df0d093f55ca8c8e8bea530825b", kill_on_drop: false }`
[INFO] [stderr]    Compiling autocfg v1.1.0
[INFO] [stderr]    Compiling target-lexicon v0.12.4
[INFO] [stderr]    Compiling proc-macro2 v1.0.69
[INFO] [stderr]    Compiling once_cell v1.13.0
[INFO] [stderr]    Compiling libc v0.2.149
[INFO] [stderr]    Compiling unicode-ident v1.0.6
[INFO] [stderr]    Compiling parking_lot_core v0.9.3
[INFO] [stderr]    Compiling smallvec v1.9.0
[INFO] [stderr]    Compiling heck v0.4.1
[INFO] [stderr]    Compiling scopeguard v1.1.0
[INFO] [stderr]    Compiling cfg-if v1.0.0
[INFO] [stderr]    Compiling rawpointer v0.2.1
[INFO] [stderr]    Compiling unindent v0.2.3
[INFO] [stderr]    Compiling indoc v2.0.4
[INFO] [stderr]    Compiling time-macros v0.2.4
[INFO] [stderr]    Compiling num_threads v0.1.6
[INFO] [stderr]    Compiling matrixmultiply v0.3.2
[INFO] [stderr]    Compiling rustc-hash v1.1.0
[INFO] [stderr]    Compiling num-traits v0.2.15
[INFO] [stderr]    Compiling lock_api v0.4.7
[INFO] [stderr]    Compiling memoffset v0.9.0
[INFO] [stderr]    Compiling num-integer v0.1.45
[INFO] [stderr]    Compiling quote v1.0.33
[INFO] [stderr]    Compiling pyo3-build-config v0.20.0
[INFO] [stderr]    Compiling syn v2.0.38
[INFO] [stderr]    Compiling parking_lot v0.12.1
[INFO] [stderr]    Compiling time v0.3.11
[INFO] [stderr]    Compiling num-complex v0.4.2
[INFO] [stderr]    Compiling ndarray v0.15.4
[INFO] [stderr]    Compiling pyo3-ffi v0.20.0
[INFO] [stderr]    Compiling pyo3 v0.20.0
[INFO] [stderr]    Compiling pyo3-macros-backend v0.20.0
[INFO] [stderr]    Compiling pyo3-macros v0.20.0
[INFO] [stderr]    Compiling numpy v0.20.0
[INFO] [stderr]    Compiling pyxirr v0.10.1 (/opt/rustwide/workdir)
[INFO] [stderr]     Finished dev [unoptimized + debuginfo] target(s) in 17.93s
[INFO] running `Command { std: "docker" "inspect" "f137b8cccde1950fd71f0a2f21a69e13151b9df0d093f55ca8c8e8bea530825b", kill_on_drop: false }`
[INFO] running `Command { std: "docker" "rm" "-f" "f137b8cccde1950fd71f0a2f21a69e13151b9df0d093f55ca8c8e8bea530825b", kill_on_drop: false }`
[INFO] [stdout] f137b8cccde1950fd71f0a2f21a69e13151b9df0d093f55ca8c8e8bea530825b
[INFO] running `Command { std: "docker" "create" "-v" "/var/lib/crater-agent-workspace/builds/worker-2-tc1/target:/opt/rustwide/target:rw,Z" "-v" "/var/lib/crater-agent-workspace/builds/worker-2-tc1/source:/opt/rustwide/workdir:ro,Z" "-v" "/var/lib/crater-agent-workspace/cargo-home:/opt/rustwide/cargo-home:ro,Z" "-v" "/var/lib/crater-agent-workspace/rustup-home:/opt/rustwide/rustup-home:ro,Z" "-e" "SOURCE_DIR=/opt/rustwide/workdir" "-e" "CARGO_TARGET_DIR=/opt/rustwide/target" "-e" "CARGO_INCREMENTAL=0" "-e" "RUST_BACKTRACE=full" "-e" "RUSTFLAGS=--cap-lints=warn" "-e" "RUSTDOCFLAGS=--cap-lints=warn" "-e" "CARGO_HOME=/opt/rustwide/cargo-home" "-e" "RUSTUP_HOME=/opt/rustwide/rustup-home" "-w" "/opt/rustwide/workdir" "-m" "1610612736" "--user" "0:0" "--network" "none" "ghcr.io/rust-lang/crates-build-env/linux@sha256:2788e3201cd34a07e3172128adcd8b3090168a8e3bcc40d7c032b9dda1df7d1c" "/opt/rustwide/cargo-home/bin/cargo" "+1.75.0" "test" "--frozen" "--no-run" "--message-format=json", kill_on_drop: false }`
[INFO] [stdout] 0f7b9efeb4ee6f0e52c55be48a94641f8066d75c46f2695816157a9ee3d41949
[INFO] running `Command { std: "docker" "start" "-a" "0f7b9efeb4ee6f0e52c55be48a94641f8066d75c46f2695816157a9ee3d41949", kill_on_drop: false }`
[INFO] [stderr]    Compiling proc-macro2 v1.0.69
[INFO] [stderr]    Compiling memchr v2.6.4
[INFO] [stderr]    Compiling futures-core v0.3.21
[INFO] [stderr]    Compiling semver v1.0.12
[INFO] [stderr]    Compiling syn v1.0.98
[INFO] [stderr]    Compiling slab v0.4.7
[INFO] [stderr]    Compiling futures-channel v0.3.21
[INFO] [stderr]    Compiling futures-task v0.3.21
[INFO] [stderr]    Compiling futures-sink v0.3.21
[INFO] [stderr]    Compiling futures-util v0.3.21
[INFO] [stderr]    Compiling regex-syntax v0.7.5
[INFO] [stderr]    Compiling futures-io v0.3.21
[INFO] [stderr]    Compiling pin-project-lite v0.2.9
[INFO] [stderr]    Compiling pin-utils v0.1.0
[INFO] [stderr]    Compiling pyo3 v0.20.0
[INFO] [stderr]    Compiling glob v0.3.1
[INFO] [stderr]    Compiling relative-path v1.9.0
[INFO] [stderr]    Compiling futures-timer v3.0.2
[INFO] [stderr]    Compiling assert_approx_eq v1.1.0
[INFO] [stderr]    Compiling rustc_version v0.4.0
[INFO] [stderr]    Compiling aho-corasick v1.1.2
[INFO] [stderr]    Compiling rstest_macros v0.18.2
[INFO] [stderr]    Compiling quote v1.0.33
[INFO] [stderr]    Compiling syn v2.0.38
[INFO] [stderr]    Compiling regex-automata v0.3.9
[INFO] [stderr]    Compiling futures-macro v0.3.21
[INFO] [stderr]    Compiling pyo3-macros-backend v0.20.0
[INFO] [stderr]    Compiling regex v1.9.6
[INFO] [stderr]    Compiling pyo3-macros v0.20.0
[INFO] [stderr]    Compiling futures-executor v0.3.21
[INFO] [stderr]    Compiling futures v0.3.21
[INFO] [stderr]    Compiling rstest v0.18.2
[INFO] [stderr]    Compiling numpy v0.20.0
[INFO] [stderr]    Compiling pyxirr v0.10.1 (/opt/rustwide/workdir)
[INFO] [stderr]     Finished test [unoptimized + debuginfo] target(s) in 14.71s
[INFO] running `Command { std: "docker" "inspect" "0f7b9efeb4ee6f0e52c55be48a94641f8066d75c46f2695816157a9ee3d41949", kill_on_drop: false }`
[INFO] running `Command { std: "docker" "rm" "-f" "0f7b9efeb4ee6f0e52c55be48a94641f8066d75c46f2695816157a9ee3d41949", kill_on_drop: false }`
[INFO] [stdout] 0f7b9efeb4ee6f0e52c55be48a94641f8066d75c46f2695816157a9ee3d41949
[INFO] running `Command { std: "docker" "create" "-v" "/var/lib/crater-agent-workspace/builds/worker-2-tc1/target:/opt/rustwide/target:rw,Z" "-v" "/var/lib/crater-agent-workspace/builds/worker-2-tc1/source:/opt/rustwide/workdir:ro,Z" "-v" "/var/lib/crater-agent-workspace/cargo-home:/opt/rustwide/cargo-home:ro,Z" "-v" "/var/lib/crater-agent-workspace/rustup-home:/opt/rustwide/rustup-home:ro,Z" "-e" "SOURCE_DIR=/opt/rustwide/workdir" "-e" "CARGO_TARGET_DIR=/opt/rustwide/target" "-e" "CARGO_INCREMENTAL=0" "-e" "RUST_BACKTRACE=full" "-e" "RUSTFLAGS=--cap-lints=warn" "-e" "RUSTDOCFLAGS=--cap-lints=warn" "-e" "CARGO_HOME=/opt/rustwide/cargo-home" "-e" "RUSTUP_HOME=/opt/rustwide/rustup-home" "-w" "/opt/rustwide/workdir" "-m" "1610612736" "--user" "0:0" "--network" "none" "ghcr.io/rust-lang/crates-build-env/linux@sha256:2788e3201cd34a07e3172128adcd8b3090168a8e3bcc40d7c032b9dda1df7d1c" "/opt/rustwide/cargo-home/bin/cargo" "+1.75.0" "test" "--frozen", kill_on_drop: false }`
[INFO] [stdout] 54e37821607b561353b4d97bbeef466130c494ea583e490ae9f8a3a2316d56f1
[INFO] running `Command { std: "docker" "start" "-a" "54e37821607b561353b4d97bbeef466130c494ea583e490ae9f8a3a2316d56f1", kill_on_drop: false }`
[INFO] [stderr]     Finished test [unoptimized + debuginfo] target(s) in 0.26s
[INFO] [stderr]      Running unittests src/lib.rs (/opt/rustwide/target/debug/deps/pyxirr-a9fa55f6108d9a98)
[INFO] [stdout] 
[INFO] [stdout] running 68 tests
[INFO] [stdout] test broadcasting::tests::test_broadcast_shapes ... ok
[INFO] [stdout] test core::private_equity::tests::test_direct_alpha::case_2 ... ok
[INFO] [stdout] test core::private_equity::tests::test_direct_alpha::case_1 ... ok
[INFO] [stdout] test core::private_equity::tests::test_direct_alpha::case_3 ... ok
[INFO] [stdout] test core::private_equity::tests::test_direct_alpha_2 ... ok
[INFO] [stdout] test core::private_equity::tests::test_direct_alpha::case_4 ... ok
[INFO] [stdout] test core::private_equity::tests::test_direct_alpha::case_5 ... ok
[INFO] [stdout] test core::private_equity::tests::test_dpi ... ok
[INFO] [stdout] test core::private_equity::tests::test_irr::case_1 ... ok
[INFO] [stdout] test core::private_equity::tests::test_irr::case_2 ... ok
[INFO] [stdout] test core::private_equity::tests::test_ks_pme::case_1 ... ok
[INFO] [stdout] test core::private_equity::tests::test_ks_pme::case_2 ... ok
[INFO] [stdout] test core::private_equity::tests::test_ln_pme::case_1 ... ok
[INFO] [stdout] test core::private_equity::tests::test_ln_pme_nav::case_1 ... ok
[INFO] [stdout] test core::private_equity::tests::test_ln_pme::case_2 ... ok
[INFO] [stdout] test core::private_equity::tests::test_ln_pme_nav::case_2 ... ok
[INFO] [stdout] test core::private_equity::tests::test_mirr ... ok
[INFO] [stdout] test core::private_equity::tests::test_mpme::case_1 ... ok
[INFO] [stdout] test core::private_equity::tests::test_pme_plus::case_1 ... ok
[INFO] [stdout] test core::private_equity::tests::test_pme_plus_lambda::case_1 ... ok
[INFO] [stdout] test core::private_equity::tests::test_pme_plus_lambda::case_2 ... ok
[INFO] [stdout] test core::private_equity::tests::test_pme_plus_lambda::case_3 ... ok
[INFO] [stdout] test core::private_equity::tests::test_pme_plus::case_2 ... ok
[INFO] [stdout] test core::private_equity::tests::test_tvpi::case_1 ... ok
[INFO] [stdout] test core::private_equity::tests::test_tvpi::case_2 ... ok
[INFO] [stdout] test core::private_equity::tests::test_rvpi ... ok
[INFO] [stdout] test core::scheduled::day_count::tests::test_example_1::case_1 ... ok
[INFO] [stdout] test core::scheduled::day_count::tests::test_example_1::case_3 ... ok
[INFO] [stdout] test core::scheduled::day_count::tests::test_example_1::case_2 ... ok
[INFO] [stdout] test core::scheduled::day_count::tests::test_example_1::case_5 ... ok
[INFO] [stdout] test core::scheduled::day_count::tests::test_example_1::case_4 ... ok
[INFO] [stdout] test core::scheduled::day_count::tests::test_example_1::case_7 ... ok
[INFO] [stdout] test core::scheduled::day_count::tests::test_example_1::case_6 ... ok
[INFO] [stdout] test core::scheduled::day_count::tests::test_example_2::case_1 ... ok
[INFO] [stdout] test core::scheduled::day_count::tests::test_example_2::case_2 ... ok
[INFO] [stdout] test core::scheduled::day_count::tests::test_example_2::case_3 ... ok
[INFO] [stdout] test core::scheduled::day_count::tests::test_example_1::case_8 ... ok
[INFO] [stdout] test core::scheduled::day_count::tests::test_example_1::case_9 ... ok
[INFO] [stdout] test core::scheduled::day_count::tests::test_example_2::case_6 ... ok
[INFO] [stdout] test core::scheduled::day_count::tests::test_example_2::case_4 ... ok
[INFO] [stdout] test core::scheduled::day_count::tests::test_example_2::case_8 ... ok
[INFO] [stdout] test core::scheduled::day_count::tests::test_example_2::case_9 ... ok
[INFO] [stdout] test core::scheduled::day_count::tests::test_example_2::case_5 ... ok
[INFO] [stdout] test core::scheduled::day_count::tests::test_example_3::case_1 ... ok
[INFO] [stdout] test core::scheduled::day_count::tests::test_example_2::case_7 ... ok
[INFO] [stdout] test core::scheduled::day_count::tests::test_example_3::case_2 ... ok
[INFO] [stdout] test core::scheduled::day_count::tests::test_example_3::case_3 ... ok
[INFO] [stdout] test core::scheduled::day_count::tests::test_example_3::case_4 ... ok
[INFO] [stdout] test core::scheduled::day_count::tests::test_example_3::case_5 ... ok
[INFO] [stdout] test core::scheduled::day_count::tests::test_example_3::case_6 ... ok
[INFO] [stdout] test core::scheduled::day_count::tests::test_example_3::case_7 ... ok
[INFO] [stdout] test core::scheduled::day_count::tests::test_example_3::case_8 ... ok
[INFO] [stdout] test core::scheduled::day_count::tests::test_example_3::case_9 ... ok
[INFO] [stdout] test core::scheduled::day_count::tests::test_example_4::case_1 ... ok
[INFO] [stdout] test core::scheduled::day_count::tests::test_example_4::case_2 ... ok
[INFO] [stdout] test core::scheduled::day_count::tests::test_example_4::case_3 ... ok
[INFO] [stdout] test core::scheduled::day_count::tests::test_example_4::case_4 ... ok
[INFO] [stdout] test core::scheduled::day_count::tests::test_example_4::case_5 ... ok
[INFO] [stdout] test core::scheduled::day_count::tests::test_example_4::case_6 ... ok
[INFO] [stdout] test core::scheduled::day_count::tests::test_example_4::case_7 ... ok
[INFO] [stdout] test core::scheduled::day_count::tests::test_example_4::case_8 ... ok
[INFO] [stdout] test core::scheduled::day_count::tests::test_example_4::case_9 ... ok
[INFO] [stdout] test core::scheduled::xirr::tests::test_sign_changes ... ok
[INFO] [stdout] test core::scheduled::xirr::tests::test_zero_crossing_points ... ok
[INFO] [stdout] test core::scheduled::day_count::tests::test_from_xleratordb ... ok
[INFO] [stdout] test broadcasting::tests::test_flatten_pyiter ... ok
[INFO] [stdout] test conversions::tests::test_extract_from_numpy_datetime_array ... FAILED
[INFO] [stdout] test conversions::tests::test_extract_from_numpy_datetime ... FAILED
[INFO] [stdout] 
[INFO] [stdout] failures:
[INFO] [stdout] 
[INFO] [stdout] ---- conversions::tests::test_extract_from_numpy_datetime_array stdout ----
[INFO] [stdout] thread 'conversions::tests::test_extract_from_numpy_datetime_array' panicked at src/conversions.rs:297:62:
[INFO] [stdout] called `Result::unwrap()` on an `Err` value: PyErr { type: <class 'ModuleNotFoundError'>, value: ModuleNotFoundError("No module named 'numpy'"), traceback: Some(<traceback object at 0x7f1093d73ec0>) }
[INFO] [stdout] stack backtrace:
[INFO] [stdout]    0:     0x564f47e8a3fc - std::backtrace_rs::backtrace::libunwind::trace::ha637c64ce894333a
[INFO] [stdout]                                at /rustc/82e1608dfa6e0b5569232559e3d385fea5a93112/library/std/src/../../backtrace/src/backtrace/libunwind.rs:104:5
[INFO] [stdout]    1:     0x564f47e8a3fc - std::backtrace_rs::backtrace::trace_unsynchronized::h47f62dea28e0c88d
[INFO] [stdout]                                at /rustc/82e1608dfa6e0b5569232559e3d385fea5a93112/library/std/src/../../backtrace/src/backtrace/mod.rs:66:5
[INFO] [stdout]    2:     0x564f47e8a3fc - std::sys_common::backtrace::_print_fmt::h9eef0abe20ede486
[INFO] [stdout]                                at /rustc/82e1608dfa6e0b5569232559e3d385fea5a93112/library/std/src/sys_common/backtrace.rs:67:5
[INFO] [stdout]    3:     0x564f47e8a3fc - <std::sys_common::backtrace::_print::DisplayBacktrace as core::fmt::Display>::fmt::hed7f999df88cc644
[INFO] [stdout]                                at /rustc/82e1608dfa6e0b5569232559e3d385fea5a93112/library/std/src/sys_common/backtrace.rs:44:22
[INFO] [stdout]    4:     0x564f47eb4540 - core::fmt::rt::Argument::fmt::h1539a9308b8d058d
[INFO] [stdout]                                at /rustc/82e1608dfa6e0b5569232559e3d385fea5a93112/library/core/src/fmt/rt.rs:142:9
[INFO] [stdout]    5:     0x564f47eb4540 - core::fmt::write::h3a39390d8560d9c9
[INFO] [stdout]                                at /rustc/82e1608dfa6e0b5569232559e3d385fea5a93112/library/core/src/fmt/mod.rs:1120:17
[INFO] [stdout]    6:     0x564f47e87d9f - std::io::Write::write_fmt::h040b369f3a0f9cbc
[INFO] [stdout]                                at /rustc/82e1608dfa6e0b5569232559e3d385fea5a93112/library/std/src/io/mod.rs:1762:15
[INFO] [stdout]    7:     0x564f47e8a1e4 - std::sys_common::backtrace::_print::h894006fb5c6f3d45
[INFO] [stdout]                                at /rustc/82e1608dfa6e0b5569232559e3d385fea5a93112/library/std/src/sys_common/backtrace.rs:47:5
[INFO] [stdout]    8:     0x564f47e8a1e4 - std::sys_common::backtrace::print::h23a2d212c6fff936
[INFO] [stdout]                                at /rustc/82e1608dfa6e0b5569232559e3d385fea5a93112/library/std/src/sys_common/backtrace.rs:34:9
[INFO] [stdout]    9:     0x564f47e8bea7 - std::panicking::default_hook::{{closure}}::h8a1d2ee00185001a
[INFO] [stdout]   10:     0x564f47e8bb93 - std::panicking::default_hook::h6038f2eba384e475
[INFO] [stdout]                                at /rustc/82e1608dfa6e0b5569232559e3d385fea5a93112/library/std/src/panicking.rs:289:9
[INFO] [stdout]   11:     0x564f47e16d47 - <alloc::boxed::Box<F,A> as core::ops::function::Fn<Args>>::call::h0ad024c9bdc6d768
[INFO] [stdout]                                at /rustc/82e1608dfa6e0b5569232559e3d385fea5a93112/library/alloc/src/boxed.rs:2021:9
[INFO] [stdout]   12:     0x564f47e16d47 - test::test_main::{{closure}}::h7500b54257359db6
[INFO] [stdout]                                at /rustc/82e1608dfa6e0b5569232559e3d385fea5a93112/library/test/src/lib.rs:138:21
[INFO] [stdout]   13:     0x564f47e8c4b8 - <alloc::boxed::Box<F,A> as core::ops::function::Fn<Args>>::call::h1f8f335eaa9cfaee
[INFO] [stdout]                                at /rustc/82e1608dfa6e0b5569232559e3d385fea5a93112/library/alloc/src/boxed.rs:2021:9
[INFO] [stdout]   14:     0x564f47e8c4b8 - std::panicking::rust_panic_with_hook::h2b5517d590cab22e
[INFO] [stdout]                                at /rustc/82e1608dfa6e0b5569232559e3d385fea5a93112/library/std/src/panicking.rs:783:13
[INFO] [stdout]   15:     0x564f47e8c20e - std::panicking::begin_panic_handler::{{closure}}::h233112c06e0ef43e
[INFO] [stdout]                                at /rustc/82e1608dfa6e0b5569232559e3d385fea5a93112/library/std/src/panicking.rs:657:13
[INFO] [stdout]   16:     0x564f47e8a8c6 - std::sys_common::backtrace::__rust_end_short_backtrace::h6e893f24d7ebbff8
[INFO] [stdout]                                at /rustc/82e1608dfa6e0b5569232559e3d385fea5a93112/library/std/src/sys_common/backtrace.rs:170:18
[INFO] [stdout]   17:     0x564f47e8bf72 - rust_begin_unwind
[INFO] [stdout]                                at /rustc/82e1608dfa6e0b5569232559e3d385fea5a93112/library/std/src/panicking.rs:645:5
[INFO] [stdout]   18:     0x564f47daadd5 - core::panicking::panic_fmt::hbf0e066aabfa482c
[INFO] [stdout]                                at /rustc/82e1608dfa6e0b5569232559e3d385fea5a93112/library/core/src/panicking.rs:72:14
[INFO] [stdout]   19:     0x564f47dab363 - core::result::unwrap_failed::hddb4fea594200c52
[INFO] [stdout]                                at /rustc/82e1608dfa6e0b5569232559e3d385fea5a93112/library/core/src/result.rs:1653:5
[INFO] [stdout]   20:     0x564f47e3a6d1 - core::result::Result<T,E>::unwrap::hacbee8cb50b615db
[INFO] [stdout]                                at /rustc/82e1608dfa6e0b5569232559e3d385fea5a93112/library/core/src/result.rs:1077:23
[INFO] [stdout]   21:     0x564f47dd6bde - pyxirr::conversions::tests::get_locals::h359f11063d23e653
[INFO] [stdout]                                at /opt/rustwide/workdir/src/conversions.rs:297:9
[INFO] [stdout]   22:     0x564f47dd6c71 - pyxirr::conversions::tests::test_extract_from_numpy_datetime_array::test_extract_from_numpy_datetime_array::{{closure}}::h8bd3a5836fbc065f
[INFO] [stdout]                                at /opt/rustwide/workdir/src/conversions.rs:304:26
[INFO] [stdout]   23:     0x564f47dce174 - pyo3::marker::Python::with_gil::hb5ca5416b0406d87
[INFO] [stdout]                                at /opt/rustwide/cargo-home/registry/src/index.crates.io-6f17d22bba15001f/pyo3-0.20.0/src/marker.rs:434:9
[INFO] [stdout]   24:     0x564f47dd6c56 - pyxirr::conversions::tests::test_extract_from_numpy_datetime_array::test_extract_from_numpy_datetime_array::h64eede77df62b5f3
[INFO] [stdout]                                at /opt/rustwide/workdir/src/conversions.rs:303:9
[INFO] [stdout]   25:     0x564f47dd6c46 - pyxirr::conversions::tests::test_extract_from_numpy_datetime_array::he8b94ffb8291770d
[INFO] [stdout]                                at /opt/rustwide/workdir/src/conversions.rs:300:5
[INFO] [stdout]   26:     0x564f47dd6c27 - pyxirr::conversions::tests::test_extract_from_numpy_datetime_array::{{closure}}::h3d26e931d45f222e
[INFO] [stdout]                                at /opt/rustwide/workdir/src/conversions.rs:300:14
[INFO] [stdout]   27:     0x564f47dc4646 - core::ops::function::FnOnce::call_once::he42dbe330ef7cbe1
[INFO] [stdout]                                at /rustc/82e1608dfa6e0b5569232559e3d385fea5a93112/library/core/src/ops/function.rs:250:5
[INFO] [stdout]   28:     0x564f47e1c39f - core::ops::function::FnOnce::call_once::h2b5d431d5046312d
[INFO] [stdout]                                at /rustc/82e1608dfa6e0b5569232559e3d385fea5a93112/library/core/src/ops/function.rs:250:5
[INFO] [stdout]   29:     0x564f47e1c39f - test::__rust_begin_short_backtrace::h7714669af176e207
[INFO] [stdout]                                at /rustc/82e1608dfa6e0b5569232559e3d385fea5a93112/library/test/src/lib.rs:628:18
[INFO] [stdout]   30:     0x564f47e1b3b5 - test::run_test_in_process::{{closure}}::h85218797dcbcec12
[INFO] [stdout]                                at /rustc/82e1608dfa6e0b5569232559e3d385fea5a93112/library/test/src/lib.rs:651:60
[INFO] [stdout]   31:     0x564f47e1b3b5 - <core::panic::unwind_safe::AssertUnwindSafe<F> as core::ops::function::FnOnce<()>>::call_once::h76c106ea31c14d7b
[INFO] [stdout]                                at /rustc/82e1608dfa6e0b5569232559e3d385fea5a93112/library/core/src/panic/unwind_safe.rs:272:9
[INFO] [stdout]   32:     0x564f47e1b3b5 - std::panicking::try::do_call::h3bd5d0f6620ee946
[INFO] [stdout]                                at /rustc/82e1608dfa6e0b5569232559e3d385fea5a93112/library/std/src/panicking.rs:552:40
[INFO] [stdout]   33:     0x564f47e1b3b5 - std::panicking::try::h232e535e4744fe31
[INFO] [stdout]                                at /rustc/82e1608dfa6e0b5569232559e3d385fea5a93112/library/std/src/panicking.rs:516:19
[INFO] [stdout]   34:     0x564f47e1b3b5 - std::panic::catch_unwind::h3ce3bd6ca8dbac68
[INFO] [stdout]                                at /rustc/82e1608dfa6e0b5569232559e3d385fea5a93112/library/std/src/panic.rs:142:14
[INFO] [stdout]   35:     0x564f47e1b3b5 - test::run_test_in_process::hc97b257c9621286a
[INFO] [stdout]                                at /rustc/82e1608dfa6e0b5569232559e3d385fea5a93112/library/test/src/lib.rs:651:27
[INFO] [stdout]   36:     0x564f47e1b3b5 - test::run_test::{{closure}}::h2aa798823a438d38
[INFO] [stdout]                                at /rustc/82e1608dfa6e0b5569232559e3d385fea5a93112/library/test/src/lib.rs:574:43
[INFO] [stdout]   37:     0x564f47de3676 - test::run_test::{{closure}}::h87d231c78fb59832
[INFO] [stdout]                                at /rustc/82e1608dfa6e0b5569232559e3d385fea5a93112/library/test/src/lib.rs:602:41
[INFO] [stdout]   38:     0x564f47de3676 - std::sys_common::backtrace::__rust_begin_short_backtrace::he6df152596625789
[INFO] [stdout]                                at /rustc/82e1608dfa6e0b5569232559e3d385fea5a93112/library/std/src/sys_common/backtrace.rs:154:18
[INFO] [stdout]   39:     0x564f47de8727 - std::thread::Builder::spawn_unchecked_::{{closure}}::{{closure}}::ha94be15d1e0acf36
[INFO] [stdout]                                at /rustc/82e1608dfa6e0b5569232559e3d385fea5a93112/library/std/src/thread/mod.rs:529:17
[INFO] [stdout]   40:     0x564f47de8727 - <core::panic::unwind_safe::AssertUnwindSafe<F> as core::ops::function::FnOnce<()>>::call_once::h9dc6bd6372f16606
[INFO] [stdout]                                at /rustc/82e1608dfa6e0b5569232559e3d385fea5a93112/library/core/src/panic/unwind_safe.rs:272:9
[INFO] [stdout]   41:     0x564f47de8727 - std::panicking::try::do_call::h9057517f80303cd4
[INFO] [stdout]                                at /rustc/82e1608dfa6e0b5569232559e3d385fea5a93112/library/std/src/panicking.rs:552:40
[INFO] [stdout]   42:     0x564f47de8727 - std::panicking::try::he3a30b11ee45340c
[INFO] [stdout]                                at /rustc/82e1608dfa6e0b5569232559e3d385fea5a93112/library/std/src/panicking.rs:516:19
[INFO] [stdout]   43:     0x564f47de8727 - std::panic::catch_unwind::h410458cfd3528b8b
[INFO] [stdout]                                at /rustc/82e1608dfa6e0b5569232559e3d385fea5a93112/library/std/src/panic.rs:142:14
[INFO] [stdout]   44:     0x564f47de8727 - std::thread::Builder::spawn_unchecked_::{{closure}}::h72ac3bdb567b737b
[INFO] [stdout]                                at /rustc/82e1608dfa6e0b5569232559e3d385fea5a93112/library/std/src/thread/mod.rs:528:30
[INFO] [stdout]   45:     0x564f47de8727 - core::ops::function::FnOnce::call_once{{vtable.shim}}::h38f34da3654a8344
[INFO] [stdout]                                at /rustc/82e1608dfa6e0b5569232559e3d385fea5a93112/library/core/src/ops/function.rs:250:5
[INFO] [stdout]   46:     0x564f47e91025 - <alloc::boxed::Box<F,A> as core::ops::function::FnOnce<Args>>::call_once::hc7eafaff61e32df9
[INFO] [stdout]                                at /rustc/82e1608dfa6e0b5569232559e3d385fea5a93112/library/alloc/src/boxed.rs:2007:9
[INFO] [stdout]   47:     0x564f47e91025 - <alloc::boxed::Box<F,A> as core::ops::function::FnOnce<Args>>::call_once::h6ba4a5de48dd2304
[INFO] [stdout]                                at /rustc/82e1608dfa6e0b5569232559e3d385fea5a93112/library/alloc/src/boxed.rs:2007:9
[INFO] [stdout]   48:     0x564f47e91025 - std::sys::unix::thread::Thread::new::thread_start::he469335aef763e45
[INFO] [stdout]                                at /rustc/82e1608dfa6e0b5569232559e3d385fea5a93112/library/std/src/sys/unix/thread.rs:108:17
[INFO] [stdout]   49:     0x7f109a073ac3 - <unknown>
[INFO] [stdout]   50:     0x7f109a104bf4 - __clone
[INFO] [stdout]   51:                0x0 - <unknown>
[INFO] [stdout] 
[INFO] [stdout] ---- conversions::tests::test_extract_from_numpy_datetime stdout ----
[INFO] [stdout] thread 'conversions::tests::test_extract_from_numpy_datetime' panicked at src/conversions.rs:297:62:
[INFO] [stdout] called `Result::unwrap()` on an `Err` value: PyErr { type: <class 'ModuleNotFoundError'>, value: ModuleNotFoundError("No module named 'numpy'"), traceback: Some(<traceback object at 0x7f1093d73ec0>) }
[INFO] [stdout] stack backtrace:
[INFO] [stdout]    0:     0x564f47e8a3fc - std::backtrace_rs::backtrace::libunwind::trace::ha637c64ce894333a
[INFO] [stdout]                                at /rustc/82e1608dfa6e0b5569232559e3d385fea5a93112/library/std/src/../../backtrace/src/backtrace/libunwind.rs:104:5
[INFO] [stdout]    1:     0x564f47e8a3fc - std::backtrace_rs::backtrace::trace_unsynchronized::h47f62dea28e0c88d
[INFO] [stdout]                                at /rustc/82e1608dfa6e0b5569232559e3d385fea5a93112/library/std/src/../../backtrace/src/backtrace/mod.rs:66:5
[INFO] [stdout]    2:     0x564f47e8a3fc - std::sys_common::backtrace::_print_fmt::h9eef0abe20ede486
[INFO] [stdout]                                at /rustc/82e1608dfa6e0b5569232559e3d385fea5a93112/library/std/src/sys_common/backtrace.rs:67:5
[INFO] [stdout]    3:     0x564f47e8a3fc - <std::sys_common::backtrace::_print::DisplayBacktrace as core::fmt::Display>::fmt::hed7f999df88cc644
[INFO] [stdout]                                at /rustc/82e1608dfa6e0b5569232559e3d385fea5a93112/library/std/src/sys_common/backtrace.rs:44:22
[INFO] [stdout]    4:     0x564f47eb4540 - core::fmt::rt::Argument::fmt::h1539a9308b8d058d
[INFO] [stdout]                                at /rustc/82e1608dfa6e0b5569232559e3d385fea5a93112/library/core/src/fmt/rt.rs:142:9
[INFO] [stdout]    5:     0x564f47eb4540 - core::fmt::write::h3a39390d8560d9c9
[INFO] [stdout]                                at /rustc/82e1608dfa6e0b5569232559e3d385fea5a93112/library/core/src/fmt/mod.rs:1120:17
[INFO] [stdout]    6:     0x564f47e87d9f - std::io::Write::write_fmt::h040b369f3a0f9cbc
[INFO] [stdout]                                at /rustc/82e1608dfa6e0b5569232559e3d385fea5a93112/library/std/src/io/mod.rs:1762:15
[INFO] [stdout]    7:     0x564f47e8a1e4 - std::sys_common::backtrace::_print::h894006fb5c6f3d45
[INFO] [stdout]                                at /rustc/82e1608dfa6e0b5569232559e3d385fea5a93112/library/std/src/sys_common/backtrace.rs:47:5
[INFO] [stdout]    8:     0x564f47e8a1e4 - std::sys_common::backtrace::print::h23a2d212c6fff936
[INFO] [stdout]                                at /rustc/82e1608dfa6e0b5569232559e3d385fea5a93112/library/std/src/sys_common/backtrace.rs:34:9
[INFO] [stdout]    9:     0x564f47e8bea7 - std::panicking::default_hook::{{closure}}::h8a1d2ee00185001a
[INFO] [stdout]   10:     0x564f47e8bb93 - std::panicking::default_hook::h6038f2eba384e475
[INFO] [stdout]                                at /rustc/82e1608dfa6e0b5569232559e3d385fea5a93112/library/std/src/panicking.rs:289:9
[INFO] [stdout]   11:     0x564f47e16d47 - <alloc::boxed::Box<F,A> as core::ops::function::Fn<Args>>::call::h0ad024c9bdc6d768
[INFO] [stdout]                                at /rustc/82e1608dfa6e0b5569232559e3d385fea5a93112/library/alloc/src/boxed.rs:2021:9
[INFO] [stdout]   12:     0x564f47e16d47 - test::test_main::{{closure}}::h7500b54257359db6
[INFO] [stdout]                                at /rustc/82e1608dfa6e0b5569232559e3d385fea5a93112/library/test/src/lib.rs:138:21
[INFO] [stdout]   13:     0x564f47e8c4b8 - <alloc::boxed::Box<F,A> as core::ops::function::Fn<Args>>::call::h1f8f335eaa9cfaee
[INFO] [stdout]                                at /rustc/82e1608dfa6e0b5569232559e3d385fea5a93112/library/alloc/src/boxed.rs:2021:9
[INFO] [stdout]   14:     0x564f47e8c4b8 - std::panicking::rust_panic_with_hook::h2b5517d590cab22e
[INFO] [stdout]                                at /rustc/82e1608dfa6e0b5569232559e3d385fea5a93112/library/std/src/panicking.rs:783:13
[INFO] [stdout]   15:     0x564f47e8c20e - std::panicking::begin_panic_handler::{{closure}}::h233112c06e0ef43e
[INFO] [stdout]                                at /rustc/82e1608dfa6e0b5569232559e3d385fea5a93112/library/std/src/panicking.rs:657:13
[INFO] [stdout]   16:     0x564f47e8a8c6 - std::sys_common::backtrace::__rust_end_short_backtrace::h6e893f24d7ebbff8
[INFO] [stdout]                                at /rustc/82e1608dfa6e0b5569232559e3d385fea5a93112/library/std/src/sys_common/backtrace.rs:170:18
[INFO] [stdout]   17:     0x564f47e8bf72 - rust_begin_unwind
[INFO] [stdout]                                at /rustc/82e1608dfa6e0b5569232559e3d385fea5a93112/library/std/src/panicking.rs:645:5
[INFO] [stdout]   18:     0x564f47daadd5 - core::panicking::panic_fmt::hbf0e066aabfa482c
[INFO] [stdout]                                at /rustc/82e1608dfa6e0b5569232559e3d385fea5a93112/library/core/src/panicking.rs:72:14
[INFO] [stdout]   19:     0x564f47dab363 - core::result::unwrap_failed::hddb4fea594200c52
[INFO] [stdout]                                at /rustc/82e1608dfa6e0b5569232559e3d385fea5a93112/library/core/src/result.rs:1653:5
[INFO] [stdout]   20:     0x564f47e3a6d1 - core::result::Result<T,E>::unwrap::hacbee8cb50b615db
[INFO] [stdout]                                at /rustc/82e1608dfa6e0b5569232559e3d385fea5a93112/library/core/src/result.rs:1077:23
[INFO] [stdout]   21:     0x564f47dd6bde - pyxirr::conversions::tests::get_locals::h359f11063d23e653
[INFO] [stdout]                                at /opt/rustwide/workdir/src/conversions.rs:297:9
[INFO] [stdout]   22:     0x564f47dd6ec1 - pyxirr::conversions::tests::test_extract_from_numpy_datetime::test_extract_from_numpy_datetime::{{closure}}::h9d33641eccb4de50
[INFO] [stdout]                                at /opt/rustwide/workdir/src/conversions.rs:323:26
[INFO] [stdout]   23:     0x564f47dcdff4 - pyo3::marker::Python::with_gil::h2b84ef24721ae126
[INFO] [stdout]                                at /opt/rustwide/cargo-home/registry/src/index.crates.io-6f17d22bba15001f/pyo3-0.20.0/src/marker.rs:434:9
[INFO] [stdout]   24:     0x564f47dd6ea6 - pyxirr::conversions::tests::test_extract_from_numpy_datetime::test_extract_from_numpy_datetime::h3ab0ca39a7c99ba3
[INFO] [stdout]                                at /opt/rustwide/workdir/src/conversions.rs:322:9
[INFO] [stdout]   25:     0x564f47dd6e96 - pyxirr::conversions::tests::test_extract_from_numpy_datetime::hbece6ec325488dd5
[INFO] [stdout]                                at /opt/rustwide/workdir/src/conversions.rs:319:5
[INFO] [stdout]   26:     0x564f47dd6e77 - pyxirr::conversions::tests::test_extract_from_numpy_datetime::{{closure}}::hbd45f645699aa17f
[INFO] [stdout]                                at /opt/rustwide/workdir/src/conversions.rs:319:14
[INFO] [stdout]   27:     0x564f47dc41c6 - core::ops::function::FnOnce::call_once::h9dbe3704912993b0
[INFO] [stdout]                                at /rustc/82e1608dfa6e0b5569232559e3d385fea5a93112/library/core/src/ops/function.rs:250:5
[INFO] [stdout]   28:     0x564f47e1c39f - core::ops::function::FnOnce::call_once::h2b5d431d5046312d
[INFO] [stdout]                                at /rustc/82e1608dfa6e0b5569232559e3d385fea5a93112/library/core/src/ops/function.rs:250:5
[INFO] [stdout]   29:     0x564f47e1c39f - test::__rust_begin_short_backtrace::h7714669af176e207
[INFO] [stdout]                                at /rustc/82e1608dfa6e0b5569232559e3d385fea5a93112/library/test/src/lib.rs:628:18
[INFO] [stdout]   30:     0x564f47e1b3b5 - test::run_test_in_process::{{closure}}::h85218797dcbcec12
[INFO] [stdout]                                at /rustc/82e1608dfa6e0b5569232559e3d385fea5a93112/library/test/src/lib.rs:651:60
[INFO] [stdout]   31:     0x564f47e1b3b5 - <core::panic::unwind_safe::AssertUnwindSafe<F> as core::ops::function::FnOnce<()>>::call_once::h76c106ea31c14d7b
[INFO] [stdout]                                at /rustc/82e1608dfa6e0b5569232559e3d385fea5a93112/library/core/src/panic/unwind_safe.rs:272:9
[INFO] [stdout]   32:     0x564f47e1b3b5 - std::panicking::try::do_call::h3bd5d0f6620ee946
[INFO] [stdout]                                at /rustc/82e1608dfa6e0b5569232559e3d385fea5a93112/library/std/src/panicking.rs:552:40
[INFO] [stdout]   33:     0x564f47e1b3b5 - std::panicking::try::h232e535e4744fe31
[INFO] [stdout]                                at /rustc/82e1608dfa6e0b5569232559e3d385fea5a93112/library/std/src/panicking.rs:516:19
[INFO] [stdout]   34:     0x564f47e1b3b5 - std::panic::catch_unwind::h3ce3bd6ca8dbac68
[INFO] [stdout]                                at /rustc/82e1608dfa6e0b5569232559e3d385fea5a93112/library/std/src/panic.rs:142:14
[INFO] [stdout]   35:     0x564f47e1b3b5 - test::run_test_in_process::hc97b257c9621286a
[INFO] [stdout]                                at /rustc/82e1608dfa6e0b5569232559e3d385fea5a93112/library/test/src/lib.rs:651:27
[INFO] [stdout]   36:     0x564f47e1b3b5 - test::run_test::{{closure}}::h2aa798823a438d38
[INFO] [stdout]                                at /rustc/82e1608dfa6e0b5569232559e3d385fea5a93112/library/test/src/lib.rs:574:43
[INFO] [stdout]   37:     0x564f47de3676 - test::run_test::{{closure}}::h87d231c78fb59832
[INFO] [stdout]                                at /rustc/82e1608dfa6e0b5569232559e3d385fea5a93112/library/test/src/lib.rs:602:41
[INFO] [stdout]   38:     0x564f47de3676 - std::sys_common::backtrace::__rust_begin_short_backtrace::he6df152596625789
[INFO] [stdout]                                at /rustc/82e1608dfa6e0b5569232559e3d385fea5a93112/library/std/src/sys_common/backtrace.rs:154:18
[INFO] [stdout]   39:     0x564f47de8727 - std::thread::Builder::spawn_unchecked_::{{closure}}::{{closure}}::ha94be15d1e0acf36
[INFO] [stdout]                                at /rustc/82e1608dfa6e0b5569232559e3d385fea5a93112/library/std/src/thread/mod.rs:529:17
[INFO] [stdout]   40:     0x564f47de8727 - <core::panic::unwind_safe::AssertUnwindSafe<F> as core::ops::function::FnOnce<()>>::call_once::h9dc6bd6372f16606
[INFO] [stdout]                                at /rustc/82e1608dfa6e0b5569232559e3d385fea5a93112/library/core/src/panic/unwind_safe.rs:272:9
[INFO] [stdout]   41:     0x564f47de8727 - std::panicking::try::do_call::h9057517f80303cd4
[INFO] [stdout]                                at /rustc/82e1608dfa6e0b5569232559e3d385fea5a93112/library/std/src/panicking.rs:552:40
[INFO] [stdout]   42:     0x564f47de8727 - std::panicking::try::he3a30b11ee45340c
[INFO] [stdout]                                at /rustc/82e1608dfa6e0b5569232559e3d385fea5a93112/library/std/src/panicking.rs:516:19
[INFO] [stdout]   43:     0x564f47de8727 - std::panic::catch_unwind::h410458cfd3528b8b
[INFO] [stdout]                                at /rustc/82e1608dfa6e0b5569232559e3d385fea5a93112/library/std/src/panic.rs:142:14
[INFO] [stdout]   44:     0x564f47de8727 - std::thread::Builder::spawn_unchecked_::{{closure}}::h72ac3bdb567b737b
[INFO] [stdout]                                at /rustc/82e1608dfa6e0b5569232559e3d385fea5a93112/library/std/src/thread/mod.rs:528:30
[INFO] [stdout]   45:     0x564f47de8727 - core::ops::function::FnOnce::call_once{{vtable.shim}}::h38f34da3654a8344
[INFO] [stdout]                                at /rustc/82e1608dfa6e0b5569232559e3d385fea5a93112/library/core/src/ops/function.rs:250:5
[INFO] [stdout]   46:     0x564f47e91025 - <alloc::boxed::Box<F,A> as core::ops::function::FnOnce<Args>>::call_once::hc7eafaff61e32df9
[INFO] [stdout]                                at /rustc/82e1608dfa6e0b5569232559e3d385fea5a93112/library/alloc/src/boxed.rs:2007:9
[INFO] [stdout]   47:     0x564f47e91025 - <alloc::boxed::Box<F,A> as core::ops::function::FnOnce<Args>>::call_once::h6ba4a5de48dd2304
[INFO] [stdout]                                at /rustc/82e1608dfa6e0b5569232559e3d385fea5a93112/library/alloc/src/boxed.rs:2007:9
[INFO] [stdout]   48:     0x564f47e91025 - std::sys::unix::thread::Thread::new::thread_start::he469335aef763e45
[INFO] [stdout]                                at /rustc/82e1608dfa6e0b5569232559e3d385fea5a93112/library/std/src/sys/unix/thread.rs:108:17
[INFO] [stdout]   49:     0x7f109a073ac3 - <unknown>
[INFO] [stdout]   50:     0x7f109a104bf4 - __clone
[INFO] [stdout]   51:                0x0 - <unknown>
[INFO] [stdout] 
[INFO] [stdout] 
[INFO] [stdout] failures:
[INFO] [stdout]     conversions::tests::test_extract_from_numpy_datetime
[INFO] [stdout]     conversions::tests::test_extract_from_numpy_datetime_array
[INFO] [stdout] 
[INFO] [stdout] test result: FAILED. 66 passed; 2 failed; 0 ignored; 0 measured; 0 filtered out; finished in 0.29s
[INFO] [stdout] 
[INFO] [stderr] error: test failed, to rerun pass `--lib`
[INFO] running `Command { std: "docker" "inspect" "54e37821607b561353b4d97bbeef466130c494ea583e490ae9f8a3a2316d56f1", kill_on_drop: false }`
[INFO] running `Command { std: "docker" "rm" "-f" "54e37821607b561353b4d97bbeef466130c494ea583e490ae9f8a3a2316d56f1", kill_on_drop: false }`
[INFO] [stdout] 54e37821607b561353b4d97bbeef466130c494ea583e490ae9f8a3a2316d56f1
[INFO] testing Anexen/pyxirr against beta-2023-12-22 for beta-1.76-1
[INFO] running `Command { std: "git" "clone" "/workspace/cache/git-repos/https%3A%2F%2Fgithub.com%2FAnexen%2Fpyxirr" "/workspace/builds/worker-2-tc2/source", kill_on_drop: false }`
[INFO] [stderr] Cloning into '/workspace/builds/worker-2-tc2/source'...
[INFO] [stderr] done.
[INFO] validating manifest of git repo https://github.com/Anexen/pyxirr on toolchain beta-2023-12-22
[INFO] running `Command { std: CARGO_HOME="/workspace/cargo-home" RUSTUP_HOME="/workspace/rustup-home" "/workspace/cargo-home/bin/cargo" "+beta-2023-12-22" "metadata" "--manifest-path" "Cargo.toml" "--no-deps", kill_on_drop: false }`
[INFO] removed /workspace/builds/worker-2-tc2/source/.cargo/config
[INFO] started tweaking git repo https://github.com/Anexen/pyxirr
[INFO] finished tweaking git repo https://github.com/Anexen/pyxirr
[INFO] tweaked toml for git repo https://github.com/Anexen/pyxirr written to /workspace/builds/worker-2-tc2/source/Cargo.toml
[INFO] crate git repo https://github.com/Anexen/pyxirr already has a lockfile, it will not be regenerated
[INFO] running `Command { std: CARGO_HOME="/workspace/cargo-home" RUSTUP_HOME="/workspace/rustup-home" "/workspace/cargo-home/bin/cargo" "+beta-2023-12-22" "fetch" "--manifest-path" "Cargo.toml", kill_on_drop: false }`
[INFO] running `Command { std: "docker" "create" "-v" "/var/lib/crater-agent-workspace/builds/worker-2-tc2/target:/opt/rustwide/target:rw,Z" "-v" "/var/lib/crater-agent-workspace/builds/worker-2-tc2/source:/opt/rustwide/workdir:ro,Z" "-v" "/var/lib/crater-agent-workspace/cargo-home:/opt/rustwide/cargo-home:ro,Z" "-v" "/var/lib/crater-agent-workspace/rustup-home:/opt/rustwide/rustup-home:ro,Z" "-e" "SOURCE_DIR=/opt/rustwide/workdir" "-e" "CARGO_TARGET_DIR=/opt/rustwide/target" "-e" "CARGO_HOME=/opt/rustwide/cargo-home" "-e" "RUSTUP_HOME=/opt/rustwide/rustup-home" "-w" "/opt/rustwide/workdir" "-m" "1610612736" "--user" "0:0" "--network" "none" "ghcr.io/rust-lang/crates-build-env/linux@sha256:2788e3201cd34a07e3172128adcd8b3090168a8e3bcc40d7c032b9dda1df7d1c" "/opt/rustwide/cargo-home/bin/cargo" "+beta-2023-12-22" "metadata" "--no-deps" "--format-version=1", kill_on_drop: false }`
[INFO] [stdout] db8970367984a1aae2397bcc375a8b7a1042ebd4f79928c98d19623ecf6afe67
[INFO] running `Command { std: "docker" "start" "-a" "db8970367984a1aae2397bcc375a8b7a1042ebd4f79928c98d19623ecf6afe67", kill_on_drop: false }`
[INFO] running `Command { std: "docker" "inspect" "db8970367984a1aae2397bcc375a8b7a1042ebd4f79928c98d19623ecf6afe67", kill_on_drop: false }`
[INFO] running `Command { std: "docker" "rm" "-f" "db8970367984a1aae2397bcc375a8b7a1042ebd4f79928c98d19623ecf6afe67", kill_on_drop: false }`
[INFO] [stdout] db8970367984a1aae2397bcc375a8b7a1042ebd4f79928c98d19623ecf6afe67
[INFO] running `Command { std: "docker" "create" "-v" "/var/lib/crater-agent-workspace/builds/worker-2-tc2/target:/opt/rustwide/target:rw,Z" "-v" "/var/lib/crater-agent-workspace/builds/worker-2-tc2/source:/opt/rustwide/workdir:ro,Z" "-v" "/var/lib/crater-agent-workspace/cargo-home:/opt/rustwide/cargo-home:ro,Z" "-v" "/var/lib/crater-agent-workspace/rustup-home:/opt/rustwide/rustup-home:ro,Z" "-e" "SOURCE_DIR=/opt/rustwide/workdir" "-e" "CARGO_TARGET_DIR=/opt/rustwide/target" "-e" "CARGO_INCREMENTAL=0" "-e" "RUST_BACKTRACE=full" "-e" "RUSTFLAGS=--cap-lints=warn" "-e" "RUSTDOCFLAGS=--cap-lints=warn" "-e" "CARGO_HOME=/opt/rustwide/cargo-home" "-e" "RUSTUP_HOME=/opt/rustwide/rustup-home" "-w" "/opt/rustwide/workdir" "-m" "1610612736" "--user" "0:0" "--network" "none" "ghcr.io/rust-lang/crates-build-env/linux@sha256:2788e3201cd34a07e3172128adcd8b3090168a8e3bcc40d7c032b9dda1df7d1c" "/opt/rustwide/cargo-home/bin/cargo" "+beta-2023-12-22" "build" "--frozen" "--message-format=json", kill_on_drop: false }`
[INFO] [stdout] 41fdfc93c6179941fa1bea1b7faa9fff21c2fe00403da17d786ade2404b27326
[INFO] running `Command { std: "docker" "start" "-a" "41fdfc93c6179941fa1bea1b7faa9fff21c2fe00403da17d786ade2404b27326", kill_on_drop: false }`
[INFO] [stderr]    Compiling autocfg v1.1.0
[INFO] [stderr]    Compiling target-lexicon v0.12.4
[INFO] [stderr]    Compiling proc-macro2 v1.0.69
[INFO] [stderr]    Compiling libc v0.2.149
[INFO] [stderr]    Compiling once_cell v1.13.0
[INFO] [stderr]    Compiling unicode-ident v1.0.6
[INFO] [stderr]    Compiling parking_lot_core v0.9.3
[INFO] [stderr]    Compiling heck v0.4.1
[INFO] [stderr]    Compiling scopeguard v1.1.0
[INFO] [stderr]    Compiling smallvec v1.9.0
[INFO] [stderr]    Compiling cfg-if v1.0.0
[INFO] [stderr]    Compiling rawpointer v0.2.1
[INFO] [stderr]    Compiling unindent v0.2.3
[INFO] [stderr]    Compiling indoc v2.0.4
[INFO] [stderr]    Compiling num_threads v0.1.6
[INFO] [stderr]    Compiling time-macros v0.2.4
[INFO] [stderr]    Compiling rustc-hash v1.1.0
[INFO] [stderr]    Compiling matrixmultiply v0.3.2
[INFO] [stderr]    Compiling num-traits v0.2.15
[INFO] [stderr]    Compiling lock_api v0.4.7
[INFO] [stderr]    Compiling memoffset v0.9.0
[INFO] [stderr]    Compiling num-integer v0.1.45
[INFO] [stderr]    Compiling quote v1.0.33
[INFO] [stderr]    Compiling pyo3-build-config v0.20.0
[INFO] [stderr]    Compiling syn v2.0.38
[INFO] [stderr]    Compiling parking_lot v0.12.1
[INFO] [stderr]    Compiling num-complex v0.4.2
[INFO] [stderr]    Compiling time v0.3.11
[INFO] [stderr]    Compiling ndarray v0.15.4
[INFO] [stderr]    Compiling pyo3-ffi v0.20.0
[INFO] [stderr]    Compiling pyo3 v0.20.0
[INFO] [stderr]    Compiling pyo3-macros-backend v0.20.0
[INFO] [stderr]    Compiling pyo3-macros v0.20.0
[INFO] [stderr]    Compiling numpy v0.20.0
[INFO] [stderr]    Compiling pyxirr v0.10.1 (/opt/rustwide/workdir)
[INFO] [stderr]     Finished dev [unoptimized + debuginfo] target(s) in 10.49s
[INFO] running `Command { std: "docker" "inspect" "41fdfc93c6179941fa1bea1b7faa9fff21c2fe00403da17d786ade2404b27326", kill_on_drop: false }`
[INFO] running `Command { std: "docker" "rm" "-f" "41fdfc93c6179941fa1bea1b7faa9fff21c2fe00403da17d786ade2404b27326", kill_on_drop: false }`
[INFO] [stdout] 41fdfc93c6179941fa1bea1b7faa9fff21c2fe00403da17d786ade2404b27326
[INFO] running `Command { std: "docker" "create" "-v" "/var/lib/crater-agent-workspace/builds/worker-2-tc2/target:/opt/rustwide/target:rw,Z" "-v" "/var/lib/crater-agent-workspace/builds/worker-2-tc2/source:/opt/rustwide/workdir:ro,Z" "-v" "/var/lib/crater-agent-workspace/cargo-home:/opt/rustwide/cargo-home:ro,Z" "-v" "/var/lib/crater-agent-workspace/rustup-home:/opt/rustwide/rustup-home:ro,Z" "-e" "SOURCE_DIR=/opt/rustwide/workdir" "-e" "CARGO_TARGET_DIR=/opt/rustwide/target" "-e" "CARGO_INCREMENTAL=0" "-e" "RUST_BACKTRACE=full" "-e" "RUSTFLAGS=--cap-lints=warn" "-e" "RUSTDOCFLAGS=--cap-lints=warn" "-e" "CARGO_HOME=/opt/rustwide/cargo-home" "-e" "RUSTUP_HOME=/opt/rustwide/rustup-home" "-w" "/opt/rustwide/workdir" "-m" "1610612736" "--user" "0:0" "--network" "none" "ghcr.io/rust-lang/crates-build-env/linux@sha256:2788e3201cd34a07e3172128adcd8b3090168a8e3bcc40d7c032b9dda1df7d1c" "/opt/rustwide/cargo-home/bin/cargo" "+beta-2023-12-22" "test" "--frozen" "--no-run" "--message-format=json", kill_on_drop: false }`
[INFO] [stdout] 36b78ae86faa395825ba948fcd28677247493cd49f4a94ccd95fd900089fbfc6
[INFO] running `Command { std: "docker" "start" "-a" "36b78ae86faa395825ba948fcd28677247493cd49f4a94ccd95fd900089fbfc6", kill_on_drop: false }`
[INFO] [stderr]    Compiling proc-macro2 v1.0.69
[INFO] [stderr]    Compiling memchr v2.6.4
[INFO] [stderr]    Compiling futures-core v0.3.21
[INFO] [stderr]    Compiling semver v1.0.12
[INFO] [stderr]    Compiling syn v1.0.98
[INFO] [stderr]    Compiling slab v0.4.7
[INFO] [stderr]    Compiling futures-channel v0.3.21
[INFO] [stderr]    Compiling futures-task v0.3.21
[INFO] [stderr]    Compiling futures-sink v0.3.21
[INFO] [stderr]    Compiling futures-util v0.3.21
[INFO] [stderr]    Compiling regex-syntax v0.7.5
[INFO] [stderr]    Compiling pin-project-lite v0.2.9
[INFO] [stderr]    Compiling pin-utils v0.1.0
[INFO] [stderr]    Compiling futures-io v0.3.21
[INFO] [stderr]    Compiling pyo3 v0.20.0
[INFO] [stderr]    Compiling relative-path v1.9.0
[INFO] [stderr]    Compiling glob v0.3.1
[INFO] [stderr]    Compiling futures-timer v3.0.2
[INFO] [stderr]    Compiling assert_approx_eq v1.1.0
[INFO] [stderr]    Compiling rustc_version v0.4.0
[INFO] [stderr]    Compiling aho-corasick v1.1.2
[INFO] [stderr]    Compiling rstest_macros v0.18.2
[INFO] [stderr]    Compiling quote v1.0.33
[INFO] [stderr]    Compiling syn v2.0.38
[INFO] [stderr]    Compiling regex-automata v0.3.9
[INFO] [stderr]    Compiling futures-macro v0.3.21
[INFO] [stderr]    Compiling pyo3-macros-backend v0.20.0
[INFO] [stderr]    Compiling regex v1.9.6
[INFO] [stderr]    Compiling pyo3-macros v0.20.0
[INFO] [stderr]    Compiling futures-executor v0.3.21
[INFO] [stderr]    Compiling futures v0.3.21
[INFO] [stderr]    Compiling rstest v0.18.2
[INFO] [stderr]    Compiling numpy v0.20.0
[INFO] [stderr]    Compiling pyxirr v0.10.1 (/opt/rustwide/workdir)
[INFO] [stderr]     Finished test [unoptimized + debuginfo] target(s) in 13.49s
[INFO] running `Command { std: "docker" "inspect" "36b78ae86faa395825ba948fcd28677247493cd49f4a94ccd95fd900089fbfc6", kill_on_drop: false }`
[INFO] running `Command { std: "docker" "rm" "-f" "36b78ae86faa395825ba948fcd28677247493cd49f4a94ccd95fd900089fbfc6", kill_on_drop: false }`
[INFO] [stdout] 36b78ae86faa395825ba948fcd28677247493cd49f4a94ccd95fd900089fbfc6
[INFO] running `Command { std: "docker" "create" "-v" "/var/lib/crater-agent-workspace/builds/worker-2-tc2/target:/opt/rustwide/target:rw,Z" "-v" "/var/lib/crater-agent-workspace/builds/worker-2-tc2/source:/opt/rustwide/workdir:ro,Z" "-v" "/var/lib/crater-agent-workspace/cargo-home:/opt/rustwide/cargo-home:ro,Z" "-v" "/var/lib/crater-agent-workspace/rustup-home:/opt/rustwide/rustup-home:ro,Z" "-e" "SOURCE_DIR=/opt/rustwide/workdir" "-e" "CARGO_TARGET_DIR=/opt/rustwide/target" "-e" "CARGO_INCREMENTAL=0" "-e" "RUST_BACKTRACE=full" "-e" "RUSTFLAGS=--cap-lints=warn" "-e" "RUSTDOCFLAGS=--cap-lints=warn" "-e" "CARGO_HOME=/opt/rustwide/cargo-home" "-e" "RUSTUP_HOME=/opt/rustwide/rustup-home" "-w" "/opt/rustwide/workdir" "-m" "1610612736" "--user" "0:0" "--network" "none" "ghcr.io/rust-lang/crates-build-env/linux@sha256:2788e3201cd34a07e3172128adcd8b3090168a8e3bcc40d7c032b9dda1df7d1c" "/opt/rustwide/cargo-home/bin/cargo" "+beta-2023-12-22" "test" "--frozen", kill_on_drop: false }`
[INFO] [stdout] 223620135d0248f2864415e2de046e76c858e0516a00f553b745392adaf5dbb8
[INFO] running `Command { std: "docker" "start" "-a" "223620135d0248f2864415e2de046e76c858e0516a00f553b745392adaf5dbb8", kill_on_drop: false }`
[INFO] [stderr]     Finished test [unoptimized + debuginfo] target(s) in 0.04s
[INFO] [stderr]      Running unittests src/lib.rs (/opt/rustwide/target/debug/deps/pyxirr-3513d9b1ffaf314a)
[INFO] [stdout] 
[INFO] [stdout] running 68 tests
[INFO] [stdout] test broadcasting::tests::test_broadcast_shapes ... ok
[INFO] [stdout] test core::private_equity::tests::test_direct_alpha::case_1 ... ok
[INFO] [stdout] test core::private_equity::tests::test_direct_alpha::case_2 ... ok
[INFO] [stdout] test core::private_equity::tests::test_direct_alpha::case_3 ... ok
[INFO] [stdout] test core::private_equity::tests::test_direct_alpha::case_4 ... ok
[INFO] [stdout] test core::private_equity::tests::test_direct_alpha_2 ... ok
[INFO] [stdout] test core::private_equity::tests::test_direct_alpha::case_5 ... ok
[INFO] [stdout] test core::private_equity::tests::test_dpi ... ok
[INFO] [stdout] test core::private_equity::tests::test_irr::case_1 ... ok
[INFO] [stdout] test core::private_equity::tests::test_irr::case_2 ... ok
[INFO] [stdout] test core::private_equity::tests::test_ks_pme::case_2 ... ok
[INFO] [stdout] test core::private_equity::tests::test_ks_pme::case_1 ... ok
[INFO] [stdout] test core::private_equity::tests::test_ln_pme::case_1 ... ok
[INFO] [stdout] test core::private_equity::tests::test_ln_pme_nav::case_1 ... ok
[INFO] [stdout] test core::private_equity::tests::test_ln_pme_nav::case_2 ... ok
[INFO] [stdout] test core::private_equity::tests::test_mirr ... ok
[INFO] [stdout] test core::private_equity::tests::test_pme_plus::case_2 ... ok
[INFO] [stdout] test core::private_equity::tests::test_ln_pme::case_2 ... ok
[INFO] [stdout] test core::private_equity::tests::test_pme_plus_lambda::case_3 ... ok
[INFO] [stdout] test core::private_equity::tests::test_rvpi ... ok
[INFO] [stdout] test core::private_equity::tests::test_tvpi::case_1 ... ok
[INFO] [stdout] test core::private_equity::tests::test_mpme::case_1 ... ok
[INFO] [stdout] test core::private_equity::tests::test_tvpi::case_2 ... ok
[INFO] [stdout] test core::private_equity::tests::test_pme_plus::case_1 ... ok
[INFO] [stdout] test core::scheduled::day_count::tests::test_example_1::case_1 ... ok
[INFO] [stdout] test core::scheduled::day_count::tests::test_example_1::case_2 ... ok
[INFO] [stdout] test core::private_equity::tests::test_pme_plus_lambda::case_1 ... ok
[INFO] [stdout] test core::private_equity::tests::test_pme_plus_lambda::case_2 ... ok
[INFO] [stdout] test core::scheduled::day_count::tests::test_example_1::case_3 ... ok
[INFO] [stdout] test core::scheduled::day_count::tests::test_example_1::case_4 ... ok
[INFO] [stdout] test core::scheduled::day_count::tests::test_example_1::case_5 ... ok
[INFO] [stdout] test core::scheduled::day_count::tests::test_example_1::case_6 ... ok
[INFO] [stdout] test core::scheduled::day_count::tests::test_example_1::case_8 ... ok
[INFO] [stdout] test core::scheduled::day_count::tests::test_example_1::case_7 ... ok
[INFO] [stdout] test core::scheduled::day_count::tests::test_example_1::case_9 ... ok
[INFO] [stdout] test core::scheduled::day_count::tests::test_example_2::case_1 ... ok
[INFO] [stdout] test core::scheduled::day_count::tests::test_example_2::case_3 ... ok
[INFO] [stdout] test core::scheduled::day_count::tests::test_example_2::case_2 ... ok
[INFO] [stdout] test core::scheduled::day_count::tests::test_example_2::case_5 ... ok
[INFO] [stdout] test core::scheduled::day_count::tests::test_example_2::case_8 ... ok
[INFO] [stdout] test core::scheduled::day_count::tests::test_example_2::case_9 ... ok
[INFO] [stdout] test core::scheduled::day_count::tests::test_example_2::case_7 ... ok
[INFO] [stdout] test core::scheduled::day_count::tests::test_example_3::case_1 ... ok
[INFO] [stdout] test core::scheduled::day_count::tests::test_example_3::case_2 ... ok
[INFO] [stdout] test core::scheduled::day_count::tests::test_example_2::case_6 ... ok
[INFO] [stdout] test core::scheduled::day_count::tests::test_example_3::case_3 ... ok
[INFO] [stdout] test core::scheduled::day_count::tests::test_example_3::case_4 ... ok
[INFO] [stdout] test core::scheduled::day_count::tests::test_example_2::case_4 ... ok
[INFO] [stdout] test core::scheduled::day_count::tests::test_example_3::case_7 ... ok
[INFO] [stdout] test core::scheduled::day_count::tests::test_example_3::case_5 ... ok
[INFO] [stdout] test core::scheduled::day_count::tests::test_example_3::case_8 ... ok
[INFO] [stdout] test core::scheduled::day_count::tests::test_example_3::case_9 ... ok
[INFO] [stdout] test core::scheduled::day_count::tests::test_example_4::case_1 ... ok
[INFO] [stdout] test core::scheduled::day_count::tests::test_example_4::case_4 ... ok
[INFO] [stdout] test core::scheduled::day_count::tests::test_example_4::case_5 ... ok
[INFO] [stdout] test core::scheduled::day_count::tests::test_example_4::case_6 ... ok
[INFO] [stdout] test core::scheduled::day_count::tests::test_example_4::case_7 ... ok
[INFO] [stdout] test core::scheduled::day_count::tests::test_example_4::case_8 ... ok
[INFO] [stdout] test core::scheduled::day_count::tests::test_example_4::case_9 ... ok
[INFO] [stdout] test core::scheduled::day_count::tests::test_example_4::case_3 ... ok
[INFO] [stdout] test core::scheduled::day_count::tests::test_example_3::case_6 ... ok
[INFO] [stdout] test core::scheduled::day_count::tests::test_example_4::case_2 ... ok
[INFO] [stdout] test core::scheduled::xirr::tests::test_sign_changes ... ok
[INFO] [stdout] test core::scheduled::xirr::tests::test_zero_crossing_points ... ok
[INFO] [stdout] test core::scheduled::day_count::tests::test_from_xleratordb ... ok
[INFO] [stdout] test broadcasting::tests::test_flatten_pyiter ... ok
[INFO] [stdout] test conversions::tests::test_extract_from_numpy_datetime ... FAILED
[INFO] [stdout] test conversions::tests::test_extract_from_numpy_datetime_array ... FAILED
[INFO] [stdout] 
[INFO] [stdout] failures:
[INFO] [stdout] 
[INFO] [stdout] ---- conversions::tests::test_extract_from_numpy_datetime stdout ----
[INFO] [stdout] thread 'conversions::tests::test_extract_from_numpy_datetime' panicked at src/conversions.rs:297:62:
[INFO] [stdout] called `Result::unwrap()` on an `Err` value: PyErr { type: <class 'ModuleNotFoundError'>, value: ModuleNotFoundError("No module named 'numpy'"), traceback: Some(<traceback object at 0x7f48d975ff80>) }
[INFO] [stdout] stack backtrace:
[INFO] [stdout]    0:     0x561852b7bca6 - std::backtrace_rs::backtrace::libunwind::trace::h261606ad26a499c1
[INFO] [stdout]                                at /rustc/0e09125c6c3c2fd70d7de961bcf0e51575235fad/library/std/src/../../backtrace/src/backtrace/libunwind.rs:104:5
[INFO] [stdout]    1:     0x561852b7bca6 - std::backtrace_rs::backtrace::trace_unsynchronized::hd183f0625477fb28
[INFO] [stdout]                                at /rustc/0e09125c6c3c2fd70d7de961bcf0e51575235fad/library/std/src/../../backtrace/src/backtrace/mod.rs:66:5
[INFO] [stdout]    2:     0x561852b7bca6 - std::sys_common::backtrace::_print_fmt::hd7f8fef21b4eda67
[INFO] [stdout]                                at /rustc/0e09125c6c3c2fd70d7de961bcf0e51575235fad/library/std/src/sys_common/backtrace.rs:68:5
[INFO] [stdout]    3:     0x561852b7bca6 - <std::sys_common::backtrace::_print::DisplayBacktrace as core::fmt::Display>::fmt::h623d9b51f2f453f1
[INFO] [stdout]                                at /rustc/0e09125c6c3c2fd70d7de961bcf0e51575235fad/library/std/src/sys_common/backtrace.rs:44:22
[INFO] [stdout]    4:     0x561852ba50f0 - core::fmt::rt::Argument::fmt::h9f417ac76a86f368
[INFO] [stdout]                                at /rustc/0e09125c6c3c2fd70d7de961bcf0e51575235fad/library/core/src/fmt/rt.rs:142:9
[INFO] [stdout]    5:     0x561852ba50f0 - core::fmt::write::hc9b6faf4ac2aeff7
[INFO] [stdout]                                at /rustc/0e09125c6c3c2fd70d7de961bcf0e51575235fad/library/core/src/fmt/mod.rs:1120:17
[INFO] [stdout]    6:     0x561852b796ff - std::io::Write::write_fmt::he04625a3a989fec3
[INFO] [stdout]                                at /rustc/0e09125c6c3c2fd70d7de961bcf0e51575235fad/library/std/src/io/mod.rs:1810:15
[INFO] [stdout]    7:     0x561852b7ba84 - std::sys_common::backtrace::_print::hd5d66399c7df88a2
[INFO] [stdout]                                at /rustc/0e09125c6c3c2fd70d7de961bcf0e51575235fad/library/std/src/sys_common/backtrace.rs:47:5
[INFO] [stdout]    8:     0x561852b7ba84 - std::sys_common::backtrace::print::he81ed2da642d37e5
[INFO] [stdout]                                at /rustc/0e09125c6c3c2fd70d7de961bcf0e51575235fad/library/std/src/sys_common/backtrace.rs:34:9
[INFO] [stdout]    9:     0x561852b7d7f7 - std::panicking::default_hook::{{closure}}::h85773f4fa117163d
[INFO] [stdout]   10:     0x561852b7d4dd - std::panicking::default_hook::h6a1694a91d09b278
[INFO] [stdout]                                at /rustc/0e09125c6c3c2fd70d7de961bcf0e51575235fad/library/std/src/panicking.rs:289:9
[INFO] [stdout]   11:     0x561852b08ae7 - <alloc::boxed::Box<F,A> as core::ops::function::Fn<Args>>::call::h616ac37fa3cd6c8f
[INFO] [stdout]                                at /rustc/0e09125c6c3c2fd70d7de961bcf0e51575235fad/library/alloc/src/boxed.rs:2029:9
[INFO] [stdout]   12:     0x561852b08ae7 - test::test_main::{{closure}}::h00d84697cefdcbb6
[INFO] [stdout]                                at /rustc/0e09125c6c3c2fd70d7de961bcf0e51575235fad/library/test/src/lib.rs:138:21
[INFO] [stdout]   13:     0x561852b7de16 - <alloc::boxed::Box<F,A> as core::ops::function::Fn<Args>>::call::hcb3fe3b9bb537ba8
[INFO] [stdout]                                at /rustc/0e09125c6c3c2fd70d7de961bcf0e51575235fad/library/alloc/src/boxed.rs:2029:9
[INFO] [stdout]   14:     0x561852b7de16 - std::panicking::rust_panic_with_hook::h0a7ad96e90f7145b
[INFO] [stdout]                                at /rustc/0e09125c6c3c2fd70d7de961bcf0e51575235fad/library/std/src/panicking.rs:783:13
[INFO] [stdout]   15:     0x561852b7db62 - std::panicking::begin_panic_handler::{{closure}}::h7919090525c6485e
[INFO] [stdout]                                at /rustc/0e09125c6c3c2fd70d7de961bcf0e51575235fad/library/std/src/panicking.rs:657:13
[INFO] [stdout]   16:     0x561852b7c1a6 - std::sys_common::backtrace::__rust_end_short_backtrace::hf3289479464f7dfe
[INFO] [stdout]                                at /rustc/0e09125c6c3c2fd70d7de961bcf0e51575235fad/library/std/src/sys_common/backtrace.rs:171:18
[INFO] [stdout]   17:     0x561852b7d8c0 - rust_begin_unwind
[INFO] [stdout]                                at /rustc/0e09125c6c3c2fd70d7de961bcf0e51575235fad/library/std/src/panicking.rs:645:5
[INFO] [stdout]   18:     0x561852a9bdb5 - core::panicking::panic_fmt::hcc9f77c5c132af55
[INFO] [stdout]                                at /rustc/0e09125c6c3c2fd70d7de961bcf0e51575235fad/library/core/src/panicking.rs:72:14
[INFO] [stdout]   19:     0x561852a9c353 - core::result::unwrap_failed::hbe14f498be1452f9
[INFO] [stdout]                                at /rustc/0e09125c6c3c2fd70d7de961bcf0e51575235fad/library/core/src/result.rs:1649:5
[INFO] [stdout]   20:     0x561852b2bc11 - core::result::Result<T,E>::unwrap::h11bfab43395f5a13
[INFO] [stdout]                                at /rustc/0e09125c6c3c2fd70d7de961bcf0e51575235fad/library/core/src/result.rs:1073:23
[INFO] [stdout]   21:     0x561852abcbbe - pyxirr::conversions::tests::get_locals::h332afaaeb67f625d
[INFO] [stdout]                                at /opt/rustwide/workdir/src/conversions.rs:297:9
[INFO] [stdout]   22:     0x561852abcea1 - pyxirr::conversions::tests::test_extract_from_numpy_datetime::test_extract_from_numpy_datetime::{{closure}}::hff300e295b06aaac
[INFO] [stdout]                                at /opt/rustwide/workdir/src/conversions.rs:323:26
[INFO] [stdout]   23:     0x561852aad624 - pyo3::marker::Python::with_gil::h8e1ceb872b928edf
[INFO] [stdout]                                at /opt/rustwide/cargo-home/registry/src/index.crates.io-6f17d22bba15001f/pyo3-0.20.0/src/marker.rs:434:9
[INFO] [stdout]   24:     0x561852abce86 - pyxirr::conversions::tests::test_extract_from_numpy_datetime::test_extract_from_numpy_datetime::h31e1d268e4a4e1db
[INFO] [stdout]                                at /opt/rustwide/workdir/src/conversions.rs:322:9
[INFO] [stdout]   25:     0x561852abce76 - pyxirr::conversions::tests::test_extract_from_numpy_datetime::hb83c9ecdb980cea2
[INFO] [stdout]                                at /opt/rustwide/workdir/src/conversions.rs:319:5
[INFO] [stdout]   26:     0x561852abce57 - pyxirr::conversions::tests::test_extract_from_numpy_datetime::{{closure}}::ha50e301afc5453fc
[INFO] [stdout]                                at /opt/rustwide/workdir/src/conversions.rs:319:14
[INFO] [stdout]   27:     0x561852abd4b6 - core::ops::function::FnOnce::call_once::h243be98a5ad8a9ac
[INFO] [stdout]                                at /rustc/0e09125c6c3c2fd70d7de961bcf0e51575235fad/library/core/src/ops/function.rs:250:5
[INFO] [stdout]   28:     0x561852b0e3bf - core::ops::function::FnOnce::call_once::hd64d26f405258157
[INFO] [stdout]                                at /rustc/0e09125c6c3c2fd70d7de961bcf0e51575235fad/library/core/src/ops/function.rs:250:5
[INFO] [stdout]   29:     0x561852b0e3bf - test::__rust_begin_short_backtrace::he21b0b7a6d731bf9
[INFO] [stdout]                                at /rustc/0e09125c6c3c2fd70d7de961bcf0e51575235fad/library/test/src/lib.rs:627:18
[INFO] [stdout]   30:     0x561852b0d141 - test::run_test_in_process::{{closure}}::hf5c73986d7bdfde2
[INFO] [stdout]                                at /rustc/0e09125c6c3c2fd70d7de961bcf0e51575235fad/library/test/src/lib.rs:650:60
[INFO] [stdout]   31:     0x561852b0d141 - <core::panic::unwind_safe::AssertUnwindSafe<F> as core::ops::function::FnOnce<()>>::call_once::h330011ad032aadc0
[INFO] [stdout]                                at /rustc/0e09125c6c3c2fd70d7de961bcf0e51575235fad/library/core/src/panic/unwind_safe.rs:272:9
[INFO] [stdout]   32:     0x561852b0d141 - std::panicking::try::do_call::he61b0a958b795a41
[INFO] [stdout]                                at /rustc/0e09125c6c3c2fd70d7de961bcf0e51575235fad/library/std/src/panicking.rs:552:40
[INFO] [stdout]   33:     0x561852b0d141 - std::panicking::try::h7309da130f906eb7
[INFO] [stdout]                                at /rustc/0e09125c6c3c2fd70d7de961bcf0e51575235fad/library/std/src/panicking.rs:516:19
[INFO] [stdout]   34:     0x561852b0d141 - std::panic::catch_unwind::hc5c3a06fdaf0a92a
[INFO] [stdout]                                at /rustc/0e09125c6c3c2fd70d7de961bcf0e51575235fad/library/std/src/panic.rs:142:14
[INFO] [stdout]   35:     0x561852b0d141 - test::run_test_in_process::h7e7b7c71c3324e0f
[INFO] [stdout]                                at /rustc/0e09125c6c3c2fd70d7de961bcf0e51575235fad/library/test/src/lib.rs:650:27
[INFO] [stdout]   36:     0x561852b0d141 - test::run_test::{{closure}}::h1f509f28f5cf20b1
[INFO] [stdout]                                at /rustc/0e09125c6c3c2fd70d7de961bcf0e51575235fad/library/test/src/lib.rs:573:43
[INFO] [stdout]   37:     0x561852ad4476 - test::run_test::{{closure}}::h1754218abf443f6d
[INFO] [stdout]                                at /rustc/0e09125c6c3c2fd70d7de961bcf0e51575235fad/library/test/src/lib.rs:601:41
[INFO] [stdout]   38:     0x561852ad4476 - std::sys_common::backtrace::__rust_begin_short_backtrace::h2ee174b9d5954948
[INFO] [stdout]                                at /rustc/0e09125c6c3c2fd70d7de961bcf0e51575235fad/library/std/src/sys_common/backtrace.rs:155:18
[INFO] [stdout]   39:     0x561852ad94d7 - std::thread::Builder::spawn_unchecked_::{{closure}}::{{closure}}::hf60bee9c1a17ef09
[INFO] [stdout]                                at /rustc/0e09125c6c3c2fd70d7de961bcf0e51575235fad/library/std/src/thread/mod.rs:529:17
[INFO] [stdout]   40:     0x561852ad94d7 - <core::panic::unwind_safe::AssertUnwindSafe<F> as core::ops::function::FnOnce<()>>::call_once::h33d0dddec5216160
[INFO] [stdout]                                at /rustc/0e09125c6c3c2fd70d7de961bcf0e51575235fad/library/core/src/panic/unwind_safe.rs:272:9
[INFO] [stdout]   41:     0x561852ad94d7 - std::panicking::try::do_call::h144b3048b546f835
[INFO] [stdout]                                at /rustc/0e09125c6c3c2fd70d7de961bcf0e51575235fad/library/std/src/panicking.rs:552:40
[INFO] [stdout]   42:     0x561852ad94d7 - std::panicking::try::h978244d04646189f
[INFO] [stdout]                                at /rustc/0e09125c6c3c2fd70d7de961bcf0e51575235fad/library/std/src/panicking.rs:516:19
[INFO] [stdout]   43:     0x561852ad94d7 - std::panic::catch_unwind::hdf436369d188fe86
[INFO] [stdout]                                at /rustc/0e09125c6c3c2fd70d7de961bcf0e51575235fad/library/std/src/panic.rs:142:14
[INFO] [stdout]   44:     0x561852ad94d7 - std::thread::Builder::spawn_unchecked_::{{closure}}::h87329cbdd33c79ec
[INFO] [stdout]                                at /rustc/0e09125c6c3c2fd70d7de961bcf0e51575235fad/library/std/src/thread/mod.rs:528:30
[INFO] [stdout]   45:     0x561852ad94d7 - core::ops::function::FnOnce::call_once{{vtable.shim}}::h401abbe67897d450
[INFO] [stdout]                                at /rustc/0e09125c6c3c2fd70d7de961bcf0e51575235fad/library/core/src/ops/function.rs:250:5
[INFO] [stdout]   46:     0x561852b829a5 - <alloc::boxed::Box<F,A> as core::ops::function::FnOnce<Args>>::call_once::h5d7c8f150ab9c84c
[INFO] [stdout]                                at /rustc/0e09125c6c3c2fd70d7de961bcf0e51575235fad/library/alloc/src/boxed.rs:2015:9
[INFO] [stdout]   47:     0x561852b829a5 - <alloc::boxed::Box<F,A> as core::ops::function::FnOnce<Args>>::call_once::h570d5b005c242c15
[INFO] [stdout]                                at /rustc/0e09125c6c3c2fd70d7de961bcf0e51575235fad/library/alloc/src/boxed.rs:2015:9
[INFO] [stdout]   48:     0x561852b829a5 - std::sys::unix::thread::Thread::new::thread_start::h36b0a20c0b2361ad
[INFO] [stdout]                                at /rustc/0e09125c6c3c2fd70d7de961bcf0e51575235fad/library/std/src/sys/unix/thread.rs:108:17
[INFO] [stdout]   49:     0x7f48db844ac3 - <unknown>
[INFO] [stdout]   50:     0x7f48db8d5bf4 - __clone
[INFO] [stdout]   51:                0x0 - <unknown>
[INFO] [stdout] 
[INFO] [stdout] ---- conversions::tests::test_extract_from_numpy_datetime_array stdout ----
[INFO] [stdout] thread 'conversions::tests::test_extract_from_numpy_datetime_array' panicked at src/conversions.rs:297:62:
[INFO] [stdout] called `Result::unwrap()` on an `Err` value: PyErr { type: <class 'ModuleNotFoundError'>, value: ModuleNotFoundError("No module named 'numpy'"), traceback: Some(<traceback object at 0x7f48d975ff80>) }
[INFO] [stdout] stack backtrace:
[INFO] [stdout]    0:     0x561852b7bca6 - std::backtrace_rs::backtrace::libunwind::trace::h261606ad26a499c1
[INFO] [stdout]                                at /rustc/0e09125c6c3c2fd70d7de961bcf0e51575235fad/library/std/src/../../backtrace/src/backtrace/libunwind.rs:104:5
[INFO] [stdout]    1:     0x561852b7bca6 - std::backtrace_rs::backtrace::trace_unsynchronized::hd183f0625477fb28
[INFO] [stdout]                                at /rustc/0e09125c6c3c2fd70d7de961bcf0e51575235fad/library/std/src/../../backtrace/src/backtrace/mod.rs:66:5
[INFO] [stdout]    2:     0x561852b7bca6 - std::sys_common::backtrace::_print_fmt::hd7f8fef21b4eda67
[INFO] [stdout]                                at /rustc/0e09125c6c3c2fd70d7de961bcf0e51575235fad/library/std/src/sys_common/backtrace.rs:68:5
[INFO] [stdout]    3:     0x561852b7bca6 - <std::sys_common::backtrace::_print::DisplayBacktrace as core::fmt::Display>::fmt::h623d9b51f2f453f1
[INFO] [stdout]                                at /rustc/0e09125c6c3c2fd70d7de961bcf0e51575235fad/library/std/src/sys_common/backtrace.rs:44:22
[INFO] [stdout]    4:     0x561852ba50f0 - core::fmt::rt::Argument::fmt::h9f417ac76a86f368
[INFO] [stdout]                                at /rustc/0e09125c6c3c2fd70d7de961bcf0e51575235fad/library/core/src/fmt/rt.rs:142:9
[INFO] [stdout]    5:     0x561852ba50f0 - core::fmt::write::hc9b6faf4ac2aeff7
[INFO] [stdout]                                at /rustc/0e09125c6c3c2fd70d7de961bcf0e51575235fad/library/core/src/fmt/mod.rs:1120:17
[INFO] [stdout]    6:     0x561852b796ff - std::io::Write::write_fmt::he04625a3a989fec3
[INFO] [stdout]                                at /rustc/0e09125c6c3c2fd70d7de961bcf0e51575235fad/library/std/src/io/mod.rs:1810:15
[INFO] [stdout]    7:     0x561852b7ba84 - std::sys_common::backtrace::_print::hd5d66399c7df88a2
[INFO] [stdout]                                at /rustc/0e09125c6c3c2fd70d7de961bcf0e51575235fad/library/std/src/sys_common/backtrace.rs:47:5
[INFO] [stdout]    8:     0x561852b7ba84 - std::sys_common::backtrace::print::he81ed2da642d37e5
[INFO] [stdout]                                at /rustc/0e09125c6c3c2fd70d7de961bcf0e51575235fad/library/std/src/sys_common/backtrace.rs:34:9
[INFO] [stdout]    9:     0x561852b7d7f7 - std::panicking::default_hook::{{closure}}::h85773f4fa117163d
[INFO] [stdout]   10:     0x561852b7d4dd - std::panicking::default_hook::h6a1694a91d09b278
[INFO] [stdout]                                at /rustc/0e09125c6c3c2fd70d7de961bcf0e51575235fad/library/std/src/panicking.rs:289:9
[INFO] [stdout]   11:     0x561852b08ae7 - <alloc::boxed::Box<F,A> as core::ops::function::Fn<Args>>::call::h616ac37fa3cd6c8f
[INFO] [stdout]                                at /rustc/0e09125c6c3c2fd70d7de961bcf0e51575235fad/library/alloc/src/boxed.rs:2029:9
[INFO] [stdout]   12:     0x561852b08ae7 - test::test_main::{{closure}}::h00d84697cefdcbb6
[INFO] [stdout]                                at /rustc/0e09125c6c3c2fd70d7de961bcf0e51575235fad/library/test/src/lib.rs:138:21
[INFO] [stdout]   13:     0x561852b7de16 - <alloc::boxed::Box<F,A> as core::ops::function::Fn<Args>>::call::hcb3fe3b9bb537ba8
[INFO] [stdout]                                at /rustc/0e09125c6c3c2fd70d7de961bcf0e51575235fad/library/alloc/src/boxed.rs:2029:9
[INFO] [stdout]   14:     0x561852b7de16 - std::panicking::rust_panic_with_hook::h0a7ad96e90f7145b
[INFO] [stdout]                                at /rustc/0e09125c6c3c2fd70d7de961bcf0e51575235fad/library/std/src/panicking.rs:783:13
[INFO] [stdout]   15:     0x561852b7db62 - std::panicking::begin_panic_handler::{{closure}}::h7919090525c6485e
[INFO] [stdout]                                at /rustc/0e09125c6c3c2fd70d7de961bcf0e51575235fad/library/std/src/panicking.rs:657:13
[INFO] [stdout]   16:     0x561852b7c1a6 - std::sys_common::backtrace::__rust_end_short_backtrace::hf3289479464f7dfe
[INFO] [stdout]                                at /rustc/0e09125c6c3c2fd70d7de961bcf0e51575235fad/library/std/src/sys_common/backtrace.rs:171:18
[INFO] [stdout]   17:     0x561852b7d8c0 - rust_begin_unwind
[INFO] [stdout]                                at /rustc/0e09125c6c3c2fd70d7de961bcf0e51575235fad/library/std/src/panicking.rs:645:5
[INFO] [stdout]   18:     0x561852a9bdb5 - core::panicking::panic_fmt::hcc9f77c5c132af55
[INFO] [stdout]                                at /rustc/0e09125c6c3c2fd70d7de961bcf0e51575235fad/library/core/src/panicking.rs:72:14
[INFO] [stdout]   19:     0x561852a9c353 - core::result::unwrap_failed::hbe14f498be1452f9
[INFO] [stdout]                                at /rustc/0e09125c6c3c2fd70d7de961bcf0e51575235fad/library/core/src/result.rs:1649:5
[INFO] [stdout]   20:     0x561852b2bc11 - core::result::Result<T,E>::unwrap::h11bfab43395f5a13
[INFO] [stdout]                                at /rustc/0e09125c6c3c2fd70d7de961bcf0e51575235fad/library/core/src/result.rs:1073:23
[INFO] [stdout]   21:     0x561852abcbbe - pyxirr::conversions::tests::get_locals::h332afaaeb67f625d
[INFO] [stdout]                                at /opt/rustwide/workdir/src/conversions.rs:297:9
[INFO] [stdout]   22:     0x561852abcc51 - pyxirr::conversions::tests::test_extract_from_numpy_datetime_array::test_extract_from_numpy_datetime_array::{{closure}}::hb64bce0394184a1b
[INFO] [stdout]                                at /opt/rustwide/workdir/src/conversions.rs:304:26
[INFO] [stdout]   23:     0x561852aad6e4 - pyo3::marker::Python::with_gil::hea33e3d71bab10a3
[INFO] [stdout]                                at /opt/rustwide/cargo-home/registry/src/index.crates.io-6f17d22bba15001f/pyo3-0.20.0/src/marker.rs:434:9
[INFO] [stdout]   24:     0x561852abcc36 - pyxirr::conversions::tests::test_extract_from_numpy_datetime_array::test_extract_from_numpy_datetime_array::h9498019f32f51425
[INFO] [stdout]                                at /opt/rustwide/workdir/src/conversions.rs:303:9
[INFO] [stdout]   25:     0x561852abcc26 - pyxirr::conversions::tests::test_extract_from_numpy_datetime_array::h92e39df0e588c7d9
[INFO] [stdout]                                at /opt/rustwide/workdir/src/conversions.rs:300:5
[INFO] [stdout]   26:     0x561852abcc07 - pyxirr::conversions::tests::test_extract_from_numpy_datetime_array::{{closure}}::h945a468b8cd21de8
[INFO] [stdout]                                at /opt/rustwide/workdir/src/conversions.rs:300:14
[INFO] [stdout]   27:     0x561852abd9a6 - core::ops::function::FnOnce::call_once::h6f3cea731e9acf51
[INFO] [stdout]                                at /rustc/0e09125c6c3c2fd70d7de961bcf0e51575235fad/library/core/src/ops/function.rs:250:5
[INFO] [stdout]   28:     0x561852b0e3bf - core::ops::function::FnOnce::call_once::hd64d26f405258157
[INFO] [stdout]                                at /rustc/0e09125c6c3c2fd70d7de961bcf0e51575235fad/library/core/src/ops/function.rs:250:5
[INFO] [stdout]   29:     0x561852b0e3bf - test::__rust_begin_short_backtrace::he21b0b7a6d731bf9
[INFO] [stdout]                                at /rustc/0e09125c6c3c2fd70d7de961bcf0e51575235fad/library/test/src/lib.rs:627:18
[INFO] [stdout]   30:     0x561852b0d141 - test::run_test_in_process::{{closure}}::hf5c73986d7bdfde2
[INFO] [stdout]                                at /rustc/0e09125c6c3c2fd70d7de961bcf0e51575235fad/library/test/src/lib.rs:650:60
[INFO] [stdout]   31:     0x561852b0d141 - <core::panic::unwind_safe::AssertUnwindSafe<F> as core::ops::function::FnOnce<()>>::call_once::h330011ad032aadc0
[INFO] [stdout]                                at /rustc/0e09125c6c3c2fd70d7de961bcf0e51575235fad/library/core/src/panic/unwind_safe.rs:272:9
[INFO] [stdout]   32:     0x561852b0d141 - std::panicking::try::do_call::he61b0a958b795a41
[INFO] [stdout]                                at /rustc/0e09125c6c3c2fd70d7de961bcf0e51575235fad/library/std/src/panicking.rs:552:40
[INFO] [stdout]   33:     0x561852b0d141 - std::panicking::try::h7309da130f906eb7
[INFO] [stdout]                                at /rustc/0e09125c6c3c2fd70d7de961bcf0e51575235fad/library/std/src/panicking.rs:516:19
[INFO] [stdout]   34:     0x561852b0d141 - std::panic::catch_unwind::hc5c3a06fdaf0a92a
[INFO] [stdout]                                at /rustc/0e09125c6c3c2fd70d7de961bcf0e51575235fad/library/std/src/panic.rs:142:14
[INFO] [stdout]   35:     0x561852b0d141 - test::run_test_in_process::h7e7b7c71c3324e0f
[INFO] [stdout]                                at /rustc/0e09125c6c3c2fd70d7de961bcf0e51575235fad/library/test/src/lib.rs:650:27
[INFO] [stdout]   36:     0x561852b0d141 - test::run_test::{{closure}}::h1f509f28f5cf20b1
[INFO] [stdout]                                at /rustc/0e09125c6c3c2fd70d7de961bcf0e51575235fad/library/test/src/lib.rs:573:43
[INFO] [stdout]   37:     0x561852ad4476 - test::run_test::{{closure}}::h1754218abf443f6d
[INFO] [stdout]                                at /rustc/0e09125c6c3c2fd70d7de961bcf0e51575235fad/library/test/src/lib.rs:601:41
[INFO] [stdout]   38:     0x561852ad4476 - std::sys_common::backtrace::__rust_begin_short_backtrace::h2ee174b9d5954948
[INFO] [stdout]                                at /rustc/0e09125c6c3c2fd70d7de961bcf0e51575235fad/library/std/src/sys_common/backtrace.rs:155:18
[INFO] [stdout]   39:     0x561852ad94d7 - std::thread::Builder::spawn_unchecked_::{{closure}}::{{closure}}::hf60bee9c1a17ef09
[INFO] [stdout]                                at /rustc/0e09125c6c3c2fd70d7de961bcf0e51575235fad/library/std/src/thread/mod.rs:529:17
[INFO] [stdout]   40:     0x561852ad94d7 - <core::panic::unwind_safe::AssertUnwindSafe<F> as core::ops::function::FnOnce<()>>::call_once::h33d0dddec5216160
[INFO] [stdout]                                at /rustc/0e09125c6c3c2fd70d7de961bcf0e51575235fad/library/core/src/panic/unwind_safe.rs:272:9
[INFO] [stdout]   41:     0x561852ad94d7 - std::panicking::try::do_call::h144b3048b546f835
[INFO] [stdout]                                at /rustc/0e09125c6c3c2fd70d7de961bcf0e51575235fad/library/std/src/panicking.rs:552:40
[INFO] [stdout]   42:     0x561852ad94d7 - std::panicking::try::h978244d04646189f
[INFO] [stdout]                                at /rustc/0e09125c6c3c2fd70d7de961bcf0e51575235fad/library/std/src/panicking.rs:516:19
[INFO] [stdout]   43:     0x561852ad94d7 - std::panic::catch_unwind::hdf436369d188fe86
[INFO] [stdout]                                at /rustc/0e09125c6c3c2fd70d7de961bcf0e51575235fad/library/std/src/panic.rs:142:14
[INFO] [stdout]   44:     0x561852ad94d7 - std::thread::Builder::spawn_unchecked_::{{closure}}::h87329cbdd33c79ec
[INFO] [stdout]                                at /rustc/0e09125c6c3c2fd70d7de961bcf0e51575235fad/library/std/src/thread/mod.rs:528:30
[INFO] [stdout]   45:     0x561852ad94d7 - core::ops::function::FnOnce::call_once{{vtable.shim}}::h401abbe67897d450
[INFO] [stdout]                                at /rustc/0e09125c6c3c2fd70d7de961bcf0e51575235fad/library/core/src/ops/function.rs:250:5
[INFO] [stdout]   46:     0x561852b829a5 - <alloc::boxed::Box<F,A> as core::ops::function::FnOnce<Args>>::call_once::h5d7c8f150ab9c84c
[INFO] [stdout]                                at /rustc/0e09125c6c3c2fd70d7de961bcf0e51575235fad/library/alloc/src/boxed.rs:2015:9
[INFO] [stdout]   47:     0x561852b829a5 - <alloc::boxed::Box<F,A> as core::ops::function::FnOnce<Args>>::call_once::h570d5b005c242c15
[INFO] [stdout]                                at /rustc/0e09125c6c3c2fd70d7de961bcf0e51575235fad/library/alloc/src/boxed.rs:2015:9
[INFO] [stdout]   48:     0x561852b829a5 - std::sys::unix::thread::Thread::new::thread_start::h36b0a20c0b2361ad
[INFO] [stdout]                                at /rustc/0e09125c6c3c2fd70d7de961bcf0e51575235fad/library/std/src/sys/unix/thread.rs:108:17
[INFO] [stdout]   49:     0x7f48db844ac3 - <unknown>
[INFO] [stdout]   50:     0x7f48db8d5bf4 - __clone
[INFO] [stdout]   51:                0x0 - <unknown>
[INFO] [stdout] 
[INFO] [stdout] 
[INFO] [stdout] failures:
[INFO] [stdout]     conversions::tests::test_extract_from_numpy_datetime
[INFO] [stdout]     conversions::tests::test_extract_from_numpy_datetime_array
[INFO] [stdout] 
[INFO] [stdout] test result: FAILED. 66 passed; 2 failed; 0 ignored; 0 measured; 0 filtered out; finished in 0.04s
[INFO] [stdout] 
[INFO] [stderr] error: test failed, to rerun pass `--lib`
[INFO] running `Command { std: "docker" "inspect" "223620135d0248f2864415e2de046e76c858e0516a00f553b745392adaf5dbb8", kill_on_drop: false }`
[INFO] running `Command { std: "docker" "rm" "-f" "223620135d0248f2864415e2de046e76c858e0516a00f553b745392adaf5dbb8", kill_on_drop: false }`
[INFO] [stdout] 223620135d0248f2864415e2de046e76c858e0516a00f553b745392adaf5dbb8
