[INFO] cloning repository https://github.com/AmaanSayyad/Cykura
[INFO] running `Command { std: "git" "-c" "credential.helper=" "-c" "credential.helper=/workspace/cargo-home/bin/git-credential-null" "clone" "--bare" "https://github.com/AmaanSayyad/Cykura" "/workspace/cache/git-repos/https%3A%2F%2Fgithub.com%2FAmaanSayyad%2FCykura", kill_on_drop: false }`
[INFO] [stderr] Cloning into bare repository '/workspace/cache/git-repos/https%3A%2F%2Fgithub.com%2FAmaanSayyad%2FCykura'...
[INFO] running `Command { std: "git" "rev-parse" "HEAD", kill_on_drop: false }`
[INFO] [stdout] 7f828d4b335ab671a1d6ac585dcdf4d882578428
[INFO] testing AmaanSayyad/Cykura against 1.75.0 for beta-1.76-1
[INFO] running `Command { std: "git" "clone" "/workspace/cache/git-repos/https%3A%2F%2Fgithub.com%2FAmaanSayyad%2FCykura" "/workspace/builds/worker-7-tc1/source", kill_on_drop: false }`
[INFO] [stderr] Cloning into '/workspace/builds/worker-7-tc1/source'...
[INFO] [stderr] done.
[INFO] validating manifest of git repo https://github.com/AmaanSayyad/Cykura on toolchain 1.75.0
[INFO] running `Command { std: CARGO_HOME="/workspace/cargo-home" RUSTUP_HOME="/workspace/rustup-home" "/workspace/cargo-home/bin/cargo" "+1.75.0" "metadata" "--manifest-path" "Cargo.toml" "--no-deps", kill_on_drop: false }`
[INFO] started tweaking git repo https://github.com/AmaanSayyad/Cykura
[INFO] finished tweaking git repo https://github.com/AmaanSayyad/Cykura
[INFO] tweaked toml for git repo https://github.com/AmaanSayyad/Cykura written to /workspace/builds/worker-7-tc1/source/Cargo.toml
[INFO] crate git repo https://github.com/AmaanSayyad/Cykura already has a lockfile, it will not be regenerated
[INFO] running `Command { std: CARGO_HOME="/workspace/cargo-home" RUSTUP_HOME="/workspace/rustup-home" "/workspace/cargo-home/bin/cargo" "+1.75.0" "fetch" "--manifest-path" "Cargo.toml", kill_on_drop: false }`
[INFO] [stderr] warning: virtual workspace defaulting to `resolver = "1"` despite one or more workspace members being on edition 2021 which implies `resolver = "2"`
[INFO] [stderr] note: to keep the current resolver, specify `workspace.resolver = "1"` in the workspace root's manifest
[INFO] [stderr] note: to use the edition 2021 resolver, specify `workspace.resolver = "2"` in the workspace root's manifest
[INFO] [stderr] note: for more details see https://doc.rust-lang.org/cargo/reference/resolver.html#resolver-versions
[INFO] [stderr]     Updating crates.io index
[INFO] [stderr]  Downloading crates ...
[INFO] [stderr]   Downloaded anchor-lang v0.22.1
[INFO] [stderr]   Downloaded libsecp256k1 v0.5.0
[INFO] [stderr]   Downloaded uint v0.9.1
[INFO] [stderr]   Downloaded anchor-attribute-interface v0.22.1
[INFO] [stderr]   Downloaded anchor-spl v0.22.1
[INFO] [stderr]   Downloaded anchor-attribute-error v0.22.1
[INFO] [stderr]   Downloaded anchor-attribute-state v0.22.1
[INFO] [stderr]   Downloaded anchor-attribute-access-control v0.22.1
[INFO] [stderr]   Downloaded anchor-derive-accounts v0.22.1
[INFO] [stderr]   Downloaded solana-sdk-macro v1.8.16
[INFO] [stderr]   Downloaded solana-frozen-abi-macro v1.8.16
[INFO] [stderr]   Downloaded anchor-attribute-event v0.22.1
[INFO] [stderr]   Downloaded proc-macro-crate v1.1.2
[INFO] [stderr]   Downloaded metaplex-token-metadata v0.0.1
[INFO] [stderr]   Downloaded solana-program v1.8.16
[INFO] [stderr]   Downloaded metaplex-token-vault v0.0.1
[INFO] [stderr]   Downloaded solana-logger v1.8.16
[INFO] [stderr]   Downloaded anchor-attribute-account v0.22.1
[INFO] [stderr]   Downloaded anchor-attribute-constant v0.22.1
[INFO] [stderr]   Downloaded anchor-syn v0.22.1
[INFO] [stderr]   Downloaded solana-frozen-abi v1.8.16
[INFO] [stderr]   Downloaded anchor-attribute-program v0.22.1
[INFO] running `Command { std: "docker" "create" "-v" "/var/lib/crater-agent-workspace/builds/worker-7-tc1/target:/opt/rustwide/target:rw,Z" "-v" "/var/lib/crater-agent-workspace/builds/worker-7-tc1/source:/opt/rustwide/workdir:ro,Z" "-v" "/var/lib/crater-agent-workspace/cargo-home:/opt/rustwide/cargo-home:ro,Z" "-v" "/var/lib/crater-agent-workspace/rustup-home:/opt/rustwide/rustup-home:ro,Z" "-e" "SOURCE_DIR=/opt/rustwide/workdir" "-e" "CARGO_TARGET_DIR=/opt/rustwide/target" "-e" "CARGO_HOME=/opt/rustwide/cargo-home" "-e" "RUSTUP_HOME=/opt/rustwide/rustup-home" "-w" "/opt/rustwide/workdir" "-m" "1610612736" "--user" "0:0" "--network" "none" "ghcr.io/rust-lang/crates-build-env/linux@sha256:2788e3201cd34a07e3172128adcd8b3090168a8e3bcc40d7c032b9dda1df7d1c" "/opt/rustwide/cargo-home/bin/cargo" "+1.75.0" "metadata" "--no-deps" "--format-version=1", kill_on_drop: false }`
[INFO] [stdout] 988a516d355fcfc269046ea2f6c9c347498a37d6fc647bbc8adf2fca09ed3d5e
[INFO] running `Command { std: "docker" "start" "-a" "988a516d355fcfc269046ea2f6c9c347498a37d6fc647bbc8adf2fca09ed3d5e", kill_on_drop: false }`
[INFO] running `Command { std: "docker" "inspect" "988a516d355fcfc269046ea2f6c9c347498a37d6fc647bbc8adf2fca09ed3d5e", kill_on_drop: false }`
[INFO] running `Command { std: "docker" "rm" "-f" "988a516d355fcfc269046ea2f6c9c347498a37d6fc647bbc8adf2fca09ed3d5e", kill_on_drop: false }`
[INFO] [stdout] 988a516d355fcfc269046ea2f6c9c347498a37d6fc647bbc8adf2fca09ed3d5e
[INFO] running `Command { std: "docker" "create" "-v" "/var/lib/crater-agent-workspace/builds/worker-7-tc1/target:/opt/rustwide/target:rw,Z" "-v" "/var/lib/crater-agent-workspace/builds/worker-7-tc1/source:/opt/rustwide/workdir:ro,Z" "-v" "/var/lib/crater-agent-workspace/cargo-home:/opt/rustwide/cargo-home:ro,Z" "-v" "/var/lib/crater-agent-workspace/rustup-home:/opt/rustwide/rustup-home:ro,Z" "-e" "SOURCE_DIR=/opt/rustwide/workdir" "-e" "CARGO_TARGET_DIR=/opt/rustwide/target" "-e" "CARGO_INCREMENTAL=0" "-e" "RUST_BACKTRACE=full" "-e" "RUSTFLAGS=--cap-lints=warn" "-e" "RUSTDOCFLAGS=--cap-lints=warn" "-e" "CARGO_HOME=/opt/rustwide/cargo-home" "-e" "RUSTUP_HOME=/opt/rustwide/rustup-home" "-w" "/opt/rustwide/workdir" "-m" "1610612736" "--user" "0:0" "--network" "none" "ghcr.io/rust-lang/crates-build-env/linux@sha256:2788e3201cd34a07e3172128adcd8b3090168a8e3bcc40d7c032b9dda1df7d1c" "/opt/rustwide/cargo-home/bin/cargo" "+1.75.0" "build" "--frozen" "--message-format=json", kill_on_drop: false }`
[INFO] [stdout] 7d512c3aa7a96298ce4f31f24a291ea5227b552b93283959bf982371f847ce55
[INFO] running `Command { std: "docker" "start" "-a" "7d512c3aa7a96298ce4f31f24a291ea5227b552b93283959bf982371f847ce55", kill_on_drop: false }`
[INFO] [stderr] warning: virtual workspace defaulting to `resolver = "1"` despite one or more workspace members being on edition 2021 which implies `resolver = "2"`
[INFO] [stderr] note: to keep the current resolver, specify `workspace.resolver = "1"` in the workspace root's manifest
[INFO] [stderr] note: to use the edition 2021 resolver, specify `workspace.resolver = "2"` in the workspace root's manifest
[INFO] [stderr] note: for more details see https://doc.rust-lang.org/cargo/reference/resolver.html#resolver-versions
[INFO] [stderr]    Compiling proc-macro2 v1.0.36
[INFO] [stderr]    Compiling unicode-xid v0.2.2
[INFO] [stderr]    Compiling syn v1.0.86
[INFO] [stderr]    Compiling serde_derive v1.0.136
[INFO] [stderr]    Compiling serde v1.0.136
[INFO] [stderr]    Compiling version_check v0.9.4
[INFO] [stderr]    Compiling typenum v1.15.0
[INFO] [stderr]    Compiling cfg-if v1.0.0
[INFO] [stderr]    Compiling libc v0.2.119
[INFO] [stderr]    Compiling block-padding v0.2.1
[INFO] [stderr]    Compiling opaque-debug v0.3.0
[INFO] [stderr]    Compiling cpufeatures v0.2.1
[INFO] [stderr]    Compiling bs58 v0.3.1
[INFO] [stderr]    Compiling generic-array v0.14.5
[INFO] [stderr]    Compiling subtle v2.4.1
[INFO] [stderr]    Compiling semver-parser v0.7.0
[INFO] [stderr]    Compiling crunchy v0.2.2
[INFO] [stderr]    Compiling memchr v2.4.1
[INFO] [stderr]    Compiling proc-macro2-diagnostics v0.9.1
[INFO] [stderr]    Compiling anyhow v1.0.55
[INFO] [stderr]    Compiling semver v0.9.0
[INFO] [stderr]    Compiling serde_json v1.0.79
[INFO] [stderr]    Compiling getrandom v0.1.16
[INFO] [stderr]    Compiling quote v1.0.15
[INFO] [stderr]    Compiling rustc_version v0.2.3
[INFO] [stderr]    Compiling unicode-segmentation v1.9.0
[INFO] [stderr]    Compiling ryu v1.0.9
[INFO] [stderr]    Compiling itoa v1.0.1
[INFO] [stderr]    Compiling yansi v0.5.0
[INFO] [stderr]    Compiling log v0.4.14
[INFO] [stderr]    Compiling regex-syntax v0.6.25
[INFO] [stderr]    Compiling rand_core v0.5.1
[INFO] [stderr]    Compiling ahash v0.7.6
[INFO] [stderr]    Compiling heck v0.3.3
[INFO] [stderr]    Compiling rustversion v1.0.6
[INFO] [stderr]    Compiling feature-probe v0.1.1
[INFO] [stderr]    Compiling aho-corasick v0.7.18
[INFO] [stderr]    Compiling bv v0.11.1
[INFO] [stderr]    Compiling getrandom v0.2.5
[INFO] [stderr]    Compiling atty v0.2.14
[INFO] [stderr]    Compiling solana-frozen-abi-macro v1.8.16
[INFO] [stderr]    Compiling once_cell v1.9.0
[INFO] [stderr]    Compiling humantime v2.1.0
[INFO] [stderr]    Compiling termcolor v1.1.2
[INFO] [stderr]    Compiling cc v1.0.73
[INFO] [stderr]    Compiling ppv-lite86 v0.2.16
[INFO] [stderr]    Compiling autocfg v1.1.0
[INFO] [stderr]    Compiling rand_chacha v0.2.2
[INFO] [stderr]    Compiling num-traits v0.2.14
[INFO] [stderr]    Compiling generic-array v0.12.4
[INFO] [stderr]    Compiling solana-frozen-abi v1.8.16
[INFO] [stderr]    Compiling arrayref v0.3.6
[INFO] [stderr]    Compiling byteorder v1.4.3
[INFO] [stderr]    Compiling lazy_static v1.4.0
[INFO] [stderr]    Compiling digest v0.8.1
[INFO] [stderr]    Compiling hashbrown v0.11.2
[INFO] [stderr]    Compiling blake3 v0.3.8
[INFO] [stderr]    Compiling rand v0.7.3
[INFO] [stderr]    Compiling memmap2 v0.1.0
[INFO] [stderr]    Compiling solana-program v1.8.16
[INFO] [stderr]    Compiling hex v0.4.3
[INFO] [stderr]    Compiling arrayvec v0.5.2
[INFO] [stderr]    Compiling keccak v0.1.0
[INFO] [stderr]    Compiling cfg-if v0.1.10
[INFO] [stderr]    Compiling either v1.6.1
[INFO] [stderr]    Compiling constant_time_eq v0.1.5
[INFO] [stderr]    Compiling regex v1.5.4
[INFO] [stderr]    Compiling zeroize v1.3.0
[INFO] [stderr]    Compiling base64 v0.12.3
[INFO] [stderr]    Compiling itertools v0.9.0
[INFO] [stderr]    Compiling curve25519-dalek v2.1.3
[INFO] [stderr]    Compiling base64 v0.13.0
[INFO] [stderr]    Compiling bs58 v0.4.0
[INFO] [stderr]    Compiling static_assertions v1.1.0
[INFO] [stderr]    Compiling uint v0.9.1
[INFO] [stderr]    Compiling env_logger v0.8.4
[INFO] [stderr]    Compiling borsh-schema-derive-internal v0.9.3
[INFO] [stderr]    Compiling borsh-derive-internal v0.9.3
[INFO] [stderr]    Compiling solana-logger v1.8.16
[INFO] [stderr]    Compiling thiserror-impl v1.0.30
[INFO] [stderr]    Compiling bytemuck_derive v1.0.1
[INFO] [stderr]    Compiling num-derive v0.3.3
[INFO] [stderr]    Compiling solana-sdk-macro v1.8.16
[INFO] [stderr]    Compiling bytemuck v1.7.3
[INFO] [stderr]    Compiling thiserror v1.0.30
[INFO] [stderr]    Compiling toml v0.5.8
[INFO] [stderr]    Compiling serde_bytes v0.11.5
[INFO] [stderr]    Compiling bincode v1.3.3
[INFO] [stderr]    Compiling digest v0.9.0
[INFO] [stderr]    Compiling block-buffer v0.9.0
[INFO] [stderr]    Compiling crypto-mac v0.8.0
[INFO] [stderr]    Compiling sha2 v0.9.9
[INFO] [stderr]    Compiling libsecp256k1-core v0.2.2
[INFO] [stderr]    Compiling hmac v0.8.1
[INFO] [stderr]    Compiling sha3 v0.9.1
[INFO] [stderr]    Compiling hmac-drbg v0.3.0
[INFO] [stderr]    Compiling anchor-syn v0.22.1
[INFO] [stderr]    Compiling proc-macro-crate v0.1.5
[INFO] [stderr]    Compiling proc-macro-crate v1.1.2
[INFO] [stderr]    Compiling borsh-derive v0.9.3
[INFO] [stderr]    Compiling num_enum_derive v0.5.6
[INFO] [stderr]    Compiling libsecp256k1-gen-genmult v0.2.1
[INFO] [stderr]    Compiling libsecp256k1-gen-ecmult v0.2.1
[INFO] [stderr]    Compiling libsecp256k1 v0.5.0
[INFO] [stderr]    Compiling borsh v0.9.3
[INFO] [stderr]    Compiling num_enum v0.5.6
[INFO] [stderr]    Compiling anchor-attribute-constant v0.22.1
[INFO] [stderr]    Compiling anchor-attribute-interface v0.22.1
[INFO] [stderr]    Compiling anchor-attribute-event v0.22.1
[INFO] [stderr]    Compiling anchor-attribute-account v0.22.1
[INFO] [stderr]    Compiling anchor-attribute-program v0.22.1
[INFO] [stderr]    Compiling anchor-attribute-error v0.22.1
[INFO] [stderr]    Compiling anchor-attribute-access-control v0.22.1
[INFO] [stderr]    Compiling anchor-attribute-state v0.22.1
[INFO] [stderr]    Compiling anchor-derive-accounts v0.22.1
[INFO] [stderr]    Compiling anchor-lang v0.22.1
[INFO] [stderr]    Compiling spl-token v3.2.0
[INFO] [stderr]    Compiling spl-associated-token-account v1.0.3
[INFO] [stderr]    Compiling metaplex-token-vault v0.0.1
[INFO] [stderr]    Compiling anchor-spl v0.22.1
[INFO] [stderr]    Compiling metaplex-token-metadata v0.0.1
[INFO] [stderr]    Compiling cyclos-core v0.1.6 (/opt/rustwide/workdir/programs/core)
[INFO] [stdout] warning: unused import: `crate::error::ErrorCode`
[INFO] [stdout]  --> programs/core/src/states/tick.rs:3:5
[INFO] [stdout]   |
[INFO] [stdout] 3 | use crate::error::ErrorCode;
[INFO] [stdout]   |     ^^^^^^^^^^^^^^^^^^^^^^^
[INFO] [stdout]   |
[INFO] [stdout]   = note: `#[warn(unused_imports)]` on by default
[INFO] [stdout] 
[INFO] [stdout] 
[INFO] [stdout] warning: unused variable: `max_liquidity`
[INFO] [stdout]   --> programs/core/src/states/tick.rs:74:9
[INFO] [stdout]    |
[INFO] [stdout] 74 |         max_liquidity: u64,
[INFO] [stdout]    |         ^^^^^^^^^^^^^ help: if this is intentional, prefix it with an underscore: `_max_liquidity`
[INFO] [stdout]    |
[INFO] [stdout]    = note: `#[warn(unused_variables)]` on by default
[INFO] [stdout] 
[INFO] [stdout] 
[INFO] [stdout] warning: 2 warnings emitted
[INFO] [stdout] 
[INFO] [stdout] 
[INFO] [stderr]     Finished dev [unoptimized + debuginfo] target(s) in 51.37s
[INFO] running `Command { std: "docker" "inspect" "7d512c3aa7a96298ce4f31f24a291ea5227b552b93283959bf982371f847ce55", kill_on_drop: false }`
[INFO] running `Command { std: "docker" "rm" "-f" "7d512c3aa7a96298ce4f31f24a291ea5227b552b93283959bf982371f847ce55", kill_on_drop: false }`
[INFO] [stdout] 7d512c3aa7a96298ce4f31f24a291ea5227b552b93283959bf982371f847ce55
[INFO] running `Command { std: "docker" "create" "-v" "/var/lib/crater-agent-workspace/builds/worker-7-tc1/target:/opt/rustwide/target:rw,Z" "-v" "/var/lib/crater-agent-workspace/builds/worker-7-tc1/source:/opt/rustwide/workdir:ro,Z" "-v" "/var/lib/crater-agent-workspace/cargo-home:/opt/rustwide/cargo-home:ro,Z" "-v" "/var/lib/crater-agent-workspace/rustup-home:/opt/rustwide/rustup-home:ro,Z" "-e" "SOURCE_DIR=/opt/rustwide/workdir" "-e" "CARGO_TARGET_DIR=/opt/rustwide/target" "-e" "CARGO_INCREMENTAL=0" "-e" "RUST_BACKTRACE=full" "-e" "RUSTFLAGS=--cap-lints=warn" "-e" "RUSTDOCFLAGS=--cap-lints=warn" "-e" "CARGO_HOME=/opt/rustwide/cargo-home" "-e" "RUSTUP_HOME=/opt/rustwide/rustup-home" "-w" "/opt/rustwide/workdir" "-m" "1610612736" "--user" "0:0" "--network" "none" "ghcr.io/rust-lang/crates-build-env/linux@sha256:2788e3201cd34a07e3172128adcd8b3090168a8e3bcc40d7c032b9dda1df7d1c" "/opt/rustwide/cargo-home/bin/cargo" "+1.75.0" "test" "--frozen" "--no-run" "--message-format=json", kill_on_drop: false }`
[INFO] [stdout] 2a5682a3244c188636f03972705ac1740caf5a22087a392b9c9715dd8f8a63b3
[INFO] running `Command { std: "docker" "start" "-a" "2a5682a3244c188636f03972705ac1740caf5a22087a392b9c9715dd8f8a63b3", kill_on_drop: false }`
[INFO] [stderr] warning: virtual workspace defaulting to `resolver = "1"` despite one or more workspace members being on edition 2021 which implies `resolver = "2"`
[INFO] [stderr] note: to keep the current resolver, specify `workspace.resolver = "1"` in the workspace root's manifest
[INFO] [stderr] note: to use the edition 2021 resolver, specify `workspace.resolver = "2"` in the workspace root's manifest
[INFO] [stderr] note: for more details see https://doc.rust-lang.org/cargo/reference/resolver.html#resolver-versions
[INFO] [stderr]    Compiling env_logger v0.7.1
[INFO] [stderr]    Compiling quickcheck v0.9.2
[INFO] [stderr]    Compiling cyclos-core v0.1.6 (/opt/rustwide/workdir/programs/core)
[INFO] [stdout] warning: unused import: `crate::error::ErrorCode`
[INFO] [stdout]  --> programs/core/src/states/tick.rs:3:5
[INFO] [stdout]   |
[INFO] [stdout] 3 | use crate::error::ErrorCode;
[INFO] [stdout]   |     ^^^^^^^^^^^^^^^^^^^^^^^
[INFO] [stdout]   |
[INFO] [stdout]   = note: `#[warn(unused_imports)]` on by default
[INFO] [stdout] 
[INFO] [stdout] 
[INFO] [stdout] warning: unused variable: `max_liquidity`
[INFO] [stdout]   --> programs/core/src/states/tick.rs:74:9
[INFO] [stdout]    |
[INFO] [stdout] 74 |         max_liquidity: u64,
[INFO] [stdout]    |         ^^^^^^^^^^^^^ help: if this is intentional, prefix it with an underscore: `_max_liquidity`
[INFO] [stdout]    |
[INFO] [stdout]    = note: `#[warn(unused_variables)]` on by default
[INFO] [stdout] 
[INFO] [stdout] 
[INFO] [stdout] warning: 2 warnings emitted
[INFO] [stdout] 
[INFO] [stdout] 
[INFO] [stderr]     Finished test [unoptimized + debuginfo] target(s) in 5.79s
[INFO] running `Command { std: "docker" "inspect" "2a5682a3244c188636f03972705ac1740caf5a22087a392b9c9715dd8f8a63b3", kill_on_drop: false }`
[INFO] running `Command { std: "docker" "rm" "-f" "2a5682a3244c188636f03972705ac1740caf5a22087a392b9c9715dd8f8a63b3", kill_on_drop: false }`
[INFO] [stdout] 2a5682a3244c188636f03972705ac1740caf5a22087a392b9c9715dd8f8a63b3
[INFO] running `Command { std: "docker" "create" "-v" "/var/lib/crater-agent-workspace/builds/worker-7-tc1/target:/opt/rustwide/target:rw,Z" "-v" "/var/lib/crater-agent-workspace/builds/worker-7-tc1/source:/opt/rustwide/workdir:ro,Z" "-v" "/var/lib/crater-agent-workspace/cargo-home:/opt/rustwide/cargo-home:ro,Z" "-v" "/var/lib/crater-agent-workspace/rustup-home:/opt/rustwide/rustup-home:ro,Z" "-e" "SOURCE_DIR=/opt/rustwide/workdir" "-e" "CARGO_TARGET_DIR=/opt/rustwide/target" "-e" "CARGO_INCREMENTAL=0" "-e" "RUST_BACKTRACE=full" "-e" "RUSTFLAGS=--cap-lints=warn" "-e" "RUSTDOCFLAGS=--cap-lints=warn" "-e" "CARGO_HOME=/opt/rustwide/cargo-home" "-e" "RUSTUP_HOME=/opt/rustwide/rustup-home" "-w" "/opt/rustwide/workdir" "-m" "1610612736" "--user" "0:0" "--network" "none" "ghcr.io/rust-lang/crates-build-env/linux@sha256:2788e3201cd34a07e3172128adcd8b3090168a8e3bcc40d7c032b9dda1df7d1c" "/opt/rustwide/cargo-home/bin/cargo" "+1.75.0" "test" "--frozen", kill_on_drop: false }`
[INFO] [stdout] 7afff88fd4a0c706d5da16899a05c9a8050c712add696751c9a449508dd8243c
[INFO] running `Command { std: "docker" "start" "-a" "7afff88fd4a0c706d5da16899a05c9a8050c712add696751c9a449508dd8243c", kill_on_drop: false }`
[INFO] [stderr] warning: virtual workspace defaulting to `resolver = "1"` despite one or more workspace members being on edition 2021 which implies `resolver = "2"`
[INFO] [stderr] note: to keep the current resolver, specify `workspace.resolver = "1"` in the workspace root's manifest
[INFO] [stderr] note: to use the edition 2021 resolver, specify `workspace.resolver = "2"` in the workspace root's manifest
[INFO] [stderr] note: for more details see https://doc.rust-lang.org/cargo/reference/resolver.html#resolver-versions
[INFO] [stderr] warning: unused import: `crate::error::ErrorCode`
[INFO] [stderr]  --> programs/core/src/states/tick.rs:3:5
[INFO] [stderr]   |
[INFO] [stderr] 3 | use crate::error::ErrorCode;
[INFO] [stderr]   |     ^^^^^^^^^^^^^^^^^^^^^^^
[INFO] [stderr]   |
[INFO] [stderr]   = note: `#[warn(unused_imports)]` on by default
[INFO] [stderr] 
[INFO] [stderr] warning: unused variable: `max_liquidity`
[INFO] [stderr]   --> programs/core/src/states/tick.rs:74:9
[INFO] [stderr]    |
[INFO] [stderr] 74 |         max_liquidity: u64,
[INFO] [stderr]    |         ^^^^^^^^^^^^^ help: if this is intentional, prefix it with an underscore: `_max_liquidity`
[INFO] [stderr]    |
[INFO] [stderr]    = note: `#[warn(unused_variables)]` on by default
[INFO] [stderr] 
[INFO] [stderr] warning: `cyclos-core` (lib test) generated 2 warnings (run `cargo fix --lib -p cyclos-core --tests` to apply 2 suggestions)
[INFO] [stderr]     Finished test [unoptimized + debuginfo] target(s) in 0.10s
[INFO] [stderr]      Running unittests src/lib.rs (/opt/rustwide/target/debug/deps/cyclos_core-d7e0cb260b3d620b)
[INFO] [stdout] 
[INFO] [stdout] running 151 tests
[INFO] [stdout] test libraries::bit_math::tests::least_significant_bit::test_lsb_for_2 ... ok
[INFO] [stdout] test libraries::bit_math::tests::least_significant_bit::test_lsb_at_powers_of_two ... ok
[INFO] [stdout] test libraries::bit_math::tests::least_significant_bit::test_lsb_for_1 ... ok
[INFO] [stdout] test libraries::bit_math::tests::most_significant_bit::test_msb_at_powers_of_two ... ok
[INFO] [stdout] test libraries::bit_math::tests::most_significant_bit::test_msb_for_1 ... ok
[INFO] [stdout] test libraries::bit_math::tests::most_significant_bit::test_msb_for_max ... ok
[INFO] [stdout] test libraries::bit_math::tests::most_significant_bit::test_msb_for_2 ... ok
[INFO] [stdout] test libraries::bit_math::tests::least_significant_bit::test_lsb_for_max ... ok
[INFO] [stdout] test libraries::full_math::uniswap_tests::mul_div::accurate_with_phantom_overflow ... ok
[INFO] [stdout] test libraries::full_math::uniswap_tests::mul_div::accurate_with_phantom_overflow_and_repeating_decimal ... ok
[INFO] [stdout] test libraries::full_math::uniswap_tests::mul_div::all_max_inputs ... ok
[INFO] [stdout] test libraries::full_math::muldiv_u128_tests::scale_floor ... ok
[INFO] [stdout] test libraries::full_math::uniswap_tests::mul_div::accurate_without_phantom_overflow ... ok
[INFO] [stdout] test libraries::full_math::muldiv_u128_tests::scale_ceil ... ok
[INFO] [stdout] test libraries::full_math::muldiv_u64_tests::scale_ceil ... ok
[INFO] [stdout] test libraries::full_math::uniswap_tests::mul_div_rounding_up::accurate_with_phantom_overflow ... ok
[INFO] [stdout] test libraries::full_math::uniswap_tests::mul_div_rounding_up::accurate_with_phantom_overflow_and_repeating_decimal ... ok
[INFO] [stdout] test libraries::full_math::uniswap_tests::mul_div_rounding_up::accurate_without_phantom_overflow ... ok
[INFO] [stdout] test libraries::full_math::muldiv_u64_tests::scale_floor ... ok
[INFO] [stdout] test libraries::full_math::uniswap_tests::mul_div_rounding_up::all_max_inputs ... ok
[INFO] [stdout] test libraries::bit_math::tests::most_significant_bit::test_msb_for_0 - should panic ... ok
[INFO] [stdout] test libraries::bit_math::tests::least_significant_bit::test_lsb_for_0 - should panic ... ok
[INFO] [stdout] test libraries::full_math::uniswap_tests::mul_div::reverts_if_denominator_is_zero_and_numerator_overflows - should panic ... ok
[INFO] [stdout] test libraries::full_math::uniswap_tests::mul_div::reverts_if_output_overflows_u64 - should panic ... ok
[INFO] [stdout] test libraries::full_math::uniswap_tests::mul_div::reverts_on_overflow_with_all_max_inputs - should panic ... ok
[INFO] [stdout] test libraries::full_math::uniswap_tests::mul_div_rounding_up::reverts_if_denominator_is_zero - should panic ... ok
[INFO] [stdout] test libraries::full_math::uniswap_tests::mul_div::reverts_if_denominator_is_zero - should panic ... ok
[INFO] [stdout] test libraries::full_math::uniswap_tests::mul_div_rounding_up::reverts_if_denominator_is_zero_and_numerator_overflows - should panic ... ok
[INFO] [stdout] test libraries::liquidity_amounts::tests::get_amount_0_for_liquidity::amounts_for_price_inside ... ok
[INFO] [stdout] test libraries::full_math::uniswap_tests::mul_div_rounding_up::reverts_on_overflow_with_all_max_inputs - should panic ... ok
[INFO] [stdout] test libraries::liquidity_amounts::tests::get_amount_0_for_liquidity::amounts_for_price_on_lower_boundary ... ok
[INFO] [stdout] test libraries::liquidity_amounts::tests::get_amount_0_for_liquidity::amounts_for_price_on_upper_boundary ... ok
[INFO] [stdout] test libraries::liquidity_amounts::tests::get_liquidity_for_amounts::amounts_for_price_above ... ok
[INFO] [stdout] test libraries::liquidity_amounts::tests::get_amount_0_for_liquidity::amounts_for_price_below ... ok
[INFO] [stdout] test libraries::full_math::uniswap_tests::mul_div_rounding_up::reverts_if_output_overflows_u64 - should panic ... ok
[INFO] [stdout] test libraries::liquidity_amounts::tests::get_liquidity_for_amounts::amounts_for_price_below ... ok
[INFO] [stdout] test libraries::liquidity_amounts::tests::get_liquidity_for_amounts::amounts_for_price_equal_to_upper_boundary ... ok
[INFO] [stdout] test libraries::liquidity_amounts::tests::get_liquidity_for_amounts::amounts_for_price_inside ... ok
[INFO] [stdout] test libraries::liquidity_math::tests::one_plus_minus_one ... ok
[INFO] [stdout] test libraries::liquidity_math::tests::one_plus_zero ... ok
[INFO] [stdout] test libraries::liquidity_math::tests::one_plus_one ... ok
[INFO] [stdout] test libraries::liquidity_amounts::tests::get_amount_0_for_liquidity::amounts_for_price_above ... ok
[INFO] [stdout] test libraries::liquidity_math::tests::two_pow_64_minus_fifteen_plus_fifteen_overflows - should panic ... ok
[INFO] [stdout] test libraries::sqrt_price_math::sqrt_math::get_amount_0_delta::returns_0_if_prices_are_equal ... ok
[INFO] [stdout] test libraries::sqrt_price_math::sqrt_math::get_amount_0_delta::works_for_prices_that_overflow ... ok
[INFO] [stdout] test libraries::sqrt_price_math::sqrt_math::get_amount_0_delta::returns_0_if_liquidity_is_0 ... ok
[INFO] [stdout] test libraries::sqrt_price_math::sqrt_math::get_amount_1_delta::returns_0_if_liquidity_is_0 ... ok
[INFO] [stdout] test libraries::sqrt_price_math::sqrt_math::get_amount_1_delta::returns_0_if_prices_are_equal ... ok
[INFO] [stdout] test libraries::liquidity_amounts::tests::get_liquidity_for_amounts::amounts_for_price_equal_to_lower_boundary ... ok
[INFO] [stdout] test libraries::liquidity_math::tests::zero_minus_one_underflows - should panic ... ok
[INFO] [stdout] test libraries::full_math::uniswap_tests::mul_div_rounding_up::reverts_if_muldiv_overflows_64_bits_after_rounding_up - should panic ... ok
[INFO] [stdout] test libraries::liquidity_math::tests::u64_max_plus_one_overflows - should panic ... ok
[INFO] [stdout] test libraries::sqrt_price_math::sqrt_math::get_next_sqrt_price_from_input::amount_in_is_greater_than_u32_max_and_zero_for_one_is_true ... ok
[INFO] [stdout] test libraries::liquidity_math::tests::three_minus_four_underflows - should panic ... ok
[INFO] [stdout] test libraries::sqrt_price_math::sqrt_math::get_amount_1_delta::returns_one_tenth_of_amount_1_for_price_change_from_1_to_1_point_21 ... ok
[INFO] [stdout] test libraries::sqrt_price_math::sqrt_math::get_amount_0_delta::returns_one_eleventh_of_amount_0_for_price_change_from_1_to_1_point_21 ... ok
[INFO] [stdout] test libraries::sqrt_price_math::sqrt_math::get_next_sqrt_price_from_input::any_input_amount_cannot_underflow_the_price ... ok
[INFO] [stdout] test libraries::sqrt_price_math::sqrt_math::get_next_sqrt_price_from_input::can_return_1_with_enough_amount_in_and_zero_for_one_is_true ... ok
[INFO] [stdout] test libraries::sqrt_price_math::sqrt_math::get_next_sqrt_price_from_input::fails_if_input_amount_overflows_the_price - should panic ... ok
[INFO] [stdout] test libraries::sqrt_price_math::sqrt_math::get_next_sqrt_price_from_input::returns_the_minimum_price_for_max_inputs ... ok
[INFO] [stdout] test libraries::sqrt_price_math::sqrt_math::get_next_sqrt_price_from_input::fails_if_price_is_zero - should panic ... ok
[INFO] [stdout] test libraries::sqrt_price_math::sqrt_math::get_next_sqrt_price_from_input::returns_input_price_if_amount_in_is_zero_and_zero_for_one_is_true ... ok
[INFO] [stdout] test libraries::sqrt_price_math::sqrt_math::get_next_sqrt_price_from_input::fails_if_liquidity_is_zero - should panic ... ok
[INFO] [stdout] test libraries::sqrt_price_math::sqrt_math::get_next_sqrt_price_from_input::input_amount_of_01_token_1 ... ok
[INFO] [stdout] test libraries::sqrt_price_math::sqrt_math::get_next_sqrt_price_from_input::input_amount_of_01_token_0 ... ok
[INFO] [stdout] test libraries::sqrt_price_math::sqrt_math::get_next_sqrt_price_from_output::fails_if_output_amount_is_greater_than_virtual_reserves_of_token_0 - should panic ... ok
[INFO] [stdout] test libraries::sqrt_price_math::sqrt_math::get_next_sqrt_price_from_output::fails_if_output_amount_is_greater_than_virtual_reserves_of_token_1 - should panic ... ok
[INFO] [stdout] test libraries::sqrt_price_math::sqrt_math::get_next_sqrt_price_from_output::fails_if_output_amount_is_exactly_the_virtual_reserves_of_token_1 - should panic ... ok
[INFO] [stdout] test libraries::sqrt_price_math::sqrt_math::get_next_sqrt_price_from_input::returns_input_price_if_amount_in_is_zero_and_zero_for_one_is_false ... ok
[INFO] [stdout] test libraries::sqrt_price_math::sqrt_math::get_next_sqrt_price_from_output::fails_if_liquidity_is_zero - should panic ... ok
[INFO] [stdout] test libraries::sqrt_price_math::sqrt_math::get_next_sqrt_price_from_output::fails_if_output_amount_is_exactly_the_virtual_reserves_of_token_0 - should panic ... ok
[INFO] [stdout] test libraries::sqrt_price_math::sqrt_math::get_next_sqrt_price_from_output::output_amount_of_01_token_1_when_zero_for_one_is_false ... ok
[INFO] [stdout] test libraries::sqrt_price_math::sqrt_math::get_next_sqrt_price_from_output::fails_if_price_is_zero - should panic ... ok
[INFO] [stdout] test libraries::sqrt_price_math::sqrt_math::get_next_sqrt_price_from_output::succeeds_if_output_amount_is_less_than_virtual_reserves_of_token_1 ... ok
[INFO] [stdout] test libraries::sqrt_price_math::sqrt_math::get_next_sqrt_price_from_output::output_amount_of_01_token_1_when_zero_for_one_is_true ... ok
[INFO] [stdout] test libraries::sqrt_price_math::sqrt_math::get_next_sqrt_price_from_output::returns_input_price_if_amount_in_is_zero_and_zero_for_one_is_true ... ok
[INFO] [stdout] test libraries::sqrt_price_math::sqrt_math::get_next_sqrt_price_from_output::returns_input_price_if_amount_in_is_zero_and_zero_for_one_is_false ... ok
[INFO] [stdout] test libraries::sqrt_price_math::sqrt_math::get_next_sqrt_price_from_output::reverts_if_amount_out_is_impossible_in_one_for_zero_direction - should panic ... ok
[INFO] [stdout] test libraries::swap_math::swap_math::exact_amount_in_that_gets_capped_at_price_target_in_one_for_zero ... ok
[INFO] [stdout] test libraries::swap_math::swap_math::exact_amount_in_that_is_fully_spent_in_one_for_zero ... ok
[INFO] [stdout] test libraries::sqrt_price_math::sqrt_math::get_next_sqrt_price_from_output::reverts_if_amount_out_is_impossible_in_zero_for_one_direction - should panic ... ok
[INFO] [stdout] test libraries::swap_math::swap_math::handles_intermediate_insufficient_liquidity_in_one_for_zero_exact_output_case ... ok
[INFO] [stdout] test libraries::swap_math::swap_math::amount_out_is_capped_at_the_desired_amount_out ... ok
[INFO] [stdout] test libraries::swap_math::swap_math::handles_intermediate_insufficient_liquidity_in_zero_for_one_exact_output_case ... ok
[INFO] [stdout] test libraries::tick_math::tests::get_sqrt_ratio_at_tick::max_tick ... ok
[INFO] [stdout] test libraries::swap_math::swap_math::exact_amount_out_that_gets_capped_at_price_target_in_one_for_zero ... ok
[INFO] [stdout] test libraries::tick_math::tests::get_sqrt_ratio_at_tick::max_tick_minus_one ... ok
[INFO] [stdout] test libraries::tick_math::tests::get_sqrt_ratio_at_tick::max_tick_ratio_is_greater_than_js_implementation ... ok
[INFO] [stdout] test libraries::tick_math::tests::get_sqrt_ratio_at_tick::min_tick ... ok
[INFO] [stdout] test libraries::swap_math::swap_math::target_price_of_1_uses_partial_input_amount ... ok
[INFO] [stdout] test libraries::sqrt_price_math::sqrt_math::swap_computation::sqrt_p_by_sqrt_q_overflows ... ok
[INFO] [stdout] test libraries::swap_math::swap_math::entire_input_amount_taken_as_fee ... ok
[INFO] [stdout] test libraries::swap_math::swap_math::exact_amount_out_that_is_fully_received_in_one_for_zero ... ok
[INFO] [stdout] test libraries::tick_math::tests::get_sqrt_ratio_at_tick::min_tick_plus_one ... ok
[INFO] [stdout] test libraries::tick_math::tests::get_tick_at_sqrt_ratio::ratio_closest_to_max_tick ... ok
[INFO] [stdout] test libraries::tick_math::tests::get_sqrt_ratio_at_tick::throws_for_too_low - should panic ... ok
[INFO] [stdout] test libraries::tick_math::tests::get_tick_at_sqrt_ratio::ratio_of_max_tick_minus_one ... ok
[INFO] [stdout] test libraries::tick_math::tests::get_tick_at_sqrt_ratio::ratio_of_min_tick ... ok
[INFO] [stdout] test libraries::tick_math::tests::get_tick_at_sqrt_ratio::ratio_of_min_tick_plus_one ... ok
[INFO] [stdout] test libraries::tick_math::tests::get_tick_at_sqrt_ratio::throws_for_too_high - should panic ... ok
[INFO] [stdout] test libraries::tick_math::tests::get_tick_at_sqrt_ratio::throws_for_too_low - should panic ... ok
[INFO] [stdout] test libraries::tick_math::tests::get_tick_at_sqrt_ratio::ratio_is_between_tick_and_tick_plus_one ... ok
[INFO] [stdout] test libraries::tick_math::tests::get_sqrt_ratio_at_tick::min_tick_ratio_is_less_than_js_implementation ... ok
[INFO] [stdout] test libraries::tick_math::tests::get_sqrt_ratio_at_tick::throws_for_too_high - should panic ... ok
[INFO] [stdout] test libraries::tick_math::tests::get_tick_at_sqrt_ratio::is_off_by_at_most_one ... ok
[INFO] [stdout] test libraries::unsafe_math::tests::divide_and_round_up ... ok
[INFO] [stdout] test states::tick::test::cross::two_flips_are_a_no_op ... ok
[INFO] [stdout] test states::tick::test::cross::flips_the_growth_variables ... ok
[INFO] [stdout] test states::tick::test::clear::deletes_all_data_in_the_tick ... ok
[INFO] [stdout] test states::tick::test::get_fee_growth_inside::returns_all_for_two_empty_ticks_if_tick_is_inside ... ok
[INFO] [stdout] test states::tick::test::get_fee_growth_inside::returns_zero_for_two_empty_ticks_if_tick_is_above ... ok
[INFO] [stdout] test states::tick::test::get_fee_growth_inside::returns_zero_for_two_empty_ticks_if_tick_is_below ... ok
[INFO] [stdout] test states::tick::test::get_fee_growth_inside::subtracts_lower_tick_if_above ... ok
[INFO] [stdout] test states::tick::test::get_fee_growth_inside::subtracts_upper_tick_and_lower_tick_if_inside ... ok
[INFO] [stdout] test states::tick::test::get_fee_growth_inside::subtracts_upper_tick_if_below ... ok
[INFO] [stdout] test states::tick::test::get_fee_growth_inside::works_correctly_with_overflow_on_inside_tick ... FAILED
[INFO] [stdout] test libraries::unsafe_math::tests::divide_by_factor ... ok
[INFO] [stdout] test states::tick::test::tick_spacing_to_max_liquidity_per_tick::lowest_fee ... ok
[INFO] [stdout] test states::tick::test::tick_spacing_to_max_liquidity_per_tick::returns_the_correct_value_for_high_fee ... ok
[INFO] [stdout] test states::tick::test::tick_spacing_to_max_liquidity_per_tick::returns_the_correct_value_for_medium_fee ... ok
[INFO] [stdout] test states::tick::test::tick_spacing_to_max_liquidity_per_tick::returns_the_correct_value_for_the_entire_range ... ok
[INFO] [stdout] test states::tick::test::update::assume_all_growth_happens_below_ticks_lte_current_tick ... ok
[INFO] [stdout] test states::tick::test::update::does_not_flip_from_nonzero_to_greater_nonzero ... ok
[INFO] [stdout] test states::tick::test::update::does_not_flip_from_nonzero_to_lesser_nonzero ... ok
[INFO] [stdout] test states::tick::test::update::does_not_set_any_growth_fields_for_ticks_gt_current_tick ... ok
[INFO] [stdout] test states::tick::test::tick_spacing_to_max_liquidity_per_tick::returns_the_correct_value_for_low_fee ... ok
[INFO] [stdout] test libraries::unsafe_math::tests::divide_by_zero - should panic ... ok
[INFO] [stdout] test states::tick::test::update::flips_from_nonzero_to_zero ... ok
[INFO] [stdout] test states::tick::test::update::reverts_if_total_liquidity_gross_is_greater_than_max - should panic ... FAILED
[INFO] [stdout] test states::tick::test::update::flips_from_zero_to_non_zero ... ok
[INFO] [stdout] test states::tick::test::update::nets_the_liquidity_based_on_upper_flag ... ok
[INFO] [stdout] test states::tick_bitmap::tests::is_initialized::is_false_at_first ... ok
[INFO] [stdout] test states::tick_bitmap::tests::is_initialized::is_flipped_by_flip_tick ... ok
[INFO] [stdout] test states::tick::test::update::reverts_on_overflow_liquidity_gross - should panic ... ok
[INFO] [stdout] test states::tick_bitmap::tests::is_flipped::flips_only_the_specified_tick ... ok
[INFO] [stdout] test states::tick_bitmap::tests::next_initialized_bit_within_one_word::lte_is_false::returns_same_bit_if_initialized ... ok
[INFO] [stdout] test states::tick_bitmap::tests::next_initialized_bit_within_one_word::lte_is_true::at_the_lower_boundary ... ok
[INFO] [stdout] test states::tick_bitmap::tests::is_initialized::is_flipped_back_by_flip_tick ... ok
[INFO] [stdout] test states::tick_bitmap::tests::next_initialized_bit_within_one_word::lte_is_false::returns_bit_at_right_if_at_uninitialized_bit ... ok
[INFO] [stdout] test states::tick_bitmap::tests::is_initialized::is_not_changed_by_another_flip_to_a_different_tick ... ok
[INFO] [stdout] test states::tick_bitmap::tests::next_initialized_bit_within_one_word::lte_is_true::halfway_through_empty_word ... ok
[INFO] [stdout] test states::tick_bitmap::tests::next_initialized_bit_within_one_word::lte_is_true::returns_bit_at_left_if_not_initialized ... ok
[INFO] [stdout] test states::tick_bitmap::tests::next_initialized_bit_within_one_word::lte_is_false::does_not_exceed_boundary_if_no_initialized_bit ... ok
[INFO] [stdout] test states::tick_bitmap::tests::next_initialized_bit_within_one_word::lte_is_true::entire_empty_word ... ok
[INFO] [stdout] test states::tick_bitmap::tests::next_initialized_bit_within_one_word::lte_is_true::returns_same_bit_if_initialized ... ok
[INFO] [stdout] test states::tick_bitmap::tests::next_initialized_bit_within_one_word::lte_is_true::returns_bit_directly_to_the_left_of_input_bit_if_not_initialized ... ok
[INFO] [stdout] test states::tick_bitmap::tests::next_initialized_bit_within_one_word::lte_is_true::will_not_exceed_lower_boundary ... ok
[INFO] [stdout] test test_id ... ok
[INFO] [stdout] test libraries::tick_math::tests::get_sqrt_ratio_at_tick::sqrt_price_increases_with_tick ... ok
[INFO] [stdout] test libraries::tick_math::tests::get_sqrt_ratio_at_tick::is_at_most_off_by_a_bip ... ok
[INFO] [stdout] test libraries::tick_math::tests::get_sqrt_ratio_at_tick::original_tick_can_be_retrieved_from_sqrt_ratio ... ok
[INFO] [stderr] error: test failed, to rerun pass `--lib`
[INFO] [stdout] 
[INFO] [stdout] failures:
[INFO] [stdout] 
[INFO] [stdout] ---- states::tick::test::get_fee_growth_inside::works_correctly_with_overflow_on_inside_tick stdout ----
[INFO] [stdout] thread 'states::tick::test::get_fee_growth_inside::works_correctly_with_overflow_on_inside_tick' panicked at programs/core/src/states/tick.rs:216:9:
[INFO] [stdout] attempt to subtract with overflow
[INFO] [stdout] stack backtrace:
[INFO] [stdout]    0:     0x560da7d4986c - std::backtrace_rs::backtrace::libunwind::trace::ha637c64ce894333a
[INFO] [stdout]                                at /rustc/82e1608dfa6e0b5569232559e3d385fea5a93112/library/std/src/../../backtrace/src/backtrace/libunwind.rs:104:5
[INFO] [stdout]    1:     0x560da7d4986c - std::backtrace_rs::backtrace::trace_unsynchronized::h47f62dea28e0c88d
[INFO] [stdout]                                at /rustc/82e1608dfa6e0b5569232559e3d385fea5a93112/library/std/src/../../backtrace/src/backtrace/mod.rs:66:5
[INFO] [stdout]    2:     0x560da7d4986c - std::sys_common::backtrace::_print_fmt::h9eef0abe20ede486
[INFO] [stdout]                                at /rustc/82e1608dfa6e0b5569232559e3d385fea5a93112/library/std/src/sys_common/backtrace.rs:67:5
[INFO] [stdout]    3:     0x560da7d4986c - <std::sys_common::backtrace::_print::DisplayBacktrace as core::fmt::Display>::fmt::hed7f999df88cc644
[INFO] [stdout]                                at /rustc/82e1608dfa6e0b5569232559e3d385fea5a93112/library/std/src/sys_common/backtrace.rs:44:22
[INFO] [stdout]    4:     0x560da7d73410 - core::fmt::rt::Argument::fmt::h1539a9308b8d058d
[INFO] [stdout]                                at /rustc/82e1608dfa6e0b5569232559e3d385fea5a93112/library/core/src/fmt/rt.rs:142:9
[INFO] [stdout]    5:     0x560da7d73410 - core::fmt::write::h3a39390d8560d9c9
[INFO] [stdout]                                at /rustc/82e1608dfa6e0b5569232559e3d385fea5a93112/library/core/src/fmt/mod.rs:1120:17
[INFO] [stdout]    6:     0x560da7d4721f - std::io::Write::write_fmt::h040b369f3a0f9cbc
[INFO] [stdout]                                at /rustc/82e1608dfa6e0b5569232559e3d385fea5a93112/library/std/src/io/mod.rs:1762:15
[INFO] [stdout]    7:     0x560da7d49654 - std::sys_common::backtrace::_print::h894006fb5c6f3d45
[INFO] [stdout]                                at /rustc/82e1608dfa6e0b5569232559e3d385fea5a93112/library/std/src/sys_common/backtrace.rs:47:5
[INFO] [stdout]    8:     0x560da7d49654 - std::sys_common::backtrace::print::h23a2d212c6fff936
[INFO] [stdout]                                at /rustc/82e1608dfa6e0b5569232559e3d385fea5a93112/library/std/src/sys_common/backtrace.rs:34:9
[INFO] [stdout]    9:     0x560da7d4b317 - std::panicking::default_hook::{{closure}}::h8a1d2ee00185001a
[INFO] [stdout]   10:     0x560da7d4b003 - std::panicking::default_hook::h6038f2eba384e475
[INFO] [stdout]                                at /rustc/82e1608dfa6e0b5569232559e3d385fea5a93112/library/std/src/panicking.rs:289:9
[INFO] [stdout]   11:     0x560da7b7b837 - <alloc::boxed::Box<F,A> as core::ops::function::Fn<Args>>::call::h0ad024c9bdc6d768
[INFO] [stdout]                                at /rustc/82e1608dfa6e0b5569232559e3d385fea5a93112/library/alloc/src/boxed.rs:2021:9
[INFO] [stdout]   12:     0x560da7b7b837 - test::test_main::{{closure}}::h7500b54257359db6
[INFO] [stdout]                                at /rustc/82e1608dfa6e0b5569232559e3d385fea5a93112/library/test/src/lib.rs:138:21
[INFO] [stdout]   13:     0x560da7d4b928 - <alloc::boxed::Box<F,A> as core::ops::function::Fn<Args>>::call::h1f8f335eaa9cfaee
[INFO] [stdout]                                at /rustc/82e1608dfa6e0b5569232559e3d385fea5a93112/library/alloc/src/boxed.rs:2021:9
[INFO] [stdout]   14:     0x560da7d4b928 - std::panicking::rust_panic_with_hook::h2b5517d590cab22e
[INFO] [stdout]                                at /rustc/82e1608dfa6e0b5569232559e3d385fea5a93112/library/std/src/panicking.rs:783:13
[INFO] [stdout]   15:     0x560da7d4b649 - std::panicking::begin_panic_handler::{{closure}}::h233112c06e0ef43e
[INFO] [stdout]                                at /rustc/82e1608dfa6e0b5569232559e3d385fea5a93112/library/std/src/panicking.rs:649:13
[INFO] [stdout]   16:     0x560da7d49d36 - std::sys_common::backtrace::__rust_end_short_backtrace::h6e893f24d7ebbff8
[INFO] [stdout]                                at /rustc/82e1608dfa6e0b5569232559e3d385fea5a93112/library/std/src/sys_common/backtrace.rs:170:18
[INFO] [stdout]   17:     0x560da7d4b3e2 - rust_begin_unwind
[INFO] [stdout]                                at /rustc/82e1608dfa6e0b5569232559e3d385fea5a93112/library/std/src/panicking.rs:645:5
[INFO] [stdout]   18:     0x560da7b0c235 - core::panicking::panic_fmt::hbf0e066aabfa482c
[INFO] [stdout]                                at /rustc/82e1608dfa6e0b5569232559e3d385fea5a93112/library/core/src/panicking.rs:72:14
[INFO] [stdout]   19:     0x560da7b0c2d3 - core::panicking::panic::h195fc2a96298d4c3
[INFO] [stdout]                                at /rustc/82e1608dfa6e0b5569232559e3d385fea5a93112/library/core/src/panicking.rs:127:5
[INFO] [stdout]   20:     0x560da7b3afd6 - cyclos_core::states::tick::get_fee_growth_inside::h6b770d4071dfc2d5
[INFO] [stdout]                                at /opt/rustwide/workdir/programs/core/src/states/tick.rs:216:9
[INFO] [stdout]   21:     0x560da7b3391d - cyclos_core::states::tick::test::get_fee_growth_inside::works_correctly_with_overflow_on_inside_tick::h63014f63f23ed49d
[INFO] [stdout]                                at /opt/rustwide/workdir/programs/core/src/states/tick.rs:428:17
[INFO] [stdout]   22:     0x560da7b33847 - cyclos_core::states::tick::test::get_fee_growth_inside::works_correctly_with_overflow_on_inside_tick::{{closure}}::hd596df67ab54eeb5
[INFO] [stdout]                                at /opt/rustwide/workdir/programs/core/src/states/tick.rs:404:58
[INFO] [stdout]   23:     0x560da7b436f6 - core::ops::function::FnOnce::call_once::h0b3e8e9092a23aba
[INFO] [stdout]                                at /rustc/82e1608dfa6e0b5569232559e3d385fea5a93112/library/core/src/ops/function.rs:250:5
[INFO] [stdout]   24:     0x560da7b80e8f - core::ops::function::FnOnce::call_once::h2b5d431d5046312d
[INFO] [stdout]                                at /rustc/82e1608dfa6e0b5569232559e3d385fea5a93112/library/core/src/ops/function.rs:250:5
[INFO] [stdout]   25:     0x560da7b80e8f - test::__rust_begin_short_backtrace::h7714669af176e207
[INFO] [stdout]                                at /rustc/82e1608dfa6e0b5569232559e3d385fea5a93112/library/test/src/lib.rs:628:18
[INFO] [stdout]   26:     0x560da7b7fea5 - test::run_test_in_process::{{closure}}::h85218797dcbcec12
[INFO] [stdout]                                at /rustc/82e1608dfa6e0b5569232559e3d385fea5a93112/library/test/src/lib.rs:651:60
[INFO] [stdout]   27:     0x560da7b7fea5 - <core::panic::unwind_safe::AssertUnwindSafe<F> as core::ops::function::FnOnce<()>>::call_once::h76c106ea31c14d7b
[INFO] [stdout]                                at /rustc/82e1608dfa6e0b5569232559e3d385fea5a93112/library/core/src/panic/unwind_safe.rs:272:9
[INFO] [stdout]   28:     0x560da7b7fea5 - std::panicking::try::do_call::h3bd5d0f6620ee946
[INFO] [stdout]                                at /rustc/82e1608dfa6e0b5569232559e3d385fea5a93112/library/std/src/panicking.rs:552:40
[INFO] [stdout]   29:     0x560da7b7fea5 - std::panicking::try::h232e535e4744fe31
[INFO] [stdout]                                at /rustc/82e1608dfa6e0b5569232559e3d385fea5a93112/library/std/src/panicking.rs:516:19
[INFO] [stdout]   30:     0x560da7b7fea5 - std::panic::catch_unwind::h3ce3bd6ca8dbac68
[INFO] [stdout]                                at /rustc/82e1608dfa6e0b5569232559e3d385fea5a93112/library/std/src/panic.rs:142:14
[INFO] [stdout]   31:     0x560da7b7fea5 - test::run_test_in_process::hc97b257c9621286a
[INFO] [stdout]                                at /rustc/82e1608dfa6e0b5569232559e3d385fea5a93112/library/test/src/lib.rs:651:27
[INFO] [stdout]   32:     0x560da7b7fea5 - test::run_test::{{closure}}::h2aa798823a438d38
[INFO] [stdout]                                at /rustc/82e1608dfa6e0b5569232559e3d385fea5a93112/library/test/src/lib.rs:574:43
[INFO] [stdout]   33:     0x560da7b48166 - test::run_test::{{closure}}::h87d231c78fb59832
[INFO] [stdout]                                at /rustc/82e1608dfa6e0b5569232559e3d385fea5a93112/library/test/src/lib.rs:602:41
[INFO] [stdout]   34:     0x560da7b48166 - std::sys_common::backtrace::__rust_begin_short_backtrace::he6df152596625789
[INFO] [stdout]                                at /rustc/82e1608dfa6e0b5569232559e3d385fea5a93112/library/std/src/sys_common/backtrace.rs:154:18
[INFO] [stdout]   35:     0x560da7b4d217 - std::thread::Builder::spawn_unchecked_::{{closure}}::{{closure}}::ha94be15d1e0acf36
[INFO] [stdout]                                at /rustc/82e1608dfa6e0b5569232559e3d385fea5a93112/library/std/src/thread/mod.rs:529:17
[INFO] [stdout]   36:     0x560da7b4d217 - <core::panic::unwind_safe::AssertUnwindSafe<F> as core::ops::function::FnOnce<()>>::call_once::h9dc6bd6372f16606
[INFO] [stdout]                                at /rustc/82e1608dfa6e0b5569232559e3d385fea5a93112/library/core/src/panic/unwind_safe.rs:272:9
[INFO] [stdout]   37:     0x560da7b4d217 - std::panicking::try::do_call::h9057517f80303cd4
[INFO] [stdout]                                at /rustc/82e1608dfa6e0b5569232559e3d385fea5a93112/library/std/src/panicking.rs:552:40
[INFO] [stdout]   38:     0x560da7b4d217 - std::panicking::try::he3a30b11ee45340c
[INFO] [stdout]                                at /rustc/82e1608dfa6e0b5569232559e3d385fea5a93112/library/std/src/panicking.rs:516:19
[INFO] [stdout]   39:     0x560da7b4d217 - std::panic::catch_unwind::h410458cfd3528b8b
[INFO] [stdout]                                at /rustc/82e1608dfa6e0b5569232559e3d385fea5a93112/library/std/src/panic.rs:142:14
[INFO] [stdout]   40:     0x560da7b4d217 - std::thread::Builder::spawn_unchecked_::{{closure}}::h72ac3bdb567b737b
[INFO] [stdout]                                at /rustc/82e1608dfa6e0b5569232559e3d385fea5a93112/library/std/src/thread/mod.rs:528:30
[INFO] [stdout]   41:     0x560da7b4d217 - core::ops::function::FnOnce::call_once{{vtable.shim}}::h38f34da3654a8344
[INFO] [stdout]                                at /rustc/82e1608dfa6e0b5569232559e3d385fea5a93112/library/core/src/ops/function.rs:250:5
[INFO] [stdout]   42:     0x560da7d503b5 - <alloc::boxed::Box<F,A> as core::ops::function::FnOnce<Args>>::call_once::hc7eafaff61e32df9
[INFO] [stdout]                                at /rustc/82e1608dfa6e0b5569232559e3d385fea5a93112/library/alloc/src/boxed.rs:2007:9
[INFO] [stdout]   43:     0x560da7d503b5 - <alloc::boxed::Box<F,A> as core::ops::function::FnOnce<Args>>::call_once::h6ba4a5de48dd2304
[INFO] [stdout]                                at /rustc/82e1608dfa6e0b5569232559e3d385fea5a93112/library/alloc/src/boxed.rs:2007:9
[INFO] [stdout]   44:     0x560da7d503b5 - std::sys::unix::thread::Thread::new::thread_start::he469335aef763e45
[INFO] [stdout]                                at /rustc/82e1608dfa6e0b5569232559e3d385fea5a93112/library/std/src/sys/unix/thread.rs:108:17
[INFO] [stdout]   45:     0x7f2ff0c87ac3 - <unknown>
[INFO] [stdout]   46:     0x7f2ff0d18bf4 - __clone
[INFO] [stdout]   47:                0x0 - <unknown>
[INFO] [stdout] 
[INFO] [stdout] ---- states::tick::test::update::reverts_if_total_liquidity_gross_is_greater_than_max stdout ----
[INFO] [stdout] note: test did not panic as expected
[INFO] [stdout] 
[INFO] [stdout] failures:
[INFO] [stdout]     states::tick::test::get_fee_growth_inside::works_correctly_with_overflow_on_inside_tick
[INFO] [stdout]     states::tick::test::update::reverts_if_total_liquidity_gross_is_greater_than_max
[INFO] [stdout] 
[INFO] [stdout] test result: FAILED. 149 passed; 2 failed; 0 ignored; 0 measured; 0 filtered out; finished in 2.28s
[INFO] [stdout] 
[INFO] running `Command { std: "docker" "inspect" "7afff88fd4a0c706d5da16899a05c9a8050c712add696751c9a449508dd8243c", kill_on_drop: false }`
[INFO] running `Command { std: "docker" "rm" "-f" "7afff88fd4a0c706d5da16899a05c9a8050c712add696751c9a449508dd8243c", kill_on_drop: false }`
[INFO] [stdout] 7afff88fd4a0c706d5da16899a05c9a8050c712add696751c9a449508dd8243c
[INFO] testing AmaanSayyad/Cykura against beta-2023-12-22 for beta-1.76-1
[INFO] running `Command { std: "git" "clone" "/workspace/cache/git-repos/https%3A%2F%2Fgithub.com%2FAmaanSayyad%2FCykura" "/workspace/builds/worker-7-tc2/source", kill_on_drop: false }`
[INFO] [stderr] Cloning into '/workspace/builds/worker-7-tc2/source'...
[INFO] [stderr] done.
[INFO] validating manifest of git repo https://github.com/AmaanSayyad/Cykura on toolchain beta-2023-12-22
[INFO] running `Command { std: CARGO_HOME="/workspace/cargo-home" RUSTUP_HOME="/workspace/rustup-home" "/workspace/cargo-home/bin/cargo" "+beta-2023-12-22" "metadata" "--manifest-path" "Cargo.toml" "--no-deps", kill_on_drop: false }`
[INFO] started tweaking git repo https://github.com/AmaanSayyad/Cykura
[INFO] finished tweaking git repo https://github.com/AmaanSayyad/Cykura
[INFO] tweaked toml for git repo https://github.com/AmaanSayyad/Cykura written to /workspace/builds/worker-7-tc2/source/Cargo.toml
[INFO] crate git repo https://github.com/AmaanSayyad/Cykura already has a lockfile, it will not be regenerated
[INFO] running `Command { std: CARGO_HOME="/workspace/cargo-home" RUSTUP_HOME="/workspace/rustup-home" "/workspace/cargo-home/bin/cargo" "+beta-2023-12-22" "fetch" "--manifest-path" "Cargo.toml", kill_on_drop: false }`
[INFO] [stderr] warning: virtual workspace defaulting to `resolver = "1"` despite one or more workspace members being on edition 2021 which implies `resolver = "2"`
[INFO] [stderr] note: to keep the current resolver, specify `workspace.resolver = "1"` in the workspace root's manifest
[INFO] [stderr] note: to use the edition 2021 resolver, specify `workspace.resolver = "2"` in the workspace root's manifest
[INFO] [stderr] note: for more details see https://doc.rust-lang.org/cargo/reference/resolver.html#resolver-versions
[INFO] running `Command { std: "docker" "create" "-v" "/var/lib/crater-agent-workspace/builds/worker-7-tc2/target:/opt/rustwide/target:rw,Z" "-v" "/var/lib/crater-agent-workspace/builds/worker-7-tc2/source:/opt/rustwide/workdir:ro,Z" "-v" "/var/lib/crater-agent-workspace/cargo-home:/opt/rustwide/cargo-home:ro,Z" "-v" "/var/lib/crater-agent-workspace/rustup-home:/opt/rustwide/rustup-home:ro,Z" "-e" "SOURCE_DIR=/opt/rustwide/workdir" "-e" "CARGO_TARGET_DIR=/opt/rustwide/target" "-e" "CARGO_HOME=/opt/rustwide/cargo-home" "-e" "RUSTUP_HOME=/opt/rustwide/rustup-home" "-w" "/opt/rustwide/workdir" "-m" "1610612736" "--user" "0:0" "--network" "none" "ghcr.io/rust-lang/crates-build-env/linux@sha256:2788e3201cd34a07e3172128adcd8b3090168a8e3bcc40d7c032b9dda1df7d1c" "/opt/rustwide/cargo-home/bin/cargo" "+beta-2023-12-22" "metadata" "--no-deps" "--format-version=1", kill_on_drop: false }`
[INFO] [stdout] ca2be7dc19b6fb0bd4677237c6200f79a1dfd996c66807bb46c980834f08f4af
[INFO] running `Command { std: "docker" "start" "-a" "ca2be7dc19b6fb0bd4677237c6200f79a1dfd996c66807bb46c980834f08f4af", kill_on_drop: false }`
[INFO] running `Command { std: "docker" "inspect" "ca2be7dc19b6fb0bd4677237c6200f79a1dfd996c66807bb46c980834f08f4af", kill_on_drop: false }`
[INFO] running `Command { std: "docker" "rm" "-f" "ca2be7dc19b6fb0bd4677237c6200f79a1dfd996c66807bb46c980834f08f4af", kill_on_drop: false }`
[INFO] [stdout] ca2be7dc19b6fb0bd4677237c6200f79a1dfd996c66807bb46c980834f08f4af
[INFO] running `Command { std: "docker" "create" "-v" "/var/lib/crater-agent-workspace/builds/worker-7-tc2/target:/opt/rustwide/target:rw,Z" "-v" "/var/lib/crater-agent-workspace/builds/worker-7-tc2/source:/opt/rustwide/workdir:ro,Z" "-v" "/var/lib/crater-agent-workspace/cargo-home:/opt/rustwide/cargo-home:ro,Z" "-v" "/var/lib/crater-agent-workspace/rustup-home:/opt/rustwide/rustup-home:ro,Z" "-e" "SOURCE_DIR=/opt/rustwide/workdir" "-e" "CARGO_TARGET_DIR=/opt/rustwide/target" "-e" "CARGO_INCREMENTAL=0" "-e" "RUST_BACKTRACE=full" "-e" "RUSTFLAGS=--cap-lints=warn" "-e" "RUSTDOCFLAGS=--cap-lints=warn" "-e" "CARGO_HOME=/opt/rustwide/cargo-home" "-e" "RUSTUP_HOME=/opt/rustwide/rustup-home" "-w" "/opt/rustwide/workdir" "-m" "1610612736" "--user" "0:0" "--network" "none" "ghcr.io/rust-lang/crates-build-env/linux@sha256:2788e3201cd34a07e3172128adcd8b3090168a8e3bcc40d7c032b9dda1df7d1c" "/opt/rustwide/cargo-home/bin/cargo" "+beta-2023-12-22" "build" "--frozen" "--message-format=json", kill_on_drop: false }`
[INFO] [stdout] ad29f5d2c134ca2fee29fed067f5911318cd8c1053b11b2fe45b2f70ec54f706
[INFO] running `Command { std: "docker" "start" "-a" "ad29f5d2c134ca2fee29fed067f5911318cd8c1053b11b2fe45b2f70ec54f706", kill_on_drop: false }`
[INFO] [stderr] warning: virtual workspace defaulting to `resolver = "1"` despite one or more workspace members being on edition 2021 which implies `resolver = "2"`
[INFO] [stderr] note: to keep the current resolver, specify `workspace.resolver = "1"` in the workspace root's manifest
[INFO] [stderr] note: to use the edition 2021 resolver, specify `workspace.resolver = "2"` in the workspace root's manifest
[INFO] [stderr] note: for more details see https://doc.rust-lang.org/cargo/reference/resolver.html#resolver-versions
[INFO] [stderr]    Compiling proc-macro2 v1.0.36
[INFO] [stderr]    Compiling unicode-xid v0.2.2
[INFO] [stderr]    Compiling syn v1.0.86
[INFO] [stderr]    Compiling serde_derive v1.0.136
[INFO] [stderr]    Compiling serde v1.0.136
[INFO] [stderr]    Compiling version_check v0.9.4
[INFO] [stderr]    Compiling typenum v1.15.0
[INFO] [stderr]    Compiling cfg-if v1.0.0
[INFO] [stderr]    Compiling libc v0.2.119
[INFO] [stderr]    Compiling block-padding v0.2.1
[INFO] [stderr]    Compiling opaque-debug v0.3.0
[INFO] [stderr]    Compiling cpufeatures v0.2.1
[INFO] [stderr]    Compiling bs58 v0.3.1
[INFO] [stderr]    Compiling subtle v2.4.1
[INFO] [stderr]    Compiling generic-array v0.14.5
[INFO] [stderr]    Compiling semver-parser v0.7.0
[INFO] [stderr]    Compiling crunchy v0.2.2
[INFO] [stderr]    Compiling memchr v2.4.1
[INFO] [stderr]    Compiling proc-macro2-diagnostics v0.9.1
[INFO] [stderr]    Compiling semver v0.9.0
[INFO] [stderr]    Compiling getrandom v0.1.16
[INFO] [stderr]    Compiling anyhow v1.0.55
[INFO] [stderr]    Compiling quote v1.0.15
[INFO] [stderr]    Compiling serde_json v1.0.79
[INFO] [stderr]    Compiling rustc_version v0.2.3
[INFO] [stderr]    Compiling ryu v1.0.9
[INFO] [stderr]    Compiling unicode-segmentation v1.9.0
[INFO] [stderr]    Compiling itoa v1.0.1
[INFO] [stderr]    Compiling yansi v0.5.0
[INFO] [stderr]    Compiling log v0.4.14
[INFO] [stderr]    Compiling regex-syntax v0.6.25
[INFO] [stderr]    Compiling heck v0.3.3
[INFO] [stderr]    Compiling rand_core v0.5.1
[INFO] [stderr]    Compiling ahash v0.7.6
[INFO] [stderr]    Compiling rustversion v1.0.6
[INFO] [stderr]    Compiling feature-probe v0.1.1
[INFO] [stderr]    Compiling aho-corasick v0.7.18
[INFO] [stderr]    Compiling bv v0.11.1
[INFO] [stderr]    Compiling solana-frozen-abi-macro v1.8.16
[INFO] [stderr]    Compiling atty v0.2.14
[INFO] [stderr]    Compiling getrandom v0.2.5
[INFO] [stderr]    Compiling humantime v2.1.0
[INFO] [stderr]    Compiling termcolor v1.1.2
[INFO] [stderr]    Compiling autocfg v1.1.0
[INFO] [stderr]    Compiling cc v1.0.73
[INFO] [stderr]    Compiling ppv-lite86 v0.2.16
[INFO] [stderr]    Compiling once_cell v1.9.0
[INFO] [stderr]    Compiling num-traits v0.2.14
[INFO] [stderr]    Compiling rand_chacha v0.2.2
[INFO] [stderr]    Compiling generic-array v0.12.4
[INFO] [stderr]    Compiling solana-frozen-abi v1.8.16
[INFO] [stderr]    Compiling lazy_static v1.4.0
[INFO] [stderr]    Compiling byteorder v1.4.3
[INFO] [stderr]    Compiling arrayref v0.3.6
[INFO] [stderr]    Compiling regex v1.5.4
[INFO] [stderr]    Compiling digest v0.8.1
[INFO] [stderr]    Compiling blake3 v0.3.8
[INFO] [stderr]    Compiling rand v0.7.3
[INFO] [stderr]    Compiling hashbrown v0.11.2
[INFO] [stderr]    Compiling solana-program v1.8.16
[INFO] [stderr]    Compiling memmap2 v0.1.0
[INFO] [stderr]    Compiling keccak v0.1.0
[INFO] [stderr]    Compiling cfg-if v0.1.10
[INFO] [stderr]    Compiling either v1.6.1
[INFO] [stderr]    Compiling base64 v0.12.3
[INFO] [stderr]    Compiling hex v0.4.3
[INFO] [stderr]    Compiling arrayvec v0.5.2
[INFO] [stderr]    Compiling constant_time_eq v0.1.5
[INFO] [stderr]    Compiling zeroize v1.3.0
[INFO] [stderr]    Compiling itertools v0.9.0
[INFO] [stderr]    Compiling base64 v0.13.0
[INFO] [stderr]    Compiling env_logger v0.8.4
[INFO] [stderr]    Compiling curve25519-dalek v2.1.3
[INFO] [stderr]    Compiling solana-logger v1.8.16
[INFO] [stderr]    Compiling borsh-schema-derive-internal v0.9.3
[INFO] [stderr]    Compiling borsh-derive-internal v0.9.3
[INFO] [stderr]    Compiling bs58 v0.4.0
[INFO] [stderr]    Compiling static_assertions v1.1.0
[INFO] [stderr]    Compiling uint v0.9.1
[INFO] [stderr]    Compiling thiserror-impl v1.0.30
[INFO] [stderr]    Compiling bytemuck_derive v1.0.1
[INFO] [stderr]    Compiling solana-sdk-macro v1.8.16
[INFO] [stderr]    Compiling num-derive v0.3.3
[INFO] [stderr]    Compiling bytemuck v1.7.3
[INFO] [stderr]    Compiling thiserror v1.0.30
[INFO] [stderr]    Compiling toml v0.5.8
[INFO] [stderr]    Compiling bincode v1.3.3
[INFO] [stderr]    Compiling serde_bytes v0.11.5
[INFO] [stderr]    Compiling digest v0.9.0
[INFO] [stderr]    Compiling block-buffer v0.9.0
[INFO] [stderr]    Compiling crypto-mac v0.8.0
[INFO] [stderr]    Compiling sha2 v0.9.9
[INFO] [stderr]    Compiling libsecp256k1-core v0.2.2
[INFO] [stderr]    Compiling hmac v0.8.1
[INFO] [stderr]    Compiling sha3 v0.9.1
[INFO] [stderr]    Compiling hmac-drbg v0.3.0
[INFO] [stderr]    Compiling proc-macro-crate v0.1.5
[INFO] [stderr]    Compiling proc-macro-crate v1.1.2
[INFO] [stderr]    Compiling anchor-syn v0.22.1
[INFO] [stderr]    Compiling borsh-derive v0.9.3
[INFO] [stderr]    Compiling num_enum_derive v0.5.6
[INFO] [stderr]    Compiling libsecp256k1-gen-ecmult v0.2.1
[INFO] [stderr]    Compiling libsecp256k1-gen-genmult v0.2.1
[INFO] [stderr]    Compiling libsecp256k1 v0.5.0
[INFO] [stderr]    Compiling borsh v0.9.3
[INFO] [stderr]    Compiling num_enum v0.5.6
[INFO] [stderr]    Compiling anchor-attribute-access-control v0.22.1
[INFO] [stderr]    Compiling anchor-attribute-account v0.22.1
[INFO] [stderr]    Compiling anchor-attribute-state v0.22.1
[INFO] [stderr]    Compiling anchor-derive-accounts v0.22.1
[INFO] [stderr]    Compiling anchor-attribute-error v0.22.1
[INFO] [stderr]    Compiling anchor-attribute-program v0.22.1
[INFO] [stderr]    Compiling anchor-attribute-constant v0.22.1
[INFO] [stderr]    Compiling anchor-attribute-event v0.22.1
[INFO] [stderr]    Compiling anchor-attribute-interface v0.22.1
[INFO] [stderr]    Compiling anchor-lang v0.22.1
[INFO] [stderr]    Compiling spl-token v3.2.0
[INFO] [stderr]    Compiling metaplex-token-vault v0.0.1
[INFO] [stderr]    Compiling spl-associated-token-account v1.0.3
[INFO] [stderr]    Compiling anchor-spl v0.22.1
[INFO] [stderr]    Compiling metaplex-token-metadata v0.0.1
[INFO] [stderr]    Compiling cyclos-core v0.1.6 (/opt/rustwide/workdir/programs/core)
[INFO] [stdout] warning: unused import: `crate::error::ErrorCode`
[INFO] [stdout]  --> programs/core/src/states/tick.rs:3:5
[INFO] [stdout]   |
[INFO] [stdout] 3 | use crate::error::ErrorCode;
[INFO] [stdout]   |     ^^^^^^^^^^^^^^^^^^^^^^^
[INFO] [stdout]   |
[INFO] [stdout]   = note: `#[warn(unused_imports)]` on by default
[INFO] [stdout] 
[INFO] [stdout] 
[INFO] [stdout] warning: unused variable: `max_liquidity`
[INFO] [stdout]   --> programs/core/src/states/tick.rs:74:9
[INFO] [stdout]    |
[INFO] [stdout] 74 |         max_liquidity: u64,
[INFO] [stdout]    |         ^^^^^^^^^^^^^ help: if this is intentional, prefix it with an underscore: `_max_liquidity`
[INFO] [stdout]    |
[INFO] [stdout]    = note: `#[warn(unused_variables)]` on by default
[INFO] [stdout] 
[INFO] [stdout] 
[INFO] [stdout] warning: 2 warnings emitted
[INFO] [stdout] 
[INFO] [stdout] 
[INFO] [stderr]     Finished dev [unoptimized + debuginfo] target(s) in 31.46s
[INFO] running `Command { std: "docker" "inspect" "ad29f5d2c134ca2fee29fed067f5911318cd8c1053b11b2fe45b2f70ec54f706", kill_on_drop: false }`
[INFO] running `Command { std: "docker" "rm" "-f" "ad29f5d2c134ca2fee29fed067f5911318cd8c1053b11b2fe45b2f70ec54f706", kill_on_drop: false }`
[INFO] [stdout] ad29f5d2c134ca2fee29fed067f5911318cd8c1053b11b2fe45b2f70ec54f706
[INFO] running `Command { std: "docker" "create" "-v" "/var/lib/crater-agent-workspace/builds/worker-7-tc2/target:/opt/rustwide/target:rw,Z" "-v" "/var/lib/crater-agent-workspace/builds/worker-7-tc2/source:/opt/rustwide/workdir:ro,Z" "-v" "/var/lib/crater-agent-workspace/cargo-home:/opt/rustwide/cargo-home:ro,Z" "-v" "/var/lib/crater-agent-workspace/rustup-home:/opt/rustwide/rustup-home:ro,Z" "-e" "SOURCE_DIR=/opt/rustwide/workdir" "-e" "CARGO_TARGET_DIR=/opt/rustwide/target" "-e" "CARGO_INCREMENTAL=0" "-e" "RUST_BACKTRACE=full" "-e" "RUSTFLAGS=--cap-lints=warn" "-e" "RUSTDOCFLAGS=--cap-lints=warn" "-e" "CARGO_HOME=/opt/rustwide/cargo-home" "-e" "RUSTUP_HOME=/opt/rustwide/rustup-home" "-w" "/opt/rustwide/workdir" "-m" "1610612736" "--user" "0:0" "--network" "none" "ghcr.io/rust-lang/crates-build-env/linux@sha256:2788e3201cd34a07e3172128adcd8b3090168a8e3bcc40d7c032b9dda1df7d1c" "/opt/rustwide/cargo-home/bin/cargo" "+beta-2023-12-22" "test" "--frozen" "--no-run" "--message-format=json", kill_on_drop: false }`
[INFO] [stdout] e28e2c09a30f8af648888480dc2c8380b38af765112bffc59de91e3a051f1508
[INFO] running `Command { std: "docker" "start" "-a" "e28e2c09a30f8af648888480dc2c8380b38af765112bffc59de91e3a051f1508", kill_on_drop: false }`
[INFO] [stderr] warning: virtual workspace defaulting to `resolver = "1"` despite one or more workspace members being on edition 2021 which implies `resolver = "2"`
[INFO] [stderr] note: to keep the current resolver, specify `workspace.resolver = "1"` in the workspace root's manifest
[INFO] [stderr] note: to use the edition 2021 resolver, specify `workspace.resolver = "2"` in the workspace root's manifest
[INFO] [stderr] note: for more details see https://doc.rust-lang.org/cargo/reference/resolver.html#resolver-versions
[INFO] [stderr]    Compiling env_logger v0.7.1
[INFO] [stderr]    Compiling quickcheck v0.9.2
[INFO] [stderr]    Compiling cyclos-core v0.1.6 (/opt/rustwide/workdir/programs/core)
[INFO] [stdout] warning: unused import: `crate::error::ErrorCode`
[INFO] [stdout]  --> programs/core/src/states/tick.rs:3:5
[INFO] [stdout]   |
[INFO] [stdout] 3 | use crate::error::ErrorCode;
[INFO] [stdout]   |     ^^^^^^^^^^^^^^^^^^^^^^^
[INFO] [stdout]   |
[INFO] [stdout]   = note: `#[warn(unused_imports)]` on by default
[INFO] [stdout] 
[INFO] [stdout] 
[INFO] [stdout] warning: unused variable: `max_liquidity`
[INFO] [stdout]   --> programs/core/src/states/tick.rs:74:9
[INFO] [stdout]    |
[INFO] [stdout] 74 |         max_liquidity: u64,
[INFO] [stdout]    |         ^^^^^^^^^^^^^ help: if this is intentional, prefix it with an underscore: `_max_liquidity`
[INFO] [stdout]    |
[INFO] [stdout]    = note: `#[warn(unused_variables)]` on by default
[INFO] [stdout] 
[INFO] [stdout] 
[INFO] [stdout] warning: 2 warnings emitted
[INFO] [stdout] 
[INFO] [stdout] 
[INFO] [stderr]     Finished test [unoptimized + debuginfo] target(s) in 6.20s
[INFO] running `Command { std: "docker" "inspect" "e28e2c09a30f8af648888480dc2c8380b38af765112bffc59de91e3a051f1508", kill_on_drop: false }`
[INFO] running `Command { std: "docker" "rm" "-f" "e28e2c09a30f8af648888480dc2c8380b38af765112bffc59de91e3a051f1508", kill_on_drop: false }`
[INFO] [stdout] e28e2c09a30f8af648888480dc2c8380b38af765112bffc59de91e3a051f1508
[INFO] running `Command { std: "docker" "create" "-v" "/var/lib/crater-agent-workspace/builds/worker-7-tc2/target:/opt/rustwide/target:rw,Z" "-v" "/var/lib/crater-agent-workspace/builds/worker-7-tc2/source:/opt/rustwide/workdir:ro,Z" "-v" "/var/lib/crater-agent-workspace/cargo-home:/opt/rustwide/cargo-home:ro,Z" "-v" "/var/lib/crater-agent-workspace/rustup-home:/opt/rustwide/rustup-home:ro,Z" "-e" "SOURCE_DIR=/opt/rustwide/workdir" "-e" "CARGO_TARGET_DIR=/opt/rustwide/target" "-e" "CARGO_INCREMENTAL=0" "-e" "RUST_BACKTRACE=full" "-e" "RUSTFLAGS=--cap-lints=warn" "-e" "RUSTDOCFLAGS=--cap-lints=warn" "-e" "CARGO_HOME=/opt/rustwide/cargo-home" "-e" "RUSTUP_HOME=/opt/rustwide/rustup-home" "-w" "/opt/rustwide/workdir" "-m" "1610612736" "--user" "0:0" "--network" "none" "ghcr.io/rust-lang/crates-build-env/linux@sha256:2788e3201cd34a07e3172128adcd8b3090168a8e3bcc40d7c032b9dda1df7d1c" "/opt/rustwide/cargo-home/bin/cargo" "+beta-2023-12-22" "test" "--frozen", kill_on_drop: false }`
[INFO] [stdout] 42a8a6579f50032189b5e156e6365a789898f7caf1e412865c623c06d71118ad
[INFO] running `Command { std: "docker" "start" "-a" "42a8a6579f50032189b5e156e6365a789898f7caf1e412865c623c06d71118ad", kill_on_drop: false }`
[INFO] [stderr] warning: virtual workspace defaulting to `resolver = "1"` despite one or more workspace members being on edition 2021 which implies `resolver = "2"`
[INFO] [stderr] note: to keep the current resolver, specify `workspace.resolver = "1"` in the workspace root's manifest
[INFO] [stderr] note: to use the edition 2021 resolver, specify `workspace.resolver = "2"` in the workspace root's manifest
[INFO] [stderr] note: for more details see https://doc.rust-lang.org/cargo/reference/resolver.html#resolver-versions
[INFO] [stderr] warning: unused import: `crate::error::ErrorCode`
[INFO] [stderr]  --> programs/core/src/states/tick.rs:3:5
[INFO] [stderr]   |
[INFO] [stderr] 3 | use crate::error::ErrorCode;
[INFO] [stderr]   |     ^^^^^^^^^^^^^^^^^^^^^^^
[INFO] [stderr]   |
[INFO] [stderr]   = note: `#[warn(unused_imports)]` on by default
[INFO] [stderr] 
[INFO] [stderr] warning: unused variable: `max_liquidity`
[INFO] [stderr]   --> programs/core/src/states/tick.rs:74:9
[INFO] [stderr]    |
[INFO] [stderr] 74 |         max_liquidity: u64,
[INFO] [stderr]    |         ^^^^^^^^^^^^^ help: if this is intentional, prefix it with an underscore: `_max_liquidity`
[INFO] [stderr]    |
[INFO] [stderr]    = note: `#[warn(unused_variables)]` on by default
[INFO] [stderr] 
[INFO] [stderr] warning: `cyclos-core` (lib test) generated 2 warnings (run `cargo fix --lib -p cyclos-core --tests` to apply 2 suggestions)
[INFO] [stderr]     Finished test [unoptimized + debuginfo] target(s) in 0.15s
[INFO] [stderr]      Running unittests src/lib.rs (/opt/rustwide/target/debug/deps/cyclos_core-3798865456ad96cd)
[INFO] [stdout] 
[INFO] [stdout] running 151 tests
[INFO] [stdout] test libraries::bit_math::tests::least_significant_bit::test_lsb_for_max ... ok
[INFO] [stdout] test libraries::bit_math::tests::least_significant_bit::test_lsb_for_2 ... ok
[INFO] [stdout] test libraries::bit_math::tests::most_significant_bit::test_msb_at_powers_of_two ... ok
[INFO] [stdout] test libraries::bit_math::tests::least_significant_bit::test_lsb_at_powers_of_two ... ok
[INFO] [stdout] test libraries::bit_math::tests::least_significant_bit::test_lsb_for_1 ... ok
[INFO] [stdout] test libraries::bit_math::tests::most_significant_bit::test_msb_for_max ... ok
[INFO] [stdout] test libraries::full_math::muldiv_u128_tests::scale_floor ... ok
[INFO] [stdout] test libraries::bit_math::tests::most_significant_bit::test_msb_for_1 ... ok
[INFO] [stdout] test libraries::full_math::muldiv_u64_tests::scale_ceil ... ok
[INFO] [stdout] test libraries::bit_math::tests::most_significant_bit::test_msb_for_2 ... ok
[INFO] [stdout] test libraries::full_math::uniswap_tests::mul_div::accurate_without_phantom_overflow ... ok
[INFO] [stdout] test libraries::full_math::uniswap_tests::mul_div::accurate_with_phantom_overflow_and_repeating_decimal ... ok
[INFO] [stdout] test libraries::full_math::uniswap_tests::mul_div::accurate_with_phantom_overflow ... ok
[INFO] [stdout] test libraries::full_math::muldiv_u128_tests::scale_ceil ... ok
[INFO] [stdout] test libraries::full_math::uniswap_tests::mul_div::all_max_inputs ... ok
[INFO] [stdout] test libraries::full_math::uniswap_tests::mul_div_rounding_up::accurate_with_phantom_overflow ... ok
[INFO] [stdout] test libraries::full_math::muldiv_u64_tests::scale_floor ... ok
[INFO] [stdout] test libraries::full_math::uniswap_tests::mul_div_rounding_up::accurate_without_phantom_overflow ... ok
[INFO] [stdout] test libraries::full_math::uniswap_tests::mul_div_rounding_up::accurate_with_phantom_overflow_and_repeating_decimal ... ok
[INFO] [stdout] test libraries::full_math::uniswap_tests::mul_div_rounding_up::all_max_inputs ... ok
[INFO] [stdout] test libraries::bit_math::tests::least_significant_bit::test_lsb_for_0 - should panic ... ok
[INFO] [stdout] test libraries::bit_math::tests::most_significant_bit::test_msb_for_0 - should panic ... ok
[INFO] [stdout] test libraries::full_math::uniswap_tests::mul_div::reverts_if_denominator_is_zero - should panic ... ok
[INFO] [stdout] test libraries::full_math::uniswap_tests::mul_div::reverts_if_output_overflows_u64 - should panic ... ok
[INFO] [stdout] test libraries::full_math::uniswap_tests::mul_div::reverts_if_denominator_is_zero_and_numerator_overflows - should panic ... ok
[INFO] [stdout] test libraries::full_math::uniswap_tests::mul_div_rounding_up::reverts_if_denominator_is_zero - should panic ... ok
[INFO] [stdout] test libraries::liquidity_amounts::tests::get_amount_0_for_liquidity::amounts_for_price_below ... ok
[INFO] [stdout] test libraries::liquidity_amounts::tests::get_amount_0_for_liquidity::amounts_for_price_above ... ok
[INFO] [stdout] test libraries::full_math::uniswap_tests::mul_div::reverts_on_overflow_with_all_max_inputs - should panic ... ok
[INFO] [stdout] test libraries::liquidity_amounts::tests::get_amount_0_for_liquidity::amounts_for_price_on_lower_boundary ... ok
[INFO] [stdout] test libraries::liquidity_amounts::tests::get_amount_0_for_liquidity::amounts_for_price_inside ... ok
[INFO] [stdout] test libraries::full_math::uniswap_tests::mul_div_rounding_up::reverts_if_denominator_is_zero_and_numerator_overflows - should panic ... ok
[INFO] [stdout] test libraries::liquidity_amounts::tests::get_liquidity_for_amounts::amounts_for_price_equal_to_upper_boundary ... ok
[INFO] [stdout] test libraries::liquidity_amounts::tests::get_liquidity_for_amounts::amounts_for_price_above ... ok
[INFO] [stdout] test libraries::full_math::uniswap_tests::mul_div_rounding_up::reverts_if_muldiv_overflows_64_bits_after_rounding_up - should panic ... ok
[INFO] [stdout] test libraries::full_math::uniswap_tests::mul_div_rounding_up::reverts_if_output_overflows_u64 - should panic ... ok
[INFO] [stdout] test libraries::liquidity_amounts::tests::get_liquidity_for_amounts::amounts_for_price_equal_to_lower_boundary ... ok
[INFO] [stdout] test libraries::liquidity_math::tests::one_plus_minus_one ... ok
[INFO] [stdout] test libraries::liquidity_amounts::tests::get_amount_0_for_liquidity::amounts_for_price_on_upper_boundary ... ok
[INFO] [stdout] test libraries::liquidity_amounts::tests::get_liquidity_for_amounts::amounts_for_price_inside ... ok
[INFO] [stdout] test libraries::full_math::uniswap_tests::mul_div_rounding_up::reverts_on_overflow_with_all_max_inputs - should panic ... ok
[INFO] [stdout] test libraries::liquidity_math::tests::one_plus_zero ... ok
[INFO] [stdout] test libraries::liquidity_amounts::tests::get_liquidity_for_amounts::amounts_for_price_below ... ok
[INFO] [stdout] test libraries::sqrt_price_math::sqrt_math::get_amount_0_delta::returns_one_eleventh_of_amount_0_for_price_change_from_1_to_1_point_21 ... ok
[INFO] [stdout] test libraries::sqrt_price_math::sqrt_math::get_amount_0_delta::returns_0_if_liquidity_is_0 ... ok
[INFO] [stdout] test libraries::liquidity_math::tests::three_minus_four_underflows - should panic ... ok
[INFO] [stdout] test libraries::liquidity_math::tests::two_pow_64_minus_fifteen_plus_fifteen_overflows - should panic ... ok
[INFO] [stdout] test libraries::liquidity_math::tests::u64_max_plus_one_overflows - should panic ... ok
[INFO] [stdout] test libraries::sqrt_price_math::sqrt_math::get_amount_0_delta::returns_0_if_prices_are_equal ... ok
[INFO] [stdout] test libraries::liquidity_math::tests::zero_minus_one_underflows - should panic ... ok
[INFO] [stdout] test libraries::liquidity_math::tests::one_plus_one ... ok
[INFO] [stdout] test libraries::sqrt_price_math::sqrt_math::get_next_sqrt_price_from_input::amount_in_is_greater_than_u32_max_and_zero_for_one_is_true ... ok
[INFO] [stdout] test libraries::sqrt_price_math::sqrt_math::get_amount_1_delta::returns_one_tenth_of_amount_1_for_price_change_from_1_to_1_point_21 ... ok
[INFO] [stdout] test libraries::sqrt_price_math::sqrt_math::get_amount_0_delta::works_for_prices_that_overflow ... ok
[INFO] [stdout] test libraries::sqrt_price_math::sqrt_math::get_amount_1_delta::returns_0_if_liquidity_is_0 ... ok
[INFO] [stdout] test libraries::sqrt_price_math::sqrt_math::get_amount_1_delta::returns_0_if_prices_are_equal ... ok
[INFO] [stdout] test libraries::sqrt_price_math::sqrt_math::get_next_sqrt_price_from_input::can_return_1_with_enough_amount_in_and_zero_for_one_is_true ... ok
[INFO] [stdout] test libraries::sqrt_price_math::sqrt_math::get_next_sqrt_price_from_input::input_amount_of_01_token_1 ... ok
[INFO] [stdout] test libraries::sqrt_price_math::sqrt_math::get_next_sqrt_price_from_input::returns_input_price_if_amount_in_is_zero_and_zero_for_one_is_false ... ok
[INFO] [stdout] test libraries::sqrt_price_math::sqrt_math::get_next_sqrt_price_from_input::any_input_amount_cannot_underflow_the_price ... ok
[INFO] [stdout] test libraries::sqrt_price_math::sqrt_math::get_next_sqrt_price_from_input::fails_if_price_is_zero - should panic ... ok
[INFO] [stdout] test libraries::sqrt_price_math::sqrt_math::get_next_sqrt_price_from_input::input_amount_of_01_token_0 ... ok
[INFO] [stdout] test libraries::sqrt_price_math::sqrt_math::get_next_sqrt_price_from_input::fails_if_input_amount_overflows_the_price - should panic ... ok
[INFO] [stdout] test libraries::sqrt_price_math::sqrt_math::get_next_sqrt_price_from_input::returns_input_price_if_amount_in_is_zero_and_zero_for_one_is_true ... ok
[INFO] [stdout] test libraries::sqrt_price_math::sqrt_math::get_next_sqrt_price_from_input::returns_the_minimum_price_for_max_inputs ... ok
[INFO] [stdout] test libraries::sqrt_price_math::sqrt_math::get_next_sqrt_price_from_input::fails_if_liquidity_is_zero - should panic ... ok
[INFO] [stdout] test libraries::sqrt_price_math::sqrt_math::get_next_sqrt_price_from_output::fails_if_output_amount_is_exactly_the_virtual_reserves_of_token_0 - should panic ... ok
[INFO] [stdout] test libraries::sqrt_price_math::sqrt_math::get_next_sqrt_price_from_output::output_amount_of_01_token_1_when_zero_for_one_is_false ... ok
[INFO] [stdout] test libraries::sqrt_price_math::sqrt_math::get_next_sqrt_price_from_output::fails_if_price_is_zero - should panic ... ok
[INFO] [stdout] test libraries::sqrt_price_math::sqrt_math::get_next_sqrt_price_from_output::returns_input_price_if_amount_in_is_zero_and_zero_for_one_is_true ... ok
[INFO] [stdout] test libraries::sqrt_price_math::sqrt_math::get_next_sqrt_price_from_output::fails_if_liquidity_is_zero - should panic ... ok
[INFO] [stdout] test libraries::sqrt_price_math::sqrt_math::get_next_sqrt_price_from_output::fails_if_output_amount_is_greater_than_virtual_reserves_of_token_0 - should panic ... ok
[INFO] [stdout] test libraries::sqrt_price_math::sqrt_math::get_next_sqrt_price_from_output::fails_if_output_amount_is_greater_than_virtual_reserves_of_token_1 - should panic ... ok
[INFO] [stdout] test libraries::swap_math::swap_math::amount_out_is_capped_at_the_desired_amount_out ... ok
[INFO] [stdout] test libraries::sqrt_price_math::sqrt_math::get_next_sqrt_price_from_output::reverts_if_amount_out_is_impossible_in_one_for_zero_direction - should panic ... ok
[INFO] [stdout] test libraries::sqrt_price_math::sqrt_math::get_next_sqrt_price_from_output::reverts_if_amount_out_is_impossible_in_zero_for_one_direction - should panic ... ok
[INFO] [stdout] test libraries::sqrt_price_math::sqrt_math::swap_computation::sqrt_p_by_sqrt_q_overflows ... ok
[INFO] [stdout] test libraries::swap_math::swap_math::entire_input_amount_taken_as_fee ... ok
[INFO] [stdout] test libraries::swap_math::swap_math::exact_amount_in_that_gets_capped_at_price_target_in_one_for_zero ... ok
[INFO] [stdout] test libraries::swap_math::swap_math::exact_amount_out_that_gets_capped_at_price_target_in_one_for_zero ... ok
[INFO] [stdout] test libraries::swap_math::swap_math::handles_intermediate_insufficient_liquidity_in_one_for_zero_exact_output_case ... ok
[INFO] [stdout] test libraries::swap_math::swap_math::exact_amount_in_that_is_fully_spent_in_one_for_zero ... ok
[INFO] [stdout] test libraries::swap_math::swap_math::handles_intermediate_insufficient_liquidity_in_zero_for_one_exact_output_case ... ok
[INFO] [stdout] test libraries::swap_math::swap_math::target_price_of_1_uses_partial_input_amount ... ok
[INFO] [stdout] test libraries::swap_math::swap_math::exact_amount_out_that_is_fully_received_in_one_for_zero ... ok
[INFO] [stdout] test libraries::sqrt_price_math::sqrt_math::get_next_sqrt_price_from_output::output_amount_of_01_token_1_when_zero_for_one_is_true ... ok
[INFO] [stdout] test libraries::sqrt_price_math::sqrt_math::get_next_sqrt_price_from_output::succeeds_if_output_amount_is_less_than_virtual_reserves_of_token_1 ... ok
[INFO] [stdout] test libraries::sqrt_price_math::sqrt_math::get_next_sqrt_price_from_output::fails_if_output_amount_is_exactly_the_virtual_reserves_of_token_1 - should panic ... ok
[INFO] [stdout] test libraries::tick_math::tests::get_sqrt_ratio_at_tick::max_tick_ratio_is_greater_than_js_implementation ... ok
[INFO] [stdout] test libraries::sqrt_price_math::sqrt_math::get_next_sqrt_price_from_output::returns_input_price_if_amount_in_is_zero_and_zero_for_one_is_false ... ok
[INFO] [stdout] test libraries::tick_math::tests::get_sqrt_ratio_at_tick::min_tick ... ok
[INFO] [stdout] test libraries::tick_math::tests::get_sqrt_ratio_at_tick::max_tick_minus_one ... ok
[INFO] [stdout] test libraries::tick_math::tests::get_sqrt_ratio_at_tick::min_tick_plus_one ... ok
[INFO] [stdout] test libraries::tick_math::tests::get_sqrt_ratio_at_tick::max_tick ... ok
[INFO] [stdout] test libraries::tick_math::tests::get_sqrt_ratio_at_tick::min_tick_ratio_is_less_than_js_implementation ... ok
[INFO] [stdout] test libraries::tick_math::tests::get_tick_at_sqrt_ratio::is_off_by_at_most_one ... ok
[INFO] [stdout] test libraries::tick_math::tests::get_tick_at_sqrt_ratio::ratio_of_max_tick_minus_one ... ok
[INFO] [stdout] test libraries::tick_math::tests::get_tick_at_sqrt_ratio::ratio_of_min_tick ... ok
[INFO] [stdout] test libraries::tick_math::tests::get_sqrt_ratio_at_tick::throws_for_too_high - should panic ... ok
[INFO] [stdout] test libraries::tick_math::tests::get_tick_at_sqrt_ratio::throws_for_too_high - should panic ... ok
[INFO] [stdout] test libraries::tick_math::tests::get_tick_at_sqrt_ratio::throws_for_too_low - should panic ... ok
[INFO] [stdout] test libraries::unsafe_math::tests::divide_and_round_up ... ok
[INFO] [stdout] test libraries::tick_math::tests::get_tick_at_sqrt_ratio::ratio_closest_to_max_tick ... ok
[INFO] [stdout] test libraries::tick_math::tests::get_sqrt_ratio_at_tick::throws_for_too_low - should panic ... ok
[INFO] [stdout] test libraries::unsafe_math::tests::divide_by_factor ... ok
[INFO] [stdout] test libraries::unsafe_math::tests::divide_by_zero - should panic ... ok
[INFO] [stdout] test states::tick::test::cross::two_flips_are_a_no_op ... ok
[INFO] [stdout] test libraries::tick_math::tests::get_tick_at_sqrt_ratio::ratio_is_between_tick_and_tick_plus_one ... ok
[INFO] [stdout] test libraries::tick_math::tests::get_tick_at_sqrt_ratio::ratio_of_min_tick_plus_one ... ok
[INFO] [stdout] test states::tick::test::get_fee_growth_inside::returns_zero_for_two_empty_ticks_if_tick_is_above ... ok
[INFO] [stdout] test states::tick::test::get_fee_growth_inside::subtracts_lower_tick_if_above ... ok
[INFO] [stdout] test states::tick::test::clear::deletes_all_data_in_the_tick ... ok
[INFO] [stdout] test states::tick::test::get_fee_growth_inside::returns_zero_for_two_empty_ticks_if_tick_is_below ... ok
[INFO] [stdout] test states::tick::test::get_fee_growth_inside::subtracts_upper_tick_and_lower_tick_if_inside ... ok
[INFO] [stdout] test states::tick::test::get_fee_growth_inside::subtracts_upper_tick_if_below ... ok
[INFO] [stdout] test states::tick::test::get_fee_growth_inside::works_correctly_with_overflow_on_inside_tick ... FAILED
[INFO] [stdout] test states::tick::test::tick_spacing_to_max_liquidity_per_tick::lowest_fee ... ok
[INFO] [stdout] test states::tick::test::tick_spacing_to_max_liquidity_per_tick::returns_the_correct_value_for_low_fee ... ok
[INFO] [stdout] test states::tick::test::tick_spacing_to_max_liquidity_per_tick::returns_the_correct_value_for_medium_fee ... ok
[INFO] [stdout] test states::tick::test::tick_spacing_to_max_liquidity_per_tick::returns_the_correct_value_for_the_entire_range ... ok
[INFO] [stdout] test states::tick::test::update::assume_all_growth_happens_below_ticks_lte_current_tick ... ok
[INFO] [stdout] test states::tick::test::cross::flips_the_growth_variables ... ok
[INFO] [stdout] test states::tick::test::get_fee_growth_inside::returns_all_for_two_empty_ticks_if_tick_is_inside ... ok
[INFO] [stdout] test states::tick::test::update::does_not_flip_from_nonzero_to_greater_nonzero ... ok
[INFO] [stdout] test states::tick::test::update::does_not_flip_from_nonzero_to_lesser_nonzero ... ok
[INFO] [stdout] test states::tick::test::update::flips_from_zero_to_non_zero ... ok
[INFO] [stdout] test states::tick::test::update::nets_the_liquidity_based_on_upper_flag ... ok
[INFO] [stdout] test states::tick::test::update::reverts_if_total_liquidity_gross_is_greater_than_max - should panic ... FAILED
[INFO] [stdout] test states::tick::test::update::reverts_on_overflow_liquidity_gross - should panic ... ok
[INFO] [stdout] test states::tick_bitmap::tests::is_flipped::flips_only_the_specified_tick ... ok
[INFO] [stdout] test states::tick_bitmap::tests::is_initialized::is_false_at_first ... ok
[INFO] [stdout] test states::tick_bitmap::tests::is_initialized::is_flipped_by_flip_tick ... ok
[INFO] [stdout] test states::tick::test::tick_spacing_to_max_liquidity_per_tick::returns_the_correct_value_for_high_fee ... ok
[INFO] [stdout] test states::tick_bitmap::tests::next_initialized_bit_within_one_word::lte_is_false::does_not_exceed_boundary_if_no_initialized_bit ... ok
[INFO] [stdout] test states::tick::test::update::does_not_set_any_growth_fields_for_ticks_gt_current_tick ... ok
[INFO] [stdout] test states::tick::test::update::flips_from_nonzero_to_zero ... ok
[INFO] [stdout] test states::tick_bitmap::tests::next_initialized_bit_within_one_word::lte_is_true::at_the_lower_boundary ... ok
[INFO] [stdout] test states::tick_bitmap::tests::next_initialized_bit_within_one_word::lte_is_false::returns_bit_at_right_if_at_uninitialized_bit ... ok
[INFO] [stdout] test states::tick_bitmap::tests::next_initialized_bit_within_one_word::lte_is_true::halfway_through_empty_word ... ok
[INFO] [stdout] test states::tick_bitmap::tests::next_initialized_bit_within_one_word::lte_is_true::returns_bit_at_left_if_not_initialized ... ok
[INFO] [stdout] test states::tick_bitmap::tests::next_initialized_bit_within_one_word::lte_is_true::returns_bit_directly_to_the_left_of_input_bit_if_not_initialized ... ok
[INFO] [stdout] test states::tick_bitmap::tests::next_initialized_bit_within_one_word::lte_is_true::entire_empty_word ... ok
[INFO] [stdout] test states::tick_bitmap::tests::next_initialized_bit_within_one_word::lte_is_true::will_not_exceed_lower_boundary ... ok
[INFO] [stdout] test test_id ... ok
[INFO] [stdout] test states::tick_bitmap::tests::next_initialized_bit_within_one_word::lte_is_true::returns_same_bit_if_initialized ... ok
[INFO] [stdout] test states::tick_bitmap::tests::is_initialized::is_flipped_back_by_flip_tick ... ok
[INFO] [stdout] test states::tick_bitmap::tests::is_initialized::is_not_changed_by_another_flip_to_a_different_tick ... ok
[INFO] [stdout] test states::tick_bitmap::tests::next_initialized_bit_within_one_word::lte_is_false::returns_same_bit_if_initialized ... ok
[INFO] [stdout] test libraries::tick_math::tests::get_sqrt_ratio_at_tick::sqrt_price_increases_with_tick ... ok
[INFO] [stdout] test libraries::tick_math::tests::get_sqrt_ratio_at_tick::is_at_most_off_by_a_bip ... ok
[INFO] [stdout] test libraries::tick_math::tests::get_sqrt_ratio_at_tick::original_tick_can_be_retrieved_from_sqrt_ratio ... ok
[INFO] [stdout] 
[INFO] [stdout] failures:
[INFO] [stdout] 
[INFO] [stdout] ---- states::tick::test::get_fee_growth_inside::works_correctly_with_overflow_on_inside_tick stdout ----
[INFO] [stdout] thread 'states::tick::test::get_fee_growth_inside::works_correctly_with_overflow_on_inside_tick' panicked at programs/core/src/states/tick.rs:216:9:
[INFO] [stdout] attempt to subtract with overflow
[INFO] [stdout] stack backtrace:
[INFO] [stdout]    0:     0x5559dba3c6a6 - std::backtrace_rs::backtrace::libunwind::trace::h261606ad26a499c1
[INFO] [stdout]                                at /rustc/0e09125c6c3c2fd70d7de961bcf0e51575235fad/library/std/src/../../backtrace/src/backtrace/libunwind.rs:104:5
[INFO] [stdout]    1:     0x5559dba3c6a6 - std::backtrace_rs::backtrace::trace_unsynchronized::hd183f0625477fb28
[INFO] [stdout]                                at /rustc/0e09125c6c3c2fd70d7de961bcf0e51575235fad/library/std/src/../../backtrace/src/backtrace/mod.rs:66:5
[INFO] [stdout]    2:     0x5559dba3c6a6 - std::sys_common::backtrace::_print_fmt::hd7f8fef21b4eda67
[INFO] [stdout]                                at /rustc/0e09125c6c3c2fd70d7de961bcf0e51575235fad/library/std/src/sys_common/backtrace.rs:68:5
[INFO] [stdout]    3:     0x5559dba3c6a6 - <std::sys_common::backtrace::_print::DisplayBacktrace as core::fmt::Display>::fmt::h623d9b51f2f453f1
[INFO] [stdout]                                at /rustc/0e09125c6c3c2fd70d7de961bcf0e51575235fad/library/std/src/sys_common/backtrace.rs:44:22
[INFO] [stdout]    4:     0x5559dba65550 - core::fmt::rt::Argument::fmt::h9f417ac76a86f368
[INFO] [stdout]                                at /rustc/0e09125c6c3c2fd70d7de961bcf0e51575235fad/library/core/src/fmt/rt.rs:142:9
[INFO] [stdout]    5:     0x5559dba65550 - core::fmt::write::hc9b6faf4ac2aeff7
[INFO] [stdout]                                at /rustc/0e09125c6c3c2fd70d7de961bcf0e51575235fad/library/core/src/fmt/mod.rs:1120:17
[INFO] [stdout]    6:     0x5559dba3a10f - std::io::Write::write_fmt::he04625a3a989fec3
[INFO] [stdout]                                at /rustc/0e09125c6c3c2fd70d7de961bcf0e51575235fad/library/std/src/io/mod.rs:1810:15
[INFO] [stdout]    7:     0x5559dba3c484 - std::sys_common::backtrace::_print::hd5d66399c7df88a2
[INFO] [stdout]                                at /rustc/0e09125c6c3c2fd70d7de961bcf0e51575235fad/library/std/src/sys_common/backtrace.rs:47:5
[INFO] [stdout]    8:     0x5559dba3c484 - std::sys_common::backtrace::print::he81ed2da642d37e5
[INFO] [stdout]                                at /rustc/0e09125c6c3c2fd70d7de961bcf0e51575235fad/library/std/src/sys_common/backtrace.rs:34:9
[INFO] [stdout]    9:     0x5559dba3e1f7 - std::panicking::default_hook::{{closure}}::h85773f4fa117163d
[INFO] [stdout]   10:     0x5559dba3dedd - std::panicking::default_hook::h6a1694a91d09b278
[INFO] [stdout]                                at /rustc/0e09125c6c3c2fd70d7de961bcf0e51575235fad/library/std/src/panicking.rs:289:9
[INFO] [stdout]   11:     0x5559db86bf97 - <alloc::boxed::Box<F,A> as core::ops::function::Fn<Args>>::call::h616ac37fa3cd6c8f
[INFO] [stdout]                                at /rustc/0e09125c6c3c2fd70d7de961bcf0e51575235fad/library/alloc/src/boxed.rs:2029:9
[INFO] [stdout]   12:     0x5559db86bf97 - test::test_main::{{closure}}::h00d84697cefdcbb6
[INFO] [stdout]                                at /rustc/0e09125c6c3c2fd70d7de961bcf0e51575235fad/library/test/src/lib.rs:138:21
[INFO] [stdout]   13:     0x5559dba3e816 - <alloc::boxed::Box<F,A> as core::ops::function::Fn<Args>>::call::hcb3fe3b9bb537ba8
[INFO] [stdout]                                at /rustc/0e09125c6c3c2fd70d7de961bcf0e51575235fad/library/alloc/src/boxed.rs:2029:9
[INFO] [stdout]   14:     0x5559dba3e816 - std::panicking::rust_panic_with_hook::h0a7ad96e90f7145b
[INFO] [stdout]                                at /rustc/0e09125c6c3c2fd70d7de961bcf0e51575235fad/library/std/src/panicking.rs:783:13
[INFO] [stdout]   15:     0x5559dba3e529 - std::panicking::begin_panic_handler::{{closure}}::h7919090525c6485e
[INFO] [stdout]                                at /rustc/0e09125c6c3c2fd70d7de961bcf0e51575235fad/library/std/src/panicking.rs:649:13
[INFO] [stdout]   16:     0x5559dba3cba6 - std::sys_common::backtrace::__rust_end_short_backtrace::hf3289479464f7dfe
[INFO] [stdout]                                at /rustc/0e09125c6c3c2fd70d7de961bcf0e51575235fad/library/std/src/sys_common/backtrace.rs:171:18
[INFO] [stdout]   17:     0x5559dba3e2c0 - rust_begin_unwind
[INFO] [stdout]                                at /rustc/0e09125c6c3c2fd70d7de961bcf0e51575235fad/library/std/src/panicking.rs:645:5
[INFO] [stdout]   18:     0x5559db7fc215 - core::panicking::panic_fmt::hcc9f77c5c132af55
[INFO] [stdout]                                at /rustc/0e09125c6c3c2fd70d7de961bcf0e51575235fad/library/core/src/panicking.rs:72:14
[INFO] [stdout]   19:     0x5559db7fc2d3 - core::panicking::panic::h5a1259c1164bd480
[INFO] [stdout]                                at /rustc/0e09125c6c3c2fd70d7de961bcf0e51575235fad/library/core/src/panicking.rs:144:5
[INFO] [stdout]   20:     0x5559db826b48 - cyclos_core::states::tick::get_fee_growth_inside::h68d37f42b3a1a278
[INFO] [stdout]                                at /opt/rustwide/workdir/programs/core/src/states/tick.rs:216:9
[INFO] [stdout]   21:     0x5559db8370fd - cyclos_core::states::tick::test::get_fee_growth_inside::works_correctly_with_overflow_on_inside_tick::h5badf58ae8c9962e
[INFO] [stdout]                                at /opt/rustwide/workdir/programs/core/src/states/tick.rs:428:17
[INFO] [stdout]   22:     0x5559db837027 - cyclos_core::states::tick::test::get_fee_growth_inside::works_correctly_with_overflow_on_inside_tick::{{closure}}::h8e98813d069a4801
[INFO] [stdout]                                at /opt/rustwide/workdir/programs/core/src/states/tick.rs:404:58
[INFO] [stdout]   23:     0x5559db82af36 - core::ops::function::FnOnce::call_once::h4c44806cb31a607b
[INFO] [stdout]                                at /rustc/0e09125c6c3c2fd70d7de961bcf0e51575235fad/library/core/src/ops/function.rs:250:5
[INFO] [stdout]   24:     0x5559db87186f - core::ops::function::FnOnce::call_once::hd64d26f405258157
[INFO] [stdout]                                at /rustc/0e09125c6c3c2fd70d7de961bcf0e51575235fad/library/core/src/ops/function.rs:250:5
[INFO] [stdout]   25:     0x5559db87186f - test::__rust_begin_short_backtrace::he21b0b7a6d731bf9
[INFO] [stdout]                                at /rustc/0e09125c6c3c2fd70d7de961bcf0e51575235fad/library/test/src/lib.rs:627:18
[INFO] [stdout]   26:     0x5559db8705f1 - test::run_test_in_process::{{closure}}::hf5c73986d7bdfde2
[INFO] [stdout]                                at /rustc/0e09125c6c3c2fd70d7de961bcf0e51575235fad/library/test/src/lib.rs:650:60
[INFO] [stdout]   27:     0x5559db8705f1 - <core::panic::unwind_safe::AssertUnwindSafe<F> as core::ops::function::FnOnce<()>>::call_once::h330011ad032aadc0
[INFO] [stdout]                                at /rustc/0e09125c6c3c2fd70d7de961bcf0e51575235fad/library/core/src/panic/unwind_safe.rs:272:9
[INFO] [stdout]   28:     0x5559db8705f1 - std::panicking::try::do_call::he61b0a958b795a41
[INFO] [stdout]                                at /rustc/0e09125c6c3c2fd70d7de961bcf0e51575235fad/library/std/src/panicking.rs:552:40
[INFO] [stdout]   29:     0x5559db8705f1 - std::panicking::try::h7309da130f906eb7
[INFO] [stdout]                                at /rustc/0e09125c6c3c2fd70d7de961bcf0e51575235fad/library/std/src/panicking.rs:516:19
[INFO] [stdout]   30:     0x5559db8705f1 - std::panic::catch_unwind::hc5c3a06fdaf0a92a
[INFO] [stdout]                                at /rustc/0e09125c6c3c2fd70d7de961bcf0e51575235fad/library/std/src/panic.rs:142:14
[INFO] [stdout]   31:     0x5559db8705f1 - test::run_test_in_process::h7e7b7c71c3324e0f
[INFO] [stdout]                                at /rustc/0e09125c6c3c2fd70d7de961bcf0e51575235fad/library/test/src/lib.rs:650:27
[INFO] [stdout]   32:     0x5559db8705f1 - test::run_test::{{closure}}::h1f509f28f5cf20b1
[INFO] [stdout]                                at /rustc/0e09125c6c3c2fd70d7de961bcf0e51575235fad/library/test/src/lib.rs:573:43
[INFO] [stdout]   33:     0x5559db837926 - test::run_test::{{closure}}::h1754218abf443f6d
[INFO] [stdout]                                at /rustc/0e09125c6c3c2fd70d7de961bcf0e51575235fad/library/test/src/lib.rs:601:41
[INFO] [stdout]   34:     0x5559db837926 - std::sys_common::backtrace::__rust_begin_short_backtrace::h2ee174b9d5954948
[INFO] [stdout]                                at /rustc/0e09125c6c3c2fd70d7de961bcf0e51575235fad/library/std/src/sys_common/backtrace.rs:155:18
[INFO] [stdout]   35:     0x5559db83c987 - std::thread::Builder::spawn_unchecked_::{{closure}}::{{closure}}::hf60bee9c1a17ef09
[INFO] [stdout]                                at /rustc/0e09125c6c3c2fd70d7de961bcf0e51575235fad/library/std/src/thread/mod.rs:529:17
[INFO] [stdout]   36:     0x5559db83c987 - <core::panic::unwind_safe::AssertUnwindSafe<F> as core::ops::function::FnOnce<()>>::call_once::h33d0dddec5216160
[INFO] [stdout]                                at /rustc/0e09125c6c3c2fd70d7de961bcf0e51575235fad/library/core/src/panic/unwind_safe.rs:272:9
[INFO] [stdout]   37:     0x5559db83c987 - std::panicking::try::do_call::h144b3048b546f835
[INFO] [stdout]                                at /rustc/0e09125c6c3c2fd70d7de961bcf0e51575235fad/library/std/src/panicking.rs:552:40
[INFO] [stdout]   38:     0x5559db83c987 - std::panicking::try::h978244d04646189f
[INFO] [stdout]                                at /rustc/0e09125c6c3c2fd70d7de961bcf0e51575235fad/library/std/src/panicking.rs:516:19
[INFO] [stdout]   39:     0x5559db83c987 - std::panic::catch_unwind::hdf436369d188fe86
[INFO] [stdout]                                at /rustc/0e09125c6c3c2fd70d7de961bcf0e51575235fad/library/std/src/panic.rs:142:14
[INFO] [stdout]   40:     0x5559db83c987 - std::thread::Builder::spawn_unchecked_::{{closure}}::h87329cbdd33c79ec
[INFO] [stdout]                                at /rustc/0e09125c6c3c2fd70d7de961bcf0e51575235fad/library/std/src/thread/mod.rs:528:30
[INFO] [stdout]   41:     0x5559db83c987 - core::ops::function::FnOnce::call_once{{vtable.shim}}::h401abbe67897d450
[INFO] [stdout]                                at /rustc/0e09125c6c3c2fd70d7de961bcf0e51575235fad/library/core/src/ops/function.rs:250:5
[INFO] [stdout]   42:     0x5559dba432c5 - <alloc::boxed::Box<F,A> as core::ops::function::FnOnce<Args>>::call_once::h5d7c8f150ab9c84c
[INFO] [stdout]                                at /rustc/0e09125c6c3c2fd70d7de961bcf0e51575235fad/library/alloc/src/boxed.rs:2015:9
[INFO] [stdout]   43:     0x5559dba432c5 - <alloc::boxed::Box<F,A> as core::ops::function::FnOnce<Args>>::call_once::h570d5b005c242c15
[INFO] [stdout]                                at /rustc/0e09125c6c3c2fd70d7de961bcf0e51575235fad/library/alloc/src/boxed.rs:2015:9
[INFO] [stdout]   44:     0x5559dba432c5 - std::sys::unix::thread::Thread::new::thread_start::h36b0a20c0b2361ad
[INFO] [stdout]                                at /rustc/0e09125c6c3c2fd70d7de961bcf0e51575235fad/library/std/src/sys/unix/thread.rs:108:17
[INFO] [stdout]   45:     0x7fb293847ac3 - <unknown>
[INFO] [stdout]   46:     0x7fb2938d8bf4 - __clone
[INFO] [stdout]   47:                0x0 - <unknown>
[INFO] [stdout] 
[INFO] [stdout] ---- states::tick::test::update::reverts_if_total_liquidity_gross_is_greater_than_max stdout ----
[INFO] [stdout] note: test did not panic as expected
[INFO] [stdout] 
[INFO] [stdout] failures:
[INFO] [stdout]     states::tick::test::get_fee_growth_inside::works_correctly_with_overflow_on_inside_tick
[INFO] [stdout]     states::tick::test::update::reverts_if_total_liquidity_gross_is_greater_than_max
[INFO] [stdout] 
[INFO] [stdout] test result: FAILED. 149 passed; 2 failed; 0 ignored; 0 measured; 0 filtered out; finished in 2.10s
[INFO] [stdout] 
[INFO] [stderr] error: test failed, to rerun pass `--lib`
[INFO] running `Command { std: "docker" "inspect" "42a8a6579f50032189b5e156e6365a789898f7caf1e412865c623c06d71118ad", kill_on_drop: false }`
[INFO] running `Command { std: "docker" "rm" "-f" "42a8a6579f50032189b5e156e6365a789898f7caf1e412865c623c06d71118ad", kill_on_drop: false }`
[INFO] [stdout] 42a8a6579f50032189b5e156e6365a789898f7caf1e412865c623c06d71118ad
