[INFO] cloning repository https://github.com/AlejandroPenacho/accounters
[INFO] running `Command { std: "git" "-c" "credential.helper=" "-c" "credential.helper=/workspace/cargo-home/bin/git-credential-null" "clone" "--bare" "https://github.com/AlejandroPenacho/accounters" "/workspace/cache/git-repos/https%3A%2F%2Fgithub.com%2FAlejandroPenacho%2Faccounters", kill_on_drop: false }`
[INFO] [stderr] Cloning into bare repository '/workspace/cache/git-repos/https%3A%2F%2Fgithub.com%2FAlejandroPenacho%2Faccounters'...
[INFO] running `Command { std: "git" "rev-parse" "HEAD", kill_on_drop: false }`
[INFO] [stdout] 4a2f227233af5f5cd3394acd0e46f4fd322141c8
[INFO] testing AlejandroPenacho/accounters against 1.75.0 for beta-1.76-1
[INFO] running `Command { std: "git" "clone" "/workspace/cache/git-repos/https%3A%2F%2Fgithub.com%2FAlejandroPenacho%2Faccounters" "/workspace/builds/worker-3-tc1/source", kill_on_drop: false }`
[INFO] [stderr] Cloning into '/workspace/builds/worker-3-tc1/source'...
[INFO] [stderr] done.
[INFO] validating manifest of git repo https://github.com/AlejandroPenacho/accounters on toolchain 1.75.0
[INFO] running `Command { std: CARGO_HOME="/workspace/cargo-home" RUSTUP_HOME="/workspace/rustup-home" "/workspace/cargo-home/bin/cargo" "+1.75.0" "metadata" "--manifest-path" "Cargo.toml" "--no-deps", kill_on_drop: false }`
[INFO] started tweaking git repo https://github.com/AlejandroPenacho/accounters
[INFO] finished tweaking git repo https://github.com/AlejandroPenacho/accounters
[INFO] tweaked toml for git repo https://github.com/AlejandroPenacho/accounters written to /workspace/builds/worker-3-tc1/source/Cargo.toml
[INFO] crate git repo https://github.com/AlejandroPenacho/accounters already has a lockfile, it will not be regenerated
[INFO] running `Command { std: CARGO_HOME="/workspace/cargo-home" RUSTUP_HOME="/workspace/rustup-home" "/workspace/cargo-home/bin/cargo" "+1.75.0" "fetch" "--manifest-path" "Cargo.toml", kill_on_drop: false }`
[INFO] [stderr] warning: virtual workspace defaulting to `resolver = "1"` despite one or more workspace members being on edition 2021 which implies `resolver = "2"`
[INFO] [stderr] note: to keep the current resolver, specify `workspace.resolver = "1"` in the workspace root's manifest
[INFO] [stderr] note: to use the edition 2021 resolver, specify `workspace.resolver = "2"` in the workspace root's manifest
[INFO] [stderr] note: for more details see https://doc.rust-lang.org/cargo/reference/resolver.html#resolver-versions
[INFO] running `Command { std: "docker" "create" "-v" "/var/lib/crater-agent-workspace/builds/worker-3-tc1/target:/opt/rustwide/target:rw,Z" "-v" "/var/lib/crater-agent-workspace/builds/worker-3-tc1/source:/opt/rustwide/workdir:ro,Z" "-v" "/var/lib/crater-agent-workspace/cargo-home:/opt/rustwide/cargo-home:ro,Z" "-v" "/var/lib/crater-agent-workspace/rustup-home:/opt/rustwide/rustup-home:ro,Z" "-e" "SOURCE_DIR=/opt/rustwide/workdir" "-e" "CARGO_TARGET_DIR=/opt/rustwide/target" "-e" "CARGO_HOME=/opt/rustwide/cargo-home" "-e" "RUSTUP_HOME=/opt/rustwide/rustup-home" "-w" "/opt/rustwide/workdir" "-m" "1610612736" "--user" "0:0" "--network" "none" "ghcr.io/rust-lang/crates-build-env/linux@sha256:2788e3201cd34a07e3172128adcd8b3090168a8e3bcc40d7c032b9dda1df7d1c" "/opt/rustwide/cargo-home/bin/cargo" "+1.75.0" "metadata" "--no-deps" "--format-version=1", kill_on_drop: false }`
[INFO] [stdout] 4829f029bdd33da5fbfde39c8c47407b44747f34c412aab58ebc1a85c47a7790
[INFO] running `Command { std: "docker" "start" "-a" "4829f029bdd33da5fbfde39c8c47407b44747f34c412aab58ebc1a85c47a7790", kill_on_drop: false }`
[INFO] running `Command { std: "docker" "inspect" "4829f029bdd33da5fbfde39c8c47407b44747f34c412aab58ebc1a85c47a7790", kill_on_drop: false }`
[INFO] running `Command { std: "docker" "rm" "-f" "4829f029bdd33da5fbfde39c8c47407b44747f34c412aab58ebc1a85c47a7790", kill_on_drop: false }`
[INFO] [stdout] 4829f029bdd33da5fbfde39c8c47407b44747f34c412aab58ebc1a85c47a7790
[INFO] running `Command { std: "docker" "create" "-v" "/var/lib/crater-agent-workspace/builds/worker-3-tc1/target:/opt/rustwide/target:rw,Z" "-v" "/var/lib/crater-agent-workspace/builds/worker-3-tc1/source:/opt/rustwide/workdir:ro,Z" "-v" "/var/lib/crater-agent-workspace/cargo-home:/opt/rustwide/cargo-home:ro,Z" "-v" "/var/lib/crater-agent-workspace/rustup-home:/opt/rustwide/rustup-home:ro,Z" "-e" "SOURCE_DIR=/opt/rustwide/workdir" "-e" "CARGO_TARGET_DIR=/opt/rustwide/target" "-e" "CARGO_INCREMENTAL=0" "-e" "RUST_BACKTRACE=full" "-e" "RUSTFLAGS=--cap-lints=warn" "-e" "RUSTDOCFLAGS=--cap-lints=warn" "-e" "CARGO_HOME=/opt/rustwide/cargo-home" "-e" "RUSTUP_HOME=/opt/rustwide/rustup-home" "-w" "/opt/rustwide/workdir" "-m" "1610612736" "--user" "0:0" "--network" "none" "ghcr.io/rust-lang/crates-build-env/linux@sha256:2788e3201cd34a07e3172128adcd8b3090168a8e3bcc40d7c032b9dda1df7d1c" "/opt/rustwide/cargo-home/bin/cargo" "+1.75.0" "build" "--frozen" "--message-format=json", kill_on_drop: false }`
[INFO] [stdout] a42ee4a0d6aeb6f3aa9b25d8d120d3b3c71e3828e8b99bc9382ad3bd1e493328
[INFO] running `Command { std: "docker" "start" "-a" "a42ee4a0d6aeb6f3aa9b25d8d120d3b3c71e3828e8b99bc9382ad3bd1e493328", kill_on_drop: false }`
[INFO] [stderr] warning: virtual workspace defaulting to `resolver = "1"` despite one or more workspace members being on edition 2021 which implies `resolver = "2"`
[INFO] [stderr] note: to keep the current resolver, specify `workspace.resolver = "1"` in the workspace root's manifest
[INFO] [stderr] note: to use the edition 2021 resolver, specify `workspace.resolver = "2"` in the workspace root's manifest
[INFO] [stderr] note: for more details see https://doc.rust-lang.org/cargo/reference/resolver.html#resolver-versions
[INFO] [stderr]    Compiling proc-macro2 v1.0.64
[INFO] [stderr]    Compiling quote v1.0.29
[INFO] [stderr]    Compiling unicode-ident v1.0.10
[INFO] [stderr]    Compiling serde v1.0.171
[INFO] [stderr]    Compiling libc v0.2.147
[INFO] [stderr]    Compiling itoa v1.0.8
[INFO] [stderr]    Compiling time-core v0.1.1
[INFO] [stderr]    Compiling serde_json v1.0.102
[INFO] [stderr]    Compiling ryu v1.0.14
[INFO] [stderr]    Compiling time-macros v0.2.10
[INFO] [stderr]    Compiling syn v2.0.25
[INFO] [stderr]    Compiling atty v0.2.14
[INFO] [stderr]    Compiling termsize v0.1.6
[INFO] [stderr]    Compiling serde_derive v1.0.171
[INFO] [stderr]    Compiling time v0.3.23
[INFO] [stderr]    Compiling accounters_lib v0.1.0 (/opt/rustwide/workdir/accounters_lib)
[INFO] [stderr]    Compiling accounters_importer v0.1.0 (/opt/rustwide/workdir/accounters_importer)
[INFO] [stderr]    Compiling accounters_cli v0.1.0 (/opt/rustwide/workdir/accounters_cli)
[INFO] [stdout] warning: unused imports: `AccountName`, `datetime::DateTime`
[INFO] [stdout]  --> accounters_cli/src/transaction.rs:4:5
[INFO] [stdout]   |
[INFO] [stdout] 4 |     datetime::DateTime,
[INFO] [stdout]   |     ^^^^^^^^^^^^^^^^^^
[INFO] [stdout] 5 |     account::{AccountName, AccountType}
[INFO] [stdout]   |               ^^^^^^^^^^^
[INFO] [stdout]   |
[INFO] [stdout]   = note: `#[warn(unused_imports)]` on by default
[INFO] [stdout] 
[INFO] [stdout] 
[INFO] [stdout] warning: unused import: `Time`
[INFO] [stdout]  --> accounters_cli/src/transaction.rs:8:18
[INFO] [stdout]   |
[INFO] [stdout] 8 | use time::{Date, Time, macros::format_description};
[INFO] [stdout]   |                  ^^^^
[INFO] [stdout] 
[INFO] [stdout] 
[INFO] [stdout] warning: unused variable: `config`
[INFO] [stdout]   --> accounters_cli/src/main.rs:90:47
[INFO] [stdout]    |
[INFO] [stdout] 90 |             MultiTransactionViewConfiguration(config) => {
[INFO] [stdout]    |                                               ^^^^^^ help: if this is intentional, prefix it with an underscore: `_config`
[INFO] [stdout]    |
[INFO] [stdout]    = note: `#[warn(unused_variables)]` on by default
[INFO] [stdout] 
[INFO] [stdout] 
[INFO] [stdout] warning: unused variable: `te_state`
[INFO] [stdout]    --> accounters_cli/src/main.rs:105:29
[INFO] [stdout]     |
[INFO] [stdout] 105 |             TransactionEdit(te_state) => {
[INFO] [stdout]     |                             ^^^^^^^^ help: if this is intentional, prefix it with an underscore: `_te_state`
[INFO] [stdout] 
[INFO] [stdout] 
[INFO] [stdout] warning: variants `MultiTransactionViewConfiguration` and `TransactionEdit` are never constructed
[INFO] [stdout]   --> accounters_cli/src/main.rs:56:5
[INFO] [stdout]    |
[INFO] [stdout] 53 | enum Mode {
[INFO] [stdout]    |      ---- variants in this enum
[INFO] [stdout] ...
[INFO] [stdout] 56 |     MultiTransactionViewConfiguration(MultiTransactionViewConfig),
[INFO] [stdout]    |     ^^^^^^^^^^^^^^^^^^^^^^^^^^^^^^^^^
[INFO] [stdout] ...
[INFO] [stdout] 59 |     TransactionEdit(TransactionEditState)
[INFO] [stdout]    |     ^^^^^^^^^^^^^^^
[INFO] [stdout]    |
[INFO] [stdout]    = note: `#[warn(dead_code)]` on by default
[INFO] [stdout] 
[INFO] [stdout] 
[INFO] [stdout] warning: fields `transaction`, `original_id`, and `mode` are never read
[INFO] [stdout]    --> accounters_cli/src/transaction.rs:155:5
[INFO] [stdout]     |
[INFO] [stdout] 154 | pub struct TransactionEditState {
[INFO] [stdout]     |            -------------------- fields in this struct
[INFO] [stdout] 155 |     transaction: Transaction,
[INFO] [stdout]     |     ^^^^^^^^^^^
[INFO] [stdout] 156 |     original_id: Option<TransactionId>,
[INFO] [stdout]     |     ^^^^^^^^^^^
[INFO] [stdout] 157 |     mode: Mode
[INFO] [stdout]     |     ^^^^
[INFO] [stdout] 
[INFO] [stdout] 
[INFO] [stdout] warning: multiple variants are never constructed
[INFO] [stdout]    --> accounters_cli/src/transaction.rs:161:5
[INFO] [stdout]     |
[INFO] [stdout] 160 | enum Mode {
[INFO] [stdout]     |      ---- variants in this enum
[INFO] [stdout] 161 |     Neutral,
[INFO] [stdout]     |     ^^^^^^^
[INFO] [stdout] 162 |     EditName,
[INFO] [stdout]     |     ^^^^^^^^
[INFO] [stdout] 163 |     EditNotes,
[INFO] [stdout]     |     ^^^^^^^^^
[INFO] [stdout] 164 |     EditTags,
[INFO] [stdout]     |     ^^^^^^^^
[INFO] [stdout] 165 |     EditDate,
[INFO] [stdout]     |     ^^^^^^^^
[INFO] [stdout] 166 |     EditTime,
[INFO] [stdout]     |     ^^^^^^^^
[INFO] [stdout] 167 |     EditAmount,
[INFO] [stdout]     |     ^^^^^^^^^^
[INFO] [stdout] 168 |     AddAmount,
[INFO] [stdout]     |     ^^^^^^^^^
[INFO] [stdout] 
[INFO] [stdout] 
[INFO] [stdout] warning: associated function `new` is never used
[INFO] [stdout]    --> accounters_cli/src/transaction.rs:172:12
[INFO] [stdout]     |
[INFO] [stdout] 171 | impl TransactionEditState {
[INFO] [stdout]     | ------------------------- associated function in this implementation
[INFO] [stdout] 172 |     pub fn new(database: &Database, transaction_id: Option<TransactionId>) -> Self {
[INFO] [stdout]     |            ^^^
[INFO] [stdout] 
[INFO] [stdout] 
[INFO] [stdout] warning: 8 warnings emitted
[INFO] [stdout] 
[INFO] [stdout] 
[INFO] [stderr]     Finished dev [unoptimized + debuginfo] target(s) in 7.41s
[INFO] running `Command { std: "docker" "inspect" "a42ee4a0d6aeb6f3aa9b25d8d120d3b3c71e3828e8b99bc9382ad3bd1e493328", kill_on_drop: false }`
[INFO] running `Command { std: "docker" "rm" "-f" "a42ee4a0d6aeb6f3aa9b25d8d120d3b3c71e3828e8b99bc9382ad3bd1e493328", kill_on_drop: false }`
[INFO] [stdout] a42ee4a0d6aeb6f3aa9b25d8d120d3b3c71e3828e8b99bc9382ad3bd1e493328
[INFO] running `Command { std: "docker" "create" "-v" "/var/lib/crater-agent-workspace/builds/worker-3-tc1/target:/opt/rustwide/target:rw,Z" "-v" "/var/lib/crater-agent-workspace/builds/worker-3-tc1/source:/opt/rustwide/workdir:ro,Z" "-v" "/var/lib/crater-agent-workspace/cargo-home:/opt/rustwide/cargo-home:ro,Z" "-v" "/var/lib/crater-agent-workspace/rustup-home:/opt/rustwide/rustup-home:ro,Z" "-e" "SOURCE_DIR=/opt/rustwide/workdir" "-e" "CARGO_TARGET_DIR=/opt/rustwide/target" "-e" "CARGO_INCREMENTAL=0" "-e" "RUST_BACKTRACE=full" "-e" "RUSTFLAGS=--cap-lints=warn" "-e" "RUSTDOCFLAGS=--cap-lints=warn" "-e" "CARGO_HOME=/opt/rustwide/cargo-home" "-e" "RUSTUP_HOME=/opt/rustwide/rustup-home" "-w" "/opt/rustwide/workdir" "-m" "1610612736" "--user" "0:0" "--network" "none" "ghcr.io/rust-lang/crates-build-env/linux@sha256:2788e3201cd34a07e3172128adcd8b3090168a8e3bcc40d7c032b9dda1df7d1c" "/opt/rustwide/cargo-home/bin/cargo" "+1.75.0" "test" "--frozen" "--no-run" "--message-format=json", kill_on_drop: false }`
[INFO] [stdout] 0f483b0ab23de8fe2c1f4bb193fbb003c289161f7dce235811c019a7a78e9517
[INFO] running `Command { std: "docker" "start" "-a" "0f483b0ab23de8fe2c1f4bb193fbb003c289161f7dce235811c019a7a78e9517", kill_on_drop: false }`
[INFO] [stderr] warning: virtual workspace defaulting to `resolver = "1"` despite one or more workspace members being on edition 2021 which implies `resolver = "2"`
[INFO] [stderr] note: to keep the current resolver, specify `workspace.resolver = "1"` in the workspace root's manifest
[INFO] [stderr] note: to use the edition 2021 resolver, specify `workspace.resolver = "2"` in the workspace root's manifest
[INFO] [stderr] note: for more details see https://doc.rust-lang.org/cargo/reference/resolver.html#resolver-versions
[INFO] [stderr]    Compiling accounters_lib v0.1.0 (/opt/rustwide/workdir/accounters_lib)
[INFO] [stderr]    Compiling accounters_cli v0.1.0 (/opt/rustwide/workdir/accounters_cli)
[INFO] [stderr]    Compiling accounters_importer v0.1.0 (/opt/rustwide/workdir/accounters_importer)
[INFO] [stdout] warning: unused imports: `AccountName`, `datetime::DateTime`
[INFO] [stdout]  --> accounters_cli/src/transaction.rs:4:5
[INFO] [stdout]   |
[INFO] [stdout] 4 |     datetime::DateTime,
[INFO] [stdout]   |     ^^^^^^^^^^^^^^^^^^
[INFO] [stdout] 5 |     account::{AccountName, AccountType}
[INFO] [stdout]   |               ^^^^^^^^^^^
[INFO] [stdout]   |
[INFO] [stdout]   = note: `#[warn(unused_imports)]` on by default
[INFO] [stdout] 
[INFO] [stdout] 
[INFO] [stdout] warning: unused import: `Time`
[INFO] [stdout]  --> accounters_cli/src/transaction.rs:8:18
[INFO] [stdout]   |
[INFO] [stdout] 8 | use time::{Date, Time, macros::format_description};
[INFO] [stdout]   |                  ^^^^
[INFO] [stdout] 
[INFO] [stdout] 
[INFO] [stdout] warning: unused variable: `config`
[INFO] [stdout]   --> accounters_cli/src/main.rs:90:47
[INFO] [stdout]    |
[INFO] [stdout] 90 |             MultiTransactionViewConfiguration(config) => {
[INFO] [stdout]    |                                               ^^^^^^ help: if this is intentional, prefix it with an underscore: `_config`
[INFO] [stdout]    |
[INFO] [stdout]    = note: `#[warn(unused_variables)]` on by default
[INFO] [stdout] 
[INFO] [stdout] 
[INFO] [stdout] warning: unused variable: `te_state`
[INFO] [stdout]    --> accounters_cli/src/main.rs:105:29
[INFO] [stdout]     |
[INFO] [stdout] 105 |             TransactionEdit(te_state) => {
[INFO] [stdout]     |                             ^^^^^^^^ help: if this is intentional, prefix it with an underscore: `_te_state`
[INFO] [stdout] 
[INFO] [stdout] 
[INFO] [stdout] warning: variants `MultiTransactionViewConfiguration` and `TransactionEdit` are never constructed
[INFO] [stdout]   --> accounters_cli/src/main.rs:56:5
[INFO] [stdout]    |
[INFO] [stdout] 53 | enum Mode {
[INFO] [stdout]    |      ---- variants in this enum
[INFO] [stdout] ...
[INFO] [stdout] 56 |     MultiTransactionViewConfiguration(MultiTransactionViewConfig),
[INFO] [stdout]    |     ^^^^^^^^^^^^^^^^^^^^^^^^^^^^^^^^^
[INFO] [stdout] ...
[INFO] [stdout] 59 |     TransactionEdit(TransactionEditState)
[INFO] [stdout]    |     ^^^^^^^^^^^^^^^
[INFO] [stdout]    |
[INFO] [stdout]    = note: `#[warn(dead_code)]` on by default
[INFO] [stdout] 
[INFO] [stdout] 
[INFO] [stdout] warning: fields `transaction`, `original_id`, and `mode` are never read
[INFO] [stdout]    --> accounters_cli/src/transaction.rs:155:5
[INFO] [stdout]     |
[INFO] [stdout] 154 | pub struct TransactionEditState {
[INFO] [stdout]     |            -------------------- fields in this struct
[INFO] [stdout] 155 |     transaction: Transaction,
[INFO] [stdout]     |     ^^^^^^^^^^^
[INFO] [stdout] 156 |     original_id: Option<TransactionId>,
[INFO] [stdout]     |     ^^^^^^^^^^^
[INFO] [stdout] 157 |     mode: Mode
[INFO] [stdout]     |     ^^^^
[INFO] [stdout] 
[INFO] [stdout] 
[INFO] [stdout] warning: multiple variants are never constructed
[INFO] [stdout]    --> accounters_cli/src/transaction.rs:161:5
[INFO] [stdout]     |
[INFO] [stdout] 160 | enum Mode {
[INFO] [stdout]     |      ---- variants in this enum
[INFO] [stdout] 161 |     Neutral,
[INFO] [stdout]     |     ^^^^^^^
[INFO] [stdout] 162 |     EditName,
[INFO] [stdout]     |     ^^^^^^^^
[INFO] [stdout] 163 |     EditNotes,
[INFO] [stdout]     |     ^^^^^^^^^
[INFO] [stdout] 164 |     EditTags,
[INFO] [stdout]     |     ^^^^^^^^
[INFO] [stdout] 165 |     EditDate,
[INFO] [stdout]     |     ^^^^^^^^
[INFO] [stdout] 166 |     EditTime,
[INFO] [stdout]     |     ^^^^^^^^
[INFO] [stdout] 167 |     EditAmount,
[INFO] [stdout]     |     ^^^^^^^^^^
[INFO] [stdout] 168 |     AddAmount,
[INFO] [stdout]     |     ^^^^^^^^^
[INFO] [stdout] 
[INFO] [stdout] 
[INFO] [stdout] warning: associated function `new` is never used
[INFO] [stdout]    --> accounters_cli/src/transaction.rs:172:12
[INFO] [stdout]     |
[INFO] [stdout] 171 | impl TransactionEditState {
[INFO] [stdout]     | ------------------------- associated function in this implementation
[INFO] [stdout] 172 |     pub fn new(database: &Database, transaction_id: Option<TransactionId>) -> Self {
[INFO] [stdout]     |            ^^^
[INFO] [stdout] 
[INFO] [stdout] 
[INFO] [stdout] warning: 8 warnings emitted
[INFO] [stdout] 
[INFO] [stdout] 
[INFO] [stderr]     Finished test [unoptimized + debuginfo] target(s) in 0.66s
[INFO] running `Command { std: "docker" "inspect" "0f483b0ab23de8fe2c1f4bb193fbb003c289161f7dce235811c019a7a78e9517", kill_on_drop: false }`
[INFO] running `Command { std: "docker" "rm" "-f" "0f483b0ab23de8fe2c1f4bb193fbb003c289161f7dce235811c019a7a78e9517", kill_on_drop: false }`
[INFO] [stdout] 0f483b0ab23de8fe2c1f4bb193fbb003c289161f7dce235811c019a7a78e9517
[INFO] running `Command { std: "docker" "create" "-v" "/var/lib/crater-agent-workspace/builds/worker-3-tc1/target:/opt/rustwide/target:rw,Z" "-v" "/var/lib/crater-agent-workspace/builds/worker-3-tc1/source:/opt/rustwide/workdir:ro,Z" "-v" "/var/lib/crater-agent-workspace/cargo-home:/opt/rustwide/cargo-home:ro,Z" "-v" "/var/lib/crater-agent-workspace/rustup-home:/opt/rustwide/rustup-home:ro,Z" "-e" "SOURCE_DIR=/opt/rustwide/workdir" "-e" "CARGO_TARGET_DIR=/opt/rustwide/target" "-e" "CARGO_INCREMENTAL=0" "-e" "RUST_BACKTRACE=full" "-e" "RUSTFLAGS=--cap-lints=warn" "-e" "RUSTDOCFLAGS=--cap-lints=warn" "-e" "CARGO_HOME=/opt/rustwide/cargo-home" "-e" "RUSTUP_HOME=/opt/rustwide/rustup-home" "-w" "/opt/rustwide/workdir" "-m" "1610612736" "--user" "0:0" "--network" "none" "ghcr.io/rust-lang/crates-build-env/linux@sha256:2788e3201cd34a07e3172128adcd8b3090168a8e3bcc40d7c032b9dda1df7d1c" "/opt/rustwide/cargo-home/bin/cargo" "+1.75.0" "test" "--frozen", kill_on_drop: false }`
[INFO] [stdout] 0dac4008505ad884b62324116de5464729c1d3b67bcc7b710431828825fe7595
[INFO] running `Command { std: "docker" "start" "-a" "0dac4008505ad884b62324116de5464729c1d3b67bcc7b710431828825fe7595", kill_on_drop: false }`
[INFO] [stderr] warning: virtual workspace defaulting to `resolver = "1"` despite one or more workspace members being on edition 2021 which implies `resolver = "2"`
[INFO] [stderr] note: to keep the current resolver, specify `workspace.resolver = "1"` in the workspace root's manifest
[INFO] [stderr] note: to use the edition 2021 resolver, specify `workspace.resolver = "2"` in the workspace root's manifest
[INFO] [stderr] note: for more details see https://doc.rust-lang.org/cargo/reference/resolver.html#resolver-versions
[INFO] [stderr] warning: unused imports: `AccountName`, `datetime::DateTime`
[INFO] [stderr]  --> accounters_cli/src/transaction.rs:4:5
[INFO] [stderr]   |
[INFO] [stderr] 4 |     datetime::DateTime,
[INFO] [stderr]   |     ^^^^^^^^^^^^^^^^^^
[INFO] [stderr] 5 |     account::{AccountName, AccountType}
[INFO] [stderr]   |               ^^^^^^^^^^^
[INFO] [stderr]   |
[INFO] [stderr]   = note: `#[warn(unused_imports)]` on by default
[INFO] [stderr] 
[INFO] [stderr] warning: unused import: `Time`
[INFO] [stderr]  --> accounters_cli/src/transaction.rs:8:18
[INFO] [stderr]   |
[INFO] [stderr] 8 | use time::{Date, Time, macros::format_description};
[INFO] [stderr]   |                  ^^^^
[INFO] [stderr] 
[INFO] [stderr] warning: unused variable: `config`
[INFO] [stderr]   --> accounters_cli/src/main.rs:90:47
[INFO] [stderr]    |
[INFO] [stderr] 90 |             MultiTransactionViewConfiguration(config) => {
[INFO] [stderr]    |                                               ^^^^^^ help: if this is intentional, prefix it with an underscore: `_config`
[INFO] [stderr]    |
[INFO] [stderr]    = note: `#[warn(unused_variables)]` on by default
[INFO] [stderr] 
[INFO] [stderr] warning: unused variable: `te_state`
[INFO] [stderr]    --> accounters_cli/src/main.rs:105:29
[INFO] [stderr]     |
[INFO] [stderr] 105 |             TransactionEdit(te_state) => {
[INFO] [stderr]     |                             ^^^^^^^^ help: if this is intentional, prefix it with an underscore: `_te_state`
[INFO] [stderr] 
[INFO] [stderr] warning: variants `MultiTransactionViewConfiguration` and `TransactionEdit` are never constructed
[INFO] [stderr]   --> accounters_cli/src/main.rs:56:5
[INFO] [stderr]    |
[INFO] [stderr] 53 | enum Mode {
[INFO] [stderr]    |      ---- variants in this enum
[INFO] [stderr] ...
[INFO] [stderr] 56 |     MultiTransactionViewConfiguration(MultiTransactionViewConfig),
[INFO] [stderr]    |     ^^^^^^^^^^^^^^^^^^^^^^^^^^^^^^^^^
[INFO] [stderr] ...
[INFO] [stderr] 59 |     TransactionEdit(TransactionEditState)
[INFO] [stderr]    |     ^^^^^^^^^^^^^^^
[INFO] [stderr]    |
[INFO] [stderr]    = note: `#[warn(dead_code)]` on by default
[INFO] [stderr] 
[INFO] [stderr] warning: fields `transaction`, `original_id`, and `mode` are never read
[INFO] [stderr]    --> accounters_cli/src/transaction.rs:155:5
[INFO] [stderr]     |
[INFO] [stderr] 154 | pub struct TransactionEditState {
[INFO] [stderr]     |            -------------------- fields in this struct
[INFO] [stderr] 155 |     transaction: Transaction,
[INFO] [stderr]     |     ^^^^^^^^^^^
[INFO] [stderr] 156 |     original_id: Option<TransactionId>,
[INFO] [stderr]     |     ^^^^^^^^^^^
[INFO] [stderr] 157 |     mode: Mode
[INFO] [stderr]     |     ^^^^
[INFO] [stderr] 
[INFO] [stderr] warning: multiple variants are never constructed
[INFO] [stderr]    --> accounters_cli/src/transaction.rs:161:5
[INFO] [stderr]     |
[INFO] [stderr] 160 | enum Mode {
[INFO] [stderr]     |      ---- variants in this enum
[INFO] [stderr] 161 |     Neutral,
[INFO] [stderr]     |     ^^^^^^^
[INFO] [stderr] 162 |     EditName,
[INFO] [stderr]     |     ^^^^^^^^
[INFO] [stderr] 163 |     EditNotes,
[INFO] [stderr]     |     ^^^^^^^^^
[INFO] [stderr] 164 |     EditTags,
[INFO] [stderr]     |     ^^^^^^^^
[INFO] [stderr] 165 |     EditDate,
[INFO] [stderr]     |     ^^^^^^^^
[INFO] [stderr] 166 |     EditTime,
[INFO] [stderr]     |     ^^^^^^^^
[INFO] [stderr] 167 |     EditAmount,
[INFO] [stderr]     |     ^^^^^^^^^^
[INFO] [stderr] 168 |     AddAmount,
[INFO] [stderr]     |     ^^^^^^^^^
[INFO] [stderr] 
[INFO] [stderr] warning: associated function `new` is never used
[INFO] [stderr]    --> accounters_cli/src/transaction.rs:172:12
[INFO] [stderr]     |
[INFO] [stderr] 171 | impl TransactionEditState {
[INFO] [stderr]     | ------------------------- associated function in this implementation
[INFO] [stderr] 172 |     pub fn new(database: &Database, transaction_id: Option<TransactionId>) -> Self {
[INFO] [stderr]     |            ^^^
[INFO] [stderr] 
[INFO] [stderr] warning: `accounters_cli` (bin "accounters_cli" test) generated 8 warnings (run `cargo fix --bin "accounters_cli" --tests` to apply 4 suggestions)
[INFO] [stderr]     Finished test [unoptimized + debuginfo] target(s) in 0.01s
[INFO] [stderr]      Running unittests src/main.rs (/opt/rustwide/target/debug/deps/accounters_cli-2255e717c41ffe39)
[INFO] [stdout] 
[INFO] [stdout] running 0 tests
[INFO] [stdout] 
[INFO] [stdout] test result: ok. 0 passed; 0 failed; 0 ignored; 0 measured; 0 filtered out; finished in 0.00s
[INFO] [stdout] 
[INFO] [stderr]      Running unittests src/main.rs (/opt/rustwide/target/debug/deps/accounters_importer-88b06f09e1729638)
[INFO] [stdout] 
[INFO] [stdout] running 0 tests
[INFO] [stdout] 
[INFO] [stdout] test result: ok. 0 passed; 0 failed; 0 ignored; 0 measured; 0 filtered out; finished in 0.00s
[INFO] [stdout] 
[INFO] [stderr]      Running unittests src/lib.rs (/opt/rustwide/target/debug/deps/accounters_lib-992ca3c8e4f6055a)
[INFO] [stdout] 
[INFO] [stdout] running 10 tests
[INFO] [stdout] test data::datetime::test::compare::compare_date ... ok
[INFO] [stdout] test data::datetime::test::compare::compare_time ... ok
[INFO] [stdout] test data::datetime::test::compare::compare_datetime ... ok
[INFO] [stdout] test data::money::test::amount::parsing ... ok
[INFO] [stdout] test data::money::test::amount::adding ... ok
[INFO] [stdout] test data::money::test::amount::substraction ... ok
[INFO] [stdout] test data::money::test::amount::zeroing ... ok
[INFO] [stdout] test data::money::test::number::addition ... ok
[INFO] [stdout] test data::money::test::number::parsing ... ok
[INFO] [stdout] test data::money::test::number::printing ... ok
[INFO] [stdout] 
[INFO] [stdout] test result: ok. 10 passed; 0 failed; 0 ignored; 0 measured; 0 filtered out; finished in 0.00s
[INFO] [stdout] 
[INFO] [stderr]      Running tests/basic.rs (/opt/rustwide/target/debug/deps/basic-edd1712259c479c8)
[INFO] [stdout] 
[INFO] [stdout] running 2 tests
[INFO] [stdout] test compute_balance ... ok
[INFO] [stdout] test read_and_write_file ... FAILED
[INFO] [stdout] 
[INFO] [stdout] failures:
[INFO] [stdout] 
[INFO] [stdout] ---- read_and_write_file stdout ----
[INFO] [stdout] thread 'read_and_write_file' panicked at accounters_lib/src/data/mod.rs:209:56:
[INFO] [stdout] called `Result::unwrap()` on an `Err` value: Os { code: 2, kind: NotFound, message: "No such file or directory" }
[INFO] [stdout] stack backtrace:
[INFO] [stdout]    0:     0x555d22d210ac - std::backtrace_rs::backtrace::libunwind::trace::ha637c64ce894333a
[INFO] [stdout]                                at /rustc/82e1608dfa6e0b5569232559e3d385fea5a93112/library/std/src/../../backtrace/src/backtrace/libunwind.rs:104:5
[INFO] [stdout]    1:     0x555d22d210ac - std::backtrace_rs::backtrace::trace_unsynchronized::h47f62dea28e0c88d
[INFO] [stdout]                                at /rustc/82e1608dfa6e0b5569232559e3d385fea5a93112/library/std/src/../../backtrace/src/backtrace/mod.rs:66:5
[INFO] [stdout]    2:     0x555d22d210ac - std::sys_common::backtrace::_print_fmt::h9eef0abe20ede486
[INFO] [stdout]                                at /rustc/82e1608dfa6e0b5569232559e3d385fea5a93112/library/std/src/sys_common/backtrace.rs:67:5
[INFO] [stdout]    3:     0x555d22d210ac - <std::sys_common::backtrace::_print::DisplayBacktrace as core::fmt::Display>::fmt::hed7f999df88cc644
[INFO] [stdout]                                at /rustc/82e1608dfa6e0b5569232559e3d385fea5a93112/library/std/src/sys_common/backtrace.rs:44:22
[INFO] [stdout]    4:     0x555d22d4b240 - core::fmt::rt::Argument::fmt::h1539a9308b8d058d
[INFO] [stdout]                                at /rustc/82e1608dfa6e0b5569232559e3d385fea5a93112/library/core/src/fmt/rt.rs:142:9
[INFO] [stdout]    5:     0x555d22d4b240 - core::fmt::write::h3a39390d8560d9c9
[INFO] [stdout]                                at /rustc/82e1608dfa6e0b5569232559e3d385fea5a93112/library/core/src/fmt/mod.rs:1120:17
[INFO] [stdout]    6:     0x555d22d1ea5f - std::io::Write::write_fmt::h040b369f3a0f9cbc
[INFO] [stdout]                                at /rustc/82e1608dfa6e0b5569232559e3d385fea5a93112/library/std/src/io/mod.rs:1762:15
[INFO] [stdout]    7:     0x555d22d20e94 - std::sys_common::backtrace::_print::h894006fb5c6f3d45
[INFO] [stdout]                                at /rustc/82e1608dfa6e0b5569232559e3d385fea5a93112/library/std/src/sys_common/backtrace.rs:47:5
[INFO] [stdout]    8:     0x555d22d20e94 - std::sys_common::backtrace::print::h23a2d212c6fff936
[INFO] [stdout]                                at /rustc/82e1608dfa6e0b5569232559e3d385fea5a93112/library/std/src/sys_common/backtrace.rs:34:9
[INFO] [stdout]    9:     0x555d22d22b57 - std::panicking::default_hook::{{closure}}::h8a1d2ee00185001a
[INFO] [stdout]   10:     0x555d22d22843 - std::panicking::default_hook::h6038f2eba384e475
[INFO] [stdout]                                at /rustc/82e1608dfa6e0b5569232559e3d385fea5a93112/library/std/src/panicking.rs:289:9
[INFO] [stdout]   11:     0x555d22c6d5a7 - <alloc::boxed::Box<F,A> as core::ops::function::Fn<Args>>::call::h0ad024c9bdc6d768
[INFO] [stdout]                                at /rustc/82e1608dfa6e0b5569232559e3d385fea5a93112/library/alloc/src/boxed.rs:2021:9
[INFO] [stdout]   12:     0x555d22c6d5a7 - test::test_main::{{closure}}::h7500b54257359db6
[INFO] [stdout]                                at /rustc/82e1608dfa6e0b5569232559e3d385fea5a93112/library/test/src/lib.rs:138:21
[INFO] [stdout]   13:     0x555d22d23168 - <alloc::boxed::Box<F,A> as core::ops::function::Fn<Args>>::call::h1f8f335eaa9cfaee
[INFO] [stdout]                                at /rustc/82e1608dfa6e0b5569232559e3d385fea5a93112/library/alloc/src/boxed.rs:2021:9
[INFO] [stdout]   14:     0x555d22d23168 - std::panicking::rust_panic_with_hook::h2b5517d590cab22e
[INFO] [stdout]                                at /rustc/82e1608dfa6e0b5569232559e3d385fea5a93112/library/std/src/panicking.rs:783:13
[INFO] [stdout]   15:     0x555d22d22ebe - std::panicking::begin_panic_handler::{{closure}}::h233112c06e0ef43e
[INFO] [stdout]                                at /rustc/82e1608dfa6e0b5569232559e3d385fea5a93112/library/std/src/panicking.rs:657:13
[INFO] [stdout]   16:     0x555d22d21576 - std::sys_common::backtrace::__rust_end_short_backtrace::h6e893f24d7ebbff8
[INFO] [stdout]                                at /rustc/82e1608dfa6e0b5569232559e3d385fea5a93112/library/std/src/sys_common/backtrace.rs:170:18
[INFO] [stdout]   17:     0x555d22d22c22 - rust_begin_unwind
[INFO] [stdout]                                at /rustc/82e1608dfa6e0b5569232559e3d385fea5a93112/library/std/src/panicking.rs:645:5
[INFO] [stdout]   18:     0x555d22c36cf5 - core::panicking::panic_fmt::hbf0e066aabfa482c
[INFO] [stdout]                                at /rustc/82e1608dfa6e0b5569232559e3d385fea5a93112/library/core/src/panicking.rs:72:14
[INFO] [stdout]   19:     0x555d22c37283 - core::result::unwrap_failed::hddb4fea594200c52
[INFO] [stdout]                                at /rustc/82e1608dfa6e0b5569232559e3d385fea5a93112/library/core/src/result.rs:1653:5
[INFO] [stdout]   20:     0x555d22cab0bb - core::result::Result<T,E>::unwrap::h296e2f594342e1b0
[INFO] [stdout]                                at /rustc/82e1608dfa6e0b5569232559e3d385fea5a93112/library/core/src/result.rs:1077:23
[INFO] [stdout]   21:     0x555d22c8ca84 - accounters_lib::data::Database::save_to_file::hacb46889698fcf49
[INFO] [stdout]                                at /opt/rustwide/workdir/accounters_lib/src/data/mod.rs:209:24
[INFO] [stdout]   22:     0x555d22c39118 - basic::read_and_write_file::hc92599fadafa12a9
[INFO] [stdout]                                at /opt/rustwide/workdir/accounters_lib/tests/basic.rs:34:5
[INFO] [stdout]   23:     0x555d22c38f27 - basic::read_and_write_file::{{closure}}::he84b6c4974d816ba
[INFO] [stdout]                                at /opt/rustwide/workdir/accounters_lib/tests/basic.rs:12:25
[INFO] [stdout]   24:     0x555d22c37c76 - core::ops::function::FnOnce::call_once::hb4fddf4585535904
[INFO] [stdout]                                at /rustc/82e1608dfa6e0b5569232559e3d385fea5a93112/library/core/src/ops/function.rs:250:5
[INFO] [stdout]   25:     0x555d22c72bff - core::ops::function::FnOnce::call_once::h2b5d431d5046312d
[INFO] [stdout]                                at /rustc/82e1608dfa6e0b5569232559e3d385fea5a93112/library/core/src/ops/function.rs:250:5
[INFO] [stdout]   26:     0x555d22c72bff - test::__rust_begin_short_backtrace::h7714669af176e207
[INFO] [stdout]                                at /rustc/82e1608dfa6e0b5569232559e3d385fea5a93112/library/test/src/lib.rs:628:18
[INFO] [stdout]   27:     0x555d22c71c15 - test::run_test_in_process::{{closure}}::h85218797dcbcec12
[INFO] [stdout]                                at /rustc/82e1608dfa6e0b5569232559e3d385fea5a93112/library/test/src/lib.rs:651:60
[INFO] [stdout]   28:     0x555d22c71c15 - <core::panic::unwind_safe::AssertUnwindSafe<F> as core::ops::function::FnOnce<()>>::call_once::h76c106ea31c14d7b
[INFO] [stdout]                                at /rustc/82e1608dfa6e0b5569232559e3d385fea5a93112/library/core/src/panic/unwind_safe.rs:272:9
[INFO] [stdout]   29:     0x555d22c71c15 - std::panicking::try::do_call::h3bd5d0f6620ee946
[INFO] [stdout]                                at /rustc/82e1608dfa6e0b5569232559e3d385fea5a93112/library/std/src/panicking.rs:552:40
[INFO] [stdout]   30:     0x555d22c71c15 - std::panicking::try::h232e535e4744fe31
[INFO] [stdout]                                at /rustc/82e1608dfa6e0b5569232559e3d385fea5a93112/library/std/src/panicking.rs:516:19
[INFO] [stdout]   31:     0x555d22c71c15 - std::panic::catch_unwind::h3ce3bd6ca8dbac68
[INFO] [stdout]                                at /rustc/82e1608dfa6e0b5569232559e3d385fea5a93112/library/std/src/panic.rs:142:14
[INFO] [stdout]   32:     0x555d22c71c15 - test::run_test_in_process::hc97b257c9621286a
[INFO] [stdout]                                at /rustc/82e1608dfa6e0b5569232559e3d385fea5a93112/library/test/src/lib.rs:651:27
[INFO] [stdout]   33:     0x555d22c71c15 - test::run_test::{{closure}}::h2aa798823a438d38
[INFO] [stdout]                                at /rustc/82e1608dfa6e0b5569232559e3d385fea5a93112/library/test/src/lib.rs:574:43
[INFO] [stdout]   34:     0x555d22c39ed6 - test::run_test::{{closure}}::h87d231c78fb59832
[INFO] [stdout]                                at /rustc/82e1608dfa6e0b5569232559e3d385fea5a93112/library/test/src/lib.rs:602:41
[INFO] [stdout]   35:     0x555d22c39ed6 - std::sys_common::backtrace::__rust_begin_short_backtrace::he6df152596625789
[INFO] [stdout]                                at /rustc/82e1608dfa6e0b5569232559e3d385fea5a93112/library/std/src/sys_common/backtrace.rs:154:18
[INFO] [stdout]   36:     0x555d22c3ef87 - std::thread::Builder::spawn_unchecked_::{{closure}}::{{closure}}::ha94be15d1e0acf36
[INFO] [stdout]                                at /rustc/82e1608dfa6e0b5569232559e3d385fea5a93112/library/std/src/thread/mod.rs:529:17
[INFO] [stdout]   37:     0x555d22c3ef87 - <core::panic::unwind_safe::AssertUnwindSafe<F> as core::ops::function::FnOnce<()>>::call_once::h9dc6bd6372f16606
[INFO] [stdout]                                at /rustc/82e1608dfa6e0b5569232559e3d385fea5a93112/library/core/src/panic/unwind_safe.rs:272:9
[INFO] [stdout]   38:     0x555d22c3ef87 - std::panicking::try::do_call::h9057517f80303cd4
[INFO] [stdout]                                at /rustc/82e1608dfa6e0b5569232559e3d385fea5a93112/library/std/src/panicking.rs:552:40
[INFO] [stdout]   39:     0x555d22c3ef87 - std::panicking::try::he3a30b11ee45340c
[INFO] [stdout]                                at /rustc/82e1608dfa6e0b5569232559e3d385fea5a93112/library/std/src/panicking.rs:516:19
[INFO] [stdout]   40:     0x555d22c3ef87 - std::panic::catch_unwind::h410458cfd3528b8b
[INFO] [stdout]                                at /rustc/82e1608dfa6e0b5569232559e3d385fea5a93112/library/std/src/panic.rs:142:14
[INFO] [stdout]   41:     0x555d22c3ef87 - std::thread::Builder::spawn_unchecked_::{{closure}}::h72ac3bdb567b737b
[INFO] [stdout]                                at /rustc/82e1608dfa6e0b5569232559e3d385fea5a93112/library/std/src/thread/mod.rs:528:30
[INFO] [stdout]   42:     0x555d22c3ef87 - core::ops::function::FnOnce::call_once{{vtable.shim}}::h38f34da3654a8344
[INFO] [stdout]                                at /rustc/82e1608dfa6e0b5569232559e3d385fea5a93112/library/core/src/ops/function.rs:250:5
[INFO] [stdout]   43:     0x555d22d27bf5 - <alloc::boxed::Box<F,A> as core::ops::function::FnOnce<Args>>::call_once::hc7eafaff61e32df9
[INFO] [stdout]                                at /rustc/82e1608dfa6e0b5569232559e3d385fea5a93112/library/alloc/src/boxed.rs:2007:9
[INFO] [stdout]   44:     0x555d22d27bf5 - <alloc::boxed::Box<F,A> as core::ops::function::FnOnce<Args>>::call_once::h6ba4a5de48dd2304
[INFO] [stdout]                                at /rustc/82e1608dfa6e0b5569232559e3d385fea5a93112/library/alloc/src/boxed.rs:2007:9
[INFO] [stdout]   45:     0x555d22d27bf5 - std::sys::unix::thread::Thread::new::thread_start::he469335aef763e45
[INFO] [stdout]                                at /rustc/82e1608dfa6e0b5569232559e3d385fea5a93112/library/std/src/sys/unix/thread.rs:108:17
[INFO] [stdout]   46:     0x7ff669f1bac3 - <unknown>
[INFO] [stdout]   47:     0x7ff669facbf4 - __clone
[INFO] [stdout]   48:                0x0 - <unknown>
[INFO] [stdout] 
[INFO] [stdout] 
[INFO] [stdout] failures:
[INFO] [stdout]     read_and_write_file
[INFO] [stdout] 
[INFO] [stdout] test result: FAILED. 1 passed; 1 failed; 0 ignored; 0 measured; 0 filtered out; finished in 0.01s
[INFO] [stdout] 
[INFO] [stderr] error: test failed, to rerun pass `-p accounters_lib --test basic`
[INFO] running `Command { std: "docker" "inspect" "0dac4008505ad884b62324116de5464729c1d3b67bcc7b710431828825fe7595", kill_on_drop: false }`
[INFO] running `Command { std: "docker" "rm" "-f" "0dac4008505ad884b62324116de5464729c1d3b67bcc7b710431828825fe7595", kill_on_drop: false }`
[INFO] [stdout] 0dac4008505ad884b62324116de5464729c1d3b67bcc7b710431828825fe7595
