[INFO] cloning repository https://github.com/4got/rust-todo
[INFO] running `Command { std: "git" "-c" "credential.helper=" "-c" "credential.helper=/workspace/cargo-home/bin/git-credential-null" "clone" "--bare" "https://github.com/4got/rust-todo" "/workspace/cache/git-repos/https%3A%2F%2Fgithub.com%2F4got%2Frust-todo", kill_on_drop: false }`
[INFO] [stderr] Cloning into bare repository '/workspace/cache/git-repos/https%3A%2F%2Fgithub.com%2F4got%2Frust-todo'...
[INFO] running `Command { std: "git" "rev-parse" "HEAD", kill_on_drop: false }`
[INFO] [stdout] fb890a4f579ea01e78666419b3cc1399c9317269
[INFO] testing 4got/rust-todo against 1.75.0 for beta-1.76-1
[INFO] running `Command { std: "git" "clone" "/workspace/cache/git-repos/https%3A%2F%2Fgithub.com%2F4got%2Frust-todo" "/workspace/builds/worker-0-tc1/source", kill_on_drop: false }`
[INFO] [stderr] Cloning into '/workspace/builds/worker-0-tc1/source'...
[INFO] [stderr] done.
[INFO] validating manifest of git repo https://github.com/4got/rust-todo on toolchain 1.75.0
[INFO] running `Command { std: CARGO_HOME="/workspace/cargo-home" RUSTUP_HOME="/workspace/rustup-home" "/workspace/cargo-home/bin/cargo" "+1.75.0" "metadata" "--manifest-path" "Cargo.toml" "--no-deps", kill_on_drop: false }`
[INFO] started tweaking git repo https://github.com/4got/rust-todo
[INFO] finished tweaking git repo https://github.com/4got/rust-todo
[INFO] tweaked toml for git repo https://github.com/4got/rust-todo written to /workspace/builds/worker-0-tc1/source/Cargo.toml
[INFO] crate git repo https://github.com/4got/rust-todo already has a lockfile, it will not be regenerated
[INFO] running `Command { std: CARGO_HOME="/workspace/cargo-home" RUSTUP_HOME="/workspace/rustup-home" "/workspace/cargo-home/bin/cargo" "+1.75.0" "fetch" "--manifest-path" "Cargo.toml", kill_on_drop: false }`
[INFO] [stderr]     Updating crates.io index
[INFO] [stderr]  Downloading crates ...
[INFO] [stderr]   Downloaded askama_derive v0.10.5
[INFO] [stderr]   Downloaded path-slash v0.1.4
[INFO] [stderr]   Downloaded askama v0.10.5
[INFO] [stderr]   Downloaded v_htmlescape v0.12.0
[INFO] [stderr]   Downloaded buf-min v0.4.0
[INFO] [stderr]   Downloaded askama_escape v0.10.1
[INFO] [stderr]   Downloaded askama_shared v0.11.1
[INFO] [stderr]   Downloaded v_escape v0.15.0
[INFO] [stderr]   Downloaded global_counter v0.2.2
[INFO] [stderr]   Downloaded actix-web-static-files v3.0.5
[INFO] [stderr]   Downloaded v_escape_derive v0.8.5
[INFO] [stderr]   Downloaded ppv-lite86 v0.2.14
[INFO] [stderr]   Downloaded rusqlite v0.26.1
[INFO] [stderr]   Downloaded actix-files v0.5.0
[INFO] [stderr]   Downloaded libsqlite3-sys v0.23.1
[INFO] running `Command { std: "docker" "create" "-v" "/var/lib/crater-agent-workspace/builds/worker-0-tc1/target:/opt/rustwide/target:rw,Z" "-v" "/var/lib/crater-agent-workspace/builds/worker-0-tc1/source:/opt/rustwide/workdir:ro,Z" "-v" "/var/lib/crater-agent-workspace/cargo-home:/opt/rustwide/cargo-home:ro,Z" "-v" "/var/lib/crater-agent-workspace/rustup-home:/opt/rustwide/rustup-home:ro,Z" "-e" "SOURCE_DIR=/opt/rustwide/workdir" "-e" "CARGO_TARGET_DIR=/opt/rustwide/target" "-e" "CARGO_HOME=/opt/rustwide/cargo-home" "-e" "RUSTUP_HOME=/opt/rustwide/rustup-home" "-w" "/opt/rustwide/workdir" "-m" "1610612736" "--user" "0:0" "--network" "none" "ghcr.io/rust-lang/crates-build-env/linux@sha256:2788e3201cd34a07e3172128adcd8b3090168a8e3bcc40d7c032b9dda1df7d1c" "/opt/rustwide/cargo-home/bin/cargo" "+1.75.0" "metadata" "--no-deps" "--format-version=1", kill_on_drop: false }`
[INFO] [stdout] cf42dd53ee4f7fba4356589053842a464c81d5720a62d6a4e146514a7ead8471
[INFO] running `Command { std: "docker" "start" "-a" "cf42dd53ee4f7fba4356589053842a464c81d5720a62d6a4e146514a7ead8471", kill_on_drop: false }`
[INFO] running `Command { std: "docker" "inspect" "cf42dd53ee4f7fba4356589053842a464c81d5720a62d6a4e146514a7ead8471", kill_on_drop: false }`
[INFO] running `Command { std: "docker" "rm" "-f" "cf42dd53ee4f7fba4356589053842a464c81d5720a62d6a4e146514a7ead8471", kill_on_drop: false }`
[INFO] [stdout] cf42dd53ee4f7fba4356589053842a464c81d5720a62d6a4e146514a7ead8471
[INFO] running `Command { std: "docker" "create" "-v" "/var/lib/crater-agent-workspace/builds/worker-0-tc1/target:/opt/rustwide/target:rw,Z" "-v" "/var/lib/crater-agent-workspace/builds/worker-0-tc1/source:/opt/rustwide/workdir:ro,Z" "-v" "/var/lib/crater-agent-workspace/cargo-home:/opt/rustwide/cargo-home:ro,Z" "-v" "/var/lib/crater-agent-workspace/rustup-home:/opt/rustwide/rustup-home:ro,Z" "-e" "SOURCE_DIR=/opt/rustwide/workdir" "-e" "CARGO_TARGET_DIR=/opt/rustwide/target" "-e" "CARGO_INCREMENTAL=0" "-e" "RUST_BACKTRACE=full" "-e" "RUSTFLAGS=--cap-lints=warn" "-e" "RUSTDOCFLAGS=--cap-lints=warn" "-e" "CARGO_HOME=/opt/rustwide/cargo-home" "-e" "RUSTUP_HOME=/opt/rustwide/rustup-home" "-w" "/opt/rustwide/workdir" "-m" "1610612736" "--user" "0:0" "--network" "none" "ghcr.io/rust-lang/crates-build-env/linux@sha256:2788e3201cd34a07e3172128adcd8b3090168a8e3bcc40d7c032b9dda1df7d1c" "/opt/rustwide/cargo-home/bin/cargo" "+1.75.0" "build" "--frozen" "--message-format=json", kill_on_drop: false }`
[INFO] [stdout] 9e5bb649da2c48019b9838ebd2b790d709b91894ff4608f2ecbb5014cdacc235
[INFO] running `Command { std: "docker" "start" "-a" "9e5bb649da2c48019b9838ebd2b790d709b91894ff4608f2ecbb5014cdacc235", kill_on_drop: false }`
[INFO] [stderr]    Compiling proc-macro2 v1.0.30
[INFO] [stderr]    Compiling unicode-xid v0.2.2
[INFO] [stderr]    Compiling syn v1.0.80
[INFO] [stderr]    Compiling cfg-if v1.0.0
[INFO] [stderr]    Compiling libc v0.2.104
[INFO] [stderr]    Compiling version_check v0.9.3
[INFO] [stderr]    Compiling autocfg v1.0.1
[INFO] [stderr]    Compiling memchr v2.4.1
[INFO] [stderr]    Compiling log v0.4.14
[INFO] [stderr]    Compiling futures-core v0.3.17
[INFO] [stderr]    Compiling proc-macro-hack v0.5.19
[INFO] [stderr]    Compiling slab v0.4.5
[INFO] [stderr]    Compiling futures-sink v0.3.17
[INFO] [stderr]    Compiling futures-channel v0.3.17
[INFO] [stderr]    Compiling bytes v0.5.6
[INFO] [stderr]    Compiling futures-macro v0.3.17
[INFO] [stderr]    Compiling futures-task v0.3.17
[INFO] [stderr]    Compiling proc-macro-nested v0.1.7
[INFO] [stderr]    Compiling pin-project-lite v0.2.7
[INFO] [stderr]    Compiling quote v1.0.10
[INFO] [stderr]    Compiling net2 v0.2.37
[INFO] [stderr]    Compiling iovec v0.1.4
[INFO] [stderr]    Compiling futures-util v0.3.17
[INFO] [stderr]    Compiling smallvec v1.7.0
[INFO] [stderr]    Compiling mio v0.6.23
[INFO] [stderr]    Compiling signal-hook-registry v1.4.0
[INFO] [stderr]    Compiling pin-project-lite v0.1.12
[INFO] [stderr]    Compiling futures-io v0.3.17
[INFO] [stderr]    Compiling pin-utils v0.1.0
[INFO] [stderr]    Compiling bitflags v1.3.2
[INFO] [stderr]    Compiling parking_lot_core v0.8.5
[INFO] [stderr]    Compiling instant v0.1.12
[INFO] [stderr]    Compiling scopeguard v1.1.0
[INFO] [stderr]    Compiling serde_derive v1.0.130
[INFO] [stderr]    Compiling pin-project-internal v0.4.28
[INFO] [stderr]    Compiling percent-encoding v2.1.0
[INFO] [stderr]    Compiling lock_api v0.4.5
[INFO] [stderr]    Compiling ryu v1.0.5
[INFO] [stderr]    Compiling serde v1.0.130
[INFO] [stderr]    Compiling num_cpus v1.13.0
[INFO] [stderr]    Compiling convert_case v0.4.0
[INFO] [stderr]    Compiling parking_lot v0.11.2
[INFO] [stderr]    Compiling mio-uds v0.6.8
[INFO] [stderr]    Compiling cc v1.0.71
[INFO] [stderr]    Compiling tokio v0.2.25
[INFO] [stderr]    Compiling getrandom v0.1.16
[INFO] [stderr]    Compiling threadpool v1.8.1
[INFO] [stderr]    Compiling ahash v0.7.6
[INFO] [stderr]    Compiling tinyvec_macros v0.1.0
[INFO] [stderr]    Compiling matches v0.1.9
[INFO] [stderr]    Compiling once_cell v1.8.0
[INFO] [stderr]    Compiling tinyvec v1.5.0
[INFO] [stderr]    Compiling getrandom v0.2.3
[INFO] [stderr]    Compiling standback v0.2.17
[INFO] [stderr]    Compiling typenum v1.14.0
[INFO] [stderr]    Compiling copyless v0.1.5
[INFO] [stderr]    Compiling itoa v0.4.8
[INFO] [stderr]    Compiling rand_core v0.5.1
[INFO] [stderr]    Compiling form_urlencoded v1.0.1
[INFO] [stderr]    Compiling generic-array v0.14.4
[INFO] [stderr]    Compiling ppv-lite86 v0.2.14
[INFO] [stderr]    Compiling async-trait v0.1.51
[INFO] [stderr]    Compiling unicode-bidi v0.3.7
[INFO] [stderr]    Compiling bytes v1.1.0
[INFO] [stderr]    Compiling unicode-normalization v0.1.19
[INFO] [stderr]    Compiling unicode-segmentation v1.8.0
[INFO] [stderr]    Compiling either v1.6.1
[INFO] [stderr]    Compiling rand_chacha v0.2.2
[INFO] [stderr]    Compiling heck v0.3.3
[INFO] [stderr]    Compiling hashbrown v0.11.2
[INFO] [stderr]    Compiling match_cfg v0.1.0
[INFO] [stderr]    Compiling fnv v1.0.7
[INFO] [stderr]    Compiling const_fn v0.4.8
[INFO] [stderr]    Compiling http v0.2.5
[INFO] [stderr]    Compiling idna v0.2.3
[INFO] [stderr]    Compiling hostname v0.3.1
[INFO] [stderr]    Compiling rand v0.7.3
[INFO] [stderr]    Compiling brotli-sys v0.3.2
[INFO] [stderr]    Compiling tracing-core v0.1.21
[INFO] [stderr]    Compiling time v0.2.27
[INFO] [stderr]    Compiling indexmap v1.7.0
[INFO] [stderr]    Compiling url v2.2.2
[INFO] [stderr]    Compiling tokio-util v0.3.1
[INFO] [stderr]    Compiling miniz_oxide v0.4.4
[INFO] [stderr]    Compiling quick-error v1.2.3
[INFO] [stderr]    Compiling crc32fast v1.2.1
[INFO] [stderr]    Compiling resolv-conf v0.7.0
[INFO] [stderr]    Compiling lru-cache v0.1.2
[INFO] [stderr]    Compiling tracing v0.1.29
[INFO] [stderr]    Compiling aho-corasick v0.7.18
[INFO] [stderr]    Compiling cookie v0.14.4
[INFO] [stderr]    Compiling unicase v2.6.0
[INFO] [stderr]    Compiling adler v1.0.2
[INFO] [stderr]    Compiling httparse v1.5.1
[INFO] [stderr]    Compiling regex-syntax v0.6.25
[INFO] [stderr]    Compiling serde_json v1.0.68
[INFO] [stderr]    Compiling encoding_rs v0.8.29
[INFO] [stderr]    Compiling digest v0.9.0
[INFO] [stderr]    Compiling block-buffer v0.9.0
[INFO] [stderr]    Compiling opaque-debug v0.3.0
[INFO] [stderr]    Compiling cpufeatures v0.2.1
[INFO] [stderr]    Compiling mime v0.3.16
[INFO] [stderr]    Compiling byteorder v1.4.3
[INFO] [stderr]    Compiling fxhash v0.2.1
[INFO] [stderr]    Compiling sha-1 v0.9.8
[INFO] [stderr]    Compiling flate2 v1.0.22
[INFO] [stderr]    Compiling socket2 v0.3.19
[INFO] [stderr]    Compiling base64 v0.13.0
[INFO] [stderr]    Compiling language-tags v0.2.2
[INFO] [stderr]    Compiling mime_guess v2.0.3
[INFO] [stderr]    Compiling bytestring v1.0.0
[INFO] [stderr]    Compiling radium v0.5.3
[INFO] [stderr]    Compiling version_check v0.1.5
[INFO] [stderr]    Compiling regex v1.5.4
[INFO] [stderr]    Compiling nom v4.2.3
[INFO] [stderr]    Compiling lexical-core v0.7.6
[INFO] [stderr]    Compiling nom v6.1.2
[INFO] [stderr]    Compiling num-traits v0.2.14
[INFO] [stderr]    Compiling arrayvec v0.5.2
[INFO] [stderr]    Compiling funty v1.1.0
[INFO] [stderr]    Compiling path-slash v0.1.4
[INFO] [stderr]    Compiling tap v1.0.1
[INFO] [stderr]    Compiling static_assertions v1.1.0
[INFO] [stderr]    Compiling wyz v0.2.0
[INFO] [stderr]    Compiling bitvec v0.19.5
[INFO] [stderr]    Compiling v_escape v0.15.0
[INFO] [stderr]    Compiling pkg-config v0.3.20
[INFO] [stderr]    Compiling vcpkg v0.2.15
[INFO] [stderr]    Compiling brotli2 v0.3.2
[INFO] [stderr]    Compiling derive_more v0.99.16
[INFO] [stderr]    Compiling actix-macros v0.1.3
[INFO] [stderr]    Compiling thiserror-impl v1.0.30
[INFO] [stderr]    Compiling pin-project-internal v1.0.8
[INFO] [stderr]    Compiling time-macros-impl v0.1.2
[INFO] [stderr]    Compiling pin-project v0.4.28
[INFO] [stderr]    Compiling actix-codec v0.3.0
[INFO] [stderr]    Compiling thiserror v1.0.30
[INFO] [stderr]    Compiling enum-as-inner v0.3.3
[INFO] [stderr]    Compiling time-macros v0.1.1
[INFO] [stderr]    Compiling actix-web-codegen v0.4.0
[INFO] [stderr]    Compiling pin-project v1.0.8
[INFO] [stderr]    Compiling tracing-futures v0.2.5
[INFO] [stderr]    Compiling libsqlite3-sys v0.23.1
[INFO] [stderr]    Compiling v_escape_derive v0.8.5
[INFO] [stderr]    Compiling actix-service v1.0.6
[INFO] [stderr]    Compiling futures v0.3.17
[INFO] [stderr]    Compiling h2 v0.2.7
[INFO] [stderr]    Compiling trust-dns-proto v0.19.7
[INFO] [stderr]    Compiling buf-min v0.4.0
[INFO] [stderr]    Compiling v_htmlescape v0.12.0
[INFO] [stderr]    Compiling actix-threadpool v0.3.3
[INFO] [stderr]    Compiling humansize v1.1.1
[INFO] [stderr]    Compiling actix-rt v1.1.1
[INFO] [stderr]    Compiling askama_escape v0.10.1
[INFO] [stderr]    Compiling hashlink v0.7.0
[INFO] [stderr]    Compiling actix-utils v2.0.0
[INFO] [stderr]    Compiling fallible-iterator v0.2.0
[INFO] [stderr]    Compiling actix-server v1.0.4
[INFO] [stderr]    Compiling trust-dns-resolver v0.19.7
[INFO] [stderr]    Compiling actix-tls v2.0.0
[INFO] [stderr]    Compiling fallible-streaming-iterator v0.1.9
[INFO] [stderr]    Compiling global_counter v0.2.2
[INFO] [stderr]    Compiling actix-testing v1.0.1
[INFO] [stderr]    Compiling ansi_term v0.12.1
[INFO] [stderr]    Compiling actix-connect v2.0.0
[INFO] [stderr]    Compiling serde_urlencoded v0.7.0
[INFO] [stderr]    Compiling actix-router v0.2.7
[INFO] [stderr]    Compiling toml v0.5.8
[INFO] [stderr]    Compiling askama_shared v0.11.1
[INFO] [stderr]    Compiling actix-http v2.2.1
[INFO] [stderr]    Compiling awc v2.0.3
[INFO] [stderr]    Compiling askama_derive v0.10.5
[INFO] [stderr]    Compiling actix-web v3.3.2
[INFO] [stderr]    Compiling rusqlite v0.26.1
[INFO] [stderr]    Compiling askama v0.10.5
[INFO] [stderr]    Compiling actix-files v0.5.0
[INFO] [stderr]    Compiling actix-web-static-files v3.0.5
[INFO] [stderr]    Compiling rust-todo v0.2.0 (/opt/rustwide/workdir)
[INFO] [stderr]     Finished dev [unoptimized + debuginfo] target(s) in 1m 07s
[INFO] [stderr] warning: the following packages contain code that will be rejected by a future version of Rust: nom v4.2.3, nom v6.1.2
[INFO] [stderr] note: to see what the problems were, use the option `--future-incompat-report`, or run `cargo report future-incompatibilities --id 1`
[INFO] running `Command { std: "docker" "inspect" "9e5bb649da2c48019b9838ebd2b790d709b91894ff4608f2ecbb5014cdacc235", kill_on_drop: false }`
[INFO] running `Command { std: "docker" "rm" "-f" "9e5bb649da2c48019b9838ebd2b790d709b91894ff4608f2ecbb5014cdacc235", kill_on_drop: false }`
[INFO] [stdout] 9e5bb649da2c48019b9838ebd2b790d709b91894ff4608f2ecbb5014cdacc235
[INFO] running `Command { std: "docker" "create" "-v" "/var/lib/crater-agent-workspace/builds/worker-0-tc1/target:/opt/rustwide/target:rw,Z" "-v" "/var/lib/crater-agent-workspace/builds/worker-0-tc1/source:/opt/rustwide/workdir:ro,Z" "-v" "/var/lib/crater-agent-workspace/cargo-home:/opt/rustwide/cargo-home:ro,Z" "-v" "/var/lib/crater-agent-workspace/rustup-home:/opt/rustwide/rustup-home:ro,Z" "-e" "SOURCE_DIR=/opt/rustwide/workdir" "-e" "CARGO_TARGET_DIR=/opt/rustwide/target" "-e" "CARGO_INCREMENTAL=0" "-e" "RUST_BACKTRACE=full" "-e" "RUSTFLAGS=--cap-lints=warn" "-e" "RUSTDOCFLAGS=--cap-lints=warn" "-e" "CARGO_HOME=/opt/rustwide/cargo-home" "-e" "RUSTUP_HOME=/opt/rustwide/rustup-home" "-w" "/opt/rustwide/workdir" "-m" "1610612736" "--user" "0:0" "--network" "none" "ghcr.io/rust-lang/crates-build-env/linux@sha256:2788e3201cd34a07e3172128adcd8b3090168a8e3bcc40d7c032b9dda1df7d1c" "/opt/rustwide/cargo-home/bin/cargo" "+1.75.0" "test" "--frozen" "--no-run" "--message-format=json", kill_on_drop: false }`
[INFO] [stdout] f5a5c3b9da1461e5f42bad13dd21e83f0866a8575b50cc674d1440b394b0df86
[INFO] running `Command { std: "docker" "start" "-a" "f5a5c3b9da1461e5f42bad13dd21e83f0866a8575b50cc674d1440b394b0df86", kill_on_drop: false }`
[INFO] [stderr]    Compiling rust-todo v0.2.0 (/opt/rustwide/workdir)
[INFO] [stderr]     Finished test [unoptimized + debuginfo] target(s) in 1.97s
[INFO] [stderr] warning: the following packages contain code that will be rejected by a future version of Rust: nom v4.2.3, nom v6.1.2
[INFO] [stderr] note: to see what the problems were, use the option `--future-incompat-report`, or run `cargo report future-incompatibilities --id 1`
[INFO] running `Command { std: "docker" "inspect" "f5a5c3b9da1461e5f42bad13dd21e83f0866a8575b50cc674d1440b394b0df86", kill_on_drop: false }`
[INFO] running `Command { std: "docker" "rm" "-f" "f5a5c3b9da1461e5f42bad13dd21e83f0866a8575b50cc674d1440b394b0df86", kill_on_drop: false }`
[INFO] [stdout] f5a5c3b9da1461e5f42bad13dd21e83f0866a8575b50cc674d1440b394b0df86
[INFO] running `Command { std: "docker" "create" "-v" "/var/lib/crater-agent-workspace/builds/worker-0-tc1/target:/opt/rustwide/target:rw,Z" "-v" "/var/lib/crater-agent-workspace/builds/worker-0-tc1/source:/opt/rustwide/workdir:ro,Z" "-v" "/var/lib/crater-agent-workspace/cargo-home:/opt/rustwide/cargo-home:ro,Z" "-v" "/var/lib/crater-agent-workspace/rustup-home:/opt/rustwide/rustup-home:ro,Z" "-e" "SOURCE_DIR=/opt/rustwide/workdir" "-e" "CARGO_TARGET_DIR=/opt/rustwide/target" "-e" "CARGO_INCREMENTAL=0" "-e" "RUST_BACKTRACE=full" "-e" "RUSTFLAGS=--cap-lints=warn" "-e" "RUSTDOCFLAGS=--cap-lints=warn" "-e" "CARGO_HOME=/opt/rustwide/cargo-home" "-e" "RUSTUP_HOME=/opt/rustwide/rustup-home" "-w" "/opt/rustwide/workdir" "-m" "1610612736" "--user" "0:0" "--network" "none" "ghcr.io/rust-lang/crates-build-env/linux@sha256:2788e3201cd34a07e3172128adcd8b3090168a8e3bcc40d7c032b9dda1df7d1c" "/opt/rustwide/cargo-home/bin/cargo" "+1.75.0" "test" "--frozen", kill_on_drop: false }`
[INFO] [stdout] 3a4853093217fa8aafd79ca14b0cd649db3b96bb2060a865544539f1d60cd251
[INFO] running `Command { std: "docker" "start" "-a" "3a4853093217fa8aafd79ca14b0cd649db3b96bb2060a865544539f1d60cd251", kill_on_drop: false }`
[INFO] [stderr]     Finished test [unoptimized + debuginfo] target(s) in 0.16s
[INFO] [stderr] warning: the following packages contain code that will be rejected by a future version of Rust: nom v4.2.3, nom v6.1.2
[INFO] [stderr] note: to see what the problems were, use the option `--future-incompat-report`, or run `cargo report future-incompatibilities --id 1`
[INFO] [stderr]      Running unittests src/main.rs (/opt/rustwide/target/debug/deps/rust_todo-09b596d47cadfac9)
[INFO] [stdout] 
[INFO] [stdout] running 6 tests
[INFO] [stdout] test tests::tests::add_todolist ... ignored
[INFO] [stdout] test tests::tests::get_last_sort_value ... ignored
[INFO] [stdout] test tests::tests::get_sort_todo_by_id ... ignored
[INFO] [stdout] test tests::tests::print_lists ... ignored
[INFO] [stdout] test tests::tests::resort ... ignored
[INFO] [stdout] test tests::tests::add_new_todo ... FAILED
[INFO] [stdout] 
[INFO] [stdout] failures:
[INFO] [stdout] 
[INFO] [stdout] ---- tests::tests::add_new_todo stdout ----
[INFO] [stdout] thread 'tests::tests::add_new_todo' panicked at src/tests.rs:166:36:
[INFO] [stdout] called `Result::unwrap()` on an `Err` value: SqliteFailure(Error { code: ReadOnly, extended_code: 8 }, Some("attempt to write a readonly database"))
[INFO] [stdout] stack backtrace:
[INFO] [stdout]    0:     0x55bb4ef4c9dc - std::backtrace_rs::backtrace::libunwind::trace::ha637c64ce894333a
[INFO] [stdout]                                at /rustc/82e1608dfa6e0b5569232559e3d385fea5a93112/library/std/src/../../backtrace/src/backtrace/libunwind.rs:104:5
[INFO] [stdout]    1:     0x55bb4ef4c9dc - std::backtrace_rs::backtrace::trace_unsynchronized::h47f62dea28e0c88d
[INFO] [stdout]                                at /rustc/82e1608dfa6e0b5569232559e3d385fea5a93112/library/std/src/../../backtrace/src/backtrace/mod.rs:66:5
[INFO] [stdout]    2:     0x55bb4ef4c9dc - std::sys_common::backtrace::_print_fmt::h9eef0abe20ede486
[INFO] [stdout]                                at /rustc/82e1608dfa6e0b5569232559e3d385fea5a93112/library/std/src/sys_common/backtrace.rs:67:5
[INFO] [stdout]    3:     0x55bb4ef4c9dc - <std::sys_common::backtrace::_print::DisplayBacktrace as core::fmt::Display>::fmt::hed7f999df88cc644
[INFO] [stdout]                                at /rustc/82e1608dfa6e0b5569232559e3d385fea5a93112/library/std/src/sys_common/backtrace.rs:44:22
[INFO] [stdout]    4:     0x55bb4ef76630 - core::fmt::rt::Argument::fmt::h1539a9308b8d058d
[INFO] [stdout]                                at /rustc/82e1608dfa6e0b5569232559e3d385fea5a93112/library/core/src/fmt/rt.rs:142:9
[INFO] [stdout]    5:     0x55bb4ef76630 - core::fmt::write::h3a39390d8560d9c9
[INFO] [stdout]                                at /rustc/82e1608dfa6e0b5569232559e3d385fea5a93112/library/core/src/fmt/mod.rs:1120:17
[INFO] [stdout]    6:     0x55bb4ef4a38f - std::io::Write::write_fmt::h040b369f3a0f9cbc
[INFO] [stdout]                                at /rustc/82e1608dfa6e0b5569232559e3d385fea5a93112/library/std/src/io/mod.rs:1762:15
[INFO] [stdout]    7:     0x55bb4ef4c7c4 - std::sys_common::backtrace::_print::h894006fb5c6f3d45
[INFO] [stdout]                                at /rustc/82e1608dfa6e0b5569232559e3d385fea5a93112/library/std/src/sys_common/backtrace.rs:47:5
[INFO] [stdout]    8:     0x55bb4ef4c7c4 - std::sys_common::backtrace::print::h23a2d212c6fff936
[INFO] [stdout]                                at /rustc/82e1608dfa6e0b5569232559e3d385fea5a93112/library/std/src/sys_common/backtrace.rs:34:9
[INFO] [stdout]    9:     0x55bb4ef4e487 - std::panicking::default_hook::{{closure}}::h8a1d2ee00185001a
[INFO] [stdout]   10:     0x55bb4ef4e173 - std::panicking::default_hook::h6038f2eba384e475
[INFO] [stdout]                                at /rustc/82e1608dfa6e0b5569232559e3d385fea5a93112/library/std/src/panicking.rs:289:9
[INFO] [stdout]   11:     0x55bb4eddc087 - <alloc::boxed::Box<F,A> as core::ops::function::Fn<Args>>::call::h0ad024c9bdc6d768
[INFO] [stdout]                                at /rustc/82e1608dfa6e0b5569232559e3d385fea5a93112/library/alloc/src/boxed.rs:2021:9
[INFO] [stdout]   12:     0x55bb4eddc087 - test::test_main::{{closure}}::h7500b54257359db6
[INFO] [stdout]                                at /rustc/82e1608dfa6e0b5569232559e3d385fea5a93112/library/test/src/lib.rs:138:21
[INFO] [stdout]   13:     0x55bb4ef4ea98 - <alloc::boxed::Box<F,A> as core::ops::function::Fn<Args>>::call::h1f8f335eaa9cfaee
[INFO] [stdout]                                at /rustc/82e1608dfa6e0b5569232559e3d385fea5a93112/library/alloc/src/boxed.rs:2021:9
[INFO] [stdout]   14:     0x55bb4ef4ea98 - std::panicking::rust_panic_with_hook::h2b5517d590cab22e
[INFO] [stdout]                                at /rustc/82e1608dfa6e0b5569232559e3d385fea5a93112/library/std/src/panicking.rs:783:13
[INFO] [stdout]   15:     0x55bb4ef4e7ee - std::panicking::begin_panic_handler::{{closure}}::h233112c06e0ef43e
[INFO] [stdout]                                at /rustc/82e1608dfa6e0b5569232559e3d385fea5a93112/library/std/src/panicking.rs:657:13
[INFO] [stdout]   16:     0x55bb4ef4cea6 - std::sys_common::backtrace::__rust_end_short_backtrace::h6e893f24d7ebbff8
[INFO] [stdout]                                at /rustc/82e1608dfa6e0b5569232559e3d385fea5a93112/library/std/src/sys_common/backtrace.rs:170:18
[INFO] [stdout]   17:     0x55bb4ef4e552 - rust_begin_unwind
[INFO] [stdout]                                at /rustc/82e1608dfa6e0b5569232559e3d385fea5a93112/library/std/src/panicking.rs:645:5
[INFO] [stdout]   18:     0x55bb4ed98f45 - core::panicking::panic_fmt::hbf0e066aabfa482c
[INFO] [stdout]                                at /rustc/82e1608dfa6e0b5569232559e3d385fea5a93112/library/core/src/panicking.rs:72:14
[INFO] [stdout]   19:     0x55bb4ed993e3 - core::result::unwrap_failed::hddb4fea594200c52
[INFO] [stdout]                                at /rustc/82e1608dfa6e0b5569232559e3d385fea5a93112/library/core/src/result.rs:1653:5
[INFO] [stdout]   20:     0x55bb4ed9b2b7 - core::result::Result<T,E>::unwrap::h818ac50dc104eae0
[INFO] [stdout]                                at /rustc/82e1608dfa6e0b5569232559e3d385fea5a93112/library/core/src/result.rs:1077:23
[INFO] [stdout]   21:     0x55bb4eda4540 - rust_todo::tests::tests::add_new_todo::h19b3ea54b830c513
[INFO] [stdout]                                at /opt/rustwide/workdir/src/tests.rs:166:9
[INFO] [stdout]   22:     0x55bb4eda4507 - rust_todo::tests::tests::add_new_todo::{{closure}}::h5286b8af59434983
[INFO] [stdout]                                at /opt/rustwide/workdir/src/tests.rs:165:22
[INFO] [stdout]   23:     0x55bb4eda52a6 - core::ops::function::FnOnce::call_once::heb3164e72f799cf3
[INFO] [stdout]                                at /rustc/82e1608dfa6e0b5569232559e3d385fea5a93112/library/core/src/ops/function.rs:250:5
[INFO] [stdout]   24:     0x55bb4ede16df - core::ops::function::FnOnce::call_once::h2b5d431d5046312d
[INFO] [stdout]                                at /rustc/82e1608dfa6e0b5569232559e3d385fea5a93112/library/core/src/ops/function.rs:250:5
[INFO] [stdout]   25:     0x55bb4ede16df - test::__rust_begin_short_backtrace::h7714669af176e207
[INFO] [stdout]                                at /rustc/82e1608dfa6e0b5569232559e3d385fea5a93112/library/test/src/lib.rs:628:18
[INFO] [stdout]   26:     0x55bb4ede06f5 - test::run_test_in_process::{{closure}}::h85218797dcbcec12
[INFO] [stdout]                                at /rustc/82e1608dfa6e0b5569232559e3d385fea5a93112/library/test/src/lib.rs:651:60
[INFO] [stdout]   27:     0x55bb4ede06f5 - <core::panic::unwind_safe::AssertUnwindSafe<F> as core::ops::function::FnOnce<()>>::call_once::h76c106ea31c14d7b
[INFO] [stdout]                                at /rustc/82e1608dfa6e0b5569232559e3d385fea5a93112/library/core/src/panic/unwind_safe.rs:272:9
[INFO] [stdout]   28:     0x55bb4ede06f5 - std::panicking::try::do_call::h3bd5d0f6620ee946
[INFO] [stdout]                                at /rustc/82e1608dfa6e0b5569232559e3d385fea5a93112/library/std/src/panicking.rs:552:40
[INFO] [stdout]   29:     0x55bb4ede06f5 - std::panicking::try::h232e535e4744fe31
[INFO] [stdout]                                at /rustc/82e1608dfa6e0b5569232559e3d385fea5a93112/library/std/src/panicking.rs:516:19
[INFO] [stdout]   30:     0x55bb4ede06f5 - std::panic::catch_unwind::h3ce3bd6ca8dbac68
[INFO] [stdout]                                at /rustc/82e1608dfa6e0b5569232559e3d385fea5a93112/library/std/src/panic.rs:142:14
[INFO] [stdout]   31:     0x55bb4ede06f5 - test::run_test_in_process::hc97b257c9621286a
[INFO] [stdout]                                at /rustc/82e1608dfa6e0b5569232559e3d385fea5a93112/library/test/src/lib.rs:651:27
[INFO] [stdout]   32:     0x55bb4ede06f5 - test::run_test::{{closure}}::h2aa798823a438d38
[INFO] [stdout]                                at /rustc/82e1608dfa6e0b5569232559e3d385fea5a93112/library/test/src/lib.rs:574:43
[INFO] [stdout]   33:     0x55bb4eda89b6 - test::run_test::{{closure}}::h87d231c78fb59832
[INFO] [stdout]                                at /rustc/82e1608dfa6e0b5569232559e3d385fea5a93112/library/test/src/lib.rs:602:41
[INFO] [stdout]   34:     0x55bb4eda89b6 - std::sys_common::backtrace::__rust_begin_short_backtrace::he6df152596625789
[INFO] [stdout]                                at /rustc/82e1608dfa6e0b5569232559e3d385fea5a93112/library/std/src/sys_common/backtrace.rs:154:18
[INFO] [stdout]   35:     0x55bb4edada67 - std::thread::Builder::spawn_unchecked_::{{closure}}::{{closure}}::ha94be15d1e0acf36
[INFO] [stdout]                                at /rustc/82e1608dfa6e0b5569232559e3d385fea5a93112/library/std/src/thread/mod.rs:529:17
[INFO] [stdout]   36:     0x55bb4edada67 - <core::panic::unwind_safe::AssertUnwindSafe<F> as core::ops::function::FnOnce<()>>::call_once::h9dc6bd6372f16606
[INFO] [stdout]                                at /rustc/82e1608dfa6e0b5569232559e3d385fea5a93112/library/core/src/panic/unwind_safe.rs:272:9
[INFO] [stdout]   37:     0x55bb4edada67 - std::panicking::try::do_call::h9057517f80303cd4
[INFO] [stdout]                                at /rustc/82e1608dfa6e0b5569232559e3d385fea5a93112/library/std/src/panicking.rs:552:40
[INFO] [stdout]   38:     0x55bb4edada67 - std::panicking::try::he3a30b11ee45340c
[INFO] [stdout]                                at /rustc/82e1608dfa6e0b5569232559e3d385fea5a93112/library/std/src/panicking.rs:516:19
[INFO] [stdout]   39:     0x55bb4edada67 - std::panic::catch_unwind::h410458cfd3528b8b
[INFO] [stdout]                                at /rustc/82e1608dfa6e0b5569232559e3d385fea5a93112/library/std/src/panic.rs:142:14
[INFO] [stdout]   40:     0x55bb4edada67 - std::thread::Builder::spawn_unchecked_::{{closure}}::h72ac3bdb567b737b
[INFO] [stdout]                                at /rustc/82e1608dfa6e0b5569232559e3d385fea5a93112/library/std/src/thread/mod.rs:528:30
[INFO] [stdout]   41:     0x55bb4edada67 - core::ops::function::FnOnce::call_once{{vtable.shim}}::h38f34da3654a8344
[INFO] [stdout]                                at /rustc/82e1608dfa6e0b5569232559e3d385fea5a93112/library/core/src/ops/function.rs:250:5
[INFO] [stdout]   42:     0x55bb4ef535a5 - <alloc::boxed::Box<F,A> as core::ops::function::FnOnce<Args>>::call_once::hc7eafaff61e32df9
[INFO] [stdout]                                at /rustc/82e1608dfa6e0b5569232559e3d385fea5a93112/library/alloc/src/boxed.rs:2007:9
[INFO] [stdout]   43:     0x55bb4ef535a5 - <alloc::boxed::Box<F,A> as core::ops::function::FnOnce<Args>>::call_once::h6ba4a5de48dd2304
[INFO] [stdout]                                at /rustc/82e1608dfa6e0b5569232559e3d385fea5a93112/library/alloc/src/boxed.rs:2007:9
[INFO] [stdout]   44:     0x55bb4ef535a5 - std::sys::unix::thread::Thread::new::thread_start::he469335aef763e45
[INFO] [stdout]                                at /rustc/82e1608dfa6e0b5569232559e3d385fea5a93112/library/std/src/sys/unix/thread.rs:108:17
[INFO] [stdout]   45:     0x7f349e58aac3 - <unknown>
[INFO] [stdout]   46:     0x7f349e61bbf4 - __clone
[INFO] [stdout]   47:                0x0 - <unknown>
[INFO] [stdout] 
[INFO] [stdout] 
[INFO] [stdout] failures:
[INFO] [stdout]     tests::tests::add_new_todo
[INFO] [stdout] 
[INFO] [stdout] test result: FAILED. 0 passed; 1 failed; 5 ignored; 0 measured; 0 filtered out; finished in 0.04s
[INFO] [stdout] 
[INFO] [stderr] error: test failed, to rerun pass `--bin rust-todo`
[INFO] running `Command { std: "docker" "inspect" "3a4853093217fa8aafd79ca14b0cd649db3b96bb2060a865544539f1d60cd251", kill_on_drop: false }`
[INFO] running `Command { std: "docker" "rm" "-f" "3a4853093217fa8aafd79ca14b0cd649db3b96bb2060a865544539f1d60cd251", kill_on_drop: false }`
[INFO] [stdout] 3a4853093217fa8aafd79ca14b0cd649db3b96bb2060a865544539f1d60cd251
[INFO] testing 4got/rust-todo against beta-2023-12-22 for beta-1.76-1
[INFO] running `Command { std: "git" "clone" "/workspace/cache/git-repos/https%3A%2F%2Fgithub.com%2F4got%2Frust-todo" "/workspace/builds/worker-0-tc2/source", kill_on_drop: false }`
[INFO] [stderr] Cloning into '/workspace/builds/worker-0-tc2/source'...
[INFO] [stderr] done.
[INFO] validating manifest of git repo https://github.com/4got/rust-todo on toolchain beta-2023-12-22
[INFO] running `Command { std: CARGO_HOME="/workspace/cargo-home" RUSTUP_HOME="/workspace/rustup-home" "/workspace/cargo-home/bin/cargo" "+beta-2023-12-22" "metadata" "--manifest-path" "Cargo.toml" "--no-deps", kill_on_drop: false }`
[INFO] started tweaking git repo https://github.com/4got/rust-todo
[INFO] finished tweaking git repo https://github.com/4got/rust-todo
[INFO] tweaked toml for git repo https://github.com/4got/rust-todo written to /workspace/builds/worker-0-tc2/source/Cargo.toml
[INFO] crate git repo https://github.com/4got/rust-todo already has a lockfile, it will not be regenerated
[INFO] running `Command { std: CARGO_HOME="/workspace/cargo-home" RUSTUP_HOME="/workspace/rustup-home" "/workspace/cargo-home/bin/cargo" "+beta-2023-12-22" "fetch" "--manifest-path" "Cargo.toml", kill_on_drop: false }`
[INFO] running `Command { std: "docker" "create" "-v" "/var/lib/crater-agent-workspace/builds/worker-0-tc2/target:/opt/rustwide/target:rw,Z" "-v" "/var/lib/crater-agent-workspace/builds/worker-0-tc2/source:/opt/rustwide/workdir:ro,Z" "-v" "/var/lib/crater-agent-workspace/cargo-home:/opt/rustwide/cargo-home:ro,Z" "-v" "/var/lib/crater-agent-workspace/rustup-home:/opt/rustwide/rustup-home:ro,Z" "-e" "SOURCE_DIR=/opt/rustwide/workdir" "-e" "CARGO_TARGET_DIR=/opt/rustwide/target" "-e" "CARGO_HOME=/opt/rustwide/cargo-home" "-e" "RUSTUP_HOME=/opt/rustwide/rustup-home" "-w" "/opt/rustwide/workdir" "-m" "1610612736" "--user" "0:0" "--network" "none" "ghcr.io/rust-lang/crates-build-env/linux@sha256:2788e3201cd34a07e3172128adcd8b3090168a8e3bcc40d7c032b9dda1df7d1c" "/opt/rustwide/cargo-home/bin/cargo" "+beta-2023-12-22" "metadata" "--no-deps" "--format-version=1", kill_on_drop: false }`
[INFO] [stdout] 1a7aa1e1fa1a0691839033385bbac09e1d0c27077b8b2f744fe7cdbec5c95463
[INFO] running `Command { std: "docker" "start" "-a" "1a7aa1e1fa1a0691839033385bbac09e1d0c27077b8b2f744fe7cdbec5c95463", kill_on_drop: false }`
[INFO] running `Command { std: "docker" "inspect" "1a7aa1e1fa1a0691839033385bbac09e1d0c27077b8b2f744fe7cdbec5c95463", kill_on_drop: false }`
[INFO] running `Command { std: "docker" "rm" "-f" "1a7aa1e1fa1a0691839033385bbac09e1d0c27077b8b2f744fe7cdbec5c95463", kill_on_drop: false }`
[INFO] [stdout] 1a7aa1e1fa1a0691839033385bbac09e1d0c27077b8b2f744fe7cdbec5c95463
[INFO] running `Command { std: "docker" "create" "-v" "/var/lib/crater-agent-workspace/builds/worker-0-tc2/target:/opt/rustwide/target:rw,Z" "-v" "/var/lib/crater-agent-workspace/builds/worker-0-tc2/source:/opt/rustwide/workdir:ro,Z" "-v" "/var/lib/crater-agent-workspace/cargo-home:/opt/rustwide/cargo-home:ro,Z" "-v" "/var/lib/crater-agent-workspace/rustup-home:/opt/rustwide/rustup-home:ro,Z" "-e" "SOURCE_DIR=/opt/rustwide/workdir" "-e" "CARGO_TARGET_DIR=/opt/rustwide/target" "-e" "CARGO_INCREMENTAL=0" "-e" "RUST_BACKTRACE=full" "-e" "RUSTFLAGS=--cap-lints=warn" "-e" "RUSTDOCFLAGS=--cap-lints=warn" "-e" "CARGO_HOME=/opt/rustwide/cargo-home" "-e" "RUSTUP_HOME=/opt/rustwide/rustup-home" "-w" "/opt/rustwide/workdir" "-m" "1610612736" "--user" "0:0" "--network" "none" "ghcr.io/rust-lang/crates-build-env/linux@sha256:2788e3201cd34a07e3172128adcd8b3090168a8e3bcc40d7c032b9dda1df7d1c" "/opt/rustwide/cargo-home/bin/cargo" "+beta-2023-12-22" "build" "--frozen" "--message-format=json", kill_on_drop: false }`
[INFO] [stdout] cce08d152e8869bb4779f75290f3ca1a8ea1032d9c726932825139d036160565
[INFO] running `Command { std: "docker" "start" "-a" "cce08d152e8869bb4779f75290f3ca1a8ea1032d9c726932825139d036160565", kill_on_drop: false }`
[INFO] [stderr]    Compiling proc-macro2 v1.0.30
[INFO] [stderr]    Compiling unicode-xid v0.2.2
[INFO] [stderr]    Compiling syn v1.0.80
[INFO] [stderr]    Compiling cfg-if v1.0.0
[INFO] [stderr]    Compiling libc v0.2.104
[INFO] [stderr]    Compiling version_check v0.9.3
[INFO] [stderr]    Compiling autocfg v1.0.1
[INFO] [stderr]    Compiling memchr v2.4.1
[INFO] [stderr]    Compiling log v0.4.14
[INFO] [stderr]    Compiling futures-core v0.3.17
[INFO] [stderr]    Compiling proc-macro-hack v0.5.19
[INFO] [stderr]    Compiling slab v0.4.5
[INFO] [stderr]    Compiling futures-sink v0.3.17
[INFO] [stderr]    Compiling futures-channel v0.3.17
[INFO] [stderr]    Compiling bytes v0.5.6
[INFO] [stderr]    Compiling futures-macro v0.3.17
[INFO] [stderr]    Compiling pin-project-lite v0.2.7
[INFO] [stderr]    Compiling futures-task v0.3.17
[INFO] [stderr]    Compiling quote v1.0.10
[INFO] [stderr]    Compiling proc-macro-nested v0.1.7
[INFO] [stderr]    Compiling iovec v0.1.4
[INFO] [stderr]    Compiling net2 v0.2.37
[INFO] [stderr]    Compiling futures-util v0.3.17
[INFO] [stderr]    Compiling smallvec v1.7.0
[INFO] [stderr]    Compiling signal-hook-registry v1.4.0
[INFO] [stderr]    Compiling mio v0.6.23
[INFO] [stderr]    Compiling bitflags v1.3.2
[INFO] [stderr]    Compiling futures-io v0.3.17
[INFO] [stderr]    Compiling pin-project-lite v0.1.12
[INFO] [stderr]    Compiling pin-utils v0.1.0
[INFO] [stderr]    Compiling parking_lot_core v0.8.5
[INFO] [stderr]    Compiling instant v0.1.12
[INFO] [stderr]    Compiling scopeguard v1.1.0
[INFO] [stderr]    Compiling serde_derive v1.0.130
[INFO] [stderr]    Compiling pin-project-internal v0.4.28
[INFO] [stderr]    Compiling percent-encoding v2.1.0
[INFO] [stderr]    Compiling lock_api v0.4.5
[INFO] [stderr]    Compiling serde v1.0.130
[INFO] [stderr]    Compiling ryu v1.0.5
[INFO] [stderr]    Compiling num_cpus v1.13.0
[INFO] [stderr]    Compiling getrandom v0.1.16
[INFO] [stderr]    Compiling mio-uds v0.6.8
[INFO] [stderr]    Compiling tokio v0.2.25
[INFO] [stderr]    Compiling parking_lot v0.11.2
[INFO] [stderr]    Compiling convert_case v0.4.0
[INFO] [stderr]    Compiling cc v1.0.71
[INFO] [stderr]    Compiling threadpool v1.8.1
[INFO] [stderr]    Compiling ahash v0.7.6
[INFO] [stderr]    Compiling once_cell v1.8.0
[INFO] [stderr]    Compiling tinyvec_macros v0.1.0
[INFO] [stderr]    Compiling matches v0.1.9
[INFO] [stderr]    Compiling tinyvec v1.5.0
[INFO] [stderr]    Compiling getrandom v0.2.3
[INFO] [stderr]    Compiling standback v0.2.17
[INFO] [stderr]    Compiling typenum v1.14.0
[INFO] [stderr]    Compiling itoa v0.4.8
[INFO] [stderr]    Compiling copyless v0.1.5
[INFO] [stderr]    Compiling rand_core v0.5.1
[INFO] [stderr]    Compiling form_urlencoded v1.0.1
[INFO] [stderr]    Compiling generic-array v0.14.4
[INFO] [stderr]    Compiling unicode-segmentation v1.8.0
[INFO] [stderr]    Compiling either v1.6.1
[INFO] [stderr]    Compiling async-trait v0.1.51
[INFO] [stderr]    Compiling unicode-bidi v0.3.7
[INFO] [stderr]    Compiling ppv-lite86 v0.2.14
[INFO] [stderr]    Compiling bytes v1.1.0
[INFO] [stderr]    Compiling heck v0.3.3
[INFO] [stderr]    Compiling unicode-normalization v0.1.19
[INFO] [stderr]    Compiling rand_chacha v0.2.2
[INFO] [stderr]    Compiling hashbrown v0.11.2
[INFO] [stderr]    Compiling const_fn v0.4.8
[INFO] [stderr]    Compiling match_cfg v0.1.0
[INFO] [stderr]    Compiling fnv v1.0.7
[INFO] [stderr]    Compiling http v0.2.5
[INFO] [stderr]    Compiling hostname v0.3.1
[INFO] [stderr]    Compiling rand v0.7.3
[INFO] [stderr]    Compiling brotli-sys v0.3.2
[INFO] [stderr]    Compiling tracing-core v0.1.21
[INFO] [stderr]    Compiling idna v0.2.3
[INFO] [stderr]    Compiling time v0.2.27
[INFO] [stderr]    Compiling indexmap v1.7.0
[INFO] [stderr]    Compiling miniz_oxide v0.4.4
[INFO] [stderr]    Compiling quick-error v1.2.3
[INFO] [stderr]    Compiling crc32fast v1.2.1
[INFO] [stderr]    Compiling tokio-util v0.3.1
[INFO] [stderr]    Compiling url v2.2.2
[INFO] [stderr]    Compiling resolv-conf v0.7.0
[INFO] [stderr]    Compiling lru-cache v0.1.2
[INFO] [stderr]    Compiling tracing v0.1.29
[INFO] [stderr]    Compiling aho-corasick v0.7.18
[INFO] [stderr]    Compiling unicase v2.6.0
[INFO] [stderr]    Compiling cookie v0.14.4
[INFO] [stderr]    Compiling regex-syntax v0.6.25
[INFO] [stderr]    Compiling encoding_rs v0.8.29
[INFO] [stderr]    Compiling serde_json v1.0.68
[INFO] [stderr]    Compiling httparse v1.5.1
[INFO] [stderr]    Compiling adler v1.0.2
[INFO] [stderr]    Compiling digest v0.9.0
[INFO] [stderr]    Compiling block-buffer v0.9.0
[INFO] [stderr]    Compiling byteorder v1.4.3
[INFO] [stderr]    Compiling mime v0.3.16
[INFO] [stderr]    Compiling cpufeatures v0.2.1
[INFO] [stderr]    Compiling opaque-debug v0.3.0
[INFO] [stderr]    Compiling sha-1 v0.9.8
[INFO] [stderr]    Compiling flate2 v1.0.22
[INFO] [stderr]    Compiling fxhash v0.2.1
[INFO] [stderr]    Compiling socket2 v0.3.19
[INFO] [stderr]    Compiling base64 v0.13.0
[INFO] [stderr]    Compiling language-tags v0.2.2
[INFO] [stderr]    Compiling regex v1.5.4
[INFO] [stderr]    Compiling mime_guess v2.0.3
[INFO] [stderr]    Compiling bytestring v1.0.0
[INFO] [stderr]    Compiling version_check v0.1.5
[INFO] [stderr]    Compiling radium v0.5.3
[INFO] [stderr]    Compiling nom v4.2.3
[INFO] [stderr]    Compiling lexical-core v0.7.6
[INFO] [stderr]    Compiling nom v6.1.2
[INFO] [stderr]    Compiling num-traits v0.2.14
[INFO] [stderr]    Compiling arrayvec v0.5.2
[INFO] [stderr]    Compiling funty v1.1.0
[INFO] [stderr]    Compiling tap v1.0.1
[INFO] [stderr]    Compiling derive_more v0.99.16
[INFO] [stderr]    Compiling actix-macros v0.1.3
[INFO] [stderr]    Compiling thiserror-impl v1.0.30
[INFO] [stderr]    Compiling pin-project-internal v1.0.8
[INFO] [stderr]    Compiling pin-project v0.4.28
[INFO] [stderr]    Compiling actix-codec v0.3.0
[INFO] [stderr]    Compiling time-macros-impl v0.1.2
[INFO] [stderr]    Compiling enum-as-inner v0.3.3
[INFO] [stderr]    Compiling thiserror v1.0.30
[INFO] [stderr]    Compiling brotli2 v0.3.2
[INFO] [stderr]    Compiling pin-project v1.0.8
[INFO] [stderr]    Compiling tracing-futures v0.2.5
[INFO] [stderr]    Compiling actix-web-codegen v0.4.0
[INFO] [stderr]    Compiling path-slash v0.1.4
[INFO] [stderr]    Compiling time-macros v0.1.1
[INFO] [stderr]    Compiling wyz v0.2.0
[INFO] [stderr]    Compiling static_assertions v1.1.0
[INFO] [stderr]    Compiling bitvec v0.19.5
[INFO] [stderr]    Compiling actix-threadpool v0.3.3
[INFO] [stderr]    Compiling actix-service v1.0.6
[INFO] [stderr]    Compiling futures v0.3.17
[INFO] [stderr]    Compiling actix-rt v1.1.1
[INFO] [stderr]    Compiling trust-dns-proto v0.19.7
[INFO] [stderr]    Compiling h2 v0.2.7
[INFO] [stderr]    Compiling actix-utils v2.0.0
[INFO] [stderr]    Compiling actix-server v1.0.4
[INFO] [stderr]    Compiling actix-tls v2.0.0
[INFO] [stderr]    Compiling pkg-config v0.3.20
[INFO] [stderr]    Compiling v_escape v0.15.0
[INFO] [stderr]    Compiling vcpkg v0.2.15
[INFO] [stderr]    Compiling trust-dns-resolver v0.19.7
[INFO] [stderr]    Compiling actix-testing v1.0.1
[INFO] [stderr]    Compiling v_escape_derive v0.8.5
[INFO] [stderr]    Compiling libsqlite3-sys v0.23.1
[INFO] [stderr]    Compiling actix-connect v2.0.0
[INFO] [stderr]    Compiling buf-min v0.4.0
[INFO] [stderr]    Compiling v_htmlescape v0.12.0
[INFO] [stderr]    Compiling humansize v1.1.1
[INFO] [stderr]    Compiling serde_urlencoded v0.7.0
[INFO] [stderr]    Compiling actix-router v0.2.7
[INFO] [stderr]    Compiling toml v0.5.8
[INFO] [stderr]    Compiling askama_escape v0.10.1
[INFO] [stderr]    Compiling actix-http v2.2.1
[INFO] [stderr]    Compiling hashlink v0.7.0
[INFO] [stderr]    Compiling askama_shared v0.11.1
[INFO] [stderr]    Compiling fallible-iterator v0.2.0
[INFO] [stderr]    Compiling fallible-streaming-iterator v0.1.9
[INFO] [stderr]    Compiling global_counter v0.2.2
[INFO] [stderr]    Compiling ansi_term v0.12.1
[INFO] [stderr]    Compiling awc v2.0.3
[INFO] [stderr]    Compiling actix-web v3.3.2
[INFO] [stderr]    Compiling askama_derive v0.10.5
[INFO] [stderr]    Compiling actix-files v0.5.0
[INFO] [stderr]    Compiling askama v0.10.5
[INFO] [stderr]    Compiling actix-web-static-files v3.0.5
[INFO] [stderr]    Compiling rust-todo v0.2.0 (/opt/rustwide/workdir)
[INFO] [stderr]    Compiling rusqlite v0.26.1
[INFO] [stderr]     Finished dev [unoptimized + debuginfo] target(s) in 40.55s
[INFO] [stderr] warning: the following packages contain code that will be rejected by a future version of Rust: nom v4.2.3, nom v6.1.2
[INFO] [stderr] note: to see what the problems were, use the option `--future-incompat-report`, or run `cargo report future-incompatibilities --id 1`
[INFO] running `Command { std: "docker" "inspect" "cce08d152e8869bb4779f75290f3ca1a8ea1032d9c726932825139d036160565", kill_on_drop: false }`
[INFO] running `Command { std: "docker" "rm" "-f" "cce08d152e8869bb4779f75290f3ca1a8ea1032d9c726932825139d036160565", kill_on_drop: false }`
[INFO] [stdout] cce08d152e8869bb4779f75290f3ca1a8ea1032d9c726932825139d036160565
[INFO] running `Command { std: "docker" "create" "-v" "/var/lib/crater-agent-workspace/builds/worker-0-tc2/target:/opt/rustwide/target:rw,Z" "-v" "/var/lib/crater-agent-workspace/builds/worker-0-tc2/source:/opt/rustwide/workdir:ro,Z" "-v" "/var/lib/crater-agent-workspace/cargo-home:/opt/rustwide/cargo-home:ro,Z" "-v" "/var/lib/crater-agent-workspace/rustup-home:/opt/rustwide/rustup-home:ro,Z" "-e" "SOURCE_DIR=/opt/rustwide/workdir" "-e" "CARGO_TARGET_DIR=/opt/rustwide/target" "-e" "CARGO_INCREMENTAL=0" "-e" "RUST_BACKTRACE=full" "-e" "RUSTFLAGS=--cap-lints=warn" "-e" "RUSTDOCFLAGS=--cap-lints=warn" "-e" "CARGO_HOME=/opt/rustwide/cargo-home" "-e" "RUSTUP_HOME=/opt/rustwide/rustup-home" "-w" "/opt/rustwide/workdir" "-m" "1610612736" "--user" "0:0" "--network" "none" "ghcr.io/rust-lang/crates-build-env/linux@sha256:2788e3201cd34a07e3172128adcd8b3090168a8e3bcc40d7c032b9dda1df7d1c" "/opt/rustwide/cargo-home/bin/cargo" "+beta-2023-12-22" "test" "--frozen" "--no-run" "--message-format=json", kill_on_drop: false }`
[INFO] [stdout] 825b2a1fa111177a9e882f5caa86dac1e56a6e56e2f656ccacc014b85b8880c5
[INFO] running `Command { std: "docker" "start" "-a" "825b2a1fa111177a9e882f5caa86dac1e56a6e56e2f656ccacc014b85b8880c5", kill_on_drop: false }`
[INFO] [stderr]    Compiling rust-todo v0.2.0 (/opt/rustwide/workdir)
[INFO] [stderr]     Finished test [unoptimized + debuginfo] target(s) in 1.34s
[INFO] [stderr] warning: the following packages contain code that will be rejected by a future version of Rust: nom v4.2.3, nom v6.1.2
[INFO] [stderr] note: to see what the problems were, use the option `--future-incompat-report`, or run `cargo report future-incompatibilities --id 1`
[INFO] running `Command { std: "docker" "inspect" "825b2a1fa111177a9e882f5caa86dac1e56a6e56e2f656ccacc014b85b8880c5", kill_on_drop: false }`
[INFO] running `Command { std: "docker" "rm" "-f" "825b2a1fa111177a9e882f5caa86dac1e56a6e56e2f656ccacc014b85b8880c5", kill_on_drop: false }`
[INFO] [stdout] 825b2a1fa111177a9e882f5caa86dac1e56a6e56e2f656ccacc014b85b8880c5
[INFO] running `Command { std: "docker" "create" "-v" "/var/lib/crater-agent-workspace/builds/worker-0-tc2/target:/opt/rustwide/target:rw,Z" "-v" "/var/lib/crater-agent-workspace/builds/worker-0-tc2/source:/opt/rustwide/workdir:ro,Z" "-v" "/var/lib/crater-agent-workspace/cargo-home:/opt/rustwide/cargo-home:ro,Z" "-v" "/var/lib/crater-agent-workspace/rustup-home:/opt/rustwide/rustup-home:ro,Z" "-e" "SOURCE_DIR=/opt/rustwide/workdir" "-e" "CARGO_TARGET_DIR=/opt/rustwide/target" "-e" "CARGO_INCREMENTAL=0" "-e" "RUST_BACKTRACE=full" "-e" "RUSTFLAGS=--cap-lints=warn" "-e" "RUSTDOCFLAGS=--cap-lints=warn" "-e" "CARGO_HOME=/opt/rustwide/cargo-home" "-e" "RUSTUP_HOME=/opt/rustwide/rustup-home" "-w" "/opt/rustwide/workdir" "-m" "1610612736" "--user" "0:0" "--network" "none" "ghcr.io/rust-lang/crates-build-env/linux@sha256:2788e3201cd34a07e3172128adcd8b3090168a8e3bcc40d7c032b9dda1df7d1c" "/opt/rustwide/cargo-home/bin/cargo" "+beta-2023-12-22" "test" "--frozen", kill_on_drop: false }`
[INFO] [stdout] 22914f5221163d49438a836677f10e260e65d77cab9985d7409c9aec3bcc50f5
[INFO] running `Command { std: "docker" "start" "-a" "22914f5221163d49438a836677f10e260e65d77cab9985d7409c9aec3bcc50f5", kill_on_drop: false }`
[INFO] [stderr]     Finished test [unoptimized + debuginfo] target(s) in 0.18s
[INFO] [stderr] warning: the following packages contain code that will be rejected by a future version of Rust: nom v4.2.3, nom v6.1.2
[INFO] [stderr] note: to see what the problems were, use the option `--future-incompat-report`, or run `cargo report future-incompatibilities --id 1`
[INFO] [stderr]      Running unittests src/main.rs (/opt/rustwide/target/debug/deps/rust_todo-48c244895bc0c292)
[INFO] [stdout] 
[INFO] [stdout] running 6 tests
[INFO] [stdout] test tests::tests::add_todolist ... ignored
[INFO] [stdout] test tests::tests::get_last_sort_value ... ignored
[INFO] [stdout] test tests::tests::get_sort_todo_by_id ... ignored
[INFO] [stdout] test tests::tests::print_lists ... ignored
[INFO] [stdout] test tests::tests::resort ... ignored
[INFO] [stdout] test tests::tests::add_new_todo ... FAILED
[INFO] [stdout] 
[INFO] [stdout] failures:
[INFO] [stdout] 
[INFO] [stdout] ---- tests::tests::add_new_todo stdout ----
[INFO] [stdout] thread 'tests::tests::add_new_todo' panicked at src/tests.rs:166:36:
[INFO] [stdout] called `Result::unwrap()` on an `Err` value: SqliteFailure(Error { code: ReadOnly, extended_code: 8 }, Some("attempt to write a readonly database"))
[INFO] [stdout] stack backtrace:
[INFO] [stdout]    0:     0x55f2c9a3b766 - std::backtrace_rs::backtrace::libunwind::trace::h261606ad26a499c1
[INFO] [stdout]                                at /rustc/0e09125c6c3c2fd70d7de961bcf0e51575235fad/library/std/src/../../backtrace/src/backtrace/libunwind.rs:104:5
[INFO] [stdout]    1:     0x55f2c9a3b766 - std::backtrace_rs::backtrace::trace_unsynchronized::hd183f0625477fb28
[INFO] [stdout]                                at /rustc/0e09125c6c3c2fd70d7de961bcf0e51575235fad/library/std/src/../../backtrace/src/backtrace/mod.rs:66:5
[INFO] [stdout]    2:     0x55f2c9a3b766 - std::sys_common::backtrace::_print_fmt::hd7f8fef21b4eda67
[INFO] [stdout]                                at /rustc/0e09125c6c3c2fd70d7de961bcf0e51575235fad/library/std/src/sys_common/backtrace.rs:68:5
[INFO] [stdout]    3:     0x55f2c9a3b766 - <std::sys_common::backtrace::_print::DisplayBacktrace as core::fmt::Display>::fmt::h623d9b51f2f453f1
[INFO] [stdout]                                at /rustc/0e09125c6c3c2fd70d7de961bcf0e51575235fad/library/std/src/sys_common/backtrace.rs:44:22
[INFO] [stdout]    4:     0x55f2c9a646c0 - core::fmt::rt::Argument::fmt::h9f417ac76a86f368
[INFO] [stdout]                                at /rustc/0e09125c6c3c2fd70d7de961bcf0e51575235fad/library/core/src/fmt/rt.rs:142:9
[INFO] [stdout]    5:     0x55f2c9a646c0 - core::fmt::write::hc9b6faf4ac2aeff7
[INFO] [stdout]                                at /rustc/0e09125c6c3c2fd70d7de961bcf0e51575235fad/library/core/src/fmt/mod.rs:1120:17
[INFO] [stdout]    6:     0x55f2c9a391cf - std::io::Write::write_fmt::he04625a3a989fec3
[INFO] [stdout]                                at /rustc/0e09125c6c3c2fd70d7de961bcf0e51575235fad/library/std/src/io/mod.rs:1810:15
[INFO] [stdout]    7:     0x55f2c9a3b544 - std::sys_common::backtrace::_print::hd5d66399c7df88a2
[INFO] [stdout]                                at /rustc/0e09125c6c3c2fd70d7de961bcf0e51575235fad/library/std/src/sys_common/backtrace.rs:47:5
[INFO] [stdout]    8:     0x55f2c9a3b544 - std::sys_common::backtrace::print::he81ed2da642d37e5
[INFO] [stdout]                                at /rustc/0e09125c6c3c2fd70d7de961bcf0e51575235fad/library/std/src/sys_common/backtrace.rs:34:9
[INFO] [stdout]    9:     0x55f2c9a3d2b7 - std::panicking::default_hook::{{closure}}::h85773f4fa117163d
[INFO] [stdout]   10:     0x55f2c9a3cf9d - std::panicking::default_hook::h6a1694a91d09b278
[INFO] [stdout]                                at /rustc/0e09125c6c3c2fd70d7de961bcf0e51575235fad/library/std/src/panicking.rs:289:9
[INFO] [stdout]   11:     0x55f2c98ca3f7 - <alloc::boxed::Box<F,A> as core::ops::function::Fn<Args>>::call::h616ac37fa3cd6c8f
[INFO] [stdout]                                at /rustc/0e09125c6c3c2fd70d7de961bcf0e51575235fad/library/alloc/src/boxed.rs:2029:9
[INFO] [stdout]   12:     0x55f2c98ca3f7 - test::test_main::{{closure}}::h00d84697cefdcbb6
[INFO] [stdout]                                at /rustc/0e09125c6c3c2fd70d7de961bcf0e51575235fad/library/test/src/lib.rs:138:21
[INFO] [stdout]   13:     0x55f2c9a3d8d6 - <alloc::boxed::Box<F,A> as core::ops::function::Fn<Args>>::call::hcb3fe3b9bb537ba8
[INFO] [stdout]                                at /rustc/0e09125c6c3c2fd70d7de961bcf0e51575235fad/library/alloc/src/boxed.rs:2029:9
[INFO] [stdout]   14:     0x55f2c9a3d8d6 - std::panicking::rust_panic_with_hook::h0a7ad96e90f7145b
[INFO] [stdout]                                at /rustc/0e09125c6c3c2fd70d7de961bcf0e51575235fad/library/std/src/panicking.rs:783:13
[INFO] [stdout]   15:     0x55f2c9a3d622 - std::panicking::begin_panic_handler::{{closure}}::h7919090525c6485e
[INFO] [stdout]                                at /rustc/0e09125c6c3c2fd70d7de961bcf0e51575235fad/library/std/src/panicking.rs:657:13
[INFO] [stdout]   16:     0x55f2c9a3bc66 - std::sys_common::backtrace::__rust_end_short_backtrace::hf3289479464f7dfe
[INFO] [stdout]                                at /rustc/0e09125c6c3c2fd70d7de961bcf0e51575235fad/library/std/src/sys_common/backtrace.rs:171:18
[INFO] [stdout]   17:     0x55f2c9a3d380 - rust_begin_unwind
[INFO] [stdout]                                at /rustc/0e09125c6c3c2fd70d7de961bcf0e51575235fad/library/std/src/panicking.rs:645:5
[INFO] [stdout]   18:     0x55f2c9885f25 - core::panicking::panic_fmt::hcc9f77c5c132af55
[INFO] [stdout]                                at /rustc/0e09125c6c3c2fd70d7de961bcf0e51575235fad/library/core/src/panicking.rs:72:14
[INFO] [stdout]   19:     0x55f2c98863d3 - core::result::unwrap_failed::hbe14f498be1452f9
[INFO] [stdout]                                at /rustc/0e09125c6c3c2fd70d7de961bcf0e51575235fad/library/core/src/result.rs:1649:5
[INFO] [stdout]   20:     0x55f2c9889151 - core::result::Result<T,E>::unwrap::hef0d49bcb716d457
[INFO] [stdout]                                at /rustc/0e09125c6c3c2fd70d7de961bcf0e51575235fad/library/core/src/result.rs:1073:23
[INFO] [stdout]   21:     0x55f2c9891620 - rust_todo::tests::tests::add_new_todo::h7f243f1003e30cfa
[INFO] [stdout]                                at /opt/rustwide/workdir/src/tests.rs:166:9
[INFO] [stdout]   22:     0x55f2c98915e7 - rust_todo::tests::tests::add_new_todo::{{closure}}::h11d98b37ad327007
[INFO] [stdout]                                at /opt/rustwide/workdir/src/tests.rs:165:22
[INFO] [stdout]   23:     0x55f2c9887866 - core::ops::function::FnOnce::call_once::h2d93fada74530fc3
[INFO] [stdout]                                at /rustc/0e09125c6c3c2fd70d7de961bcf0e51575235fad/library/core/src/ops/function.rs:250:5
[INFO] [stdout]   24:     0x55f2c98cfccf - core::ops::function::FnOnce::call_once::hd64d26f405258157
[INFO] [stdout]                                at /rustc/0e09125c6c3c2fd70d7de961bcf0e51575235fad/library/core/src/ops/function.rs:250:5
[INFO] [stdout]   25:     0x55f2c98cfccf - test::__rust_begin_short_backtrace::he21b0b7a6d731bf9
[INFO] [stdout]                                at /rustc/0e09125c6c3c2fd70d7de961bcf0e51575235fad/library/test/src/lib.rs:627:18
[INFO] [stdout]   26:     0x55f2c98cea51 - test::run_test_in_process::{{closure}}::hf5c73986d7bdfde2
[INFO] [stdout]                                at /rustc/0e09125c6c3c2fd70d7de961bcf0e51575235fad/library/test/src/lib.rs:650:60
[INFO] [stdout]   27:     0x55f2c98cea51 - <core::panic::unwind_safe::AssertUnwindSafe<F> as core::ops::function::FnOnce<()>>::call_once::h330011ad032aadc0
[INFO] [stdout]                                at /rustc/0e09125c6c3c2fd70d7de961bcf0e51575235fad/library/core/src/panic/unwind_safe.rs:272:9
[INFO] [stdout]   28:     0x55f2c98cea51 - std::panicking::try::do_call::he61b0a958b795a41
[INFO] [stdout]                                at /rustc/0e09125c6c3c2fd70d7de961bcf0e51575235fad/library/std/src/panicking.rs:552:40
[INFO] [stdout]   29:     0x55f2c98cea51 - std::panicking::try::h7309da130f906eb7
[INFO] [stdout]                                at /rustc/0e09125c6c3c2fd70d7de961bcf0e51575235fad/library/std/src/panicking.rs:516:19
[INFO] [stdout]   30:     0x55f2c98cea51 - std::panic::catch_unwind::hc5c3a06fdaf0a92a
[INFO] [stdout]                                at /rustc/0e09125c6c3c2fd70d7de961bcf0e51575235fad/library/std/src/panic.rs:142:14
[INFO] [stdout]   31:     0x55f2c98cea51 - test::run_test_in_process::h7e7b7c71c3324e0f
[INFO] [stdout]                                at /rustc/0e09125c6c3c2fd70d7de961bcf0e51575235fad/library/test/src/lib.rs:650:27
[INFO] [stdout]   32:     0x55f2c98cea51 - test::run_test::{{closure}}::h1f509f28f5cf20b1
[INFO] [stdout]                                at /rustc/0e09125c6c3c2fd70d7de961bcf0e51575235fad/library/test/src/lib.rs:573:43
[INFO] [stdout]   33:     0x55f2c9895d86 - test::run_test::{{closure}}::h1754218abf443f6d
[INFO] [stdout]                                at /rustc/0e09125c6c3c2fd70d7de961bcf0e51575235fad/library/test/src/lib.rs:601:41
[INFO] [stdout]   34:     0x55f2c9895d86 - std::sys_common::backtrace::__rust_begin_short_backtrace::h2ee174b9d5954948
[INFO] [stdout]                                at /rustc/0e09125c6c3c2fd70d7de961bcf0e51575235fad/library/std/src/sys_common/backtrace.rs:155:18
[INFO] [stdout]   35:     0x55f2c989ade7 - std::thread::Builder::spawn_unchecked_::{{closure}}::{{closure}}::hf60bee9c1a17ef09
[INFO] [stdout]                                at /rustc/0e09125c6c3c2fd70d7de961bcf0e51575235fad/library/std/src/thread/mod.rs:529:17
[INFO] [stdout]   36:     0x55f2c989ade7 - <core::panic::unwind_safe::AssertUnwindSafe<F> as core::ops::function::FnOnce<()>>::call_once::h33d0dddec5216160
[INFO] [stdout]                                at /rustc/0e09125c6c3c2fd70d7de961bcf0e51575235fad/library/core/src/panic/unwind_safe.rs:272:9
[INFO] [stdout]   37:     0x55f2c989ade7 - std::panicking::try::do_call::h144b3048b546f835
[INFO] [stdout]                                at /rustc/0e09125c6c3c2fd70d7de961bcf0e51575235fad/library/std/src/panicking.rs:552:40
[INFO] [stdout]   38:     0x55f2c989ade7 - std::panicking::try::h978244d04646189f
[INFO] [stdout]                                at /rustc/0e09125c6c3c2fd70d7de961bcf0e51575235fad/library/std/src/panicking.rs:516:19
[INFO] [stdout]   39:     0x55f2c989ade7 - std::panic::catch_unwind::hdf436369d188fe86
[INFO] [stdout]                                at /rustc/0e09125c6c3c2fd70d7de961bcf0e51575235fad/library/std/src/panic.rs:142:14
[INFO] [stdout]   40:     0x55f2c989ade7 - std::thread::Builder::spawn_unchecked_::{{closure}}::h87329cbdd33c79ec
[INFO] [stdout]                                at /rustc/0e09125c6c3c2fd70d7de961bcf0e51575235fad/library/std/src/thread/mod.rs:528:30
[INFO] [stdout]   41:     0x55f2c989ade7 - core::ops::function::FnOnce::call_once{{vtable.shim}}::h401abbe67897d450
[INFO] [stdout]                                at /rustc/0e09125c6c3c2fd70d7de961bcf0e51575235fad/library/core/src/ops/function.rs:250:5
[INFO] [stdout]   42:     0x55f2c9a42405 - <alloc::boxed::Box<F,A> as core::ops::function::FnOnce<Args>>::call_once::h5d7c8f150ab9c84c
[INFO] [stdout]                                at /rustc/0e09125c6c3c2fd70d7de961bcf0e51575235fad/library/alloc/src/boxed.rs:2015:9
[INFO] [stdout]   43:     0x55f2c9a42405 - <alloc::boxed::Box<F,A> as core::ops::function::FnOnce<Args>>::call_once::h570d5b005c242c15
[INFO] [stdout]                                at /rustc/0e09125c6c3c2fd70d7de961bcf0e51575235fad/library/alloc/src/boxed.rs:2015:9
[INFO] [stdout]   44:     0x55f2c9a42405 - std::sys::unix::thread::Thread::new::thread_start::h36b0a20c0b2361ad
[INFO] [stdout]                                at /rustc/0e09125c6c3c2fd70d7de961bcf0e51575235fad/library/std/src/sys/unix/thread.rs:108:17
[INFO] [stdout]   45:     0x7f70e1168ac3 - <unknown>
[INFO] [stdout]   46:     0x7f70e11f9bf4 - __clone
[INFO] [stdout]   47:                0x0 - <unknown>
[INFO] [stdout] 
[INFO] [stdout] 
[INFO] [stdout] failures:
[INFO] [stdout]     tests::tests::add_new_todo
[INFO] [stdout] 
[INFO] [stdout] test result: FAILED. 0 passed; 1 failed; 5 ignored; 0 measured; 0 filtered out; finished in 0.02s
[INFO] [stdout] 
[INFO] [stderr] error: test failed, to rerun pass `--bin rust-todo`
[INFO] running `Command { std: "docker" "inspect" "22914f5221163d49438a836677f10e260e65d77cab9985d7409c9aec3bcc50f5", kill_on_drop: false }`
[INFO] running `Command { std: "docker" "rm" "-f" "22914f5221163d49438a836677f10e260e65d77cab9985d7409c9aec3bcc50f5", kill_on_drop: false }`
[INFO] [stdout] 22914f5221163d49438a836677f10e260e65d77cab9985d7409c9aec3bcc50f5
