[INFO] cloning repository https://github.com/22388o/stabilitypool
[INFO] running `Command { std: "git" "-c" "credential.helper=" "-c" "credential.helper=/workspace/cargo-home/bin/git-credential-null" "clone" "--bare" "https://github.com/22388o/stabilitypool" "/workspace/cache/git-repos/https%3A%2F%2Fgithub.com%2F22388o%2Fstabilitypool", kill_on_drop: false }`
[INFO] [stderr] Cloning into bare repository '/workspace/cache/git-repos/https%3A%2F%2Fgithub.com%2F22388o%2Fstabilitypool'...
[INFO] running `Command { std: "git" "rev-parse" "HEAD", kill_on_drop: false }`
[INFO] [stdout] 1461364389109b1b509b909a4369e66005dbebce
[INFO] testing 22388o/stabilitypool against 1.75.0 for beta-1.76-1
[INFO] running `Command { std: "git" "clone" "/workspace/cache/git-repos/https%3A%2F%2Fgithub.com%2F22388o%2Fstabilitypool" "/workspace/builds/worker-2-tc1/source", kill_on_drop: false }`
[INFO] [stderr] Cloning into '/workspace/builds/worker-2-tc1/source'...
[INFO] [stderr] done.
[INFO] validating manifest of git repo https://github.com/22388o/stabilitypool on toolchain 1.75.0
[INFO] running `Command { std: CARGO_HOME="/workspace/cargo-home" RUSTUP_HOME="/workspace/rustup-home" "/workspace/cargo-home/bin/cargo" "+1.75.0" "metadata" "--manifest-path" "Cargo.toml" "--no-deps", kill_on_drop: false }`
[INFO] started tweaking git repo https://github.com/22388o/stabilitypool
[INFO] finished tweaking git repo https://github.com/22388o/stabilitypool
[INFO] tweaked toml for git repo https://github.com/22388o/stabilitypool written to /workspace/builds/worker-2-tc1/source/Cargo.toml
[INFO] crate git repo https://github.com/22388o/stabilitypool already has a lockfile, it will not be regenerated
[INFO] running `Command { std: CARGO_HOME="/workspace/cargo-home" RUSTUP_HOME="/workspace/rustup-home" "/workspace/cargo-home/bin/cargo" "+1.75.0" "fetch" "--manifest-path" "Cargo.toml", kill_on_drop: false }`
[INFO] [stderr]     Updating git repository `https://github.com/dpc/rust-secp256k1-zkp/`
[INFO] [stderr]     Updating git repository `https://github.com/dpc/fedimint`
[INFO] [stderr]     Updating git repository `https://github.com/rust-bitcoin/rust-miniscript/`
[INFO] [stderr]     Updating git repository `https://github.com/fedimint/threshold_crypto`
[INFO] [stderr]  Downloading crates ...
[INFO] [stderr]   Downloaded jsonrpsee-ws-client v0.16.2
[INFO] [stderr]   Downloaded jsonrpsee-wasm-client v0.16.2
[INFO] [stderr]   Downloaded async-trait v0.1.66
[INFO] [stderr]   Downloaded gloo-utils v0.1.6
[INFO] [stderr]   Downloaded io-lifetimes v1.0.7
[INFO] [stderr]   Downloaded jsonrpsee-client-transport v0.16.2
[INFO] [stderr]   Downloaded openssl-sys v0.9.81
[INFO] [stderr]   Downloaded lightning-invoice v0.21.0
[INFO] [stderr]   Downloaded proptest v1.1.0
[INFO] [stderr]   Downloaded lightning v0.0.113
[INFO] [stderr]   Downloaded sha3 v0.10.6
[INFO] [stderr]   Downloaded openssl v0.10.46
[INFO] running `Command { std: "docker" "create" "-v" "/var/lib/crater-agent-workspace/builds/worker-2-tc1/target:/opt/rustwide/target:rw,Z" "-v" "/var/lib/crater-agent-workspace/builds/worker-2-tc1/source:/opt/rustwide/workdir:ro,Z" "-v" "/var/lib/crater-agent-workspace/cargo-home:/opt/rustwide/cargo-home:ro,Z" "-v" "/var/lib/crater-agent-workspace/rustup-home:/opt/rustwide/rustup-home:ro,Z" "-e" "SOURCE_DIR=/opt/rustwide/workdir" "-e" "CARGO_TARGET_DIR=/opt/rustwide/target" "-e" "CARGO_HOME=/opt/rustwide/cargo-home" "-e" "RUSTUP_HOME=/opt/rustwide/rustup-home" "-w" "/opt/rustwide/workdir" "-m" "1610612736" "--user" "0:0" "--network" "none" "ghcr.io/rust-lang/crates-build-env/linux@sha256:2788e3201cd34a07e3172128adcd8b3090168a8e3bcc40d7c032b9dda1df7d1c" "/opt/rustwide/cargo-home/bin/cargo" "+1.75.0" "metadata" "--no-deps" "--format-version=1", kill_on_drop: false }`
[INFO] [stdout] d39f9e2dcf08acef0bdab76308d5d03a10bbfd0f779d5a75cc6214684d1e4360
[INFO] running `Command { std: "docker" "start" "-a" "d39f9e2dcf08acef0bdab76308d5d03a10bbfd0f779d5a75cc6214684d1e4360", kill_on_drop: false }`
[INFO] running `Command { std: "docker" "inspect" "d39f9e2dcf08acef0bdab76308d5d03a10bbfd0f779d5a75cc6214684d1e4360", kill_on_drop: false }`
[INFO] running `Command { std: "docker" "rm" "-f" "d39f9e2dcf08acef0bdab76308d5d03a10bbfd0f779d5a75cc6214684d1e4360", kill_on_drop: false }`
[INFO] [stdout] d39f9e2dcf08acef0bdab76308d5d03a10bbfd0f779d5a75cc6214684d1e4360
[INFO] running `Command { std: "docker" "create" "-v" "/var/lib/crater-agent-workspace/builds/worker-2-tc1/target:/opt/rustwide/target:rw,Z" "-v" "/var/lib/crater-agent-workspace/builds/worker-2-tc1/source:/opt/rustwide/workdir:ro,Z" "-v" "/var/lib/crater-agent-workspace/cargo-home:/opt/rustwide/cargo-home:ro,Z" "-v" "/var/lib/crater-agent-workspace/rustup-home:/opt/rustwide/rustup-home:ro,Z" "-e" "SOURCE_DIR=/opt/rustwide/workdir" "-e" "CARGO_TARGET_DIR=/opt/rustwide/target" "-e" "CARGO_INCREMENTAL=0" "-e" "RUST_BACKTRACE=full" "-e" "RUSTFLAGS=--cap-lints=warn" "-e" "RUSTDOCFLAGS=--cap-lints=warn" "-e" "CARGO_HOME=/opt/rustwide/cargo-home" "-e" "RUSTUP_HOME=/opt/rustwide/rustup-home" "-w" "/opt/rustwide/workdir" "-m" "1610612736" "--user" "0:0" "--network" "none" "ghcr.io/rust-lang/crates-build-env/linux@sha256:2788e3201cd34a07e3172128adcd8b3090168a8e3bcc40d7c032b9dda1df7d1c" "/opt/rustwide/cargo-home/bin/cargo" "+1.75.0" "build" "--frozen" "--message-format=json", kill_on_drop: false }`
[INFO] [stdout] e97004d107fbcb0d727306a89e465b750722e2a64faa1f3832a0e0e2cbb1823c
[INFO] running `Command { std: "docker" "start" "-a" "e97004d107fbcb0d727306a89e465b750722e2a64faa1f3832a0e0e2cbb1823c", kill_on_drop: false }`
[INFO] [stderr] warning: output filename collision.
[INFO] [stderr] The lib target `stabilitypool` in package `stabilitypool-common v0.1.0 (/opt/rustwide/workdir/stabilitypool-common)` has the same output filename as the lib target `stabilitypool` in package `stabilitypool-client v0.1.0 (/opt/rustwide/workdir/stabilitypool-client)`.
[INFO] [stderr] Colliding filename is: /opt/rustwide/target/debug/libstabilitypool.rlib
[INFO] [stderr] The targets should have unique names.
[INFO] [stderr] Consider changing their names to be unique or compiling them separately.
[INFO] [stderr] This may become a hard error in the future; see <https://github.com/rust-lang/cargo/issues/6313>.
[INFO] [stderr]    Compiling proc-macro2 v1.0.52
[INFO] [stderr]    Compiling quote v1.0.26
[INFO] [stderr]    Compiling unicode-ident v1.0.8
[INFO] [stderr]    Compiling syn v1.0.109
[INFO] [stderr]    Compiling libc v0.2.140
[INFO] [stderr]    Compiling cc v1.0.79
[INFO] [stderr]    Compiling once_cell v1.17.1
[INFO] [stderr]    Compiling serde_derive v1.0.156
[INFO] [stderr]    Compiling log v0.4.17
[INFO] [stderr]    Compiling serde v1.0.156
[INFO] [stderr]    Compiling pin-project-lite v0.2.9
[INFO] [stderr]    Compiling memchr v2.5.0
[INFO] [stderr]    Compiling futures-core v0.3.27
[INFO] [stderr]    Compiling smallvec v1.10.0
[INFO] [stderr]    Compiling lock_api v0.4.9
[INFO] [stderr]    Compiling parking_lot_core v0.9.7
[INFO] [stderr]    Compiling bytes v1.4.0
[INFO] [stderr]    Compiling slab v0.4.8
[INFO] [stderr]    Compiling futures-task v0.3.27
[INFO] [stderr]    Compiling futures-channel v0.3.27
[INFO] [stderr]    Compiling futures-sink v0.3.27
[INFO] [stderr]    Compiling tracing-core v0.1.30
[INFO] [stderr]    Compiling tokio v1.26.0
[INFO] [stderr]    Compiling itoa v1.0.6
[INFO] [stderr]    Compiling futures-io v0.3.27
[INFO] [stderr]    Compiling futures-util v0.3.27
[INFO] [stderr]    Compiling typenum v1.16.0
[INFO] [stderr]    Compiling generic-array v0.14.6
[INFO] [stderr]    Compiling httparse v1.8.0
[INFO] [stderr]    Compiling thiserror v1.0.39
[INFO] [stderr]    Compiling radium v0.7.0
[INFO] [stderr]    Compiling http v0.2.9
[INFO] [stderr]    Compiling pkg-config v0.3.26
[INFO] [stderr]    Compiling tap v1.0.1
[INFO] [stderr]    Compiling rustls v0.20.8
[INFO] [stderr]    Compiling anyhow v1.0.69
[INFO] [stderr]    Compiling wyz v0.5.1
[INFO] [stderr]    Compiling funty v2.0.0
[INFO] [stderr]    Compiling openssl-probe v0.1.5
[INFO] [stderr]    Compiling ryu v1.0.13
[INFO] [stderr]    Compiling serde_json v1.0.94
[INFO] [stderr]    Compiling subtle v2.5.0
[INFO] [stderr]    Compiling getrandom v0.2.8
[INFO] [stderr]    Compiling socket2 v0.4.9
[INFO] [stderr]    Compiling num_cpus v1.15.0
[INFO] [stderr]    Compiling signal-hook-registry v1.4.1
[INFO] [stderr]    Compiling mio v0.8.6
[INFO] [stderr]    Compiling indexmap v1.9.2
[INFO] [stderr]    Compiling tinyvec_macros v0.1.1
[INFO] [stderr]    Compiling rand_core v0.6.4
[INFO] [stderr]    Compiling regex-syntax v0.6.28
[INFO] [stderr]    Compiling async-trait v0.1.66
[INFO] [stderr]    Compiling base64 v0.21.0
[INFO] [stderr]    Compiling parking_lot v0.12.1
[INFO] [stderr]    Compiling rand_chacha v0.3.1
[INFO] [stderr]    Compiling ring v0.16.20
[INFO] [stderr]    Compiling secp256k1-sys v0.6.1
[INFO] [stderr]    Compiling openssl-sys v0.9.81
[INFO] [stderr]    Compiling bitvec v1.0.1
[INFO] [stderr]    Compiling rand v0.8.5
[INFO] [stderr]    Compiling rustls-pemfile v1.0.2
[INFO] [stderr]    Compiling tinyvec v1.6.0
[INFO] [stderr]    Compiling openssl v0.10.46
[INFO] [stderr]    Compiling event-listener v2.5.3
[INFO] [stderr]    Compiling cpufeatures v0.2.5
[INFO] [stderr]    Compiling hashbrown v0.12.3
[INFO] [stderr]    Compiling percent-encoding v2.2.0
[INFO] [stderr]    Compiling bech32 v0.9.1
[INFO] [stderr]    Compiling foreign-types-shared v0.1.1
[INFO] [stderr]    Compiling async-lock v2.7.0
[INFO] [stderr]    Compiling foreign-types v0.3.2
[INFO] [stderr]    Compiling form_urlencoded v1.1.0
[INFO] [stderr]    Compiling secp256k1-zkp-sys v0.7.0 (https://github.com/dpc/rust-secp256k1-zkp/?branch=sanket-pr#f29b1b8c)
[INFO] [stderr]    Compiling num-traits v0.2.15
[INFO] [stderr]    Compiling rustc-hash v1.1.0
[INFO] [stderr]    Compiling unicode-bidi v0.3.12
[INFO] [stderr]    Compiling native-tls v0.2.11
[INFO] [stderr]    Compiling futures-timer v3.0.2
[INFO] [stderr]    Compiling overload v0.1.1
[INFO] [stderr]    Compiling try-lock v0.2.4
[INFO] [stderr]    Compiling base64 v0.13.1
[INFO] [stderr]    Compiling zeroize v1.5.7
[INFO] [stderr]    Compiling digest v0.9.0
[INFO] [stderr]    Compiling block-buffer v0.9.0
[INFO] [stderr]    Compiling block-buffer v0.10.4
[INFO] [stderr]    Compiling crypto-common v0.1.6
[INFO] [stderr]    Compiling paste v1.0.12
[INFO] [stderr]    Compiling sha-1 v0.9.8
[INFO] [stderr]    Compiling either v1.8.1
[INFO] [stderr]    Compiling rustversion v1.0.12
[INFO] [stderr]    Compiling tiny-keccak v2.0.2
[INFO] [stderr]    Compiling unicode-normalization v0.1.22
[INFO] [stderr]    Compiling digest v0.10.6
[INFO] [stderr]    Compiling want v0.3.0
[INFO] [stderr]    Compiling nu-ansi-term v0.46.0
[INFO] [stderr]    Compiling sharded-slab v0.1.4
[INFO] [stderr]    Compiling tracing-log v0.1.3
[INFO] [stderr]    Compiling rustls-native-certs v0.6.2
[INFO] [stderr]    Compiling http-body v0.4.5
[INFO] [stderr]    Compiling thread_local v1.1.7
[INFO] [stderr]    Compiling erased-serde v0.3.25
[INFO] [stderr]    Compiling tower-service v0.3.2
[INFO] [stderr]    Compiling keccak v0.1.3
[INFO] [stderr]    Compiling httpdate v1.0.2
[INFO] [stderr]    Compiling idna v0.3.0
[INFO] [stderr]    Compiling regex-automata v0.1.10
[INFO] [stderr]    Compiling regex v1.7.1
[INFO] [stderr]    Compiling sha3 v0.10.6
[INFO] [stderr]    Compiling macro_rules_attribute-proc_macro v0.1.3
[INFO] [stderr]    Compiling hex_fmt v0.3.0
[INFO] [stderr]    Compiling itertools v0.10.5
[INFO] [stderr]    Compiling strum v0.24.1
[INFO] [stderr]    Compiling encoding_rs v0.8.32
[INFO] [stderr]    Compiling ipnet v2.7.1
[INFO] [stderr]    Compiling time-core v0.1.0
[INFO] [stderr]    Compiling matchers v0.1.0
[INFO] [stderr]    Compiling macro_rules_attribute v0.1.3
[INFO] [stderr]    Compiling ff v0.12.1
[INFO] [stderr]    Compiling group v0.12.1
[INFO] [stderr]    Compiling pairing v0.22.0
[INFO] [stderr]    Compiling bls12_381 v0.7.1
[INFO] [stderr]    Compiling webpki v0.22.0
[INFO] [stderr]    Compiling sct v0.7.0
[INFO] [stderr]    Compiling webpki-roots v0.22.6
[INFO] [stderr]    Compiling tokio-macros v1.8.2
[INFO] [stderr]    Compiling futures-macro v0.3.27
[INFO] [stderr]    Compiling tracing-attributes v0.1.23
[INFO] [stderr]    Compiling thiserror-impl v1.0.39
[INFO] [stderr]    Compiling openssl-macros v0.1.0
[INFO] [stderr]    Compiling pin-project-internal v1.0.12
[INFO] [stderr]    Compiling strum_macros v0.24.3
[INFO] [stderr]    Compiling fedimint-derive v0.1.0 (https://github.com/dpc/fedimint?branch=config-gen-params#2b72fe90)
[INFO] [stderr]    Compiling pin-project v1.0.12
[INFO] [stderr]    Compiling tracing v0.1.37
[INFO] [stderr]    Compiling tracing-subscriber v0.3.16
[INFO] [stderr]    Compiling fedimint-logging v0.1.0 (https://github.com/dpc/fedimint?branch=config-gen-params#2b72fe90)
[INFO] [stderr]    Compiling futures-executor v0.3.27
[INFO] [stderr]    Compiling futures v0.3.27
[INFO] [stderr]    Compiling soketto v0.7.1
[INFO] [stderr]    Compiling tokio-util v0.7.7
[INFO] [stderr]    Compiling tokio-rustls v0.23.4
[INFO] [stderr]    Compiling tokio-native-tls v0.3.1
[INFO] [stderr]    Compiling tokio-socks v0.5.1
[INFO] [stderr]    Compiling h2 v0.3.16
[INFO] [stderr]    Compiling bitcoin_hashes v0.11.0
[INFO] [stderr]    Compiling beef v0.5.2
[INFO] [stderr]    Compiling url v2.3.1
[INFO] [stderr]    Compiling bincode v1.3.3
[INFO] [stderr]    Compiling threshold_crypto v0.4.0 (https://github.com/fedimint/threshold_crypto#f5b283e7)
[INFO] [stderr]    Compiling serde_urlencoded v0.7.1
[INFO] [stderr]    Compiling time v0.3.20
[INFO] [stderr]    Compiling jsonrpsee-types v0.16.2
[INFO] [stderr]    Compiling secp256k1 v0.24.3
[INFO] [stderr]    Compiling tbs v0.1.0 (https://github.com/dpc/fedimint?branch=config-gen-params#2b72fe90)
[INFO] [stderr]    Compiling jsonrpsee-core v0.16.2
[INFO] [stderr]    Compiling bitcoin v0.29.2
[INFO] [stderr]    Compiling secp256k1-zkp v0.7.0 (https://github.com/dpc/rust-secp256k1-zkp/?branch=sanket-pr#f29b1b8c)
[INFO] [stderr]    Compiling hyper v0.14.25
[INFO] [stderr]    Compiling jsonrpsee-client-transport v0.16.2
[INFO] [stderr]    Compiling jsonrpsee-ws-client v0.16.2
[INFO] [stderr]    Compiling hyper-rustls v0.23.2
[INFO] [stderr]    Compiling hyper-tls v0.5.0
[INFO] [stderr]    Compiling reqwest v0.11.14
[INFO] [stderr]    Compiling lightning v0.0.113
[INFO] [stderr]    Compiling miniscript v7.0.0 (https://github.com/rust-bitcoin/rust-miniscript/?rev=2f1535e470c75fad85dbad8633986aae36a89a92#2f1535e4)
[INFO] [stderr]    Compiling lightning-invoice v0.21.0
[INFO] [stderr]    Compiling fedimint-core v0.1.0 (https://github.com/dpc/fedimint?branch=config-gen-params#2b72fe90)
[INFO] [stderr]    Compiling stabilitypool-common v0.1.0 (/opt/rustwide/workdir/stabilitypool-common)
[INFO] [stderr]    Compiling fedimint-client v0.1.0 (https://github.com/dpc/fedimint?branch=config-gen-params#2b72fe90)
[INFO] [stdout] warning: ambiguous glob re-exports
[INFO] [stdout]   --> stabilitypool-common/src/lib.rs:12:9
[INFO] [stdout]    |
[INFO] [stdout] 12 | pub use crate::action::*;
[INFO] [stdout]    |         ^^^^^^^^^^^^^^^^ the name `can_propose` in the value namespace is first re-exported here
[INFO] [stdout] 13 | pub use crate::epoch::*;
[INFO] [stdout]    |         --------------- but the name `can_propose` in the value namespace is also re-exported here
[INFO] [stdout]    |
[INFO] [stdout]    = note: `#[warn(ambiguous_glob_reexports)]` on by default
[INFO] [stdout] 
[INFO] [stdout] 
[INFO] [stdout] warning: ambiguous glob re-exports
[INFO] [stdout]   --> stabilitypool-common/src/lib.rs:12:9
[INFO] [stdout]    |
[INFO] [stdout] 12 | pub use crate::action::*;
[INFO] [stdout]    |         ^^^^^^^^^^^^^^^^ the name `consensus_proposal` in the value namespace is first re-exported here
[INFO] [stdout] 13 | pub use crate::epoch::*;
[INFO] [stdout]    |         --------------- but the name `consensus_proposal` in the value namespace is also re-exported here
[INFO] [stdout] 
[INFO] [stdout] 
[INFO] [stdout] warning: ambiguous glob re-exports
[INFO] [stdout]   --> stabilitypool-common/src/lib.rs:12:9
[INFO] [stdout]    |
[INFO] [stdout] 12 | pub use crate::action::*;
[INFO] [stdout]    |         ^^^^^^^^^^^^^^^^ the name `process_consensus_item` in the value namespace is first re-exported here
[INFO] [stdout] 13 | pub use crate::epoch::*;
[INFO] [stdout]    |         --------------- but the name `process_consensus_item` in the value namespace is also re-exported here
[INFO] [stdout] 
[INFO] [stdout] 
[INFO] [stderr]    Compiling stabilitypool-server v0.1.0 (/opt/rustwide/workdir/stabilitypool-server)
[INFO] [stderr]    Compiling stabilitypool-client v0.1.0 (/opt/rustwide/workdir/stabilitypool-client)
[INFO] [stdout] warning: 3 warnings emitted
[INFO] [stdout] 
[INFO] [stdout] 
[INFO] [stderr]     Finished dev [unoptimized + debuginfo] target(s) in 27.44s
[INFO] running `Command { std: "docker" "inspect" "e97004d107fbcb0d727306a89e465b750722e2a64faa1f3832a0e0e2cbb1823c", kill_on_drop: false }`
[INFO] running `Command { std: "docker" "rm" "-f" "e97004d107fbcb0d727306a89e465b750722e2a64faa1f3832a0e0e2cbb1823c", kill_on_drop: false }`
[INFO] [stdout] e97004d107fbcb0d727306a89e465b750722e2a64faa1f3832a0e0e2cbb1823c
[INFO] running `Command { std: "docker" "create" "-v" "/var/lib/crater-agent-workspace/builds/worker-2-tc1/target:/opt/rustwide/target:rw,Z" "-v" "/var/lib/crater-agent-workspace/builds/worker-2-tc1/source:/opt/rustwide/workdir:ro,Z" "-v" "/var/lib/crater-agent-workspace/cargo-home:/opt/rustwide/cargo-home:ro,Z" "-v" "/var/lib/crater-agent-workspace/rustup-home:/opt/rustwide/rustup-home:ro,Z" "-e" "SOURCE_DIR=/opt/rustwide/workdir" "-e" "CARGO_TARGET_DIR=/opt/rustwide/target" "-e" "CARGO_INCREMENTAL=0" "-e" "RUST_BACKTRACE=full" "-e" "RUSTFLAGS=--cap-lints=warn" "-e" "RUSTDOCFLAGS=--cap-lints=warn" "-e" "CARGO_HOME=/opt/rustwide/cargo-home" "-e" "RUSTUP_HOME=/opt/rustwide/rustup-home" "-w" "/opt/rustwide/workdir" "-m" "1610612736" "--user" "0:0" "--network" "none" "ghcr.io/rust-lang/crates-build-env/linux@sha256:2788e3201cd34a07e3172128adcd8b3090168a8e3bcc40d7c032b9dda1df7d1c" "/opt/rustwide/cargo-home/bin/cargo" "+1.75.0" "test" "--frozen" "--no-run" "--message-format=json", kill_on_drop: false }`
[INFO] [stdout] 92842849e1ba64e4a05b0c9cfa32c8485179129ea2847857690be9725a129393
[INFO] running `Command { std: "docker" "start" "-a" "92842849e1ba64e4a05b0c9cfa32c8485179129ea2847857690be9725a129393", kill_on_drop: false }`
[INFO] [stderr]    Compiling libc v0.2.140
[INFO] [stderr]    Compiling libm v0.2.6
[INFO] [stderr]    Compiling num-traits v0.2.15
[INFO] [stderr]    Compiling io-lifetimes v1.0.7
[INFO] [stderr]    Compiling rustix v0.36.9
[INFO] [stderr]    Compiling linux-raw-sys v0.1.4
[INFO] [stderr]    Compiling fastrand v1.9.0
[INFO] [stderr]    Compiling quick-error v1.2.3
[INFO] [stderr]    Compiling bit-vec v0.6.3
[INFO] [stderr]    Compiling unarray v0.1.4
[INFO] [stderr]    Compiling bit-set v0.5.3
[INFO] [stderr]    Compiling getrandom v0.2.8
[INFO] [stderr]    Compiling parking_lot_core v0.9.7
[INFO] [stderr]    Compiling socket2 v0.4.9
[INFO] [stderr]    Compiling signal-hook-registry v1.4.1
[INFO] [stderr]    Compiling mio v0.8.6
[INFO] [stderr]    Compiling num_cpus v1.15.0
[INFO] [stderr]    Compiling ring v0.16.20
[INFO] [stderr]    Compiling openssl-sys v0.9.81
[INFO] [stderr]    Compiling wait-timeout v0.2.0
[INFO] [stderr]    Compiling rand_core v0.6.4
[INFO] [stderr]    Compiling parking_lot v0.12.1
[INFO] [stderr]    Compiling rand_chacha v0.3.1
[INFO] [stderr]    Compiling ff v0.12.1
[INFO] [stderr]    Compiling rand_xorshift v0.3.0
[INFO] [stderr]    Compiling tokio v1.26.0
[INFO] [stderr]    Compiling group v0.12.1
[INFO] [stderr]    Compiling rand v0.8.5
[INFO] [stderr]    Compiling pairing v0.22.0
[INFO] [stderr]    Compiling bls12_381 v0.7.1
[INFO] [stderr]    Compiling openssl v0.10.46
[INFO] [stderr]    Compiling webpki v0.22.0
[INFO] [stderr]    Compiling sct v0.7.0
[INFO] [stderr]    Compiling secp256k1 v0.24.3
[INFO] [stderr]    Compiling soketto v0.7.1
[INFO] [stderr]    Compiling tbs v0.1.0 (https://github.com/dpc/fedimint?branch=config-gen-params#2b72fe90)
[INFO] [stderr]    Compiling threshold_crypto v0.4.0 (https://github.com/fedimint/threshold_crypto#f5b283e7)
[INFO] [stderr]    Compiling rustls v0.20.8
[INFO] [stderr]    Compiling webpki-roots v0.22.6
[INFO] [stderr]    Compiling bitcoin v0.29.2
[INFO] [stderr]    Compiling secp256k1-zkp v0.7.0 (https://github.com/dpc/rust-secp256k1-zkp/?branch=sanket-pr#f29b1b8c)
[INFO] [stderr]    Compiling tempfile v3.4.0
[INFO] [stderr]    Compiling rusty-fork v0.3.0
[INFO] [stderr]    Compiling proptest v1.1.0
[INFO] [stderr]    Compiling native-tls v0.2.11
[INFO] [stderr]    Compiling tokio-util v0.7.7
[INFO] [stderr]    Compiling tokio-rustls v0.23.4
[INFO] [stderr]    Compiling jsonrpsee-core v0.16.2
[INFO] [stderr]    Compiling tokio-native-tls v0.3.1
[INFO] [stderr]    Compiling tokio-socks v0.5.1
[INFO] [stderr]    Compiling h2 v0.3.16
[INFO] [stderr]    Compiling lightning v0.0.113
[INFO] [stderr]    Compiling miniscript v7.0.0 (https://github.com/rust-bitcoin/rust-miniscript/?rev=2f1535e470c75fad85dbad8633986aae36a89a92#2f1535e4)
[INFO] [stderr]    Compiling jsonrpsee-client-transport v0.16.2
[INFO] [stderr]    Compiling jsonrpsee-ws-client v0.16.2
[INFO] [stderr]    Compiling hyper v0.14.25
[INFO] [stderr]    Compiling hyper-tls v0.5.0
[INFO] [stderr]    Compiling hyper-rustls v0.23.2
[INFO] [stderr]    Compiling reqwest v0.11.14
[INFO] [stderr]    Compiling lightning-invoice v0.21.0
[INFO] [stderr]    Compiling fedimint-core v0.1.0 (https://github.com/dpc/fedimint?branch=config-gen-params#2b72fe90)
[INFO] [stderr]    Compiling stabilitypool-common v0.1.0 (/opt/rustwide/workdir/stabilitypool-common)
[INFO] [stderr]    Compiling fedimint-client v0.1.0 (https://github.com/dpc/fedimint?branch=config-gen-params#2b72fe90)
[INFO] [stdout] warning: ambiguous glob re-exports
[INFO] [stdout]   --> stabilitypool-common/src/lib.rs:12:9
[INFO] [stdout]    |
[INFO] [stdout] 12 | pub use crate::action::*;
[INFO] [stdout]    |         ^^^^^^^^^^^^^^^^ the name `can_propose` in the value namespace is first re-exported here
[INFO] [stdout] 13 | pub use crate::epoch::*;
[INFO] [stdout]    |         --------------- but the name `can_propose` in the value namespace is also re-exported here
[INFO] [stdout]    |
[INFO] [stdout]    = note: `#[warn(ambiguous_glob_reexports)]` on by default
[INFO] [stdout] 
[INFO] [stdout] 
[INFO] [stdout] warning: ambiguous glob re-exports
[INFO] [stdout]   --> stabilitypool-common/src/lib.rs:12:9
[INFO] [stdout]    |
[INFO] [stdout] 12 | pub use crate::action::*;
[INFO] [stdout]    |         ^^^^^^^^^^^^^^^^ the name `consensus_proposal` in the value namespace is first re-exported here
[INFO] [stdout] 13 | pub use crate::epoch::*;
[INFO] [stdout]    |         --------------- but the name `consensus_proposal` in the value namespace is also re-exported here
[INFO] [stdout] 
[INFO] [stdout] 
[INFO] [stdout] warning: ambiguous glob re-exports
[INFO] [stdout]   --> stabilitypool-common/src/lib.rs:12:9
[INFO] [stdout]    |
[INFO] [stdout] 12 | pub use crate::action::*;
[INFO] [stdout]    |         ^^^^^^^^^^^^^^^^ the name `process_consensus_item` in the value namespace is first re-exported here
[INFO] [stdout] 13 | pub use crate::epoch::*;
[INFO] [stdout]    |         --------------- but the name `process_consensus_item` in the value namespace is also re-exported here
[INFO] [stdout] 
[INFO] [stdout] 
[INFO] [stderr]    Compiling stabilitypool-server v0.1.0 (/opt/rustwide/workdir/stabilitypool-server)
[INFO] [stderr]    Compiling stabilitypool-client v0.1.0 (/opt/rustwide/workdir/stabilitypool-client)
[INFO] [stdout] warning: 3 warnings emitted
[INFO] [stdout] 
[INFO] [stdout] 
[INFO] [stdout] warning: ambiguous glob re-exports
[INFO] [stdout]   --> stabilitypool-common/src/lib.rs:12:9
[INFO] [stdout]    |
[INFO] [stdout] 12 | pub use crate::action::*;
[INFO] [stdout]    |         ^^^^^^^^^^^^^^^^ the name `can_propose` in the value namespace is first re-exported here
[INFO] [stdout] 13 | pub use crate::epoch::*;
[INFO] [stdout]    |         --------------- but the name `can_propose` in the value namespace is also re-exported here
[INFO] [stdout]    |
[INFO] [stdout]    = note: `#[warn(ambiguous_glob_reexports)]` on by default
[INFO] [stdout] 
[INFO] [stdout] 
[INFO] [stdout] warning: ambiguous glob re-exports
[INFO] [stdout]   --> stabilitypool-common/src/lib.rs:12:9
[INFO] [stdout]    |
[INFO] [stdout] 12 | pub use crate::action::*;
[INFO] [stdout]    |         ^^^^^^^^^^^^^^^^ the name `consensus_proposal` in the value namespace is first re-exported here
[INFO] [stdout] 13 | pub use crate::epoch::*;
[INFO] [stdout]    |         --------------- but the name `consensus_proposal` in the value namespace is also re-exported here
[INFO] [stdout] 
[INFO] [stdout] 
[INFO] [stdout] warning: ambiguous glob re-exports
[INFO] [stdout]   --> stabilitypool-common/src/lib.rs:12:9
[INFO] [stdout]    |
[INFO] [stdout] 12 | pub use crate::action::*;
[INFO] [stdout]    |         ^^^^^^^^^^^^^^^^ the name `process_consensus_item` in the value namespace is first re-exported here
[INFO] [stdout] 13 | pub use crate::epoch::*;
[INFO] [stdout]    |         --------------- but the name `process_consensus_item` in the value namespace is also re-exported here
[INFO] [stdout] 
[INFO] [stdout] 
[INFO] [stdout] warning: 3 warnings emitted
[INFO] [stdout] 
[INFO] [stdout] 
[INFO] [stderr]     Finished test [unoptimized + debuginfo] target(s) in 25.29s
[INFO] running `Command { std: "docker" "inspect" "92842849e1ba64e4a05b0c9cfa32c8485179129ea2847857690be9725a129393", kill_on_drop: false }`
[INFO] running `Command { std: "docker" "rm" "-f" "92842849e1ba64e4a05b0c9cfa32c8485179129ea2847857690be9725a129393", kill_on_drop: false }`
[INFO] [stdout] 92842849e1ba64e4a05b0c9cfa32c8485179129ea2847857690be9725a129393
[INFO] running `Command { std: "docker" "create" "-v" "/var/lib/crater-agent-workspace/builds/worker-2-tc1/target:/opt/rustwide/target:rw,Z" "-v" "/var/lib/crater-agent-workspace/builds/worker-2-tc1/source:/opt/rustwide/workdir:ro,Z" "-v" "/var/lib/crater-agent-workspace/cargo-home:/opt/rustwide/cargo-home:ro,Z" "-v" "/var/lib/crater-agent-workspace/rustup-home:/opt/rustwide/rustup-home:ro,Z" "-e" "SOURCE_DIR=/opt/rustwide/workdir" "-e" "CARGO_TARGET_DIR=/opt/rustwide/target" "-e" "CARGO_INCREMENTAL=0" "-e" "RUST_BACKTRACE=full" "-e" "RUSTFLAGS=--cap-lints=warn" "-e" "RUSTDOCFLAGS=--cap-lints=warn" "-e" "CARGO_HOME=/opt/rustwide/cargo-home" "-e" "RUSTUP_HOME=/opt/rustwide/rustup-home" "-w" "/opt/rustwide/workdir" "-m" "1610612736" "--user" "0:0" "--network" "none" "ghcr.io/rust-lang/crates-build-env/linux@sha256:2788e3201cd34a07e3172128adcd8b3090168a8e3bcc40d7c032b9dda1df7d1c" "/opt/rustwide/cargo-home/bin/cargo" "+1.75.0" "test" "--frozen", kill_on_drop: false }`
[INFO] [stdout] 3fe64bc16e81ab00c916a80759c9e14de112f663d62f974dddf79ee86692cff6
[INFO] running `Command { std: "docker" "start" "-a" "3fe64bc16e81ab00c916a80759c9e14de112f663d62f974dddf79ee86692cff6", kill_on_drop: false }`
[INFO] [stderr] warning: ambiguous glob re-exports
[INFO] [stderr]   --> stabilitypool-common/src/lib.rs:12:9
[INFO] [stderr]    |
[INFO] [stderr] 12 | pub use crate::action::*;
[INFO] [stderr]    |         ^^^^^^^^^^^^^^^^ the name `can_propose` in the value namespace is first re-exported here
[INFO] [stderr] 13 | pub use crate::epoch::*;
[INFO] [stderr]    |         --------------- but the name `can_propose` in the value namespace is also re-exported here
[INFO] [stderr]    |
[INFO] [stderr]    = note: `#[warn(ambiguous_glob_reexports)]` on by default
[INFO] [stderr] 
[INFO] [stderr] warning: ambiguous glob re-exports
[INFO] [stderr]   --> stabilitypool-common/src/lib.rs:12:9
[INFO] [stderr]    |
[INFO] [stderr] 12 | pub use crate::action::*;
[INFO] [stderr]    |         ^^^^^^^^^^^^^^^^ the name `consensus_proposal` in the value namespace is first re-exported here
[INFO] [stderr] 13 | pub use crate::epoch::*;
[INFO] [stderr]    |         --------------- but the name `consensus_proposal` in the value namespace is also re-exported here
[INFO] [stderr] 
[INFO] [stderr] warning: ambiguous glob re-exports
[INFO] [stderr]   --> stabilitypool-common/src/lib.rs:12:9
[INFO] [stderr]    |
[INFO] [stderr] 12 | pub use crate::action::*;
[INFO] [stderr]    |         ^^^^^^^^^^^^^^^^ the name `process_consensus_item` in the value namespace is first re-exported here
[INFO] [stderr] 13 | pub use crate::epoch::*;
[INFO] [stderr]    |         --------------- but the name `process_consensus_item` in the value namespace is also re-exported here
[INFO] [stderr] 
[INFO] [stderr] warning: `stabilitypool-common` (lib) generated 3 warnings
[INFO] [stderr] warning: `stabilitypool-common` (lib test) generated 3 warnings (3 duplicates)
[INFO] [stderr]     Finished test [unoptimized + debuginfo] target(s) in 0.29s
[INFO] [stderr]      Running unittests src/lib.rs (/opt/rustwide/target/debug/deps/stabilitypool-89839429a2ac589c)
[INFO] [stdout] 
[INFO] [stdout] running 0 tests
[INFO] [stdout] 
[INFO] [stdout] test result: ok. 0 passed; 0 failed; 0 ignored; 0 measured; 0 filtered out; finished in 0.00s
[INFO] [stdout] 
[INFO] [stderr]      Running unittests src/lib.rs (/opt/rustwide/target/debug/deps/stabilitypool-86b277c010e794e4)
[INFO] [stdout] 
[INFO] [stdout] running 11 tests
[INFO] [stdout] test stability_core::tests::begin_no_seekers ... ok
[INFO] [stdout] test stability_core::tests::begin_exact_pair_match ... ok
[INFO] [stdout] test stability_core::tests::begin_bigger_fee_than_min ... ok
[INFO] [stdout] test stability_core::tests::begin_two_providers_one_seeker ... ok
[INFO] [stdout] test stability_core::tests::end_just_fee ... ok
[INFO] [stdout] test stability_core::tests::end_providers_liqd ... ok
[INFO] [stdout] test stability_core::tests::provider_with_zero_value_is_ignored ... ok
[INFO] [stdout] test stability_core::tests::partial_fill_one_seeker ... ok
[INFO] [stdout] test price::test::get_price_at_time ... FAILED
[INFO] [stdout] test stability_core::tests::one_to_one_proptest has been running for over 60 seconds
[INFO] [stdout] test stability_core::tests::varying_ratio_proptest has been running for over 60 seconds
[INFO] [stdout] test stability_core::tests::one_to_one_proptest ... ok
[INFO] [stdout] test stability_core::tests::varying_ratio_proptest ... ok
[INFO] [stdout] 
[INFO] [stdout] failures:
[INFO] [stdout] 
[INFO] [stdout] ---- price::test::get_price_at_time stdout ----
[INFO] [stdout] thread 'price::test::get_price_at_time' panicked at stabilitypool-common/src/price.rs:184:53:
[INFO] [stdout] called `Result::unwrap()` on an `Err` value: error sending request for url (https://www.bitmex.com/api/v1/instrument/compositeIndex?symbol=.BXBT&filter=%7B%22symbol%22%3A%22.BXBT%22%2C%22timestamp.hh%22%3A0%2C%22timestamp.uu%22%3A0%2C%22timestamp.date%22%3A%222023-01-17%22%2C%22timestamp.ss%22%3A0%7D&columns=lastPrice%2Ctimestamp): error trying to connect: dns error: failed to lookup address information: Temporary failure in name resolution
[INFO] [stdout] 
[INFO] [stdout] Caused by:
[INFO] [stdout]     0: error trying to connect: dns error: failed to lookup address information: Temporary failure in name resolution
[INFO] [stdout]     1: dns error: failed to lookup address information: Temporary failure in name resolution
[INFO] [stdout]     2: failed to lookup address information: Temporary failure in name resolution
[INFO] [stdout] stack backtrace:
[INFO] [stdout]    0:     0x559268a70a3c - std::backtrace_rs::backtrace::libunwind::trace::ha637c64ce894333a
[INFO] [stdout]                                at /rustc/82e1608dfa6e0b5569232559e3d385fea5a93112/library/std/src/../../backtrace/src/backtrace/libunwind.rs:104:5
[INFO] [stdout]    1:     0x559268a70a3c - std::backtrace_rs::backtrace::trace_unsynchronized::h47f62dea28e0c88d
[INFO] [stdout]                                at /rustc/82e1608dfa6e0b5569232559e3d385fea5a93112/library/std/src/../../backtrace/src/backtrace/mod.rs:66:5
[INFO] [stdout]    2:     0x559268a70a3c - std::sys_common::backtrace::_print_fmt::h9eef0abe20ede486
[INFO] [stdout]                                at /rustc/82e1608dfa6e0b5569232559e3d385fea5a93112/library/std/src/sys_common/backtrace.rs:67:5
[INFO] [stdout]    3:     0x559268a70a3c - <std::sys_common::backtrace::_print::DisplayBacktrace as core::fmt::Display>::fmt::hed7f999df88cc644
[INFO] [stdout]                                at /rustc/82e1608dfa6e0b5569232559e3d385fea5a93112/library/std/src/sys_common/backtrace.rs:44:22
[INFO] [stdout]    4:     0x559268a9e360 - core::fmt::rt::Argument::fmt::h1539a9308b8d058d
[INFO] [stdout]                                at /rustc/82e1608dfa6e0b5569232559e3d385fea5a93112/library/core/src/fmt/rt.rs:142:9
[INFO] [stdout]    5:     0x559268a9e360 - core::fmt::write::h3a39390d8560d9c9
[INFO] [stdout]                                at /rustc/82e1608dfa6e0b5569232559e3d385fea5a93112/library/core/src/fmt/mod.rs:1120:17
[INFO] [stdout]    6:     0x559268a6d53f - std::io::Write::write_fmt::h040b369f3a0f9cbc
[INFO] [stdout]                                at /rustc/82e1608dfa6e0b5569232559e3d385fea5a93112/library/std/src/io/mod.rs:1762:15
[INFO] [stdout]    7:     0x559268a70824 - std::sys_common::backtrace::_print::h894006fb5c6f3d45
[INFO] [stdout]                                at /rustc/82e1608dfa6e0b5569232559e3d385fea5a93112/library/std/src/sys_common/backtrace.rs:47:5
[INFO] [stdout]    8:     0x559268a70824 - std::sys_common::backtrace::print::h23a2d212c6fff936
[INFO] [stdout]                                at /rustc/82e1608dfa6e0b5569232559e3d385fea5a93112/library/std/src/sys_common/backtrace.rs:34:9
[INFO] [stdout]    9:     0x559268a724e7 - std::panicking::default_hook::{{closure}}::h8a1d2ee00185001a
[INFO] [stdout]   10:     0x559268a721d3 - std::panicking::default_hook::h6038f2eba384e475
[INFO] [stdout]                                at /rustc/82e1608dfa6e0b5569232559e3d385fea5a93112/library/std/src/panicking.rs:289:9
[INFO] [stdout]   11:     0x5592686ad6d7 - <alloc::boxed::Box<F,A> as core::ops::function::Fn<Args>>::call::h0ad024c9bdc6d768
[INFO] [stdout]                                at /rustc/82e1608dfa6e0b5569232559e3d385fea5a93112/library/alloc/src/boxed.rs:2021:9
[INFO] [stdout]   12:     0x5592686ad6d7 - test::test_main::{{closure}}::h7500b54257359db6
[INFO] [stdout]                                at /rustc/82e1608dfa6e0b5569232559e3d385fea5a93112/library/test/src/lib.rs:138:21
[INFO] [stdout]   13:     0x559268a72af8 - <alloc::boxed::Box<F,A> as core::ops::function::Fn<Args>>::call::h1f8f335eaa9cfaee
[INFO] [stdout]                                at /rustc/82e1608dfa6e0b5569232559e3d385fea5a93112/library/alloc/src/boxed.rs:2021:9
[INFO] [stdout]   14:     0x559268a72af8 - std::panicking::rust_panic_with_hook::h2b5517d590cab22e
[INFO] [stdout]                                at /rustc/82e1608dfa6e0b5569232559e3d385fea5a93112/library/std/src/panicking.rs:783:13
[INFO] [stdout]   15:     0x559268a7284e - std::panicking::begin_panic_handler::{{closure}}::h233112c06e0ef43e
[INFO] [stdout]                                at /rustc/82e1608dfa6e0b5569232559e3d385fea5a93112/library/std/src/panicking.rs:657:13
[INFO] [stdout]   16:     0x559268a70f06 - std::sys_common::backtrace::__rust_end_short_backtrace::h6e893f24d7ebbff8
[INFO] [stdout]                                at /rustc/82e1608dfa6e0b5569232559e3d385fea5a93112/library/std/src/sys_common/backtrace.rs:170:18
[INFO] [stdout]   17:     0x559268a725b2 - rust_begin_unwind
[INFO] [stdout]                                at /rustc/82e1608dfa6e0b5569232559e3d385fea5a93112/library/std/src/panicking.rs:645:5
[INFO] [stdout]   18:     0x559268340815 - core::panicking::panic_fmt::hbf0e066aabfa482c
[INFO] [stdout]                                at /rustc/82e1608dfa6e0b5569232559e3d385fea5a93112/library/core/src/panicking.rs:72:14
[INFO] [stdout]   19:     0x559268340de3 - core::result::unwrap_failed::hddb4fea594200c52
[INFO] [stdout]                                at /rustc/82e1608dfa6e0b5569232559e3d385fea5a93112/library/core/src/result.rs:1653:5
[INFO] [stdout]   20:     0x55926838a98b - core::result::Result<T,E>::unwrap::h2dd8f5b2e1774dee
[INFO] [stdout]                                at /rustc/82e1608dfa6e0b5569232559e3d385fea5a93112/library/core/src/result.rs:1077:23
[INFO] [stdout]   21:     0x5592683822e2 - stabilitypool::price::test::get_price_at_time::{{closure}}::h4570f6b79b9ef313
[INFO] [stdout]                                at /opt/rustwide/workdir/stabilitypool-common/src/price.rs:184:20
[INFO] [stdout]   22:     0x55926837fa48 - <core::pin::Pin<P> as core::future::future::Future>::poll::ha6d968d4df5e18fc
[INFO] [stdout]                                at /rustc/82e1608dfa6e0b5569232559e3d385fea5a93112/library/core/src/future/future.rs:125:9
[INFO] [stdout]   23:     0x55926837fa9b - <core::pin::Pin<P> as core::future::future::Future>::poll::hbb29e3c8bb04e649
[INFO] [stdout]                                at /rustc/82e1608dfa6e0b5569232559e3d385fea5a93112/library/core/src/future/future.rs:125:9
[INFO] [stdout]   24:     0x55926839f134 - tokio::runtime::scheduler::current_thread::CoreGuard::block_on::{{closure}}::{{closure}}::{{closure}}::he53071f0d7f2b1fa
[INFO] [stdout]                                at /opt/rustwide/cargo-home/registry/src/index.crates.io-6f17d22bba15001f/tokio-1.26.0/src/runtime/scheduler/current_thread.rs:541:57
[INFO] [stdout]   25:     0x55926839f05a - tokio::runtime::coop::with_budget::hcc20c4695eb2d391
[INFO] [stdout]                                at /opt/rustwide/cargo-home/registry/src/index.crates.io-6f17d22bba15001f/tokio-1.26.0/src/runtime/coop.rs:107:5
[INFO] [stdout]   26:     0x55926839f05a - tokio::runtime::coop::budget::h4e0ad57e680b9201
[INFO] [stdout]                                at /opt/rustwide/cargo-home/registry/src/index.crates.io-6f17d22bba15001f/tokio-1.26.0/src/runtime/coop.rs:73:5
[INFO] [stdout]   27:     0x55926839f05a - tokio::runtime::scheduler::current_thread::CoreGuard::block_on::{{closure}}::{{closure}}::h6695f6f7929540e8
[INFO] [stdout]                                at /opt/rustwide/cargo-home/registry/src/index.crates.io-6f17d22bba15001f/tokio-1.26.0/src/runtime/scheduler/current_thread.rs:541:25
[INFO] [stdout]   28:     0x55926839db3c - tokio::runtime::scheduler::current_thread::Context::enter::hcdb5e2b168ca5858
[INFO] [stdout]                                at /opt/rustwide/cargo-home/registry/src/index.crates.io-6f17d22bba15001f/tokio-1.26.0/src/runtime/scheduler/current_thread.rs:350:19
[INFO] [stdout]   29:     0x55926839e622 - tokio::runtime::scheduler::current_thread::CoreGuard::block_on::{{closure}}::h6fedead798841be5
[INFO] [stdout]                                at /opt/rustwide/cargo-home/registry/src/index.crates.io-6f17d22bba15001f/tokio-1.26.0/src/runtime/scheduler/current_thread.rs:540:36
[INFO] [stdout]   30:     0x55926839e33b - tokio::runtime::scheduler::current_thread::CoreGuard::enter::{{closure}}::h78931e13c021c4d7
[INFO] [stdout]                                at /opt/rustwide/cargo-home/registry/src/index.crates.io-6f17d22bba15001f/tokio-1.26.0/src/runtime/scheduler/current_thread.rs:615:57
[INFO] [stdout]   31:     0x55926838cd4d - tokio::macros::scoped_tls::ScopedKey<T>::set::h8a291e94f87f1667
[INFO] [stdout]                                at /opt/rustwide/cargo-home/registry/src/index.crates.io-6f17d22bba15001f/tokio-1.26.0/src/macros/scoped_tls.rs:61:9
[INFO] [stdout]   32:     0x55926839e0cf - tokio::runtime::scheduler::current_thread::CoreGuard::enter::h71015949f15313d8
[INFO] [stdout]                                at /opt/rustwide/cargo-home/registry/src/index.crates.io-6f17d22bba15001f/tokio-1.26.0/src/runtime/scheduler/current_thread.rs:615:27
[INFO] [stdout]   33:     0x55926839e36c - tokio::runtime::scheduler::current_thread::CoreGuard::block_on::hfbdf869c96d7c05a
[INFO] [stdout]                                at /opt/rustwide/cargo-home/registry/src/index.crates.io-6f17d22bba15001f/tokio-1.26.0/src/runtime/scheduler/current_thread.rs:530:19
[INFO] [stdout]   34:     0x55926839d2ed - tokio::runtime::scheduler::current_thread::CurrentThread::block_on::h1f1bfc0e5e079462
[INFO] [stdout]                                at /opt/rustwide/cargo-home/registry/src/index.crates.io-6f17d22bba15001f/tokio-1.26.0/src/runtime/scheduler/current_thread.rs:154:24
[INFO] [stdout]   35:     0x55926839d0dd - tokio::runtime::runtime::Runtime::block_on::hb0aca4c0c158d57a
[INFO] [stdout]                                at /opt/rustwide/cargo-home/registry/src/index.crates.io-6f17d22bba15001f/tokio-1.26.0/src/runtime/runtime.rs:302:47
[INFO] [stdout]   36:     0x55926838201d - stabilitypool::price::test::get_price_at_time::h8a2dc4dbde069896
[INFO] [stdout]                                at /opt/rustwide/workdir/stabilitypool-common/src/price.rs:184:9
[INFO] [stdout]   37:     0x559268381eb7 - stabilitypool::price::test::get_price_at_time::{{closure}}::h1d3f0a16d51f89fb
[INFO] [stdout]                                at /opt/rustwide/workdir/stabilitypool-common/src/price.rs:180:33
[INFO] [stdout]   38:     0x55926839a7f6 - core::ops::function::FnOnce::call_once::hf24fd3230db5d347
[INFO] [stdout]                                at /rustc/82e1608dfa6e0b5569232559e3d385fea5a93112/library/core/src/ops/function.rs:250:5
[INFO] [stdout]   39:     0x5592686b2d2f - core::ops::function::FnOnce::call_once::h2b5d431d5046312d
[INFO] [stdout]                                at /rustc/82e1608dfa6e0b5569232559e3d385fea5a93112/library/core/src/ops/function.rs:250:5
[INFO] [stdout]   40:     0x5592686b2d2f - test::__rust_begin_short_backtrace::h7714669af176e207
[INFO] [stdout]                                at /rustc/82e1608dfa6e0b5569232559e3d385fea5a93112/library/test/src/lib.rs:628:18
[INFO] [stdout]   41:     0x5592686b1d45 - test::run_test_in_process::{{closure}}::h85218797dcbcec12
[INFO] [stdout]                                at /rustc/82e1608dfa6e0b5569232559e3d385fea5a93112/library/test/src/lib.rs:651:60
[INFO] [stdout]   42:     0x5592686b1d45 - <core::panic::unwind_safe::AssertUnwindSafe<F> as core::ops::function::FnOnce<()>>::call_once::h76c106ea31c14d7b
[INFO] [stdout]                                at /rustc/82e1608dfa6e0b5569232559e3d385fea5a93112/library/core/src/panic/unwind_safe.rs:272:9
[INFO] [stdout]   43:     0x5592686b1d45 - std::panicking::try::do_call::h3bd5d0f6620ee946
[INFO] [stdout]                                at /rustc/82e1608dfa6e0b5569232559e3d385fea5a93112/library/std/src/panicking.rs:552:40
[INFO] [stdout]   44:     0x5592686b1d45 - std::panicking::try::h232e535e4744fe31
[INFO] [stdout]                                at /rustc/82e1608dfa6e0b5569232559e3d385fea5a93112/library/std/src/panicking.rs:516:19
[INFO] [stdout]   45:     0x5592686b1d45 - std::panic::catch_unwind::h3ce3bd6ca8dbac68
[INFO] [stdout]                                at /rustc/82e1608dfa6e0b5569232559e3d385fea5a93112/library/std/src/panic.rs:142:14
[INFO] [stdout]   46:     0x5592686b1d45 - test::run_test_in_process::hc97b257c9621286a
[INFO] [stdout]                                at /rustc/82e1608dfa6e0b5569232559e3d385fea5a93112/library/test/src/lib.rs:651:27
[INFO] [stdout]   47:     0x5592686b1d45 - test::run_test::{{closure}}::h2aa798823a438d38
[INFO] [stdout]                                at /rustc/82e1608dfa6e0b5569232559e3d385fea5a93112/library/test/src/lib.rs:574:43
[INFO] [stdout]   48:     0x55926867a006 - test::run_test::{{closure}}::h87d231c78fb59832
[INFO] [stdout]                                at /rustc/82e1608dfa6e0b5569232559e3d385fea5a93112/library/test/src/lib.rs:602:41
[INFO] [stdout]   49:     0x55926867a006 - std::sys_common::backtrace::__rust_begin_short_backtrace::he6df152596625789
[INFO] [stdout]                                at /rustc/82e1608dfa6e0b5569232559e3d385fea5a93112/library/std/src/sys_common/backtrace.rs:154:18
[INFO] [stdout]   50:     0x55926867f0b7 - std::thread::Builder::spawn_unchecked_::{{closure}}::{{closure}}::ha94be15d1e0acf36
[INFO] [stdout]                                at /rustc/82e1608dfa6e0b5569232559e3d385fea5a93112/library/std/src/thread/mod.rs:529:17
[INFO] [stdout]   51:     0x55926867f0b7 - <core::panic::unwind_safe::AssertUnwindSafe<F> as core::ops::function::FnOnce<()>>::call_once::h9dc6bd6372f16606
[INFO] [stdout]                                at /rustc/82e1608dfa6e0b5569232559e3d385fea5a93112/library/core/src/panic/unwind_safe.rs:272:9
[INFO] [stdout]   52:     0x55926867f0b7 - std::panicking::try::do_call::h9057517f80303cd4
[INFO] [stdout]                                at /rustc/82e1608dfa6e0b5569232559e3d385fea5a93112/library/std/src/panicking.rs:552:40
[INFO] [stdout]   53:     0x55926867f0b7 - std::panicking::try::he3a30b11ee45340c
[INFO] [stdout]                                at /rustc/82e1608dfa6e0b5569232559e3d385fea5a93112/library/std/src/panicking.rs:516:19
[INFO] [stdout]   54:     0x55926867f0b7 - std::panic::catch_unwind::h410458cfd3528b8b
[INFO] [stdout]                                at /rustc/82e1608dfa6e0b5569232559e3d385fea5a93112/library/std/src/panic.rs:142:14
[INFO] [stdout]   55:     0x55926867f0b7 - std::thread::Builder::spawn_unchecked_::{{closure}}::h72ac3bdb567b737b
[INFO] [stdout]                                at /rustc/82e1608dfa6e0b5569232559e3d385fea5a93112/library/std/src/thread/mod.rs:528:30
[INFO] [stdout]   56:     0x55926867f0b7 - core::ops::function::FnOnce::call_once{{vtable.shim}}::h38f34da3654a8344
[INFO] [stdout]                                at /rustc/82e1608dfa6e0b5569232559e3d385fea5a93112/library/core/src/ops/function.rs:250:5
[INFO] [stdout]   57:     0x559268a77b45 - <alloc::boxed::Box<F,A> as core::ops::function::FnOnce<Args>>::call_once::hc7eafaff61e32df9
[INFO] [stdout]                                at /rustc/82e1608dfa6e0b5569232559e3d385fea5a93112/library/alloc/src/boxed.rs:2007:9
[INFO] [stdout]   58:     0x559268a77b45 - <alloc::boxed::Box<F,A> as core::ops::function::FnOnce<Args>>::call_once::h6ba4a5de48dd2304
[INFO] [stdout]                                at /rustc/82e1608dfa6e0b5569232559e3d385fea5a93112/library/alloc/src/boxed.rs:2007:9
[INFO] [stdout]   59:     0x559268a77b45 - std::sys::unix::thread::Thread::new::thread_start::he469335aef763e45
[INFO] [stdout]                                at /rustc/82e1608dfa6e0b5569232559e3d385fea5a93112/library/std/src/sys/unix/thread.rs:108:17
[INFO] [stdout]   60:     0x7f17c4c1cac3 - <unknown>
[INFO] [stdout]   61:     0x7f17c4cadbf4 - __clone
[INFO] [stdout]   62:                0x0 - <unknown>
[INFO] [stdout] 
[INFO] [stdout] 
[INFO] [stdout] failures:
[INFO] [stdout]     price::test::get_price_at_time
[INFO] [stdout] 
[INFO] [stdout] test result: FAILED. 10 passed; 1 failed; 0 ignored; 0 measured; 0 filtered out; finished in 140.14s
[INFO] [stdout] 
[INFO] [stderr] error: test failed, to rerun pass `-p stabilitypool-common --lib`
[INFO] running `Command { std: "docker" "inspect" "3fe64bc16e81ab00c916a80759c9e14de112f663d62f974dddf79ee86692cff6", kill_on_drop: false }`
[INFO] running `Command { std: "docker" "rm" "-f" "3fe64bc16e81ab00c916a80759c9e14de112f663d62f974dddf79ee86692cff6", kill_on_drop: false }`
[INFO] [stdout] 3fe64bc16e81ab00c916a80759c9e14de112f663d62f974dddf79ee86692cff6
