[INFO] cloning repository https://github.com/1ambd4/lctool
[INFO] running `Command { std: "git" "-c" "credential.helper=" "-c" "credential.helper=/workspace/cargo-home/bin/git-credential-null" "clone" "--bare" "https://github.com/1ambd4/lctool" "/workspace/cache/git-repos/https%3A%2F%2Fgithub.com%2F1ambd4%2Flctool", kill_on_drop: false }`
[INFO] [stderr] Cloning into bare repository '/workspace/cache/git-repos/https%3A%2F%2Fgithub.com%2F1ambd4%2Flctool'...
[INFO] running `Command { std: "git" "rev-parse" "HEAD", kill_on_drop: false }`
[INFO] [stdout] 57123e50762607a1a345f2593e8ea05db0c49200
[INFO] testing 1ambd4/lctool against 1.75.0 for beta-1.76-1
[INFO] running `Command { std: "git" "clone" "/workspace/cache/git-repos/https%3A%2F%2Fgithub.com%2F1ambd4%2Flctool" "/workspace/builds/worker-4-tc1/source", kill_on_drop: false }`
[INFO] [stderr] Cloning into '/workspace/builds/worker-4-tc1/source'...
[INFO] [stderr] done.
[INFO] validating manifest of git repo https://github.com/1ambd4/lctool on toolchain 1.75.0
[INFO] running `Command { std: CARGO_HOME="/workspace/cargo-home" RUSTUP_HOME="/workspace/rustup-home" "/workspace/cargo-home/bin/cargo" "+1.75.0" "metadata" "--manifest-path" "Cargo.toml" "--no-deps", kill_on_drop: false }`
[INFO] started tweaking git repo https://github.com/1ambd4/lctool
[INFO] finished tweaking git repo https://github.com/1ambd4/lctool
[INFO] tweaked toml for git repo https://github.com/1ambd4/lctool written to /workspace/builds/worker-4-tc1/source/Cargo.toml
[INFO] crate git repo https://github.com/1ambd4/lctool already has a lockfile, it will not be regenerated
[INFO] running `Command { std: CARGO_HOME="/workspace/cargo-home" RUSTUP_HOME="/workspace/rustup-home" "/workspace/cargo-home/bin/cargo" "+1.75.0" "fetch" "--manifest-path" "Cargo.toml", kill_on_drop: false }`
[INFO] [stderr]     Updating crates.io index
[INFO] [stderr]  Downloading crates ...
[INFO] [stderr]   Downloaded thiserror-impl v1.0.52
[INFO] [stderr]   Downloaded thiserror v1.0.52
[INFO] [stderr]   Downloaded fastmap v0.1.0
[INFO] [stderr]   Downloaded tetsy-plain-hasher v0.2.1
[INFO] [stderr]   Downloaded tetsy-keccak-hasher v0.1.1
[INFO] [stderr]   Downloaded tetsy-kvdb v0.3.2
[INFO] [stderr]   Downloaded home v0.3.4
[INFO] [stderr]   Downloaded tetsy-bytes v0.1.4
[INFO] [stderr]   Downloaded dir v0.1.2
[INFO] [stderr]   Downloaded tetsy-memory-db v0.18.1
[INFO] [stderr]   Downloaded journaldb v0.2.0
[INFO] [stderr]   Downloaded tetsy-util-mem v0.4.2
[INFO] [stderr]   Downloaded deranged v0.3.10
[INFO] [stderr]   Downloaded clap_builder v4.4.11
[INFO] [stderr]   Downloaded syn v2.0.47
[INFO] [stderr]   Downloaded anyhow v1.0.77
[INFO] [stderr]   Downloaded clap v4.4.11
[INFO] [stderr]   Downloaded tetsy-util-mem v0.3.0
[INFO] running `Command { std: "docker" "create" "-v" "/var/lib/crater-agent-workspace/builds/worker-4-tc1/target:/opt/rustwide/target:rw,Z" "-v" "/var/lib/crater-agent-workspace/builds/worker-4-tc1/source:/opt/rustwide/workdir:ro,Z" "-v" "/var/lib/crater-agent-workspace/cargo-home:/opt/rustwide/cargo-home:ro,Z" "-v" "/var/lib/crater-agent-workspace/rustup-home:/opt/rustwide/rustup-home:ro,Z" "-e" "SOURCE_DIR=/opt/rustwide/workdir" "-e" "CARGO_TARGET_DIR=/opt/rustwide/target" "-e" "CARGO_HOME=/opt/rustwide/cargo-home" "-e" "RUSTUP_HOME=/opt/rustwide/rustup-home" "-w" "/opt/rustwide/workdir" "-m" "1610612736" "--user" "0:0" "--network" "none" "ghcr.io/rust-lang/crates-build-env/linux@sha256:2788e3201cd34a07e3172128adcd8b3090168a8e3bcc40d7c032b9dda1df7d1c" "/opt/rustwide/cargo-home/bin/cargo" "+1.75.0" "metadata" "--no-deps" "--format-version=1", kill_on_drop: false }`
[INFO] [stdout] 844073c16e2c50078894cc1719f6ec8cef984801c2bf2532ded4fdddadf8cd11
[INFO] running `Command { std: "docker" "start" "-a" "844073c16e2c50078894cc1719f6ec8cef984801c2bf2532ded4fdddadf8cd11", kill_on_drop: false }`
[INFO] running `Command { std: "docker" "inspect" "844073c16e2c50078894cc1719f6ec8cef984801c2bf2532ded4fdddadf8cd11", kill_on_drop: false }`
[INFO] running `Command { std: "docker" "rm" "-f" "844073c16e2c50078894cc1719f6ec8cef984801c2bf2532ded4fdddadf8cd11", kill_on_drop: false }`
[INFO] [stdout] 844073c16e2c50078894cc1719f6ec8cef984801c2bf2532ded4fdddadf8cd11
[INFO] running `Command { std: "docker" "create" "-v" "/var/lib/crater-agent-workspace/builds/worker-4-tc1/target:/opt/rustwide/target:rw,Z" "-v" "/var/lib/crater-agent-workspace/builds/worker-4-tc1/source:/opt/rustwide/workdir:ro,Z" "-v" "/var/lib/crater-agent-workspace/cargo-home:/opt/rustwide/cargo-home:ro,Z" "-v" "/var/lib/crater-agent-workspace/rustup-home:/opt/rustwide/rustup-home:ro,Z" "-e" "SOURCE_DIR=/opt/rustwide/workdir" "-e" "CARGO_TARGET_DIR=/opt/rustwide/target" "-e" "CARGO_INCREMENTAL=0" "-e" "RUST_BACKTRACE=full" "-e" "RUSTFLAGS=--cap-lints=warn" "-e" "RUSTDOCFLAGS=--cap-lints=warn" "-e" "CARGO_HOME=/opt/rustwide/cargo-home" "-e" "RUSTUP_HOME=/opt/rustwide/rustup-home" "-w" "/opt/rustwide/workdir" "-m" "1610612736" "--user" "0:0" "--network" "none" "ghcr.io/rust-lang/crates-build-env/linux@sha256:2788e3201cd34a07e3172128adcd8b3090168a8e3bcc40d7c032b9dda1df7d1c" "/opt/rustwide/cargo-home/bin/cargo" "+1.75.0" "build" "--frozen" "--message-format=json", kill_on_drop: false }`
[INFO] [stdout] 904b2ca8d9ec05dd11105c4823409dbd090bc563832e39d6f47c6505f9d43115
[INFO] running `Command { std: "docker" "start" "-a" "904b2ca8d9ec05dd11105c4823409dbd090bc563832e39d6f47c6505f9d43115", kill_on_drop: false }`
[INFO] [stderr]    Compiling proc-macro2 v1.0.75
[INFO] [stderr]    Compiling unicode-ident v1.0.12
[INFO] [stderr]    Compiling cfg-if v1.0.0
[INFO] [stderr]    Compiling libc v0.2.151
[INFO] [stderr]    Compiling serde v1.0.193
[INFO] [stderr]    Compiling version_check v0.9.4
[INFO] [stderr]    Compiling once_cell v1.19.0
[INFO] [stderr]    Compiling scopeguard v1.2.0
[INFO] [stderr]    Compiling getrandom v0.1.16
[INFO] [stderr]    Compiling crunchy v0.2.2
[INFO] [stderr]    Compiling smallvec v1.11.2
[INFO] [stderr]    Compiling rustc-hex v2.1.0
[INFO] [stderr]    Compiling vcpkg v0.2.15
[INFO] [stderr]    Compiling pkg-config v0.3.28
[INFO] [stderr]    Compiling ppv-lite86 v0.2.17
[INFO] [stderr]    Compiling semver-parser v0.7.0
[INFO] [stderr]    Compiling byteorder v1.5.0
[INFO] [stderr]    Compiling static_assertions v1.1.0
[INFO] [stderr]    Compiling semver v0.9.0
[INFO] [stderr]    Compiling tiny-keccak v2.0.2
[INFO] [stderr]    Compiling either v1.9.0
[INFO] [stderr]    Compiling quote v1.0.35
[INFO] [stderr]    Compiling radium v0.3.0
[INFO] [stderr]    Compiling syn v2.0.47
[INFO] [stderr]    Compiling cc v1.0.83
[INFO] [stderr]    Compiling rand_core v0.5.1
[INFO] [stderr]    Compiling bitvec v0.17.4
[INFO] [stderr]    Compiling rustc_version v0.2.3
[INFO] [stderr]    Compiling tetsy-rlp v0.4.5
[INFO] [stderr]    Compiling rand_chacha v0.2.2
[INFO] [stderr]    Compiling itoa v1.0.10
[INFO] [stderr]    Compiling byte-slice-cast v0.3.5
[INFO] [stderr]    Compiling arrayvec v0.5.2
[INFO] [stderr]    Compiling rand v0.7.3
[INFO] [stderr]    Compiling tetsy-impl-rlp v0.2.0
[INFO] [stderr]    Compiling getrandom v0.2.11
[INFO] [stderr]    Compiling maybe-uninit v2.0.0
[INFO] [stderr]    Compiling memchr v2.6.4
[INFO] [stderr]    Compiling syn v1.0.109
[INFO] [stderr]    Compiling const-random-macro v0.1.16
[INFO] [stderr]    Compiling uint-crate v0.8.1
[INFO] [stderr]    Compiling tiny-keccak v1.5.0
[INFO] [stderr]    Compiling tetsy-fixed-hash v0.5.0
[INFO] [stderr]    Compiling ahash v0.8.6
[INFO] [stderr]    Compiling lock_api v0.4.11
[INFO] [stderr]    Compiling autocfg v0.1.8
[INFO] [stderr]    Compiling parking_lot_core v0.9.9
[INFO] [stderr]    Compiling pin-project-lite v0.2.13
[INFO] [stderr]    Compiling hashbrown v0.6.3
[INFO] [stderr]    Compiling openssl-sys v0.9.98
[INFO] [stderr]    Compiling const-random v0.1.17
[INFO] [stderr]    Compiling parking_lot_core v0.6.3
[INFO] [stderr]    Compiling zerocopy v0.7.32
[INFO] [stderr]    Compiling bitflags v2.4.1
[INFO] [stderr]    Compiling bytes v1.5.0
[INFO] [stderr]    Compiling tinyvec_macros v0.1.1
[INFO] [stderr]    Compiling tinyvec v1.6.0
[INFO] [stderr]    Compiling smallvec v0.6.14
[INFO] [stderr]    Compiling ahash v0.2.19
[INFO] [stderr]    Compiling parking_lot v0.9.0
[INFO] [stderr]    Compiling allocator-api2 v0.2.16
[INFO] [stderr]    Compiling log v0.4.20
[INFO] [stderr]    Compiling unicode-xid v0.2.4
[INFO] [stderr]    Compiling cfg-if v0.1.10
[INFO] [stderr]    Compiling thiserror v1.0.52
[INFO] [stderr]    Compiling parking_lot v0.12.1
[INFO] [stderr]    Compiling hashbrown v0.14.3
[INFO] [stderr]    Compiling unicode-normalization v0.1.22
[INFO] [stderr]    Compiling socket2 v0.5.5
[INFO] [stderr]    Compiling num_cpus v1.16.0
[INFO] [stderr]    Compiling mio v0.8.10
[INFO] [stderr]    Compiling signal-hook-registry v1.4.1
[INFO] [stderr]    Compiling lock_api v0.3.4
[INFO] [stderr]    Compiling unicode-bidi v0.3.14
[INFO] [stderr]    Compiling futures-core v0.3.30
[INFO] [stderr]    Compiling lru v0.4.3
[INFO] [stderr]    Compiling ahash v0.7.7
[INFO] [stderr]    Compiling tracing-core v0.1.32
[INFO] [stderr]    Compiling slab v0.4.9
[INFO] [stderr]    Compiling openssl v0.10.62
[INFO] [stderr]    Compiling percent-encoding v2.3.1
[INFO] [stderr]    Compiling ucd-trie v0.1.6
[INFO] [stderr]    Compiling foreign-types-shared v0.1.1
[INFO] [stderr]    Compiling fnv v1.0.7
[INFO] [stderr]    Compiling http v0.2.11
[INFO] [stderr]    Compiling foreign-types v0.3.2
[INFO] [stderr]    Compiling tracing v0.1.40
[INFO] [stderr]    Compiling futures-task v0.3.30
[INFO] [stderr]    Compiling equivalent v1.0.1
[INFO] [stderr]    Compiling powerfmt v0.2.0
[INFO] [stderr]    Compiling native-tls v0.2.11
[INFO] [stderr]    Compiling serde_json v1.0.108
[INFO] [stderr]    Compiling httparse v1.8.0
[INFO] [stderr]    Compiling futures-sink v0.3.30
[INFO] [stderr]    Compiling ryu v1.0.16
[INFO] [stderr]    Compiling time-core v0.1.2
[INFO] [stderr]    Compiling pin-utils v0.1.0
[INFO] [stderr]    Compiling time-macros v0.2.16
[INFO] [stderr]    Compiling futures-util v0.3.30
[INFO] [stderr]    Compiling deranged v0.3.10
[INFO] [stderr]    Compiling indexmap v2.1.0
[INFO] [stderr]    Compiling serde_derive v1.0.193
[INFO] [stderr]    Compiling tokio-macros v2.2.0
[INFO] [stderr]    Compiling thiserror-impl v1.0.52
[INFO] [stderr]    Compiling openssl-macros v0.1.1
[INFO] [stderr]    Compiling synstructure v0.12.6
[INFO] [stderr]    Compiling tokio v1.35.1
[INFO] [stderr]    Compiling form_urlencoded v1.2.1
[INFO] [stderr]    Compiling tetsy-plain-hasher v0.2.1
[INFO] [stderr]    Compiling cookie v0.16.2
[INFO] [stderr]    Compiling rustix v0.38.28
[INFO] [stderr]    Compiling tetsy-hash-db v0.15.3
[INFO] [stderr]    Compiling try-lock v0.2.5
[INFO] [stderr]    Compiling openssl-probe v0.1.5
[INFO] [stderr]    Compiling utf8parse v0.2.1
[INFO] [stderr]    Compiling anstyle-parse v0.2.3
[INFO] [stderr]    Compiling want v0.3.1
[INFO] [stderr]    Compiling hashbrown v0.12.3
[INFO] [stderr]    Compiling time v0.3.31
[INFO] [stderr]    Compiling http-body v0.4.6
[INFO] [stderr]    Compiling pest v2.7.5
[INFO] [stderr]    Compiling idna v0.3.0
[INFO] [stderr]    Compiling idna v0.5.0
[INFO] [stderr]    Compiling futures-channel v0.3.30
[INFO] [stderr]    Compiling libsqlite3-sys v0.27.0
[INFO] [stderr]    Compiling tetsy-util-mem-derive v0.1.1
[INFO] [stderr]    Compiling impl-trait-for-tuples v0.1.3
[INFO] [stderr]    Compiling pest_meta v2.7.5
[INFO] [stderr]    Compiling aho-corasick v1.1.2
[INFO] [stderr]    Compiling pest_generator v2.7.5
[INFO] [stderr]    Compiling matches v0.1.10
[INFO] [stderr]    Compiling dlv-list v0.3.0
[INFO] [stderr]    Compiling anstyle-query v1.0.2
[INFO] [stderr]    Compiling psl-types v2.0.11
[INFO] [stderr]    Compiling tokio-util v0.7.10
[INFO] [stderr]    Compiling tower-service v0.3.2
[INFO] [stderr]    Compiling anstyle v1.0.4
[INFO] [stderr]    Compiling colorchoice v1.0.0
[INFO] [stderr]    Compiling regex-syntax v0.8.2
[INFO] [stderr]    Compiling async-trait v0.1.77
[INFO] [stderr]    Compiling h2 v0.3.22
[INFO] [stderr]    Compiling linux-raw-sys v0.4.12
[INFO] [stderr]    Compiling httpdate v1.0.3
[INFO] [stderr]    Compiling tetsy-bytes v0.1.4
[INFO] [stderr]    Compiling pest_derive v2.7.5
[INFO] [stderr]    Compiling tetsy-scale-codec v1.3.0
[INFO] [stderr]    Compiling tetsy-impl-serde v0.2.2
[INFO] [stderr]    Compiling vapbloom v0.8.0
[INFO] [stderr]    Compiling regex-automata v0.4.3
[INFO] [stderr]    Compiling anstream v0.6.5
[INFO] [stderr]    Compiling hyper v0.14.28
[INFO] [stderr]    Compiling publicsuffix v2.2.3
[INFO] [stderr]    Compiling tokio-native-tls v0.3.1
[INFO] [stderr]    Compiling ordered-multimap v0.4.3
[INFO] [stderr]    Compiling idna v0.2.3
[INFO] [stderr]    Compiling tetsy-impl-codec v0.4.1
[INFO] [stderr]    Compiling tetsy-primitive-types v0.6.0
[INFO] [stderr]    Compiling url v2.5.0
[INFO] [stderr]    Compiling clap_lex v0.6.0
[INFO] [stderr]    Compiling anyhow v1.0.77
[INFO] [stderr]    Compiling xdg v2.5.2
[INFO] [stderr]    Compiling base64 v0.13.1
[INFO] [stderr]    Compiling linked-hash-map v0.5.6
[INFO] [stderr]    Compiling heck v0.4.1
[INFO] [stderr]    Compiling strsim v0.10.0
[INFO] [stderr]    Compiling minimal-lexical v0.2.1
[INFO] [stderr]    Compiling vapory-types v0.8.0
[INFO] [stderr]    Compiling bitflags v1.3.2
[INFO] [stderr]    Compiling ron v0.7.1
[INFO] [stderr]    Compiling nom v7.1.3
[INFO] [stderr]    Compiling clap_derive v4.4.7
[INFO] [stderr]    Compiling tetsy-util-mem v0.4.2
[INFO] [stderr]    Compiling tetsy-util-mem v0.3.0
[INFO] [stderr]    Compiling tetsy-memory-db v0.18.1
[INFO] [stderr]    Compiling tetsy-kvdb v0.3.2
[INFO] [stderr]    Compiling tetsy-keccak-hasher v0.1.1
[INFO] [stderr]    Compiling fastmap v0.1.0
[INFO] [stderr]    Compiling journaldb v0.2.0
[INFO] [stderr]    Compiling clap_builder v4.4.11
[INFO] [stderr]    Compiling yaml-rust v0.4.5
[INFO] [stderr]    Compiling cookie_store v0.16.2
[INFO] [stderr]    Compiling hyper-tls v0.5.0
[INFO] [stderr]    Compiling app_dirs v1.2.1
[INFO] [stderr]    Compiling regex v1.10.2
[INFO] [stderr]    Compiling rust-ini v0.18.0
[INFO] [stderr]    Compiling json5 v0.4.1
[INFO] [stderr]    Compiling is-terminal v0.4.10
[INFO] [stderr]    Compiling serde_urlencoded v0.7.1
[INFO] [stderr]    Compiling toml v0.5.11
[INFO] [stderr]    Compiling hashlink v0.8.4
[INFO] [stderr]    Compiling encoding_rs v0.8.33
[INFO] [stderr]    Compiling mime v0.3.17
[INFO] [stderr]    Compiling fallible-streaming-iterator v0.1.9
[INFO] [stderr]    Compiling home v0.3.4
[INFO] [stderr]    Compiling base64 v0.21.5
[INFO] [stderr]    Compiling termcolor v1.4.0
[INFO] [stderr]    Compiling fallible-iterator v0.3.0
[INFO] [stderr]    Compiling ipnet v2.9.0
[INFO] [stderr]    Compiling lazy_static v1.4.0
[INFO] [stderr]    Compiling humantime v2.1.0
[INFO] [stderr]    Compiling pathdiff v0.2.1
[INFO] [stderr]    Compiling env_logger v0.10.1
[INFO] [stderr]    Compiling config v0.13.4
[INFO] [stderr]    Compiling reqwest v0.11.23
[INFO] [stderr]    Compiling dir v0.1.2
[INFO] [stderr]    Compiling clap v4.4.11
[INFO] [stderr]    Compiling rusqlite v0.30.0
[INFO] [stderr]    Compiling leetcode-cli v0.2.0 (/opt/rustwide/workdir)
[INFO] [stdout] warning: unused import: `super::Config`
[INFO] [stdout]   --> src/config/mod.rs:42:9
[INFO] [stdout]    |
[INFO] [stdout] 42 |     use super::Config;
[INFO] [stdout]    |         ^^^^^^^^^^^^^
[INFO] [stdout]    |
[INFO] [stdout]    = note: `#[warn(unused_imports)]` on by default
[INFO] [stdout] 
[INFO] [stdout] 
[INFO] [stdout] warning: unused imports: `INSERT_RECORD_OR_UPDATE_IF_EXISTS`, `Sqlite3`
[INFO] [stdout]   --> src/db/sqlite.rs:62:17
[INFO] [stdout]    |
[INFO] [stdout] 62 |     use super::{Sqlite3, INSERT_RECORD_OR_UPDATE_IF_EXISTS};
[INFO] [stdout]    |                 ^^^^^^^  ^^^^^^^^^^^^^^^^^^^^^^^^^^^^^^^^^
[INFO] [stdout] 
[INFO] [stdout] 
[INFO] [stdout] warning: unused import: `tokio::runtime::Builder`
[INFO] [stdout]   --> src/db/sqlite.rs:63:9
[INFO] [stdout]    |
[INFO] [stdout] 63 |     use tokio::runtime::Builder;
[INFO] [stdout]    |         ^^^^^^^^^^^^^^^^^^^^^^^
[INFO] [stdout] 
[INFO] [stdout] 
[INFO] [stdout] warning: unused import: `tokio::runtime::Builder`
[INFO] [stdout]   --> src/leetcode/request.rs:84:9
[INFO] [stdout]    |
[INFO] [stdout] 84 |     use tokio::runtime::Builder;
[INFO] [stdout]    |         ^^^^^^^^^^^^^^^^^^^^^^^
[INFO] [stdout] 
[INFO] [stdout] 
[INFO] [stdout] warning: unused import: `super::Request`
[INFO] [stdout]   --> src/leetcode/request.rs:86:9
[INFO] [stdout]    |
[INFO] [stdout] 86 |     use super::Request;
[INFO] [stdout]    |         ^^^^^^^^^^^^^^
[INFO] [stdout] 
[INFO] [stdout] 
[INFO] [stdout] warning: unused import: `super::Url`
[INFO] [stdout]   --> src/leetcode/url.rs:34:9
[INFO] [stdout]    |
[INFO] [stdout] 34 |     use super::Url;
[INFO] [stdout]    |         ^^^^^^^^^^
[INFO] [stdout] 
[INFO] [stdout] 
[INFO] [stdout] warning: unused imports: `BufWriter`, `create_dir_all`, `env::home_dir`, `remove_dir_all`, `remove_file`, `self`
[INFO] [stdout]  --> src/util/mod.rs:2:5
[INFO] [stdout]   |
[INFO] [stdout] 2 |     env::home_dir,
[INFO] [stdout]   |     ^^^^^^^^^^^^^
[INFO] [stdout] 3 |     fs::{create_dir_all, remove_dir_all, remove_file, File},
[INFO] [stdout]   |          ^^^^^^^^^^^^^^  ^^^^^^^^^^^^^^  ^^^^^^^^^^^
[INFO] [stdout] 4 |     io::{self, BufWriter, Write},
[INFO] [stdout]   |          ^^^^  ^^^^^^^^^
[INFO] [stdout] 
[INFO] [stdout] 
[INFO] [stdout] warning: unused import: `serde_json::json`
[INFO] [stdout]    --> src/util/mod.rs:127:9
[INFO] [stdout]     |
[INFO] [stdout] 127 |     use serde_json::json;
[INFO] [stdout]     |         ^^^^^^^^^^^^^^^^
[INFO] [stdout] 
[INFO] [stdout] 
[INFO] [stdout] warning: use of deprecated function `std::env::home_dir`: This function's behavior may be unexpected on Windows. Consider using a crate from crates.io instead.
[INFO] [stdout]  --> src/util/mod.rs:2:10
[INFO] [stdout]   |
[INFO] [stdout] 2 |     env::home_dir,
[INFO] [stdout]   |          ^^^^^^^^
[INFO] [stdout]   |
[INFO] [stdout]   = note: `#[warn(deprecated)]` on by default
[INFO] [stdout] 
[INFO] [stdout] 
[INFO] [stdout] warning: variable does not need to be mutable
[INFO] [stdout]   --> src/util/mod.rs:50:13
[INFO] [stdout]    |
[INFO] [stdout] 50 |         let mut skip = index * limit;
[INFO] [stdout]    |             ----^^^^
[INFO] [stdout]    |             |
[INFO] [stdout]    |             help: remove this `mut`
[INFO] [stdout]    |
[INFO] [stdout]    = note: `#[warn(unused_mut)]` on by default
[INFO] [stdout] 
[INFO] [stdout] 
[INFO] [stdout] warning: variable does not need to be mutable
[INFO] [stdout]  --> src/cli/cli.rs:5:9
[INFO] [stdout]   |
[INFO] [stdout] 5 |     let mut cmd = clap::Command::new("leetcode")
[INFO] [stdout]   |         ----^^^
[INFO] [stdout]   |         |
[INFO] [stdout]   |         help: remove this `mut`
[INFO] [stdout] 
[INFO] [stdout] 
[INFO] [stdout] warning: unused variable: `from`
[INFO] [stdout]   --> src/db/sqlite.rs:56:42
[INFO] [stdout]    |
[INFO] [stdout] 56 |     pub async fn query_with_range(&self, from: i32, to: i32) -> Result<Problem> {
[INFO] [stdout]    |                                          ^^^^ help: if this is intentional, prefix it with an underscore: `_from`
[INFO] [stdout]    |
[INFO] [stdout]    = note: `#[warn(unused_variables)]` on by default
[INFO] [stdout] 
[INFO] [stdout] 
[INFO] [stdout] warning: unused variable: `to`
[INFO] [stdout]   --> src/db/sqlite.rs:56:53
[INFO] [stdout]    |
[INFO] [stdout] 56 |     pub async fn query_with_range(&self, from: i32, to: i32) -> Result<Problem> {
[INFO] [stdout]    |                                                     ^^ help: if this is intentional, prefix it with an underscore: `_to`
[INFO] [stdout] 
[INFO] [stdout] 
[INFO] [stdout] warning: unused variable: `m`
[INFO] [stdout]   --> src/cmd/list.rs:21:22
[INFO] [stdout]    |
[INFO] [stdout] 21 |     async fn handler(m: &ArgMatches) -> Result<()> {
[INFO] [stdout]    |                      ^ help: if this is intentional, prefix it with an underscore: `_m`
[INFO] [stdout] 
[INFO] [stdout] 
[INFO] [stdout] warning: field `client` is never read
[INFO] [stdout]   --> src/leetcode/request.rs:12:5
[INFO] [stdout]    |
[INFO] [stdout] 11 | pub struct Request {
[INFO] [stdout]    |            ------- field in this struct
[INFO] [stdout] 12 |     client: Client,
[INFO] [stdout]    |     ^^^^^^
[INFO] [stdout]    |
[INFO] [stdout]    = note: `#[warn(dead_code)]` on by default
[INFO] [stdout] 
[INFO] [stdout] 
[INFO] [stdout] warning: unused `Result` in tuple element 0 that must be used
[INFO] [stdout]   --> src/cache/mod.rs:29:9
[INFO] [stdout]    |
[INFO] [stdout] 29 |         tokio::join!(handler);
[INFO] [stdout]    |         ^^^^^^^^^^^^^^^^^^^^^
[INFO] [stdout]    |
[INFO] [stdout]    = note: this `Result` may be an `Err` variant, which should be handled
[INFO] [stdout]    = note: `#[warn(unused_must_use)]` on by default
[INFO] [stdout]    = note: this warning originates in the macro `$crate::join` which comes from the expansion of the macro `tokio::join` (in Nightly builds, run with -Z macro-backtrace for more info)
[INFO] [stdout] 
[INFO] [stdout] 
[INFO] [stdout] warning: unused `Result` in tuple element 0 that must be used
[INFO] [stdout]   --> src/cache/mod.rs:72:9
[INFO] [stdout]    |
[INFO] [stdout] 72 |         tokio::join!(handler);
[INFO] [stdout]    |         ^^^^^^^^^^^^^^^^^^^^^
[INFO] [stdout]    |
[INFO] [stdout]    = note: this `Result` may be an `Err` variant, which should be handled
[INFO] [stdout]    = note: this warning originates in the macro `$crate::join` which comes from the expansion of the macro `tokio::join` (in Nightly builds, run with -Z macro-backtrace for more info)
[INFO] [stdout] 
[INFO] [stdout] 
[INFO] [stdout] warning: 17 warnings emitted
[INFO] [stdout] 
[INFO] [stdout] 
[INFO] [stderr]     Finished dev [unoptimized + debuginfo] target(s) in 45.05s
[INFO] running `Command { std: "docker" "inspect" "904b2ca8d9ec05dd11105c4823409dbd090bc563832e39d6f47c6505f9d43115", kill_on_drop: false }`
[INFO] running `Command { std: "docker" "rm" "-f" "904b2ca8d9ec05dd11105c4823409dbd090bc563832e39d6f47c6505f9d43115", kill_on_drop: false }`
[INFO] [stdout] 904b2ca8d9ec05dd11105c4823409dbd090bc563832e39d6f47c6505f9d43115
[INFO] running `Command { std: "docker" "create" "-v" "/var/lib/crater-agent-workspace/builds/worker-4-tc1/target:/opt/rustwide/target:rw,Z" "-v" "/var/lib/crater-agent-workspace/builds/worker-4-tc1/source:/opt/rustwide/workdir:ro,Z" "-v" "/var/lib/crater-agent-workspace/cargo-home:/opt/rustwide/cargo-home:ro,Z" "-v" "/var/lib/crater-agent-workspace/rustup-home:/opt/rustwide/rustup-home:ro,Z" "-e" "SOURCE_DIR=/opt/rustwide/workdir" "-e" "CARGO_TARGET_DIR=/opt/rustwide/target" "-e" "CARGO_INCREMENTAL=0" "-e" "RUST_BACKTRACE=full" "-e" "RUSTFLAGS=--cap-lints=warn" "-e" "RUSTDOCFLAGS=--cap-lints=warn" "-e" "CARGO_HOME=/opt/rustwide/cargo-home" "-e" "RUSTUP_HOME=/opt/rustwide/rustup-home" "-w" "/opt/rustwide/workdir" "-m" "1610612736" "--user" "0:0" "--network" "none" "ghcr.io/rust-lang/crates-build-env/linux@sha256:2788e3201cd34a07e3172128adcd8b3090168a8e3bcc40d7c032b9dda1df7d1c" "/opt/rustwide/cargo-home/bin/cargo" "+1.75.0" "test" "--frozen" "--no-run" "--message-format=json", kill_on_drop: false }`
[INFO] [stdout] f099d038aca91ac70cfe75482ae767081c07e5d409e54df334e057ff2ec45773
[INFO] running `Command { std: "docker" "start" "-a" "f099d038aca91ac70cfe75482ae767081c07e5d409e54df334e057ff2ec45773", kill_on_drop: false }`
[INFO] [stdout] warning: unused import: `super::Config`
[INFO] [stdout]   --> src/config/mod.rs:42:9
[INFO] [stdout]    |
[INFO] [stdout] 42 |     use super::Config;
[INFO] [stdout]    |         ^^^^^^^^^^^^^
[INFO] [stdout]    |
[INFO] [stdout]    = note: `#[warn(unused_imports)]` on by default
[INFO] [stdout] 
[INFO] [stdout] 
[INFO] [stdout] warning: unused imports: `INSERT_RECORD_OR_UPDATE_IF_EXISTS`, `Sqlite3`
[INFO] [stdout]   --> src/db/sqlite.rs:62:17
[INFO] [stdout]    |
[INFO] [stdout] 62 |     use super::{Sqlite3, INSERT_RECORD_OR_UPDATE_IF_EXISTS};
[INFO] [stdout]    |                 ^^^^^^^  ^^^^^^^^^^^^^^^^^^^^^^^^^^^^^^^^^
[INFO] [stdout] 
[INFO] [stdout] 
[INFO] [stdout] warning: unused import: `tokio::runtime::Builder`
[INFO] [stdout]   --> src/db/sqlite.rs:63:9
[INFO] [stdout]    |
[INFO] [stdout] 63 |     use tokio::runtime::Builder;
[INFO] [stdout]    |         ^^^^^^^^^^^^^^^^^^^^^^^
[INFO] [stdout] 
[INFO] [stdout] 
[INFO] [stdout] warning: unused import: `tokio::runtime::Builder`
[INFO] [stdout]   --> src/leetcode/request.rs:84:9
[INFO] [stdout]    |
[INFO] [stdout] 84 |     use tokio::runtime::Builder;
[INFO] [stdout]    |         ^^^^^^^^^^^^^^^^^^^^^^^
[INFO] [stdout] 
[INFO] [stdout] 
[INFO] [stdout] warning: unused import: `super::Request`
[INFO] [stdout]   --> src/leetcode/request.rs:86:9
[INFO] [stdout]    |
[INFO] [stdout] 86 |     use super::Request;
[INFO] [stdout]    |         ^^^^^^^^^^^^^^
[INFO] [stdout] 
[INFO] [stdout] 
[INFO] [stdout] warning: unused import: `super::Url`
[INFO] [stdout]   --> src/leetcode/url.rs:34:9
[INFO] [stdout]    |
[INFO] [stdout] 34 |     use super::Url;
[INFO] [stdout]    |         ^^^^^^^^^^
[INFO] [stdout] 
[INFO] [stdout] 
[INFO] [stdout] warning: unused imports: `BufWriter`, `create_dir_all`, `env::home_dir`, `remove_dir_all`, `remove_file`, `self`
[INFO] [stdout]  --> src/util/mod.rs:2:5
[INFO] [stdout]   |
[INFO] [stdout] 2 |     env::home_dir,
[INFO] [stdout]   |     ^^^^^^^^^^^^^
[INFO] [stdout] 3 |     fs::{create_dir_all, remove_dir_all, remove_file, File},
[INFO] [stdout]   |          ^^^^^^^^^^^^^^  ^^^^^^^^^^^^^^  ^^^^^^^^^^^
[INFO] [stdout] 4 |     io::{self, BufWriter, Write},
[INFO] [stdout]   |          ^^^^  ^^^^^^^^^
[INFO] [stdout] 
[INFO] [stdout] 
[INFO] [stdout] warning: unused import: `serde_json::json`
[INFO] [stdout]    --> src/util/mod.rs:127:9
[INFO] [stdout]     |
[INFO] [stdout] 127 |     use serde_json::json;
[INFO] [stdout]     |         ^^^^^^^^^^^^^^^^
[INFO] [stdout] 
[INFO] [stdout] 
[INFO] [stdout] warning: use of deprecated function `std::env::home_dir`: This function's behavior may be unexpected on Windows. Consider using a crate from crates.io instead.
[INFO] [stdout]  --> src/util/mod.rs:2:10
[INFO] [stdout]   |
[INFO] [stdout] 2 |     env::home_dir,
[INFO] [stdout]   |          ^^^^^^^^
[INFO] [stdout]   |
[INFO] [stdout]   = note: `#[warn(deprecated)]` on by default
[INFO] [stdout] 
[INFO] [stdout] 
[INFO] [stdout] warning: variable does not need to be mutable
[INFO] [stdout]   --> src/util/mod.rs:50:13
[INFO] [stdout]    |
[INFO] [stdout] 50 |         let mut skip = index * limit;
[INFO] [stdout]    |             ----^^^^
[INFO] [stdout]    |             |
[INFO] [stdout]    |             help: remove this `mut`
[INFO] [stdout]    |
[INFO] [stdout]    = note: `#[warn(unused_mut)]` on by default
[INFO] [stdout] 
[INFO] [stdout] 
[INFO] [stdout] warning: variable does not need to be mutable
[INFO] [stdout]  --> src/cli/cli.rs:5:9
[INFO] [stdout]   |
[INFO] [stdout] 5 |     let mut cmd = clap::Command::new("leetcode")
[INFO] [stdout]   |         ----^^^
[INFO] [stdout]   |         |
[INFO] [stdout]   |         help: remove this `mut`
[INFO] [stdout] 
[INFO] [stdout] 
[INFO] [stdout] warning: unused variable: `from`
[INFO] [stdout]   --> src/db/sqlite.rs:56:42
[INFO] [stdout]    |
[INFO] [stdout] 56 |     pub async fn query_with_range(&self, from: i32, to: i32) -> Result<Problem> {
[INFO] [stdout]    |                                          ^^^^ help: if this is intentional, prefix it with an underscore: `_from`
[INFO] [stdout]    |
[INFO] [stdout]    = note: `#[warn(unused_variables)]` on by default
[INFO] [stdout] 
[INFO] [stdout] 
[INFO] [stdout] warning: unused variable: `to`
[INFO] [stdout]   --> src/db/sqlite.rs:56:53
[INFO] [stdout]    |
[INFO] [stdout] 56 |     pub async fn query_with_range(&self, from: i32, to: i32) -> Result<Problem> {
[INFO] [stdout]    |                                                     ^^ help: if this is intentional, prefix it with an underscore: `_to`
[INFO] [stdout] 
[INFO] [stdout] 
[INFO] [stdout] warning: unused variable: `m`
[INFO] [stdout]   --> src/cmd/list.rs:21:22
[INFO] [stdout]    |
[INFO] [stdout] 21 |     async fn handler(m: &ArgMatches) -> Result<()> {
[INFO] [stdout]    |                      ^ help: if this is intentional, prefix it with an underscore: `_m`
[INFO] [stdout] 
[INFO] [stdout] 
[INFO] [stdout] warning: field `client` is never read
[INFO] [stdout]   --> src/leetcode/request.rs:12:5
[INFO] [stdout]    |
[INFO] [stdout] 11 | pub struct Request {
[INFO] [stdout]    |            ------- field in this struct
[INFO] [stdout] 12 |     client: Client,
[INFO] [stdout]    |     ^^^^^^
[INFO] [stdout]    |
[INFO] [stdout]    = note: `#[warn(dead_code)]` on by default
[INFO] [stdout] 
[INFO] [stdout] 
[INFO] [stderr]    Compiling leetcode-cli v0.2.0 (/opt/rustwide/workdir)
[INFO] [stdout] warning: unused `Result` in tuple element 0 that must be used
[INFO] [stdout]   --> src/cache/mod.rs:29:9
[INFO] [stdout]    |
[INFO] [stdout] 29 |         tokio::join!(handler);
[INFO] [stdout]    |         ^^^^^^^^^^^^^^^^^^^^^
[INFO] [stdout]    |
[INFO] [stdout]    = note: this `Result` may be an `Err` variant, which should be handled
[INFO] [stdout]    = note: `#[warn(unused_must_use)]` on by default
[INFO] [stdout]    = note: this warning originates in the macro `$crate::join` which comes from the expansion of the macro `tokio::join` (in Nightly builds, run with -Z macro-backtrace for more info)
[INFO] [stdout] 
[INFO] [stdout] 
[INFO] [stdout] warning: unused `Result` in tuple element 0 that must be used
[INFO] [stdout]   --> src/cache/mod.rs:72:9
[INFO] [stdout]    |
[INFO] [stdout] 72 |         tokio::join!(handler);
[INFO] [stdout]    |         ^^^^^^^^^^^^^^^^^^^^^
[INFO] [stdout]    |
[INFO] [stdout]    = note: this `Result` may be an `Err` variant, which should be handled
[INFO] [stdout]    = note: this warning originates in the macro `$crate::join` which comes from the expansion of the macro `tokio::join` (in Nightly builds, run with -Z macro-backtrace for more info)
[INFO] [stdout] 
[INFO] [stdout] 
[INFO] [stdout] warning: 17 warnings emitted
[INFO] [stdout] 
[INFO] [stdout] 
[INFO] [stdout] warning: unused import: `tokio::runtime::Builder`
[INFO] [stdout]   --> src/db/sqlite.rs:63:9
[INFO] [stdout]    |
[INFO] [stdout] 63 |     use tokio::runtime::Builder;
[INFO] [stdout]    |         ^^^^^^^^^^^^^^^^^^^^^^^
[INFO] [stdout]    |
[INFO] [stdout]    = note: `#[warn(unused_imports)]` on by default
[INFO] [stdout] 
[INFO] [stdout] 
[INFO] [stdout] warning: unused imports: `BufWriter`, `create_dir_all`, `env::home_dir`, `remove_dir_all`, `remove_file`, `self`
[INFO] [stdout]  --> src/util/mod.rs:2:5
[INFO] [stdout]   |
[INFO] [stdout] 2 |     env::home_dir,
[INFO] [stdout]   |     ^^^^^^^^^^^^^
[INFO] [stdout] 3 |     fs::{create_dir_all, remove_dir_all, remove_file, File},
[INFO] [stdout]   |          ^^^^^^^^^^^^^^  ^^^^^^^^^^^^^^  ^^^^^^^^^^^
[INFO] [stdout] 4 |     io::{self, BufWriter, Write},
[INFO] [stdout]   |          ^^^^  ^^^^^^^^^
[INFO] [stdout] 
[INFO] [stdout] 
[INFO] [stdout] warning: use of deprecated function `std::env::home_dir`: This function's behavior may be unexpected on Windows. Consider using a crate from crates.io instead.
[INFO] [stdout]  --> src/util/mod.rs:2:10
[INFO] [stdout]   |
[INFO] [stdout] 2 |     env::home_dir,
[INFO] [stdout]   |          ^^^^^^^^
[INFO] [stdout]   |
[INFO] [stdout]   = note: `#[warn(deprecated)]` on by default
[INFO] [stdout] 
[INFO] [stdout] 
[INFO] [stdout] warning: variable does not need to be mutable
[INFO] [stdout]   --> src/util/mod.rs:50:13
[INFO] [stdout]    |
[INFO] [stdout] 50 |         let mut skip = index * limit;
[INFO] [stdout]    |             ----^^^^
[INFO] [stdout]    |             |
[INFO] [stdout]    |             help: remove this `mut`
[INFO] [stdout]    |
[INFO] [stdout]    = note: `#[warn(unused_mut)]` on by default
[INFO] [stdout] 
[INFO] [stdout] 
[INFO] [stdout] warning: variable does not need to be mutable
[INFO] [stdout]  --> src/cli/cli.rs:5:9
[INFO] [stdout]   |
[INFO] [stdout] 5 |     let mut cmd = clap::Command::new("leetcode")
[INFO] [stdout]   |         ----^^^
[INFO] [stdout]   |         |
[INFO] [stdout]   |         help: remove this `mut`
[INFO] [stdout] 
[INFO] [stdout] 
[INFO] [stdout] warning: unused variable: `from`
[INFO] [stdout]   --> src/db/sqlite.rs:56:42
[INFO] [stdout]    |
[INFO] [stdout] 56 |     pub async fn query_with_range(&self, from: i32, to: i32) -> Result<Problem> {
[INFO] [stdout]    |                                          ^^^^ help: if this is intentional, prefix it with an underscore: `_from`
[INFO] [stdout]    |
[INFO] [stdout]    = note: `#[warn(unused_variables)]` on by default
[INFO] [stdout] 
[INFO] [stdout] 
[INFO] [stdout] warning: unused variable: `to`
[INFO] [stdout]   --> src/db/sqlite.rs:56:53
[INFO] [stdout]    |
[INFO] [stdout] 56 |     pub async fn query_with_range(&self, from: i32, to: i32) -> Result<Problem> {
[INFO] [stdout]    |                                                     ^^ help: if this is intentional, prefix it with an underscore: `_to`
[INFO] [stdout] 
[INFO] [stdout] 
[INFO] [stdout] warning: unused variable: `m`
[INFO] [stdout]   --> src/cmd/list.rs:21:22
[INFO] [stdout]    |
[INFO] [stdout] 21 |     async fn handler(m: &ArgMatches) -> Result<()> {
[INFO] [stdout]    |                      ^ help: if this is intentional, prefix it with an underscore: `_m`
[INFO] [stdout] 
[INFO] [stdout] 
[INFO] [stdout] warning: field `client` is never read
[INFO] [stdout]   --> src/leetcode/request.rs:12:5
[INFO] [stdout]    |
[INFO] [stdout] 11 | pub struct Request {
[INFO] [stdout]    |            ------- field in this struct
[INFO] [stdout] 12 |     client: Client,
[INFO] [stdout]    |     ^^^^^^
[INFO] [stdout]    |
[INFO] [stdout]    = note: `#[warn(dead_code)]` on by default
[INFO] [stdout] 
[INFO] [stdout] 
[INFO] [stdout] warning: unused `Result` in tuple element 0 that must be used
[INFO] [stdout]   --> src/cache/mod.rs:29:9
[INFO] [stdout]    |
[INFO] [stdout] 29 |         tokio::join!(handler);
[INFO] [stdout]    |         ^^^^^^^^^^^^^^^^^^^^^
[INFO] [stdout]    |
[INFO] [stdout]    = note: this `Result` may be an `Err` variant, which should be handled
[INFO] [stdout]    = note: `#[warn(unused_must_use)]` on by default
[INFO] [stdout]    = note: this warning originates in the macro `$crate::join` which comes from the expansion of the macro `tokio::join` (in Nightly builds, run with -Z macro-backtrace for more info)
[INFO] [stdout] 
[INFO] [stdout] 
[INFO] [stdout] warning: unused `Result` in tuple element 0 that must be used
[INFO] [stdout]   --> src/cache/mod.rs:72:9
[INFO] [stdout]    |
[INFO] [stdout] 72 |         tokio::join!(handler);
[INFO] [stdout]    |         ^^^^^^^^^^^^^^^^^^^^^
[INFO] [stdout]    |
[INFO] [stdout]    = note: this `Result` may be an `Err` variant, which should be handled
[INFO] [stdout]    = note: this warning originates in the macro `$crate::join` which comes from the expansion of the macro `tokio::join` (in Nightly builds, run with -Z macro-backtrace for more info)
[INFO] [stdout] 
[INFO] [stdout] 
[INFO] [stdout] warning: 11 warnings emitted
[INFO] [stdout] 
[INFO] [stdout] 
[INFO] [stderr]     Finished test [unoptimized + debuginfo] target(s) in 5.29s
[INFO] running `Command { std: "docker" "inspect" "f099d038aca91ac70cfe75482ae767081c07e5d409e54df334e057ff2ec45773", kill_on_drop: false }`
[INFO] running `Command { std: "docker" "rm" "-f" "f099d038aca91ac70cfe75482ae767081c07e5d409e54df334e057ff2ec45773", kill_on_drop: false }`
[INFO] [stdout] f099d038aca91ac70cfe75482ae767081c07e5d409e54df334e057ff2ec45773
[INFO] running `Command { std: "docker" "create" "-v" "/var/lib/crater-agent-workspace/builds/worker-4-tc1/target:/opt/rustwide/target:rw,Z" "-v" "/var/lib/crater-agent-workspace/builds/worker-4-tc1/source:/opt/rustwide/workdir:ro,Z" "-v" "/var/lib/crater-agent-workspace/cargo-home:/opt/rustwide/cargo-home:ro,Z" "-v" "/var/lib/crater-agent-workspace/rustup-home:/opt/rustwide/rustup-home:ro,Z" "-e" "SOURCE_DIR=/opt/rustwide/workdir" "-e" "CARGO_TARGET_DIR=/opt/rustwide/target" "-e" "CARGO_INCREMENTAL=0" "-e" "RUST_BACKTRACE=full" "-e" "RUSTFLAGS=--cap-lints=warn" "-e" "RUSTDOCFLAGS=--cap-lints=warn" "-e" "CARGO_HOME=/opt/rustwide/cargo-home" "-e" "RUSTUP_HOME=/opt/rustwide/rustup-home" "-w" "/opt/rustwide/workdir" "-m" "1610612736" "--user" "0:0" "--network" "none" "ghcr.io/rust-lang/crates-build-env/linux@sha256:2788e3201cd34a07e3172128adcd8b3090168a8e3bcc40d7c032b9dda1df7d1c" "/opt/rustwide/cargo-home/bin/cargo" "+1.75.0" "test" "--frozen", kill_on_drop: false }`
[INFO] [stdout] 32a820db2ca760c44d05884198c384a6214503dac3b1acadcdb097dfcd9261f4
[INFO] running `Command { std: "docker" "start" "-a" "32a820db2ca760c44d05884198c384a6214503dac3b1acadcdb097dfcd9261f4", kill_on_drop: false }`
[INFO] [stderr] warning: unused import: `super::Config`
[INFO] [stderr]   --> src/config/mod.rs:42:9
[INFO] [stderr]    |
[INFO] [stderr] 42 |     use super::Config;
[INFO] [stderr]    |         ^^^^^^^^^^^^^
[INFO] [stderr]    |
[INFO] [stderr]    = note: `#[warn(unused_imports)]` on by default
[INFO] [stderr] 
[INFO] [stderr] warning: unused imports: `INSERT_RECORD_OR_UPDATE_IF_EXISTS`, `Sqlite3`
[INFO] [stderr]   --> src/db/sqlite.rs:62:17
[INFO] [stderr]    |
[INFO] [stderr] 62 |     use super::{Sqlite3, INSERT_RECORD_OR_UPDATE_IF_EXISTS};
[INFO] [stderr]    |                 ^^^^^^^  ^^^^^^^^^^^^^^^^^^^^^^^^^^^^^^^^^
[INFO] [stderr] 
[INFO] [stderr] warning: unused import: `tokio::runtime::Builder`
[INFO] [stderr]   --> src/db/sqlite.rs:63:9
[INFO] [stderr]    |
[INFO] [stderr] 63 |     use tokio::runtime::Builder;
[INFO] [stderr]    |         ^^^^^^^^^^^^^^^^^^^^^^^
[INFO] [stderr] 
[INFO] [stderr] warning: unused import: `tokio::runtime::Builder`
[INFO] [stderr]   --> src/leetcode/request.rs:84:9
[INFO] [stderr]    |
[INFO] [stderr] 84 |     use tokio::runtime::Builder;
[INFO] [stderr]    |         ^^^^^^^^^^^^^^^^^^^^^^^
[INFO] [stderr] 
[INFO] [stderr] warning: unused import: `super::Request`
[INFO] [stderr]   --> src/leetcode/request.rs:86:9
[INFO] [stderr]    |
[INFO] [stderr] 86 |     use super::Request;
[INFO] [stderr]    |         ^^^^^^^^^^^^^^
[INFO] [stderr] 
[INFO] [stderr] warning: unused import: `super::Url`
[INFO] [stderr]   --> src/leetcode/url.rs:34:9
[INFO] [stderr]    |
[INFO] [stderr] 34 |     use super::Url;
[INFO] [stderr]    |         ^^^^^^^^^^
[INFO] [stderr] 
[INFO] [stderr] warning: unused imports: `BufWriter`, `create_dir_all`, `env::home_dir`, `remove_dir_all`, `remove_file`, `self`
[INFO] [stderr]  --> src/util/mod.rs:2:5
[INFO] [stderr]   |
[INFO] [stderr] 2 |     env::home_dir,
[INFO] [stderr]   |     ^^^^^^^^^^^^^
[INFO] [stderr] 3 |     fs::{create_dir_all, remove_dir_all, remove_file, File},
[INFO] [stderr]   |          ^^^^^^^^^^^^^^  ^^^^^^^^^^^^^^  ^^^^^^^^^^^
[INFO] [stderr] 4 |     io::{self, BufWriter, Write},
[INFO] [stderr]   |          ^^^^  ^^^^^^^^^
[INFO] [stderr] 
[INFO] [stderr] warning: unused import: `serde_json::json`
[INFO] [stderr]    --> src/util/mod.rs:127:9
[INFO] [stderr]     |
[INFO] [stderr] 127 |     use serde_json::json;
[INFO] [stderr]     |         ^^^^^^^^^^^^^^^^
[INFO] [stderr] 
[INFO] [stderr] warning: use of deprecated function `std::env::home_dir`: This function's behavior may be unexpected on Windows. Consider using a crate from crates.io instead.
[INFO] [stderr]  --> src/util/mod.rs:2:10
[INFO] [stderr]   |
[INFO] [stderr] 2 |     env::home_dir,
[INFO] [stderr]   |          ^^^^^^^^
[INFO] [stderr]   |
[INFO] [stderr]   = note: `#[warn(deprecated)]` on by default
[INFO] [stderr] 
[INFO] [stderr] warning: variable does not need to be mutable
[INFO] [stderr]   --> src/util/mod.rs:50:13
[INFO] [stderr]    |
[INFO] [stderr] 50 |         let mut skip = index * limit;
[INFO] [stderr]    |             ----^^^^
[INFO] [stderr]    |             |
[INFO] [stderr]    |             help: remove this `mut`
[INFO] [stderr]    |
[INFO] [stderr]    = note: `#[warn(unused_mut)]` on by default
[INFO] [stderr] 
[INFO] [stderr] warning: variable does not need to be mutable
[INFO] [stderr]  --> src/cli/cli.rs:5:9
[INFO] [stderr]   |
[INFO] [stderr] 5 |     let mut cmd = clap::Command::new("leetcode")
[INFO] [stderr]   |         ----^^^
[INFO] [stderr]   |         |
[INFO] [stderr]   |         help: remove this `mut`
[INFO] [stderr] 
[INFO] [stderr] warning: unused variable: `from`
[INFO] [stderr]   --> src/db/sqlite.rs:56:42
[INFO] [stderr]    |
[INFO] [stderr] 56 |     pub async fn query_with_range(&self, from: i32, to: i32) -> Result<Problem> {
[INFO] [stderr]    |                                          ^^^^ help: if this is intentional, prefix it with an underscore: `_from`
[INFO] [stderr]    |
[INFO] [stderr]    = note: `#[warn(unused_variables)]` on by default
[INFO] [stderr] 
[INFO] [stderr] warning: unused variable: `to`
[INFO] [stderr]   --> src/db/sqlite.rs:56:53
[INFO] [stderr]    |
[INFO] [stderr] 56 |     pub async fn query_with_range(&self, from: i32, to: i32) -> Result<Problem> {
[INFO] [stderr]    |                                                     ^^ help: if this is intentional, prefix it with an underscore: `_to`
[INFO] [stderr] 
[INFO] [stderr] warning: unused variable: `m`
[INFO] [stderr]   --> src/cmd/list.rs:21:22
[INFO] [stderr]    |
[INFO] [stderr] 21 |     async fn handler(m: &ArgMatches) -> Result<()> {
[INFO] [stderr]    |                      ^ help: if this is intentional, prefix it with an underscore: `_m`
[INFO] [stderr] 
[INFO] [stderr] warning: field `client` is never read
[INFO] [stderr]   --> src/leetcode/request.rs:12:5
[INFO] [stderr]    |
[INFO] [stderr] 11 | pub struct Request {
[INFO] [stderr]    |            ------- field in this struct
[INFO] [stderr] 12 |     client: Client,
[INFO] [stderr]    |     ^^^^^^
[INFO] [stderr]    |
[INFO] [stderr]    = note: `#[warn(dead_code)]` on by default
[INFO] [stderr] 
[INFO] [stderr] warning: unused `Result` in tuple element 0 that must be used
[INFO] [stderr]   --> src/cache/mod.rs:29:9
[INFO] [stderr]    |
[INFO] [stderr] 29 |         tokio::join!(handler);
[INFO] [stderr]    |         ^^^^^^^^^^^^^^^^^^^^^
[INFO] [stderr]    |
[INFO] [stderr]    = note: this `Result` may be an `Err` variant, which should be handled
[INFO] [stderr]    = note: `#[warn(unused_must_use)]` on by default
[INFO] [stderr]    = note: this warning originates in the macro `$crate::join` which comes from the expansion of the macro `tokio::join` (in Nightly builds, run with -Z macro-backtrace for more info)
[INFO] [stderr] 
[INFO] [stderr] warning: unused `Result` in tuple element 0 that must be used
[INFO] [stderr]   --> src/cache/mod.rs:72:9
[INFO] [stderr]    |
[INFO] [stderr] 72 |         tokio::join!(handler);
[INFO] [stderr]    |         ^^^^^^^^^^^^^^^^^^^^^
[INFO] [stderr]    |
[INFO] [stderr]    = note: this `Result` may be an `Err` variant, which should be handled
[INFO] [stderr]    = note: this warning originates in the macro `$crate::join` which comes from the expansion of the macro `tokio::join` (in Nightly builds, run with -Z macro-backtrace for more info)
[INFO] [stderr] 
[INFO] [stderr] warning: unused import: `tokio::runtime::Builder`
[INFO] [stderr]   --> src/db/sqlite.rs:63:9
[INFO] [stderr]    |
[INFO] [stderr] 63 |     use tokio::runtime::Builder;
[INFO] [stderr]    |         ^^^^^^^^^^^^^^^^^^^^^^^
[INFO] [stderr]    |
[INFO] [stderr]    = note: `#[warn(unused_imports)]` on by default
[INFO] [stderr] 
[INFO] [stderr] warning: `leetcode-cli` (lib) generated 17 warnings (run `cargo fix --lib -p leetcode-cli` to apply 13 suggestions)
[INFO] [stderr] warning: `leetcode-cli` (lib test) generated 11 warnings (10 duplicates) (run `cargo fix --lib -p leetcode-cli --tests` to apply 1 suggestion)
[INFO] [stderr]     Finished test [unoptimized + debuginfo] target(s) in 0.16s
[INFO] [stderr]      Running unittests src/lib.rs (/opt/rustwide/target/debug/deps/leetcode_cli-6a1d87888c49137a)
[INFO] [stdout] 
[INFO] [stdout] running 7 tests
[INFO] [stdout] test db::sqlite::test::query_with_invalid_id_n1 ... ok
[INFO] [stdout] test leetcode::url::test::leetcode_url ... ok
[INFO] [stdout] test util::test::concat_vec_to_json ... ok
[INFO] [stdout] test config::test::access_config ... FAILED
[INFO] [stdout] test db::sqlite::test::query_with_valid_id_1 ... FAILED
[INFO] [stdout] test db::sqlite::test::update_value_if_record_exists ... FAILED
[INFO] [stdout] test leetcode::request::test::query_testcase_with_id ... FAILED
[INFO] [stdout] 
[INFO] [stdout] failures:
[INFO] [stdout] 
[INFO] [stdout] ---- config::test::access_config stdout ----
[INFO] [stdout] thread 'config::test::access_config' panicked at src/config/mod.rs:37:54:
[INFO] [stdout] called `Result::unwrap()` on an `Err` value: configuration file "/root/.config/leetcode/leetcode.toml" not found
[INFO] [stdout] stack backtrace:
[INFO] [stdout]    0:     0x5555e2a1d3dc - std::backtrace_rs::backtrace::libunwind::trace::ha637c64ce894333a
[INFO] [stdout]                                at /rustc/82e1608dfa6e0b5569232559e3d385fea5a93112/library/std/src/../../backtrace/src/backtrace/libunwind.rs:104:5
[INFO] [stdout]    1:     0x5555e2a1d3dc - std::backtrace_rs::backtrace::trace_unsynchronized::h47f62dea28e0c88d
[INFO] [stdout]                                at /rustc/82e1608dfa6e0b5569232559e3d385fea5a93112/library/std/src/../../backtrace/src/backtrace/mod.rs:66:5
[INFO] [stdout]    2:     0x5555e2a1d3dc - std::sys_common::backtrace::_print_fmt::h9eef0abe20ede486
[INFO] [stdout]                                at /rustc/82e1608dfa6e0b5569232559e3d385fea5a93112/library/std/src/sys_common/backtrace.rs:67:5
[INFO] [stdout]    3:     0x5555e2a1d3dc - <std::sys_common::backtrace::_print::DisplayBacktrace as core::fmt::Display>::fmt::hed7f999df88cc644
[INFO] [stdout]                                at /rustc/82e1608dfa6e0b5569232559e3d385fea5a93112/library/std/src/sys_common/backtrace.rs:44:22
[INFO] [stdout]    4:     0x5555e2a4bf90 - core::fmt::rt::Argument::fmt::h1539a9308b8d058d
[INFO] [stdout]                                at /rustc/82e1608dfa6e0b5569232559e3d385fea5a93112/library/core/src/fmt/rt.rs:142:9
[INFO] [stdout]    5:     0x5555e2a4bf90 - core::fmt::write::h3a39390d8560d9c9
[INFO] [stdout]                                at /rustc/82e1608dfa6e0b5569232559e3d385fea5a93112/library/core/src/fmt/mod.rs:1120:17
[INFO] [stdout]    6:     0x5555e2a1a1cf - std::io::Write::write_fmt::h040b369f3a0f9cbc
[INFO] [stdout]                                at /rustc/82e1608dfa6e0b5569232559e3d385fea5a93112/library/std/src/io/mod.rs:1762:15
[INFO] [stdout]    7:     0x5555e2a1d1c4 - std::sys_common::backtrace::_print::h894006fb5c6f3d45
[INFO] [stdout]                                at /rustc/82e1608dfa6e0b5569232559e3d385fea5a93112/library/std/src/sys_common/backtrace.rs:47:5
[INFO] [stdout]    8:     0x5555e2a1d1c4 - std::sys_common::backtrace::print::h23a2d212c6fff936
[INFO] [stdout]                                at /rustc/82e1608dfa6e0b5569232559e3d385fea5a93112/library/std/src/sys_common/backtrace.rs:34:9
[INFO] [stdout]    9:     0x5555e2a1ee87 - std::panicking::default_hook::{{closure}}::h8a1d2ee00185001a
[INFO] [stdout]   10:     0x5555e2a1eb73 - std::panicking::default_hook::h6038f2eba384e475
[INFO] [stdout]                                at /rustc/82e1608dfa6e0b5569232559e3d385fea5a93112/library/std/src/panicking.rs:289:9
[INFO] [stdout]   11:     0x5555e221cca7 - <alloc::boxed::Box<F,A> as core::ops::function::Fn<Args>>::call::h0ad024c9bdc6d768
[INFO] [stdout]                                at /rustc/82e1608dfa6e0b5569232559e3d385fea5a93112/library/alloc/src/boxed.rs:2021:9
[INFO] [stdout]   12:     0x5555e221cca7 - test::test_main::{{closure}}::h7500b54257359db6
[INFO] [stdout]                                at /rustc/82e1608dfa6e0b5569232559e3d385fea5a93112/library/test/src/lib.rs:138:21
[INFO] [stdout]   13:     0x5555e2a1f498 - <alloc::boxed::Box<F,A> as core::ops::function::Fn<Args>>::call::h1f8f335eaa9cfaee
[INFO] [stdout]                                at /rustc/82e1608dfa6e0b5569232559e3d385fea5a93112/library/alloc/src/boxed.rs:2021:9
[INFO] [stdout]   14:     0x5555e2a1f498 - std::panicking::rust_panic_with_hook::h2b5517d590cab22e
[INFO] [stdout]                                at /rustc/82e1608dfa6e0b5569232559e3d385fea5a93112/library/std/src/panicking.rs:783:13
[INFO] [stdout]   15:     0x5555e2a1f1ee - std::panicking::begin_panic_handler::{{closure}}::h233112c06e0ef43e
[INFO] [stdout]                                at /rustc/82e1608dfa6e0b5569232559e3d385fea5a93112/library/std/src/panicking.rs:657:13
[INFO] [stdout]   16:     0x5555e2a1d8a6 - std::sys_common::backtrace::__rust_end_short_backtrace::h6e893f24d7ebbff8
[INFO] [stdout]                                at /rustc/82e1608dfa6e0b5569232559e3d385fea5a93112/library/std/src/sys_common/backtrace.rs:170:18
[INFO] [stdout]   17:     0x5555e2a1ef52 - rust_begin_unwind
[INFO] [stdout]                                at /rustc/82e1608dfa6e0b5569232559e3d385fea5a93112/library/std/src/panicking.rs:645:5
[INFO] [stdout]   18:     0x5555e21abd25 - core::panicking::panic_fmt::hbf0e066aabfa482c
[INFO] [stdout]                                at /rustc/82e1608dfa6e0b5569232559e3d385fea5a93112/library/core/src/panicking.rs:72:14
[INFO] [stdout]   19:     0x5555e21ac353 - core::result::unwrap_failed::hddb4fea594200c52
[INFO] [stdout]                                at /rustc/82e1608dfa6e0b5569232559e3d385fea5a93112/library/core/src/result.rs:1653:5
[INFO] [stdout]   20:     0x5555e21ae413 - core::result::Result<T,E>::unwrap::h4713dc05199ccd44
[INFO] [stdout]                                at /rustc/82e1608dfa6e0b5569232559e3d385fea5a93112/library/core/src/result.rs:1077:23
[INFO] [stdout]   21:     0x5555e21bad91 - leetcode_cli::config::Config::global::{{closure}}::hdb8f9e0dc7446702
[INFO] [stdout]                                at /opt/rustwide/workdir/src/config/mod.rs:37:40
[INFO] [stdout]   22:     0x5555e21d252b - core::cell::once::OnceCell<T>::get_or_init::{{closure}}::h4db9d46a862fbb0d
[INFO] [stdout]                                at /rustc/82e1608dfa6e0b5569232559e3d385fea5a93112/library/core/src/cell/once.rs:162:50
[INFO] [stdout]   23:     0x5555e21d2601 - core::cell::once::OnceCell<T>::get_or_try_init::outlined_call::hb10fb8ed8199e142
[INFO] [stdout]                                at /rustc/82e1608dfa6e0b5569232559e3d385fea5a93112/library/core/src/cell/once.rs:210:13
[INFO] [stdout]   24:     0x5555e21d29b4 - core::cell::once::OnceCell<T>::get_or_try_init::hc3334bf56b343945
[INFO] [stdout]                                at /rustc/82e1608dfa6e0b5569232559e3d385fea5a93112/library/core/src/cell/once.rs:212:19
[INFO] [stdout]   25:     0x5555e21d24ee - core::cell::once::OnceCell<T>::get_or_init::hf28ce5c3cb105d0f
[INFO] [stdout]                                at /rustc/82e1608dfa6e0b5569232559e3d385fea5a93112/library/core/src/cell/once.rs:162:15
[INFO] [stdout]   26:     0x5555e21bad5d - leetcode_cli::config::Config::global::hfe9738626231ba77
[INFO] [stdout]                                at /opt/rustwide/workdir/src/config/mod.rs:37:18
[INFO] [stdout]   27:     0x5555e21b1e0c - leetcode_cli::config::test::access_config::hbdafe981af4b0ac9
[INFO] [stdout]                                at /opt/rustwide/workdir/src/config/mod.rs:46:22
[INFO] [stdout]   28:     0x5555e21b1de7 - leetcode_cli::config::test::access_config::{{closure}}::h89fefa21e41b7df2
[INFO] [stdout]                                at /opt/rustwide/workdir/src/config/mod.rs:45:23
[INFO] [stdout]   29:     0x5555e21d9446 - core::ops::function::FnOnce::call_once::hdcc979e4edc06cd8
[INFO] [stdout]                                at /rustc/82e1608dfa6e0b5569232559e3d385fea5a93112/library/core/src/ops/function.rs:250:5
[INFO] [stdout]   30:     0x5555e22222ff - core::ops::function::FnOnce::call_once::h2b5d431d5046312d
[INFO] [stdout]                                at /rustc/82e1608dfa6e0b5569232559e3d385fea5a93112/library/core/src/ops/function.rs:250:5
[INFO] [stdout]   31:     0x5555e22222ff - test::__rust_begin_short_backtrace::h7714669af176e207
[INFO] [stdout]                                at /rustc/82e1608dfa6e0b5569232559e3d385fea5a93112/library/test/src/lib.rs:628:18
[INFO] [stdout]   32:     0x5555e2221315 - test::run_test_in_process::{{closure}}::h85218797dcbcec12
[INFO] [stdout]                                at /rustc/82e1608dfa6e0b5569232559e3d385fea5a93112/library/test/src/lib.rs:651:60
[INFO] [stdout]   33:     0x5555e2221315 - <core::panic::unwind_safe::AssertUnwindSafe<F> as core::ops::function::FnOnce<()>>::call_once::h76c106ea31c14d7b
[INFO] [stdout]                                at /rustc/82e1608dfa6e0b5569232559e3d385fea5a93112/library/core/src/panic/unwind_safe.rs:272:9
[INFO] [stdout]   34:     0x5555e2221315 - std::panicking::try::do_call::h3bd5d0f6620ee946
[INFO] [stdout]                                at /rustc/82e1608dfa6e0b5569232559e3d385fea5a93112/library/std/src/panicking.rs:552:40
[INFO] [stdout]   35:     0x5555e2221315 - std::panicking::try::h232e535e4744fe31
[INFO] [stdout]                                at /rustc/82e1608dfa6e0b5569232559e3d385fea5a93112/library/std/src/panicking.rs:516:19
[INFO] [stdout]   36:     0x5555e2221315 - std::panic::catch_unwind::h3ce3bd6ca8dbac68
[INFO] [stdout]                                at /rustc/82e1608dfa6e0b5569232559e3d385fea5a93112/library/std/src/panic.rs:142:14
[INFO] [stdout]   37:     0x5555e2221315 - test::run_test_in_process::hc97b257c9621286a
[INFO] [stdout]                                at /rustc/82e1608dfa6e0b5569232559e3d385fea5a93112/library/test/src/lib.rs:651:27
[INFO] [stdout]   38:     0x5555e2221315 - test::run_test::{{closure}}::h2aa798823a438d38
[INFO] [stdout]                                at /rustc/82e1608dfa6e0b5569232559e3d385fea5a93112/library/test/src/lib.rs:574:43
[INFO] [stdout]   39:     0x5555e21e95d6 - test::run_test::{{closure}}::h87d231c78fb59832
[INFO] [stdout]                                at /rustc/82e1608dfa6e0b5569232559e3d385fea5a93112/library/test/src/lib.rs:602:41
[INFO] [stdout]   40:     0x5555e21e95d6 - std::sys_common::backtrace::__rust_begin_short_backtrace::he6df152596625789
[INFO] [stdout]                                at /rustc/82e1608dfa6e0b5569232559e3d385fea5a93112/library/std/src/sys_common/backtrace.rs:154:18
[INFO] [stdout]   41:     0x5555e21ee687 - std::thread::Builder::spawn_unchecked_::{{closure}}::{{closure}}::ha94be15d1e0acf36
[INFO] [stdout]                                at /rustc/82e1608dfa6e0b5569232559e3d385fea5a93112/library/std/src/thread/mod.rs:529:17
[INFO] [stdout]   42:     0x5555e21ee687 - <core::panic::unwind_safe::AssertUnwindSafe<F> as core::ops::function::FnOnce<()>>::call_once::h9dc6bd6372f16606
[INFO] [stdout]                                at /rustc/82e1608dfa6e0b5569232559e3d385fea5a93112/library/core/src/panic/unwind_safe.rs:272:9
[INFO] [stdout]   43:     0x5555e21ee687 - std::panicking::try::do_call::h9057517f80303cd4
[INFO] [stdout]                                at /rustc/82e1608dfa6e0b5569232559e3d385fea5a93112/library/std/src/panicking.rs:552:40
[INFO] [stdout]   44:     0x5555e21ee687 - std::panicking::try::he3a30b11ee45340c
[INFO] [stdout]                                at /rustc/82e1608dfa6e0b5569232559e3d385fea5a93112/library/std/src/panicking.rs:516:19
[INFO] [stdout]   45:     0x5555e21ee687 - std::panic::catch_unwind::h410458cfd3528b8b
[INFO] [stdout]                                at /rustc/82e1608dfa6e0b5569232559e3d385fea5a93112/library/std/src/panic.rs:142:14
[INFO] [stdout]   46:     0x5555e21ee687 - std::thread::Builder::spawn_unchecked_::{{closure}}::h72ac3bdb567b737b
[INFO] [stdout]                                at /rustc/82e1608dfa6e0b5569232559e3d385fea5a93112/library/std/src/thread/mod.rs:528:30
[INFO] [stdout]   47:     0x5555e21ee687 - core::ops::function::FnOnce::call_once{{vtable.shim}}::h38f34da3654a8344
[INFO] [stdout]                                at /rustc/82e1608dfa6e0b5569232559e3d385fea5a93112/library/core/src/ops/function.rs:250:5
[INFO] [stdout]   48:     0x5555e2a24225 - <alloc::boxed::Box<F,A> as core::ops::function::FnOnce<Args>>::call_once::hc7eafaff61e32df9
[INFO] [stdout]                                at /rustc/82e1608dfa6e0b5569232559e3d385fea5a93112/library/alloc/src/boxed.rs:2007:9
[INFO] [stdout]   49:     0x5555e2a24225 - <alloc::boxed::Box<F,A> as core::ops::function::FnOnce<Args>>::call_once::h6ba4a5de48dd2304
[INFO] [stdout]                                at /rustc/82e1608dfa6e0b5569232559e3d385fea5a93112/library/alloc/src/boxed.rs:2007:9
[INFO] [stdout]   50:     0x5555e2a24225 - std::sys::unix::thread::Thread::new::thread_start::he469335aef763e45
[INFO] [stdout]                                at /rustc/82e1608dfa6e0b5569232559e3d385fea5a93112/library/std/src/sys/unix/thread.rs:108:17
[INFO] [stdout]   51:     0x7f3aac915ac3 - <unknown>
[INFO] [stdout]   52:     0x7f3aac9a6bf4 - __clone
[INFO] [stdout]   53:                0x0 - <unknown>
[INFO] [stdout] 
[INFO] [stdout] ---- db::sqlite::test::query_with_valid_id_1 stdout ----
[INFO] [stdout] thread 'db::sqlite::test::query_with_valid_id_1' panicked at src/config/mod.rs:37:54:
[INFO] [stdout] called `Result::unwrap()` on an `Err` value: configuration file "/root/.config/leetcode/leetcode.toml" not found
[INFO] [stdout] stack backtrace:
[INFO] [stdout]    0:     0x5555e2a1d3dc - std::backtrace_rs::backtrace::libunwind::trace::ha637c64ce894333a
[INFO] [stdout]                                at /rustc/82e1608dfa6e0b5569232559e3d385fea5a93112/library/std/src/../../backtrace/src/backtrace/libunwind.rs:104:5
[INFO] [stdout]    1:     0x5555e2a1d3dc - std::backtrace_rs::backtrace::trace_unsynchronized::h47f62dea28e0c88d
[INFO] [stdout]                                at /rustc/82e1608dfa6e0b5569232559e3d385fea5a93112/library/std/src/../../backtrace/src/backtrace/mod.rs:66:5
[INFO] [stdout]    2:     0x5555e2a1d3dc - std::sys_common::backtrace::_print_fmt::h9eef0abe20ede486
[INFO] [stdout]                                at /rustc/82e1608dfa6e0b5569232559e3d385fea5a93112/library/std/src/sys_common/backtrace.rs:67:5
[INFO] [stdout]    3:     0x5555e2a1d3dc - <std::sys_common::backtrace::_print::DisplayBacktrace as core::fmt::Display>::fmt::hed7f999df88cc644
[INFO] [stdout]                                at /rustc/82e1608dfa6e0b5569232559e3d385fea5a93112/library/std/src/sys_common/backtrace.rs:44:22
[INFO] [stdout]    4:     0x5555e2a4bf90 - core::fmt::rt::Argument::fmt::h1539a9308b8d058d
[INFO] [stdout]                                at /rustc/82e1608dfa6e0b5569232559e3d385fea5a93112/library/core/src/fmt/rt.rs:142:9
[INFO] [stdout]    5:     0x5555e2a4bf90 - core::fmt::write::h3a39390d8560d9c9
[INFO] [stdout]                                at /rustc/82e1608dfa6e0b5569232559e3d385fea5a93112/library/core/src/fmt/mod.rs:1120:17
[INFO] [stdout]    6:     0x5555e2a1a1cf - std::io::Write::write_fmt::h040b369f3a0f9cbc
[INFO] [stdout]                                at /rustc/82e1608dfa6e0b5569232559e3d385fea5a93112/library/std/src/io/mod.rs:1762:15
[INFO] [stdout]    7:     0x5555e2a1d1c4 - std::sys_common::backtrace::_print::h894006fb5c6f3d45
[INFO] [stdout]                                at /rustc/82e1608dfa6e0b5569232559e3d385fea5a93112/library/std/src/sys_common/backtrace.rs:47:5
[INFO] [stdout]    8:     0x5555e2a1d1c4 - std::sys_common::backtrace::print::h23a2d212c6fff936
[INFO] [stdout]                                at /rustc/82e1608dfa6e0b5569232559e3d385fea5a93112/library/std/src/sys_common/backtrace.rs:34:9
[INFO] [stdout]    9:     0x5555e2a1ee87 - std::panicking::default_hook::{{closure}}::h8a1d2ee00185001a
[INFO] [stdout]   10:     0x5555e2a1eb73 - std::panicking::default_hook::h6038f2eba384e475
[INFO] [stdout]                                at /rustc/82e1608dfa6e0b5569232559e3d385fea5a93112/library/std/src/panicking.rs:289:9
[INFO] [stdout]   11:     0x5555e221cca7 - <alloc::boxed::Box<F,A> as core::ops::function::Fn<Args>>::call::h0ad024c9bdc6d768
[INFO] [stdout]                                at /rustc/82e1608dfa6e0b5569232559e3d385fea5a93112/library/alloc/src/boxed.rs:2021:9
[INFO] [stdout]   12:     0x5555e221cca7 - test::test_main::{{closure}}::h7500b54257359db6
[INFO] [stdout]                                at /rustc/82e1608dfa6e0b5569232559e3d385fea5a93112/library/test/src/lib.rs:138:21
[INFO] [stdout]   13:     0x5555e2a1f498 - <alloc::boxed::Box<F,A> as core::ops::function::Fn<Args>>::call::h1f8f335eaa9cfaee
[INFO] [stdout]                                at /rustc/82e1608dfa6e0b5569232559e3d385fea5a93112/library/alloc/src/boxed.rs:2021:9
[INFO] [stdout]   14:     0x5555e2a1f498 - std::panicking::rust_panic_with_hook::h2b5517d590cab22e
[INFO] [stdout]                                at /rustc/82e1608dfa6e0b5569232559e3d385fea5a93112/library/std/src/panicking.rs:783:13
[INFO] [stdout]   15:     0x5555e2a1f1ee - std::panicking::begin_panic_handler::{{closure}}::h233112c06e0ef43e
[INFO] [stdout]                                at /rustc/82e1608dfa6e0b5569232559e3d385fea5a93112/library/std/src/panicking.rs:657:13
[INFO] [stdout]   16:     0x5555e2a1d8a6 - std::sys_common::backtrace::__rust_end_short_backtrace::h6e893f24d7ebbff8
[INFO] [stdout]                                at /rustc/82e1608dfa6e0b5569232559e3d385fea5a93112/library/std/src/sys_common/backtrace.rs:170:18
[INFO] [stdout]   17:     0x5555e2a1ef52 - rust_begin_unwind
[INFO] [stdout]                                at /rustc/82e1608dfa6e0b5569232559e3d385fea5a93112/library/std/src/panicking.rs:645:5
[INFO] [stdout]   18:     0x5555e21abd25 - core::panicking::panic_fmt::hbf0e066aabfa482c
[INFO] [stdout]                                at /rustc/82e1608dfa6e0b5569232559e3d385fea5a93112/library/core/src/panicking.rs:72:14
[INFO] [stdout]   19:     0x5555e21ac353 - core::result::unwrap_failed::hddb4fea594200c52
[INFO] [stdout]                                at /rustc/82e1608dfa6e0b5569232559e3d385fea5a93112/library/core/src/result.rs:1653:5
[INFO] [stdout]   20:     0x5555e21ae413 - core::result::Result<T,E>::unwrap::h4713dc05199ccd44
[INFO] [stdout]                                at /rustc/82e1608dfa6e0b5569232559e3d385fea5a93112/library/core/src/result.rs:1077:23
[INFO] [stdout]   21:     0x5555e21bad91 - leetcode_cli::config::Config::global::{{closure}}::hdb8f9e0dc7446702
[INFO] [stdout]                                at /opt/rustwide/workdir/src/config/mod.rs:37:40
[INFO] [stdout]   22:     0x5555e21d252b - core::cell::once::OnceCell<T>::get_or_init::{{closure}}::h4db9d46a862fbb0d
[INFO] [stdout]                                at /rustc/82e1608dfa6e0b5569232559e3d385fea5a93112/library/core/src/cell/once.rs:162:50
[INFO] [stdout]   23:     0x5555e21d2601 - core::cell::once::OnceCell<T>::get_or_try_init::outlined_call::hb10fb8ed8199e142
[INFO] [stdout]                                at /rustc/82e1608dfa6e0b5569232559e3d385fea5a93112/library/core/src/cell/once.rs:210:13
[INFO] [stdout]   24:     0x5555e21d29b4 - core::cell::once::OnceCell<T>::get_or_try_init::hc3334bf56b343945
[INFO] [stdout]                                at /rustc/82e1608dfa6e0b5569232559e3d385fea5a93112/library/core/src/cell/once.rs:212:19
[INFO] [stdout]   25:     0x5555e21d24ee - core::cell::once::OnceCell<T>::get_or_init::hf28ce5c3cb105d0f
[INFO] [stdout]                                at /rustc/82e1608dfa6e0b5569232559e3d385fea5a93112/library/core/src/cell/once.rs:162:15
[INFO] [stdout]   26:     0x5555e21bad5d - leetcode_cli::config::Config::global::hfe9738626231ba77
[INFO] [stdout]                                at /opt/rustwide/workdir/src/config/mod.rs:37:18
[INFO] [stdout]   27:     0x5555e21d8139 - leetcode_cli::db::sqlite::Sqlite3::global::h2e6b6adb95727f5d
[INFO] [stdout]                                at /opt/rustwide/workdir/src/db/sqlite.rs:28:18
[INFO] [stdout]   28:     0x5555e21c22bc - leetcode_cli::db::sqlite::test::query_with_valid_id_1::h9641ba0b62d1e548
[INFO] [stdout]                                at /opt/rustwide/workdir/src/db/sqlite.rs:67:18
[INFO] [stdout]   29:     0x5555e21c2287 - leetcode_cli::db::sqlite::test::query_with_valid_id_1::{{closure}}::hf43fa7c16c070ca2
[INFO] [stdout]                                at /opt/rustwide/workdir/src/db/sqlite.rs:66:31
[INFO] [stdout]   30:     0x5555e21d9406 - core::ops::function::FnOnce::call_once::hda1efd475a2607ed
[INFO] [stdout]                                at /rustc/82e1608dfa6e0b5569232559e3d385fea5a93112/library/core/src/ops/function.rs:250:5
[INFO] [stdout]   31:     0x5555e22222ff - core::ops::function::FnOnce::call_once::h2b5d431d5046312d
[INFO] [stdout]                                at /rustc/82e1608dfa6e0b5569232559e3d385fea5a93112/library/core/src/ops/function.rs:250:5
[INFO] [stdout]   32:     0x5555e22222ff - test::__rust_begin_short_backtrace::h7714669af176e207
[INFO] [stdout]                                at /rustc/82e1608dfa6e0b5569232559e3d385fea5a93112/library/test/src/lib.rs:628:18
[INFO] [stdout]   33:     0x5555e2221315 - test::run_test_in_process::{{closure}}::h85218797dcbcec12
[INFO] [stdout]                                at /rustc/82e1608dfa6e0b5569232559e3d385fea5a93112/library/test/src/lib.rs:651:60
[INFO] [stdout]   34:     0x5555e2221315 - <core::panic::unwind_safe::AssertUnwindSafe<F> as core::ops::function::FnOnce<()>>::call_once::h76c106ea31c14d7b
[INFO] [stdout]                                at /rustc/82e1608dfa6e0b5569232559e3d385fea5a93112/library/core/src/panic/unwind_safe.rs:272:9
[INFO] [stdout]   35:     0x5555e2221315 - std::panicking::try::do_call::h3bd5d0f6620ee946
[INFO] [stdout]                                at /rustc/82e1608dfa6e0b5569232559e3d385fea5a93112/library/std/src/panicking.rs:552:40
[INFO] [stdout]   36:     0x5555e2221315 - std::panicking::try::h232e535e4744fe31
[INFO] [stdout]                                at /rustc/82e1608dfa6e0b5569232559e3d385fea5a93112/library/std/src/panicking.rs:516:19
[INFO] [stdout]   37:     0x5555e2221315 - std::panic::catch_unwind::h3ce3bd6ca8dbac68
[INFO] [stdout]                                at /rustc/82e1608dfa6e0b5569232559e3d385fea5a93112/library/std/src/panic.rs:142:14
[INFO] [stdout]   38:     0x5555e2221315 - test::run_test_in_process::hc97b257c9621286a
[INFO] [stdout]                                at /rustc/82e1608dfa6e0b5569232559e3d385fea5a93112/library/test/src/lib.rs:651:27
[INFO] [stdout]   39:     0x5555e2221315 - test::run_test::{{closure}}::h2aa798823a438d38
[INFO] [stdout]                                at /rustc/82e1608dfa6e0b5569232559e3d385fea5a93112/library/test/src/lib.rs:574:43
[INFO] [stdout]   40:     0x5555e21e95d6 - test::run_test::{{closure}}::h87d231c78fb59832
[INFO] [stdout]                                at /rustc/82e1608dfa6e0b5569232559e3d385fea5a93112/library/test/src/lib.rs:602:41
[INFO] [stdout]   41:     0x5555e21e95d6 - std::sys_common::backtrace::__rust_begin_short_backtrace::he6df152596625789
[INFO] [stdout]                                at /rustc/82e1608dfa6e0b5569232559e3d385fea5a93112/library/std/src/sys_common/backtrace.rs:154:18
[INFO] [stdout]   42:     0x5555e21ee687 - std::thread::Builder::spawn_unchecked_::{{closure}}::{{closure}}::ha94be15d1e0acf36
[INFO] [stdout]                                at /rustc/82e1608dfa6e0b5569232559e3d385fea5a93112/library/std/src/thread/mod.rs:529:17
[INFO] [stdout]   43:     0x5555e21ee687 - <core::panic::unwind_safe::AssertUnwindSafe<F> as core::ops::function::FnOnce<()>>::call_once::h9dc6bd6372f16606
[INFO] [stdout]                                at /rustc/82e1608dfa6e0b5569232559e3d385fea5a93112/library/core/src/panic/unwind_safe.rs:272:9
[INFO] [stdout]   44:     0x5555e21ee687 - std::panicking::try::do_call::h9057517f80303cd4
[INFO] [stdout]                                at /rustc/82e1608dfa6e0b5569232559e3d385fea5a93112/library/std/src/panicking.rs:552:40
[INFO] [stdout]   45:     0x5555e21ee687 - std::panicking::try::he3a30b11ee45340c
[INFO] [stdout]                                at /rustc/82e1608dfa6e0b5569232559e3d385fea5a93112/library/std/src/panicking.rs:516:19
[INFO] [stdout]   46:     0x5555e21ee687 - std::panic::catch_unwind::h410458cfd3528b8b
[INFO] [stdout]                                at /rustc/82e1608dfa6e0b5569232559e3d385fea5a93112/library/std/src/panic.rs:142:14
[INFO] [stdout]   47:     0x5555e21ee687 - std::thread::Builder::spawn_unchecked_::{{closure}}::h72ac3bdb567b737b
[INFO] [stdout]                                at /rustc/82e1608dfa6e0b5569232559e3d385fea5a93112/library/std/src/thread/mod.rs:528:30
[INFO] [stdout]   48:     0x5555e21ee687 - core::ops::function::FnOnce::call_once{{vtable.shim}}::h38f34da3654a8344
[INFO] [stdout]                                at /rustc/82e1608dfa6e0b5569232559e3d385fea5a93112/library/core/src/ops/function.rs:250:5
[INFO] [stdout]   49:     0x5555e2a24225 - <alloc::boxed::Box<F,A> as core::ops::function::FnOnce<Args>>::call_once::hc7eafaff61e32df9
[INFO] [stdout]                                at /rustc/82e1608dfa6e0b5569232559e3d385fea5a93112/library/alloc/src/boxed.rs:2007:9
[INFO] [stdout]   50:     0x5555e2a24225 - <alloc::boxed::Box<F,A> as core::ops::function::FnOnce<Args>>::call_once::h6ba4a5de48dd2304
[INFO] [stdout]                                at /rustc/82e1608dfa6e0b5569232559e3d385fea5a93112/library/alloc/src/boxed.rs:2007:9
[INFO] [stdout]   51:     0x5555e2a24225 - std::sys::unix::thread::Thread::new::thread_start::he469335aef763e45
[INFO] [stdout]                                at /rustc/82e1608dfa6e0b5569232559e3d385fea5a93112/library/std/src/sys/unix/thread.rs:108:17
[INFO] [stdout]   52:     0x7f3aac915ac3 - <unknown>
[INFO] [stdout]   53:     0x7f3aac9a6bf4 - __clone
[INFO] [stdout]   54:                0x0 - <unknown>
[INFO] [stdout] 
[INFO] [stdout] ---- db::sqlite::test::update_value_if_record_exists stdout ----
[INFO] [stdout] thread 'db::sqlite::test::update_value_if_record_exists' panicked at src/config/mod.rs:37:54:
[INFO] [stdout] called `Result::unwrap()` on an `Err` value: configuration file "/root/.config/leetcode/leetcode.toml" not found
[INFO] [stdout] stack backtrace:
[INFO] [stdout]    0:     0x5555e2a1d3dc - std::backtrace_rs::backtrace::libunwind::trace::ha637c64ce894333a
[INFO] [stdout]                                at /rustc/82e1608dfa6e0b5569232559e3d385fea5a93112/library/std/src/../../backtrace/src/backtrace/libunwind.rs:104:5
[INFO] [stdout]    1:     0x5555e2a1d3dc - std::backtrace_rs::backtrace::trace_unsynchronized::h47f62dea28e0c88d
[INFO] [stdout]                                at /rustc/82e1608dfa6e0b5569232559e3d385fea5a93112/library/std/src/../../backtrace/src/backtrace/mod.rs:66:5
[INFO] [stdout]    2:     0x5555e2a1d3dc - std::sys_common::backtrace::_print_fmt::h9eef0abe20ede486
[INFO] [stdout]                                at /rustc/82e1608dfa6e0b5569232559e3d385fea5a93112/library/std/src/sys_common/backtrace.rs:67:5
[INFO] [stdout]    3:     0x5555e2a1d3dc - <std::sys_common::backtrace::_print::DisplayBacktrace as core::fmt::Display>::fmt::hed7f999df88cc644
[INFO] [stdout]                                at /rustc/82e1608dfa6e0b5569232559e3d385fea5a93112/library/std/src/sys_common/backtrace.rs:44:22
[INFO] [stdout]    4:     0x5555e2a4bf90 - core::fmt::rt::Argument::fmt::h1539a9308b8d058d
[INFO] [stdout]                                at /rustc/82e1608dfa6e0b5569232559e3d385fea5a93112/library/core/src/fmt/rt.rs:142:9
[INFO] [stdout]    5:     0x5555e2a4bf90 - core::fmt::write::h3a39390d8560d9c9
[INFO] [stdout]                                at /rustc/82e1608dfa6e0b5569232559e3d385fea5a93112/library/core/src/fmt/mod.rs:1120:17
[INFO] [stdout]    6:     0x5555e2a1a1cf - std::io::Write::write_fmt::h040b369f3a0f9cbc
[INFO] [stdout]                                at /rustc/82e1608dfa6e0b5569232559e3d385fea5a93112/library/std/src/io/mod.rs:1762:15
[INFO] [stdout]    7:     0x5555e2a1d1c4 - std::sys_common::backtrace::_print::h894006fb5c6f3d45
[INFO] [stdout]                                at /rustc/82e1608dfa6e0b5569232559e3d385fea5a93112/library/std/src/sys_common/backtrace.rs:47:5
[INFO] [stdout]    8:     0x5555e2a1d1c4 - std::sys_common::backtrace::print::h23a2d212c6fff936
[INFO] [stdout]                                at /rustc/82e1608dfa6e0b5569232559e3d385fea5a93112/library/std/src/sys_common/backtrace.rs:34:9
[INFO] [stdout]    9:     0x5555e2a1ee87 - std::panicking::default_hook::{{closure}}::h8a1d2ee00185001a
[INFO] [stdout]   10:     0x5555e2a1eb73 - std::panicking::default_hook::h6038f2eba384e475
[INFO] [stdout]                                at /rustc/82e1608dfa6e0b5569232559e3d385fea5a93112/library/std/src/panicking.rs:289:9
[INFO] [stdout]   11:     0x5555e221cca7 - <alloc::boxed::Box<F,A> as core::ops::function::Fn<Args>>::call::h0ad024c9bdc6d768
[INFO] [stdout]                                at /rustc/82e1608dfa6e0b5569232559e3d385fea5a93112/library/alloc/src/boxed.rs:2021:9
[INFO] [stdout]   12:     0x5555e221cca7 - test::test_main::{{closure}}::h7500b54257359db6
[INFO] [stdout]                                at /rustc/82e1608dfa6e0b5569232559e3d385fea5a93112/library/test/src/lib.rs:138:21
[INFO] [stdout]   13:     0x5555e2a1f498 - <alloc::boxed::Box<F,A> as core::ops::function::Fn<Args>>::call::h1f8f335eaa9cfaee
[INFO] [stdout]                                at /rustc/82e1608dfa6e0b5569232559e3d385fea5a93112/library/alloc/src/boxed.rs:2021:9
[INFO] [stdout]   14:     0x5555e2a1f498 - std::panicking::rust_panic_with_hook::h2b5517d590cab22e
[INFO] [stdout]                                at /rustc/82e1608dfa6e0b5569232559e3d385fea5a93112/library/std/src/panicking.rs:783:13
[INFO] [stdout]   15:     0x5555e2a1f1ee - std::panicking::begin_panic_handler::{{closure}}::h233112c06e0ef43e
[INFO] [stdout]                                at /rustc/82e1608dfa6e0b5569232559e3d385fea5a93112/library/std/src/panicking.rs:657:13
[INFO] [stdout]   16:     0x5555e2a1d8a6 - std::sys_common::backtrace::__rust_end_short_backtrace::h6e893f24d7ebbff8
[INFO] [stdout]                                at /rustc/82e1608dfa6e0b5569232559e3d385fea5a93112/library/std/src/sys_common/backtrace.rs:170:18
[INFO] [stdout]   17:     0x5555e2a1ef52 - rust_begin_unwind
[INFO] [stdout]                                at /rustc/82e1608dfa6e0b5569232559e3d385fea5a93112/library/std/src/panicking.rs:645:5
[INFO] [stdout]   18:     0x5555e21abd25 - core::panicking::panic_fmt::hbf0e066aabfa482c
[INFO] [stdout]                                at /rustc/82e1608dfa6e0b5569232559e3d385fea5a93112/library/core/src/panicking.rs:72:14
[INFO] [stdout]   19:     0x5555e21ac353 - core::result::unwrap_failed::hddb4fea594200c52
[INFO] [stdout]                                at /rustc/82e1608dfa6e0b5569232559e3d385fea5a93112/library/core/src/result.rs:1653:5
[INFO] [stdout]   20:     0x5555e21ae413 - core::result::Result<T,E>::unwrap::h4713dc05199ccd44
[INFO] [stdout]                                at /rustc/82e1608dfa6e0b5569232559e3d385fea5a93112/library/core/src/result.rs:1077:23
[INFO] [stdout]   21:     0x5555e21bad91 - leetcode_cli::config::Config::global::{{closure}}::hdb8f9e0dc7446702
[INFO] [stdout]                                at /opt/rustwide/workdir/src/config/mod.rs:37:40
[INFO] [stdout]   22:     0x5555e21d252b - core::cell::once::OnceCell<T>::get_or_init::{{closure}}::h4db9d46a862fbb0d
[INFO] [stdout]                                at /rustc/82e1608dfa6e0b5569232559e3d385fea5a93112/library/core/src/cell/once.rs:162:50
[INFO] [stdout]   23:     0x5555e21d2601 - core::cell::once::OnceCell<T>::get_or_try_init::outlined_call::hb10fb8ed8199e142
[INFO] [stdout]                                at /rustc/82e1608dfa6e0b5569232559e3d385fea5a93112/library/core/src/cell/once.rs:210:13
[INFO] [stdout]   24:     0x5555e21d29b4 - core::cell::once::OnceCell<T>::get_or_try_init::hc3334bf56b343945
[INFO] [stdout]                                at /rustc/82e1608dfa6e0b5569232559e3d385fea5a93112/library/core/src/cell/once.rs:212:19
[INFO] [stdout]   25:     0x5555e21d24ee - core::cell::once::OnceCell<T>::get_or_init::hf28ce5c3cb105d0f
[INFO] [stdout]                                at /rustc/82e1608dfa6e0b5569232559e3d385fea5a93112/library/core/src/cell/once.rs:162:15
[INFO] [stdout]   26:     0x5555e21bad5d - leetcode_cli::config::Config::global::hfe9738626231ba77
[INFO] [stdout]                                at /opt/rustwide/workdir/src/config/mod.rs:37:18
[INFO] [stdout]   27:     0x5555e21d8139 - leetcode_cli::db::sqlite::Sqlite3::global::h2e6b6adb95727f5d
[INFO] [stdout]                                at /opt/rustwide/workdir/src/db/sqlite.rs:28:18
[INFO] [stdout]   28:     0x5555e21c267c - leetcode_cli::db::sqlite::test::update_value_if_record_exists::hed29c3cf82f59a15
[INFO] [stdout]                                at /opt/rustwide/workdir/src/db/sqlite.rs:99:19
[INFO] [stdout]   29:     0x5555e21c2657 - leetcode_cli::db::sqlite::test::update_value_if_record_exists::{{closure}}::hb0af848f621527c3
[INFO] [stdout]                                at /opt/rustwide/workdir/src/db/sqlite.rs:98:39
[INFO] [stdout]   30:     0x5555e21d9486 - core::ops::function::FnOnce::call_once::hf6884d3c0c15c4c1
[INFO] [stdout]                                at /rustc/82e1608dfa6e0b5569232559e3d385fea5a93112/library/core/src/ops/function.rs:250:5
[INFO] [stdout]   31:     0x5555e22222ff - core::ops::function::FnOnce::call_once::h2b5d431d5046312d
[INFO] [stdout]                                at /rustc/82e1608dfa6e0b5569232559e3d385fea5a93112/library/core/src/ops/function.rs:250:5
[INFO] [stdout]   32:     0x5555e22222ff - test::__rust_begin_short_backtrace::h7714669af176e207
[INFO] [stdout]                                at /rustc/82e1608dfa6e0b5569232559e3d385fea5a93112/library/test/src/lib.rs:628:18
[INFO] [stdout]   33:     0x5555e2221315 - test::run_test_in_process::{{closure}}::h85218797dcbcec12
[INFO] [stdout]                                at /rustc/82e1608dfa6e0b5569232559e3d385fea5a93112/library/test/src/lib.rs:651:60
[INFO] [stdout]   34:     0x5555e2221315 - <core::panic::unwind_safe::AssertUnwindSafe<F> as core::ops::function::FnOnce<()>>::call_once::h76c106ea31c14d7b
[INFO] [stdout]                                at /rustc/82e1608dfa6e0b5569232559e3d385fea5a93112/library/core/src/panic/unwind_safe.rs:272:9
[INFO] [stdout]   35:     0x5555e2221315 - std::panicking::try::do_call::h3bd5d0f6620ee946
[INFO] [stdout]                                at /rustc/82e1608dfa6e0b5569232559e3d385fea5a93112/library/std/src/panicking.rs:552:40
[INFO] [stdout]   36:     0x5555e2221315 - std::panicking::try::h232e535e4744fe31
[INFO] [stdout]                                at /rustc/82e1608dfa6e0b5569232559e3d385fea5a93112/library/std/src/panicking.rs:516:19
[INFO] [stdout]   37:     0x5555e2221315 - std::panic::catch_unwind::h3ce3bd6ca8dbac68
[INFO] [stdout]                                at /rustc/82e1608dfa6e0b5569232559e3d385fea5a93112/library/std/src/panic.rs:142:14
[INFO] [stdout]   38:     0x5555e2221315 - test::run_test_in_process::hc97b257c9621286a
[INFO] [stdout]                                at /rustc/82e1608dfa6e0b5569232559e3d385fea5a93112/library/test/src/lib.rs:651:27
[INFO] [stdout]   39:     0x5555e2221315 - test::run_test::{{closure}}::h2aa798823a438d38
[INFO] [stdout]                                at /rustc/82e1608dfa6e0b5569232559e3d385fea5a93112/library/test/src/lib.rs:574:43
[INFO] [stdout]   40:     0x5555e21e95d6 - test::run_test::{{closure}}::h87d231c78fb59832
[INFO] [stdout]                                at /rustc/82e1608dfa6e0b5569232559e3d385fea5a93112/library/test/src/lib.rs:602:41
[INFO] [stdout]   41:     0x5555e21e95d6 - std::sys_common::backtrace::__rust_begin_short_backtrace::he6df152596625789
[INFO] [stdout]                                at /rustc/82e1608dfa6e0b5569232559e3d385fea5a93112/library/std/src/sys_common/backtrace.rs:154:18
[INFO] [stdout]   42:     0x5555e21ee687 - std::thread::Builder::spawn_unchecked_::{{closure}}::{{closure}}::ha94be15d1e0acf36
[INFO] [stdout]                                at /rustc/82e1608dfa6e0b5569232559e3d385fea5a93112/library/std/src/thread/mod.rs:529:17
[INFO] [stdout]   43:     0x5555e21ee687 - <core::panic::unwind_safe::AssertUnwindSafe<F> as core::ops::function::FnOnce<()>>::call_once::h9dc6bd6372f16606
[INFO] [stdout]                                at /rustc/82e1608dfa6e0b5569232559e3d385fea5a93112/library/core/src/panic/unwind_safe.rs:272:9
[INFO] [stdout]   44:     0x5555e21ee687 - std::panicking::try::do_call::h9057517f80303cd4
[INFO] [stdout]                                at /rustc/82e1608dfa6e0b5569232559e3d385fea5a93112/library/std/src/panicking.rs:552:40
[INFO] [stdout]   45:     0x5555e21ee687 - std::panicking::try::he3a30b11ee45340c
[INFO] [stdout]                                at /rustc/82e1608dfa6e0b5569232559e3d385fea5a93112/library/std/src/panicking.rs:516:19
[INFO] [stdout]   46:     0x5555e21ee687 - std::panic::catch_unwind::h410458cfd3528b8b
[INFO] [stdout]                                at /rustc/82e1608dfa6e0b5569232559e3d385fea5a93112/library/std/src/panic.rs:142:14
[INFO] [stdout]   47:     0x5555e21ee687 - std::thread::Builder::spawn_unchecked_::{{closure}}::h72ac3bdb567b737b
[INFO] [stdout]                                at /rustc/82e1608dfa6e0b5569232559e3d385fea5a93112/library/std/src/thread/mod.rs:528:30
[INFO] [stdout]   48:     0x5555e21ee687 - core::ops::function::FnOnce::call_once{{vtable.shim}}::h38f34da3654a8344
[INFO] [stdout]                                at /rustc/82e1608dfa6e0b5569232559e3d385fea5a93112/library/core/src/ops/function.rs:250:5
[INFO] [stdout]   49:     0x5555e2a24225 - <alloc::boxed::Box<F,A> as core::ops::function::FnOnce<Args>>::call_once::hc7eafaff61e32df9
[INFO] [stdout]                                at /rustc/82e1608dfa6e0b5569232559e3d385fea5a93112/library/alloc/src/boxed.rs:2007:9
[INFO] [stdout]   50:     0x5555e2a24225 - <alloc::boxed::Box<F,A> as core::ops::function::FnOnce<Args>>::call_once::h6ba4a5de48dd2304
[INFO] [stdout]                                at /rustc/82e1608dfa6e0b5569232559e3d385fea5a93112/library/alloc/src/boxed.rs:2007:9
[INFO] [stdout]   51:     0x5555e2a24225 - std::sys::unix::thread::Thread::new::thread_start::he469335aef763e45
[INFO] [stdout]                                at /rustc/82e1608dfa6e0b5569232559e3d385fea5a93112/library/std/src/sys/unix/thread.rs:108:17
[INFO] [stdout]   52:     0x7f3aac915ac3 - <unknown>
[INFO] [stdout]   53:     0x7f3aac9a6bf4 - __clone
[INFO] [stdout]   54:                0x0 - <unknown>
[INFO] [stdout] 
[INFO] [stdout] ---- leetcode::request::test::query_testcase_with_id stdout ----
[INFO] [stdout] thread 'leetcode::request::test::query_testcase_with_id' panicked at src/config/mod.rs:37:54:
[INFO] [stdout] called `Result::unwrap()` on an `Err` value: configuration file "/root/.config/leetcode/leetcode.toml" not found
[INFO] [stdout] stack backtrace:
[INFO] [stdout]    0:     0x5555e2a1d3dc - std::backtrace_rs::backtrace::libunwind::trace::ha637c64ce894333a
[INFO] [stdout]                                at /rustc/82e1608dfa6e0b5569232559e3d385fea5a93112/library/std/src/../../backtrace/src/backtrace/libunwind.rs:104:5
[INFO] [stdout]    1:     0x5555e2a1d3dc - std::backtrace_rs::backtrace::trace_unsynchronized::h47f62dea28e0c88d
[INFO] [stdout]                                at /rustc/82e1608dfa6e0b5569232559e3d385fea5a93112/library/std/src/../../backtrace/src/backtrace/mod.rs:66:5
[INFO] [stdout]    2:     0x5555e2a1d3dc - std::sys_common::backtrace::_print_fmt::h9eef0abe20ede486
[INFO] [stdout]                                at /rustc/82e1608dfa6e0b5569232559e3d385fea5a93112/library/std/src/sys_common/backtrace.rs:67:5
[INFO] [stdout]    3:     0x5555e2a1d3dc - <std::sys_common::backtrace::_print::DisplayBacktrace as core::fmt::Display>::fmt::hed7f999df88cc644
[INFO] [stdout]                                at /rustc/82e1608dfa6e0b5569232559e3d385fea5a93112/library/std/src/sys_common/backtrace.rs:44:22
[INFO] [stdout]    4:     0x5555e2a4bf90 - core::fmt::rt::Argument::fmt::h1539a9308b8d058d
[INFO] [stdout]                                at /rustc/82e1608dfa6e0b5569232559e3d385fea5a93112/library/core/src/fmt/rt.rs:142:9
[INFO] [stdout]    5:     0x5555e2a4bf90 - core::fmt::write::h3a39390d8560d9c9
[INFO] [stdout]                                at /rustc/82e1608dfa6e0b5569232559e3d385fea5a93112/library/core/src/fmt/mod.rs:1120:17
[INFO] [stdout]    6:     0x5555e2a1a1cf - std::io::Write::write_fmt::h040b369f3a0f9cbc
[INFO] [stdout]                                at /rustc/82e1608dfa6e0b5569232559e3d385fea5a93112/library/std/src/io/mod.rs:1762:15
[INFO] [stdout]    7:     0x5555e2a1d1c4 - std::sys_common::backtrace::_print::h894006fb5c6f3d45
[INFO] [stdout]                                at /rustc/82e1608dfa6e0b5569232559e3d385fea5a93112/library/std/src/sys_common/backtrace.rs:47:5
[INFO] [stdout]    8:     0x5555e2a1d1c4 - std::sys_common::backtrace::print::h23a2d212c6fff936
[INFO] [stdout]                                at /rustc/82e1608dfa6e0b5569232559e3d385fea5a93112/library/std/src/sys_common/backtrace.rs:34:9
[INFO] [stdout]    9:     0x5555e2a1ee87 - std::panicking::default_hook::{{closure}}::h8a1d2ee00185001a
[INFO] [stdout]   10:     0x5555e2a1eb73 - std::panicking::default_hook::h6038f2eba384e475
[INFO] [stdout]                                at /rustc/82e1608dfa6e0b5569232559e3d385fea5a93112/library/std/src/panicking.rs:289:9
[INFO] [stdout]   11:     0x5555e221cca7 - <alloc::boxed::Box<F,A> as core::ops::function::Fn<Args>>::call::h0ad024c9bdc6d768
[INFO] [stdout]                                at /rustc/82e1608dfa6e0b5569232559e3d385fea5a93112/library/alloc/src/boxed.rs:2021:9
[INFO] [stdout]   12:     0x5555e221cca7 - test::test_main::{{closure}}::h7500b54257359db6
[INFO] [stdout]                                at /rustc/82e1608dfa6e0b5569232559e3d385fea5a93112/library/test/src/lib.rs:138:21
[INFO] [stdout]   13:     0x5555e2a1f498 - <alloc::boxed::Box<F,A> as core::ops::function::Fn<Args>>::call::h1f8f335eaa9cfaee
[INFO] [stdout]                                at /rustc/82e1608dfa6e0b5569232559e3d385fea5a93112/library/alloc/src/boxed.rs:2021:9
[INFO] [stdout]   14:     0x5555e2a1f498 - std::panicking::rust_panic_with_hook::h2b5517d590cab22e
[INFO] [stdout]                                at /rustc/82e1608dfa6e0b5569232559e3d385fea5a93112/library/std/src/panicking.rs:783:13
[INFO] [stdout]   15:     0x5555e2a1f1ee - std::panicking::begin_panic_handler::{{closure}}::h233112c06e0ef43e
[INFO] [stdout]                                at /rustc/82e1608dfa6e0b5569232559e3d385fea5a93112/library/std/src/panicking.rs:657:13
[INFO] [stdout]   16:     0x5555e2a1d8a6 - std::sys_common::backtrace::__rust_end_short_backtrace::h6e893f24d7ebbff8
[INFO] [stdout]                                at /rustc/82e1608dfa6e0b5569232559e3d385fea5a93112/library/std/src/sys_common/backtrace.rs:170:18
[INFO] [stdout]   17:     0x5555e2a1ef52 - rust_begin_unwind
[INFO] [stdout]                                at /rustc/82e1608dfa6e0b5569232559e3d385fea5a93112/library/std/src/panicking.rs:645:5
[INFO] [stdout]   18:     0x5555e21abd25 - core::panicking::panic_fmt::hbf0e066aabfa482c
[INFO] [stdout]                                at /rustc/82e1608dfa6e0b5569232559e3d385fea5a93112/library/core/src/panicking.rs:72:14
[INFO] [stdout]   19:     0x5555e21ac353 - core::result::unwrap_failed::hddb4fea594200c52
[INFO] [stdout]                                at /rustc/82e1608dfa6e0b5569232559e3d385fea5a93112/library/core/src/result.rs:1653:5
[INFO] [stdout]   20:     0x5555e21ae413 - core::result::Result<T,E>::unwrap::h4713dc05199ccd44
[INFO] [stdout]                                at /rustc/82e1608dfa6e0b5569232559e3d385fea5a93112/library/core/src/result.rs:1077:23
[INFO] [stdout]   21:     0x5555e21bad91 - leetcode_cli::config::Config::global::{{closure}}::hdb8f9e0dc7446702
[INFO] [stdout]                                at /opt/rustwide/workdir/src/config/mod.rs:37:40
[INFO] [stdout]   22:     0x5555e21d252b - core::cell::once::OnceCell<T>::get_or_init::{{closure}}::h4db9d46a862fbb0d
[INFO] [stdout]                                at /rustc/82e1608dfa6e0b5569232559e3d385fea5a93112/library/core/src/cell/once.rs:162:50
[INFO] [stdout]   23:     0x5555e21d2601 - core::cell::once::OnceCell<T>::get_or_try_init::outlined_call::hb10fb8ed8199e142
[INFO] [stdout]                                at /rustc/82e1608dfa6e0b5569232559e3d385fea5a93112/library/core/src/cell/once.rs:210:13
[INFO] [stdout]   24:     0x5555e21d29b4 - core::cell::once::OnceCell<T>::get_or_try_init::hc3334bf56b343945
[INFO] [stdout]                                at /rustc/82e1608dfa6e0b5569232559e3d385fea5a93112/library/core/src/cell/once.rs:212:19
[INFO] [stdout]   25:     0x5555e21d24ee - core::cell::once::OnceCell<T>::get_or_init::hf28ce5c3cb105d0f
[INFO] [stdout]                                at /rustc/82e1608dfa6e0b5569232559e3d385fea5a93112/library/core/src/cell/once.rs:162:15
[INFO] [stdout]   26:     0x5555e21bad5d - leetcode_cli::config::Config::global::hfe9738626231ba77
[INFO] [stdout]                                at /opt/rustwide/workdir/src/config/mod.rs:37:18
[INFO] [stdout]   27:     0x5555e21d8139 - leetcode_cli::db::sqlite::Sqlite3::global::h2e6b6adb95727f5d
[INFO] [stdout]                                at /opt/rustwide/workdir/src/db/sqlite.rs:28:18
[INFO] [stdout]   28:     0x5555e21c0a86 - leetcode_cli::leetcode::request::Request::query_testcase_with_id::{{closure}}::h925837d3b6a118e0
[INFO] [stdout]                                at /opt/rustwide/workdir/src/leetcode/request.rs:27:18
[INFO] [stdout]   29:     0x5555e21dc103 - tokio::runtime::park::CachedParkThread::block_on::{{closure}}::hdc6ce95b7706197e
[INFO] [stdout]                                at /opt/rustwide/cargo-home/registry/src/index.crates.io-6f17d22bba15001f/tokio-1.35.1/src/runtime/park.rs:282:63
[INFO] [stdout]   30:     0x5555e21dbf43 - tokio::runtime::coop::with_budget::h8faf3c222b1881b5
[INFO] [stdout]                                at /opt/rustwide/cargo-home/registry/src/index.crates.io-6f17d22bba15001f/tokio-1.35.1/src/runtime/coop.rs:107:5
[INFO] [stdout]   31:     0x5555e21dbf43 - tokio::runtime::coop::budget::hdcc2ac1e65d075c0
[INFO] [stdout]                                at /opt/rustwide/cargo-home/registry/src/index.crates.io-6f17d22bba15001f/tokio-1.35.1/src/runtime/coop.rs:73:5
[INFO] [stdout]   32:     0x5555e21dbf43 - tokio::runtime::park::CachedParkThread::block_on::h873cdbcaf5f559eb
[INFO] [stdout]                                at /opt/rustwide/cargo-home/registry/src/index.crates.io-6f17d22bba15001f/tokio-1.35.1/src/runtime/park.rs:282:31
[INFO] [stdout]   33:     0x5555e21dc1f2 - tokio::runtime::context::blocking::BlockingRegionGuard::block_on::h12e236b4c4c4a357
[INFO] [stdout]                                at /opt/rustwide/cargo-home/registry/src/index.crates.io-6f17d22bba15001f/tokio-1.35.1/src/runtime/context/blocking.rs:66:9
[INFO] [stdout]   34:     0x5555e21c5ce1 - tokio::runtime::scheduler::multi_thread::MultiThread::block_on::{{closure}}::h8199b9ec4a67cba6
[INFO] [stdout]                                at /opt/rustwide/cargo-home/registry/src/index.crates.io-6f17d22bba15001f/tokio-1.35.1/src/runtime/scheduler/multi_thread/mod.rs:87:13
[INFO] [stdout]   35:     0x5555e21b7a20 - tokio::runtime::context::runtime::enter_runtime::hd04590d81a059d1c
[INFO] [stdout]                                at /opt/rustwide/cargo-home/registry/src/index.crates.io-6f17d22bba15001f/tokio-1.35.1/src/runtime/context/runtime.rs:65:16
[INFO] [stdout]   36:     0x5555e21c5c92 - tokio::runtime::scheduler::multi_thread::MultiThread::block_on::h4b2d08c1861262e4
[INFO] [stdout]                                at /opt/rustwide/cargo-home/registry/src/index.crates.io-6f17d22bba15001f/tokio-1.35.1/src/runtime/scheduler/multi_thread/mod.rs:86:9
[INFO] [stdout]   37:     0x5555e21cc7b9 - tokio::runtime::runtime::Runtime::block_on::h238681f42fc59020
[INFO] [stdout]                                at /opt/rustwide/cargo-home/registry/src/index.crates.io-6f17d22bba15001f/tokio-1.35.1/src/runtime/runtime.rs:350:45
[INFO] [stdout]   38:     0x5555e21c28a6 - leetcode_cli::leetcode::request::test::query_testcase_with_id::h1a1726b3d6376555
[INFO] [stdout]                                at /opt/rustwide/workdir/src/leetcode/request.rs:90:31
[INFO] [stdout]   39:     0x5555e21c2747 - leetcode_cli::leetcode::request::test::query_testcase_with_id::{{closure}}::h009d1b7a10811d31
[INFO] [stdout]                                at /opt/rustwide/workdir/src/leetcode/request.rs:89:32
[INFO] [stdout]   40:     0x5555e21d91a6 - core::ops::function::FnOnce::call_once::h1a596bf58bfebfe8
[INFO] [stdout]                                at /rustc/82e1608dfa6e0b5569232559e3d385fea5a93112/library/core/src/ops/function.rs:250:5
[INFO] [stdout]   41:     0x5555e22222ff - core::ops::function::FnOnce::call_once::h2b5d431d5046312d
[INFO] [stdout]                                at /rustc/82e1608dfa6e0b5569232559e3d385fea5a93112/library/core/src/ops/function.rs:250:5
[INFO] [stdout]   42:     0x5555e22222ff - test::__rust_begin_short_backtrace::h7714669af176e207
[INFO] [stdout]                                at /rustc/82e1608dfa6e0b5569232559e3d385fea5a93112/library/test/src/lib.rs:628:18
[INFO] [stdout]   43:     0x5555e2221315 - test::run_test_in_process::{{closure}}::h85218797dcbcec12
[INFO] [stdout]                                at /rustc/82e1608dfa6e0b5569232559e3d385fea5a93112/library/test/src/lib.rs:651:60
[INFO] [stdout]   44:     0x5555e2221315 - <core::panic::unwind_safe::AssertUnwindSafe<F> as core::ops::function::FnOnce<()>>::call_once::h76c106ea31c14d7b
[INFO] [stdout]                                at /rustc/82e1608dfa6e0b5569232559e3d385fea5a93112/library/core/src/panic/unwind_safe.rs:272:9
[INFO] [stdout]   45:     0x5555e2221315 - std::panicking::try::do_call::h3bd5d0f6620ee946
[INFO] [stdout]                                at /rustc/82e1608dfa6e0b5569232559e3d385fea5a93112/library/std/src/panicking.rs:552:40
[INFO] [stdout]   46:     0x5555e2221315 - std::panicking::try::h232e535e4744fe31
[INFO] [stdout]                                at /rustc/82e1608dfa6e0b5569232559e3d385fea5a93112/library/std/src/panicking.rs:516:19
[INFO] [stdout]   47:     0x5555e2221315 - std::panic::catch_unwind::h3ce3bd6ca8dbac68
[INFO] [stdout]                                at /rustc/82e1608dfa6e0b5569232559e3d385fea5a93112/library/std/src/panic.rs:142:14
[INFO] [stdout]   48:     0x5555e2221315 - test::run_test_in_process::hc97b257c9621286a
[INFO] [stdout]                                at /rustc/82e1608dfa6e0b5569232559e3d385fea5a93112/library/test/src/lib.rs:651:27
[INFO] [stdout]   49:     0x5555e2221315 - test::run_test::{{closure}}::h2aa798823a438d38
[INFO] [stdout]                                at /rustc/82e1608dfa6e0b5569232559e3d385fea5a93112/library/test/src/lib.rs:574:43
[INFO] [stdout]   50:     0x5555e21e95d6 - test::run_test::{{closure}}::h87d231c78fb59832
[INFO] [stdout]                                at /rustc/82e1608dfa6e0b5569232559e3d385fea5a93112/library/test/src/lib.rs:602:41
[INFO] [stdout]   51:     0x5555e21e95d6 - std::sys_common::backtrace::__rust_begin_short_backtrace::he6df152596625789
[INFO] [stdout]                                at /rustc/82e1608dfa6e0b5569232559e3d385fea5a93112/library/std/src/sys_common/backtrace.rs:154:18
[INFO] [stdout]   52:     0x5555e21ee687 - std::thread::Builder::spawn_unchecked_::{{closure}}::{{closure}}::ha94be15d1e0acf36
[INFO] [stdout]                                at /rustc/82e1608dfa6e0b5569232559e3d385fea5a93112/library/std/src/thread/mod.rs:529:17
[INFO] [stdout]   53:     0x5555e21ee687 - <core::panic::unwind_safe::AssertUnwindSafe<F> as core::ops::function::FnOnce<()>>::call_once::h9dc6bd6372f16606
[INFO] [stdout]                                at /rustc/82e1608dfa6e0b5569232559e3d385fea5a93112/library/core/src/panic/unwind_safe.rs:272:9
[INFO] [stdout]   54:     0x5555e21ee687 - std::panicking::try::do_call::h9057517f80303cd4
[INFO] [stdout]                                at /rustc/82e1608dfa6e0b5569232559e3d385fea5a93112/library/std/src/panicking.rs:552:40
[INFO] [stdout]   55:     0x5555e21ee687 - std::panicking::try::he3a30b11ee45340c
[INFO] [stdout]                                at /rustc/82e1608dfa6e0b5569232559e3d385fea5a93112/library/std/src/panicking.rs:516:19
[INFO] [stdout]   56:     0x5555e21ee687 - std::panic::catch_unwind::h410458cfd3528b8b
[INFO] [stdout]                                at /rustc/82e1608dfa6e0b5569232559e3d385fea5a93112/library/std/src/panic.rs:142:14
[INFO] [stdout]   57:     0x5555e21ee687 - std::thread::Builder::spawn_unchecked_::{{closure}}::h72ac3bdb567b737b
[INFO] [stdout]                                at /rustc/82e1608dfa6e0b5569232559e3d385fea5a93112/library/std/src/thread/mod.rs:528:30
[INFO] [stdout]   58:     0x5555e21ee687 - core::ops::function::FnOnce::call_once{{vtable.shim}}::h38f34da3654a8344
[INFO] [stdout]                                at /rustc/82e1608dfa6e0b5569232559e3d385fea5a93112/library/core/src/ops/function.rs:250:5
[INFO] [stdout]   59:     0x5555e2a24225 - <alloc::boxed::Box<F,A> as core::ops::function::FnOnce<Args>>::call_once::hc7eafaff61e32df9
[INFO] [stdout]                                at /rustc/82e1608dfa6e0b5569232559e3d385fea5a93112/library/alloc/src/boxed.rs:2007:9
[INFO] [stdout]   60:     0x5555e2a24225 - <alloc::boxed::Box<F,A> as core::ops::function::FnOnce<Args>>::call_once::h6ba4a5de48dd2304
[INFO] [stdout]                                at /rustc/82e1608dfa6e0b5569232559e3d385fea5a93112/library/alloc/src/boxed.rs:2007:9
[INFO] [stdout]   61:     0x5555e2a24225 - std::sys::unix::thread::Thread::new::thread_start::he469335aef763e45
[INFO] [stdout]                                at /rustc/82e1608dfa6e0b5569232559e3d385fea5a93112/library/std/src/sys/unix/thread.rs:108:17
[INFO] [stdout]   62:     0x7f3aac915ac3 - <unknown>
[INFO] [stdout]   63:     0x7f3aac9a6bf4 - __clone
[INFO] [stdout]   64:                0x0 - <unknown>
[INFO] [stdout] 
[INFO] [stdout] 
[INFO] [stdout] failures:
[INFO] [stdout]     config::test::access_config
[INFO] [stdout]     db::sqlite::test::query_with_valid_id_1
[INFO] [stdout]     db::sqlite::test::update_value_if_record_exists
[INFO] [stdout]     leetcode::request::test::query_testcase_with_id
[INFO] [stdout] 
[INFO] [stdout] test result: FAILED. 3 passed; 4 failed; 0 ignored; 0 measured; 0 filtered out; finished in 0.09s
[INFO] [stdout] 
[INFO] [stderr] error: test failed, to rerun pass `--lib`
[INFO] running `Command { std: "docker" "inspect" "32a820db2ca760c44d05884198c384a6214503dac3b1acadcdb097dfcd9261f4", kill_on_drop: false }`
[INFO] running `Command { std: "docker" "rm" "-f" "32a820db2ca760c44d05884198c384a6214503dac3b1acadcdb097dfcd9261f4", kill_on_drop: false }`
[INFO] [stdout] 32a820db2ca760c44d05884198c384a6214503dac3b1acadcdb097dfcd9261f4
[INFO] testing 1ambd4/lctool against beta-2023-12-22 for beta-1.76-1
[INFO] running `Command { std: "git" "clone" "/workspace/cache/git-repos/https%3A%2F%2Fgithub.com%2F1ambd4%2Flctool" "/workspace/builds/worker-4-tc2/source", kill_on_drop: false }`
[INFO] [stderr] Cloning into '/workspace/builds/worker-4-tc2/source'...
[INFO] [stderr] done.
[INFO] validating manifest of git repo https://github.com/1ambd4/lctool on toolchain beta-2023-12-22
[INFO] running `Command { std: CARGO_HOME="/workspace/cargo-home" RUSTUP_HOME="/workspace/rustup-home" "/workspace/cargo-home/bin/cargo" "+beta-2023-12-22" "metadata" "--manifest-path" "Cargo.toml" "--no-deps", kill_on_drop: false }`
[INFO] started tweaking git repo https://github.com/1ambd4/lctool
[INFO] finished tweaking git repo https://github.com/1ambd4/lctool
[INFO] tweaked toml for git repo https://github.com/1ambd4/lctool written to /workspace/builds/worker-4-tc2/source/Cargo.toml
[INFO] crate git repo https://github.com/1ambd4/lctool already has a lockfile, it will not be regenerated
[INFO] running `Command { std: CARGO_HOME="/workspace/cargo-home" RUSTUP_HOME="/workspace/rustup-home" "/workspace/cargo-home/bin/cargo" "+beta-2023-12-22" "fetch" "--manifest-path" "Cargo.toml", kill_on_drop: false }`
[INFO] running `Command { std: "docker" "create" "-v" "/var/lib/crater-agent-workspace/builds/worker-4-tc2/target:/opt/rustwide/target:rw,Z" "-v" "/var/lib/crater-agent-workspace/builds/worker-4-tc2/source:/opt/rustwide/workdir:ro,Z" "-v" "/var/lib/crater-agent-workspace/cargo-home:/opt/rustwide/cargo-home:ro,Z" "-v" "/var/lib/crater-agent-workspace/rustup-home:/opt/rustwide/rustup-home:ro,Z" "-e" "SOURCE_DIR=/opt/rustwide/workdir" "-e" "CARGO_TARGET_DIR=/opt/rustwide/target" "-e" "CARGO_HOME=/opt/rustwide/cargo-home" "-e" "RUSTUP_HOME=/opt/rustwide/rustup-home" "-w" "/opt/rustwide/workdir" "-m" "1610612736" "--user" "0:0" "--network" "none" "ghcr.io/rust-lang/crates-build-env/linux@sha256:2788e3201cd34a07e3172128adcd8b3090168a8e3bcc40d7c032b9dda1df7d1c" "/opt/rustwide/cargo-home/bin/cargo" "+beta-2023-12-22" "metadata" "--no-deps" "--format-version=1", kill_on_drop: false }`
[INFO] [stdout] f763da25aab1368fbc40c29ffcc06b3805adeca0b476925641c15fb38e718b59
[INFO] running `Command { std: "docker" "start" "-a" "f763da25aab1368fbc40c29ffcc06b3805adeca0b476925641c15fb38e718b59", kill_on_drop: false }`
[INFO] running `Command { std: "docker" "inspect" "f763da25aab1368fbc40c29ffcc06b3805adeca0b476925641c15fb38e718b59", kill_on_drop: false }`
[INFO] running `Command { std: "docker" "rm" "-f" "f763da25aab1368fbc40c29ffcc06b3805adeca0b476925641c15fb38e718b59", kill_on_drop: false }`
[INFO] [stdout] f763da25aab1368fbc40c29ffcc06b3805adeca0b476925641c15fb38e718b59
[INFO] running `Command { std: "docker" "create" "-v" "/var/lib/crater-agent-workspace/builds/worker-4-tc2/target:/opt/rustwide/target:rw,Z" "-v" "/var/lib/crater-agent-workspace/builds/worker-4-tc2/source:/opt/rustwide/workdir:ro,Z" "-v" "/var/lib/crater-agent-workspace/cargo-home:/opt/rustwide/cargo-home:ro,Z" "-v" "/var/lib/crater-agent-workspace/rustup-home:/opt/rustwide/rustup-home:ro,Z" "-e" "SOURCE_DIR=/opt/rustwide/workdir" "-e" "CARGO_TARGET_DIR=/opt/rustwide/target" "-e" "CARGO_INCREMENTAL=0" "-e" "RUST_BACKTRACE=full" "-e" "RUSTFLAGS=--cap-lints=warn" "-e" "RUSTDOCFLAGS=--cap-lints=warn" "-e" "CARGO_HOME=/opt/rustwide/cargo-home" "-e" "RUSTUP_HOME=/opt/rustwide/rustup-home" "-w" "/opt/rustwide/workdir" "-m" "1610612736" "--user" "0:0" "--network" "none" "ghcr.io/rust-lang/crates-build-env/linux@sha256:2788e3201cd34a07e3172128adcd8b3090168a8e3bcc40d7c032b9dda1df7d1c" "/opt/rustwide/cargo-home/bin/cargo" "+beta-2023-12-22" "build" "--frozen" "--message-format=json", kill_on_drop: false }`
[INFO] [stdout] 2ca12ebd57ac3787a5003479eac733cb3752a86669d6bd6c602ca2dd989b839d
[INFO] running `Command { std: "docker" "start" "-a" "2ca12ebd57ac3787a5003479eac733cb3752a86669d6bd6c602ca2dd989b839d", kill_on_drop: false }`
[INFO] [stderr]    Compiling proc-macro2 v1.0.75
[INFO] [stderr]    Compiling unicode-ident v1.0.12
[INFO] [stderr]    Compiling cfg-if v1.0.0
[INFO] [stderr]    Compiling libc v0.2.151
[INFO] [stderr]    Compiling serde v1.0.193
[INFO] [stderr]    Compiling version_check v0.9.4
[INFO] [stderr]    Compiling once_cell v1.19.0
[INFO] [stderr]    Compiling scopeguard v1.2.0
[INFO] [stderr]    Compiling getrandom v0.1.16
[INFO] [stderr]    Compiling smallvec v1.11.2
[INFO] [stderr]    Compiling crunchy v0.2.2
[INFO] [stderr]    Compiling rustc-hex v2.1.0
[INFO] [stderr]    Compiling vcpkg v0.2.15
[INFO] [stderr]    Compiling semver-parser v0.7.0
[INFO] [stderr]    Compiling pkg-config v0.3.28
[INFO] [stderr]    Compiling ppv-lite86 v0.2.17
[INFO] [stderr]    Compiling semver v0.9.0
[INFO] [stderr]    Compiling quote v1.0.35
[INFO] [stderr]    Compiling syn v2.0.47
[INFO] [stderr]    Compiling cc v1.0.83
[INFO] [stderr]    Compiling tiny-keccak v2.0.2
[INFO] [stderr]    Compiling byteorder v1.5.0
[INFO] [stderr]    Compiling static_assertions v1.1.0
[INFO] [stderr]    Compiling either v1.9.0
[INFO] [stderr]    Compiling radium v0.3.0
[INFO] [stderr]    Compiling rand_core v0.5.1
[INFO] [stderr]    Compiling rustc_version v0.2.3
[INFO] [stderr]    Compiling tetsy-rlp v0.4.5
[INFO] [stderr]    Compiling arrayvec v0.5.2
[INFO] [stderr]    Compiling byte-slice-cast v0.3.5
[INFO] [stderr]    Compiling rand_chacha v0.2.2
[INFO] [stderr]    Compiling bitvec v0.17.4
[INFO] [stderr]    Compiling itoa v1.0.10
[INFO] [stderr]    Compiling tetsy-impl-rlp v0.2.0
[INFO] [stderr]    Compiling rand v0.7.3
[INFO] [stderr]    Compiling getrandom v0.2.11
[INFO] [stderr]    Compiling syn v1.0.109
[INFO] [stderr]    Compiling memchr v2.6.4
[INFO] [stderr]    Compiling maybe-uninit v2.0.0
[INFO] [stderr]    Compiling const-random-macro v0.1.16
[INFO] [stderr]    Compiling uint-crate v0.8.1
[INFO] [stderr]    Compiling tiny-keccak v1.5.0
[INFO] [stderr]    Compiling ahash v0.8.6
[INFO] [stderr]    Compiling lock_api v0.4.11
[INFO] [stderr]    Compiling autocfg v0.1.8
[INFO] [stderr]    Compiling tetsy-fixed-hash v0.5.0
[INFO] [stderr]    Compiling parking_lot_core v0.9.9
[INFO] [stderr]    Compiling pin-project-lite v0.2.13
[INFO] [stderr]    Compiling hashbrown v0.6.3
[INFO] [stderr]    Compiling const-random v0.1.17
[INFO] [stderr]    Compiling openssl-sys v0.9.98
[INFO] [stderr]    Compiling parking_lot_core v0.6.3
[INFO] [stderr]    Compiling bitflags v2.4.1
[INFO] [stderr]    Compiling bytes v1.5.0
[INFO] [stderr]    Compiling zerocopy v0.7.32
[INFO] [stderr]    Compiling tinyvec_macros v0.1.1
[INFO] [stderr]    Compiling tinyvec v1.6.0
[INFO] [stderr]    Compiling smallvec v0.6.14
[INFO] [stderr]    Compiling ahash v0.2.19
[INFO] [stderr]    Compiling parking_lot v0.9.0
[INFO] [stderr]    Compiling unicode-xid v0.2.4
[INFO] [stderr]    Compiling allocator-api2 v0.2.16
[INFO] [stderr]    Compiling cfg-if v0.1.10
[INFO] [stderr]    Compiling log v0.4.20
[INFO] [stderr]    Compiling thiserror v1.0.52
[INFO] [stderr]    Compiling parking_lot v0.12.1
[INFO] [stderr]    Compiling hashbrown v0.14.3
[INFO] [stderr]    Compiling unicode-normalization v0.1.22
[INFO] [stderr]    Compiling signal-hook-registry v1.4.1
[INFO] [stderr]    Compiling mio v0.8.10
[INFO] [stderr]    Compiling num_cpus v1.16.0
[INFO] [stderr]    Compiling socket2 v0.5.5
[INFO] [stderr]    Compiling lock_api v0.3.4
[INFO] [stderr]    Compiling unicode-bidi v0.3.14
[INFO] [stderr]    Compiling futures-core v0.3.30
[INFO] [stderr]    Compiling lru v0.4.3
[INFO] [stderr]    Compiling ahash v0.7.7
[INFO] [stderr]    Compiling tracing-core v0.1.32
[INFO] [stderr]    Compiling slab v0.4.9
[INFO] [stderr]    Compiling fnv v1.0.7
[INFO] [stderr]    Compiling openssl v0.10.62
[INFO] [stderr]    Compiling ucd-trie v0.1.6
[INFO] [stderr]    Compiling percent-encoding v2.3.1
[INFO] [stderr]    Compiling foreign-types-shared v0.1.1
[INFO] [stderr]    Compiling foreign-types v0.3.2
[INFO] [stderr]    Compiling tracing v0.1.40
[INFO] [stderr]    Compiling http v0.2.11
[INFO] [stderr]    Compiling ryu v1.0.16
[INFO] [stderr]    Compiling pin-utils v0.1.0
[INFO] [stderr]    Compiling httparse v1.8.0
[INFO] [stderr]    Compiling futures-sink v0.3.30
[INFO] [stderr]    Compiling powerfmt v0.2.0
[INFO] [stderr]    Compiling serde_json v1.0.108
[INFO] [stderr]    Compiling equivalent v1.0.1
[INFO] [stderr]    Compiling futures-task v0.3.30
[INFO] [stderr]    Compiling native-tls v0.2.11
[INFO] [stderr]    Compiling time-core v0.1.2
[INFO] [stderr]    Compiling futures-util v0.3.30
[INFO] [stderr]    Compiling time-macros v0.2.16
[INFO] [stderr]    Compiling indexmap v2.1.0
[INFO] [stderr]    Compiling deranged v0.3.10
[INFO] [stderr]    Compiling serde_derive v1.0.193
[INFO] [stderr]    Compiling synstructure v0.12.6
[INFO] [stderr]    Compiling tokio-macros v2.2.0
[INFO] [stderr]    Compiling thiserror-impl v1.0.52
[INFO] [stderr]    Compiling openssl-macros v0.1.1
[INFO] [stderr]    Compiling form_urlencoded v1.2.1
[INFO] [stderr]    Compiling tetsy-plain-hasher v0.2.1
[INFO] [stderr]    Compiling cookie v0.16.2
[INFO] [stderr]    Compiling rustix v0.38.28
[INFO] [stderr]    Compiling tokio v1.35.1
[INFO] [stderr]    Compiling tetsy-hash-db v0.15.3
[INFO] [stderr]    Compiling openssl-probe v0.1.5
[INFO] [stderr]    Compiling try-lock v0.2.5
[INFO] [stderr]    Compiling utf8parse v0.2.1
[INFO] [stderr]    Compiling anstyle-parse v0.2.3
[INFO] [stderr]    Compiling want v0.3.1
[INFO] [stderr]    Compiling time v0.3.31
[INFO] [stderr]    Compiling hashbrown v0.12.3
[INFO] [stderr]    Compiling http-body v0.4.6
[INFO] [stderr]    Compiling idna v0.3.0
[INFO] [stderr]    Compiling pest v2.7.5
[INFO] [stderr]    Compiling idna v0.5.0
[INFO] [stderr]    Compiling tetsy-util-mem-derive v0.1.1
[INFO] [stderr]    Compiling impl-trait-for-tuples v0.1.3
[INFO] [stderr]    Compiling futures-channel v0.3.30
[INFO] [stderr]    Compiling libsqlite3-sys v0.27.0
[INFO] [stderr]    Compiling pest_meta v2.7.5
[INFO] [stderr]    Compiling aho-corasick v1.1.2
[INFO] [stderr]    Compiling tetsy-bytes v0.1.4
[INFO] [stderr]    Compiling psl-types v2.0.11
[INFO] [stderr]    Compiling anstyle-query v1.0.2
[INFO] [stderr]    Compiling pest_generator v2.7.5
[INFO] [stderr]    Compiling tokio-util v0.7.10
[INFO] [stderr]    Compiling colorchoice v1.0.0
[INFO] [stderr]    Compiling async-trait v0.1.77
[INFO] [stderr]    Compiling h2 v0.3.22
[INFO] [stderr]    Compiling httpdate v1.0.3
[INFO] [stderr]    Compiling matches v0.1.10
[INFO] [stderr]    Compiling linux-raw-sys v0.4.12
[INFO] [stderr]    Compiling regex-syntax v0.8.2
[INFO] [stderr]    Compiling tower-service v0.3.2
[INFO] [stderr]    Compiling dlv-list v0.3.0
[INFO] [stderr]    Compiling anstyle v1.0.4
[INFO] [stderr]    Compiling ordered-multimap v0.4.3
[INFO] [stderr]    Compiling anstream v0.6.5
[INFO] [stderr]    Compiling tetsy-impl-serde v0.2.2
[INFO] [stderr]    Compiling tetsy-scale-codec v1.3.0
[INFO] [stderr]    Compiling vapbloom v0.8.0
[INFO] [stderr]    Compiling regex-automata v0.4.3
[INFO] [stderr]    Compiling hyper v0.14.28
[INFO] [stderr]    Compiling idna v0.2.3
[INFO] [stderr]    Compiling pest_derive v2.7.5
[INFO] [stderr]    Compiling tokio-native-tls v0.3.1
[INFO] [stderr]    Compiling publicsuffix v2.2.3
[INFO] [stderr]    Compiling tetsy-impl-codec v0.4.1
[INFO] [stderr]    Compiling tetsy-primitive-types v0.6.0
[INFO] [stderr]    Compiling url v2.5.0
[INFO] [stderr]    Compiling xdg v2.5.2
[INFO] [stderr]    Compiling base64 v0.13.1
[INFO] [stderr]    Compiling vapory-types v0.8.0
[INFO] [stderr]    Compiling strsim v0.10.0
[INFO] [stderr]    Compiling bitflags v1.3.2
[INFO] [stderr]    Compiling heck v0.4.1
[INFO] [stderr]    Compiling minimal-lexical v0.2.1
[INFO] [stderr]    Compiling anyhow v1.0.77
[INFO] [stderr]    Compiling tetsy-util-mem v0.3.0
[INFO] [stderr]    Compiling tetsy-util-mem v0.4.2
[INFO] [stderr]    Compiling tetsy-memory-db v0.18.1
[INFO] [stderr]    Compiling fastmap v0.1.0
[INFO] [stderr]    Compiling tetsy-kvdb v0.3.2
[INFO] [stderr]    Compiling tetsy-keccak-hasher v0.1.1
[INFO] [stderr]    Compiling linked-hash-map v0.5.6
[INFO] [stderr]    Compiling clap_lex v0.6.0
[INFO] [stderr]    Compiling journaldb v0.2.0
[INFO] [stderr]    Compiling yaml-rust v0.4.5
[INFO] [stderr]    Compiling clap_builder v4.4.11
[INFO] [stderr]    Compiling nom v7.1.3
[INFO] [stderr]    Compiling clap_derive v4.4.7
[INFO] [stderr]    Compiling hyper-tls v0.5.0
[INFO] [stderr]    Compiling ron v0.7.1
[INFO] [stderr]    Compiling cookie_store v0.16.2
[INFO] [stderr]    Compiling app_dirs v1.2.1
[INFO] [stderr]    Compiling json5 v0.4.1
[INFO] [stderr]    Compiling regex v1.10.2
[INFO] [stderr]    Compiling is-terminal v0.4.10
[INFO] [stderr]    Compiling rust-ini v0.18.0
[INFO] [stderr]    Compiling toml v0.5.11
[INFO] [stderr]    Compiling serde_urlencoded v0.7.1
[INFO] [stderr]    Compiling hashlink v0.8.4
[INFO] [stderr]    Compiling encoding_rs v0.8.33
[INFO] [stderr]    Compiling fallible-streaming-iterator v0.1.9
[INFO] [stderr]    Compiling ipnet v2.9.0
[INFO] [stderr]    Compiling lazy_static v1.4.0
[INFO] [stderr]    Compiling termcolor v1.4.0
[INFO] [stderr]    Compiling mime v0.3.17
[INFO] [stderr]    Compiling home v0.3.4
[INFO] [stderr]    Compiling base64 v0.21.5
[INFO] [stderr]    Compiling humantime v2.1.0
[INFO] [stderr]    Compiling pathdiff v0.2.1
[INFO] [stderr]    Compiling fallible-iterator v0.3.0
[INFO] [stderr]    Compiling reqwest v0.11.23
[INFO] [stderr]    Compiling env_logger v0.10.1
[INFO] [stderr]    Compiling config v0.13.4
[INFO] [stderr]    Compiling dir v0.1.2
[INFO] [stderr]    Compiling clap v4.4.11
[INFO] [stderr]    Compiling rusqlite v0.30.0
[INFO] [stderr]    Compiling leetcode-cli v0.2.0 (/opt/rustwide/workdir)
[INFO] [stdout] warning: unused import: `super::Config`
[INFO] [stdout]   --> src/config/mod.rs:42:9
[INFO] [stdout]    |
[INFO] [stdout] 42 |     use super::Config;
[INFO] [stdout]    |         ^^^^^^^^^^^^^
[INFO] [stdout]    |
[INFO] [stdout]    = note: `#[warn(unused_imports)]` on by default
[INFO] [stdout] 
[INFO] [stdout] 
[INFO] [stdout] warning: unused imports: `INSERT_RECORD_OR_UPDATE_IF_EXISTS`, `Sqlite3`
[INFO] [stdout]   --> src/db/sqlite.rs:62:17
[INFO] [stdout]    |
[INFO] [stdout] 62 |     use super::{Sqlite3, INSERT_RECORD_OR_UPDATE_IF_EXISTS};
[INFO] [stdout]    |                 ^^^^^^^  ^^^^^^^^^^^^^^^^^^^^^^^^^^^^^^^^^
[INFO] [stdout] 
[INFO] [stdout] 
[INFO] [stdout] warning: unused import: `tokio::runtime::Builder`
[INFO] [stdout]   --> src/db/sqlite.rs:63:9
[INFO] [stdout]    |
[INFO] [stdout] 63 |     use tokio::runtime::Builder;
[INFO] [stdout]    |         ^^^^^^^^^^^^^^^^^^^^^^^
[INFO] [stdout] 
[INFO] [stdout] 
[INFO] [stdout] warning: unused import: `tokio::runtime::Builder`
[INFO] [stdout]   --> src/leetcode/request.rs:84:9
[INFO] [stdout]    |
[INFO] [stdout] 84 |     use tokio::runtime::Builder;
[INFO] [stdout]    |         ^^^^^^^^^^^^^^^^^^^^^^^
[INFO] [stdout] 
[INFO] [stdout] 
[INFO] [stdout] warning: unused import: `super::Request`
[INFO] [stdout]   --> src/leetcode/request.rs:86:9
[INFO] [stdout]    |
[INFO] [stdout] 86 |     use super::Request;
[INFO] [stdout]    |         ^^^^^^^^^^^^^^
[INFO] [stdout] 
[INFO] [stdout] 
[INFO] [stdout] warning: unused import: `super::Url`
[INFO] [stdout]   --> src/leetcode/url.rs:34:9
[INFO] [stdout]    |
[INFO] [stdout] 34 |     use super::Url;
[INFO] [stdout]    |         ^^^^^^^^^^
[INFO] [stdout] 
[INFO] [stdout] 
[INFO] [stdout] warning: unused imports: `BufWriter`, `create_dir_all`, `env::home_dir`, `remove_dir_all`, `remove_file`, `self`
[INFO] [stdout]  --> src/util/mod.rs:2:5
[INFO] [stdout]   |
[INFO] [stdout] 2 |     env::home_dir,
[INFO] [stdout]   |     ^^^^^^^^^^^^^
[INFO] [stdout] 3 |     fs::{create_dir_all, remove_dir_all, remove_file, File},
[INFO] [stdout]   |          ^^^^^^^^^^^^^^  ^^^^^^^^^^^^^^  ^^^^^^^^^^^
[INFO] [stdout] 4 |     io::{self, BufWriter, Write},
[INFO] [stdout]   |          ^^^^  ^^^^^^^^^
[INFO] [stdout] 
[INFO] [stdout] 
[INFO] [stdout] warning: unused import: `serde_json::json`
[INFO] [stdout]    --> src/util/mod.rs:127:9
[INFO] [stdout]     |
[INFO] [stdout] 127 |     use serde_json::json;
[INFO] [stdout]     |         ^^^^^^^^^^^^^^^^
[INFO] [stdout] 
[INFO] [stdout] 
[INFO] [stdout] warning: use of deprecated function `std::env::home_dir`: This function's behavior may be unexpected on Windows. Consider using a crate from crates.io instead.
[INFO] [stdout]  --> src/util/mod.rs:2:10
[INFO] [stdout]   |
[INFO] [stdout] 2 |     env::home_dir,
[INFO] [stdout]   |          ^^^^^^^^
[INFO] [stdout]   |
[INFO] [stdout]   = note: `#[warn(deprecated)]` on by default
[INFO] [stdout] 
[INFO] [stdout] 
[INFO] [stdout] warning: variable does not need to be mutable
[INFO] [stdout]   --> src/util/mod.rs:50:13
[INFO] [stdout]    |
[INFO] [stdout] 50 |         let mut skip = index * limit;
[INFO] [stdout]    |             ----^^^^
[INFO] [stdout]    |             |
[INFO] [stdout]    |             help: remove this `mut`
[INFO] [stdout]    |
[INFO] [stdout]    = note: `#[warn(unused_mut)]` on by default
[INFO] [stdout] 
[INFO] [stdout] 
[INFO] [stdout] warning: variable does not need to be mutable
[INFO] [stdout]  --> src/cli/cli.rs:5:9
[INFO] [stdout]   |
[INFO] [stdout] 5 |     let mut cmd = clap::Command::new("leetcode")
[INFO] [stdout]   |         ----^^^
[INFO] [stdout]   |         |
[INFO] [stdout]   |         help: remove this `mut`
[INFO] [stdout] 
[INFO] [stdout] 
[INFO] [stdout] warning: unused variable: `from`
[INFO] [stdout]   --> src/db/sqlite.rs:56:42
[INFO] [stdout]    |
[INFO] [stdout] 56 |     pub async fn query_with_range(&self, from: i32, to: i32) -> Result<Problem> {
[INFO] [stdout]    |                                          ^^^^ help: if this is intentional, prefix it with an underscore: `_from`
[INFO] [stdout]    |
[INFO] [stdout]    = note: `#[warn(unused_variables)]` on by default
[INFO] [stdout] 
[INFO] [stdout] 
[INFO] [stdout] warning: unused variable: `to`
[INFO] [stdout]   --> src/db/sqlite.rs:56:53
[INFO] [stdout]    |
[INFO] [stdout] 56 |     pub async fn query_with_range(&self, from: i32, to: i32) -> Result<Problem> {
[INFO] [stdout]    |                                                     ^^ help: if this is intentional, prefix it with an underscore: `_to`
[INFO] [stdout] 
[INFO] [stdout] 
[INFO] [stdout] warning: unused variable: `m`
[INFO] [stdout]   --> src/cmd/list.rs:21:22
[INFO] [stdout]    |
[INFO] [stdout] 21 |     async fn handler(m: &ArgMatches) -> Result<()> {
[INFO] [stdout]    |                      ^ help: if this is intentional, prefix it with an underscore: `_m`
[INFO] [stdout] 
[INFO] [stdout] 
[INFO] [stdout] warning: field `client` is never read
[INFO] [stdout]   --> src/leetcode/request.rs:12:5
[INFO] [stdout]    |
[INFO] [stdout] 11 | pub struct Request {
[INFO] [stdout]    |            ------- field in this struct
[INFO] [stdout] 12 |     client: Client,
[INFO] [stdout]    |     ^^^^^^
[INFO] [stdout]    |
[INFO] [stdout]    = note: `#[warn(dead_code)]` on by default
[INFO] [stdout] 
[INFO] [stdout] 
[INFO] [stdout] warning: unused `Result` in tuple element 0 that must be used
[INFO] [stdout]   --> src/cache/mod.rs:29:9
[INFO] [stdout]    |
[INFO] [stdout] 29 |         tokio::join!(handler);
[INFO] [stdout]    |         ^^^^^^^^^^^^^^^^^^^^^
[INFO] [stdout]    |
[INFO] [stdout]    = note: this `Result` may be an `Err` variant, which should be handled
[INFO] [stdout]    = note: `#[warn(unused_must_use)]` on by default
[INFO] [stdout]    = note: this warning originates in the macro `$crate::join` which comes from the expansion of the macro `tokio::join` (in Nightly builds, run with -Z macro-backtrace for more info)
[INFO] [stdout] 
[INFO] [stdout] 
[INFO] [stdout] warning: unused `Result` in tuple element 0 that must be used
[INFO] [stdout]   --> src/cache/mod.rs:72:9
[INFO] [stdout]    |
[INFO] [stdout] 72 |         tokio::join!(handler);
[INFO] [stdout]    |         ^^^^^^^^^^^^^^^^^^^^^
[INFO] [stdout]    |
[INFO] [stdout]    = note: this `Result` may be an `Err` variant, which should be handled
[INFO] [stdout]    = note: this warning originates in the macro `$crate::join` which comes from the expansion of the macro `tokio::join` (in Nightly builds, run with -Z macro-backtrace for more info)
[INFO] [stdout] 
[INFO] [stdout] 
[INFO] [stdout] warning: 17 warnings emitted
[INFO] [stdout] 
[INFO] [stdout] 
[INFO] [stderr]     Finished dev [unoptimized + debuginfo] target(s) in 34.43s
[INFO] running `Command { std: "docker" "inspect" "2ca12ebd57ac3787a5003479eac733cb3752a86669d6bd6c602ca2dd989b839d", kill_on_drop: false }`
[INFO] running `Command { std: "docker" "rm" "-f" "2ca12ebd57ac3787a5003479eac733cb3752a86669d6bd6c602ca2dd989b839d", kill_on_drop: false }`
[INFO] [stdout] 2ca12ebd57ac3787a5003479eac733cb3752a86669d6bd6c602ca2dd989b839d
[INFO] running `Command { std: "docker" "create" "-v" "/var/lib/crater-agent-workspace/builds/worker-4-tc2/target:/opt/rustwide/target:rw,Z" "-v" "/var/lib/crater-agent-workspace/builds/worker-4-tc2/source:/opt/rustwide/workdir:ro,Z" "-v" "/var/lib/crater-agent-workspace/cargo-home:/opt/rustwide/cargo-home:ro,Z" "-v" "/var/lib/crater-agent-workspace/rustup-home:/opt/rustwide/rustup-home:ro,Z" "-e" "SOURCE_DIR=/opt/rustwide/workdir" "-e" "CARGO_TARGET_DIR=/opt/rustwide/target" "-e" "CARGO_INCREMENTAL=0" "-e" "RUST_BACKTRACE=full" "-e" "RUSTFLAGS=--cap-lints=warn" "-e" "RUSTDOCFLAGS=--cap-lints=warn" "-e" "CARGO_HOME=/opt/rustwide/cargo-home" "-e" "RUSTUP_HOME=/opt/rustwide/rustup-home" "-w" "/opt/rustwide/workdir" "-m" "1610612736" "--user" "0:0" "--network" "none" "ghcr.io/rust-lang/crates-build-env/linux@sha256:2788e3201cd34a07e3172128adcd8b3090168a8e3bcc40d7c032b9dda1df7d1c" "/opt/rustwide/cargo-home/bin/cargo" "+beta-2023-12-22" "test" "--frozen" "--no-run" "--message-format=json", kill_on_drop: false }`
[INFO] [stdout] e7e63b2d44aae9a197c0eba056c867bb9278e590cad3cabf863444ae3ebc139a
[INFO] running `Command { std: "docker" "start" "-a" "e7e63b2d44aae9a197c0eba056c867bb9278e590cad3cabf863444ae3ebc139a", kill_on_drop: false }`
[INFO] [stdout] warning: unused import: `super::Config`
[INFO] [stdout]   --> src/config/mod.rs:42:9
[INFO] [stdout]    |
[INFO] [stdout] 42 |     use super::Config;
[INFO] [stdout]    |         ^^^^^^^^^^^^^
[INFO] [stdout]    |
[INFO] [stdout]    = note: `#[warn(unused_imports)]` on by default
[INFO] [stdout] 
[INFO] [stdout] 
[INFO] [stdout] warning: unused imports: `INSERT_RECORD_OR_UPDATE_IF_EXISTS`, `Sqlite3`
[INFO] [stdout]   --> src/db/sqlite.rs:62:17
[INFO] [stdout]    |
[INFO] [stdout] 62 |     use super::{Sqlite3, INSERT_RECORD_OR_UPDATE_IF_EXISTS};
[INFO] [stdout]    |                 ^^^^^^^  ^^^^^^^^^^^^^^^^^^^^^^^^^^^^^^^^^
[INFO] [stdout] 
[INFO] [stdout] 
[INFO] [stdout] warning: unused import: `tokio::runtime::Builder`
[INFO] [stdout]   --> src/db/sqlite.rs:63:9
[INFO] [stdout]    |
[INFO] [stdout] 63 |     use tokio::runtime::Builder;
[INFO] [stdout]    |         ^^^^^^^^^^^^^^^^^^^^^^^
[INFO] [stdout] 
[INFO] [stdout] 
[INFO] [stdout] warning: unused import: `tokio::runtime::Builder`
[INFO] [stdout]   --> src/leetcode/request.rs:84:9
[INFO] [stdout]    |
[INFO] [stdout] 84 |     use tokio::runtime::Builder;
[INFO] [stdout]    |         ^^^^^^^^^^^^^^^^^^^^^^^
[INFO] [stdout] 
[INFO] [stdout] 
[INFO] [stdout] warning: unused import: `super::Request`
[INFO] [stdout]   --> src/leetcode/request.rs:86:9
[INFO] [stdout]    |
[INFO] [stdout] 86 |     use super::Request;
[INFO] [stdout]    |         ^^^^^^^^^^^^^^
[INFO] [stdout] 
[INFO] [stdout] 
[INFO] [stdout] warning: unused import: `super::Url`
[INFO] [stdout]   --> src/leetcode/url.rs:34:9
[INFO] [stdout]    |
[INFO] [stdout] 34 |     use super::Url;
[INFO] [stdout]    |         ^^^^^^^^^^
[INFO] [stdout] 
[INFO] [stdout] 
[INFO] [stdout] warning: unused imports: `BufWriter`, `create_dir_all`, `env::home_dir`, `remove_dir_all`, `remove_file`, `self`
[INFO] [stdout]  --> src/util/mod.rs:2:5
[INFO] [stdout]   |
[INFO] [stdout] 2 |     env::home_dir,
[INFO] [stdout]   |     ^^^^^^^^^^^^^
[INFO] [stdout] 3 |     fs::{create_dir_all, remove_dir_all, remove_file, File},
[INFO] [stdout]   |          ^^^^^^^^^^^^^^  ^^^^^^^^^^^^^^  ^^^^^^^^^^^
[INFO] [stdout] 4 |     io::{self, BufWriter, Write},
[INFO] [stdout]   |          ^^^^  ^^^^^^^^^
[INFO] [stdout] 
[INFO] [stdout] 
[INFO] [stdout] warning: unused import: `serde_json::json`
[INFO] [stdout]    --> src/util/mod.rs:127:9
[INFO] [stdout]     |
[INFO] [stdout] 127 |     use serde_json::json;
[INFO] [stdout]     |         ^^^^^^^^^^^^^^^^
[INFO] [stdout] 
[INFO] [stdout] 
[INFO] [stdout] warning: use of deprecated function `std::env::home_dir`: This function's behavior may be unexpected on Windows. Consider using a crate from crates.io instead.
[INFO] [stdout]  --> src/util/mod.rs:2:10
[INFO] [stdout]   |
[INFO] [stdout] 2 |     env::home_dir,
[INFO] [stdout]   |          ^^^^^^^^
[INFO] [stdout]   |
[INFO] [stdout]   = note: `#[warn(deprecated)]` on by default
[INFO] [stdout] 
[INFO] [stdout] 
[INFO] [stdout] warning: variable does not need to be mutable
[INFO] [stdout]   --> src/util/mod.rs:50:13
[INFO] [stdout]    |
[INFO] [stdout] 50 |         let mut skip = index * limit;
[INFO] [stdout]    |             ----^^^^
[INFO] [stdout]    |             |
[INFO] [stdout]    |             help: remove this `mut`
[INFO] [stdout]    |
[INFO] [stdout]    = note: `#[warn(unused_mut)]` on by default
[INFO] [stdout] 
[INFO] [stdout] 
[INFO] [stdout] warning: variable does not need to be mutable
[INFO] [stdout]  --> src/cli/cli.rs:5:9
[INFO] [stdout]   |
[INFO] [stdout] 5 |     let mut cmd = clap::Command::new("leetcode")
[INFO] [stdout]   |         ----^^^
[INFO] [stdout]   |         |
[INFO] [stdout]   |         help: remove this `mut`
[INFO] [stdout] 
[INFO] [stdout] 
[INFO] [stdout] warning: unused variable: `from`
[INFO] [stdout]   --> src/db/sqlite.rs:56:42
[INFO] [stdout]    |
[INFO] [stdout] 56 |     pub async fn query_with_range(&self, from: i32, to: i32) -> Result<Problem> {
[INFO] [stdout]    |                                          ^^^^ help: if this is intentional, prefix it with an underscore: `_from`
[INFO] [stdout]    |
[INFO] [stdout]    = note: `#[warn(unused_variables)]` on by default
[INFO] [stdout] 
[INFO] [stdout] 
[INFO] [stdout] warning: unused variable: `to`
[INFO] [stdout]   --> src/db/sqlite.rs:56:53
[INFO] [stdout]    |
[INFO] [stdout] 56 |     pub async fn query_with_range(&self, from: i32, to: i32) -> Result<Problem> {
[INFO] [stdout]    |                                                     ^^ help: if this is intentional, prefix it with an underscore: `_to`
[INFO] [stdout] 
[INFO] [stdout] 
[INFO] [stdout] warning: unused variable: `m`
[INFO] [stdout]   --> src/cmd/list.rs:21:22
[INFO] [stdout]    |
[INFO] [stdout] 21 |     async fn handler(m: &ArgMatches) -> Result<()> {
[INFO] [stdout]    |                      ^ help: if this is intentional, prefix it with an underscore: `_m`
[INFO] [stdout] 
[INFO] [stdout] 
[INFO] [stdout] warning: field `client` is never read
[INFO] [stdout]   --> src/leetcode/request.rs:12:5
[INFO] [stdout]    |
[INFO] [stdout] 11 | pub struct Request {
[INFO] [stdout]    |            ------- field in this struct
[INFO] [stdout] 12 |     client: Client,
[INFO] [stdout]    |     ^^^^^^
[INFO] [stdout]    |
[INFO] [stdout]    = note: `#[warn(dead_code)]` on by default
[INFO] [stdout] 
[INFO] [stdout] 
[INFO] [stdout] warning: unused `Result` in tuple element 0 that must be used
[INFO] [stdout]   --> src/cache/mod.rs:29:9
[INFO] [stdout]    |
[INFO] [stdout] 29 |         tokio::join!(handler);
[INFO] [stdout]    |         ^^^^^^^^^^^^^^^^^^^^^
[INFO] [stdout]    |
[INFO] [stdout]    = note: this `Result` may be an `Err` variant, which should be handled
[INFO] [stdout]    = note: `#[warn(unused_must_use)]` on by default
[INFO] [stdout]    = note: this warning originates in the macro `$crate::join` which comes from the expansion of the macro `tokio::join` (in Nightly builds, run with -Z macro-backtrace for more info)
[INFO] [stdout] 
[INFO] [stdout] 
[INFO] [stdout] warning: unused `Result` in tuple element 0 that must be used
[INFO] [stdout]   --> src/cache/mod.rs:72:9
[INFO] [stdout]    |
[INFO] [stdout] 72 |         tokio::join!(handler);
[INFO] [stdout]    |         ^^^^^^^^^^^^^^^^^^^^^
[INFO] [stdout]    |
[INFO] [stdout]    = note: this `Result` may be an `Err` variant, which should be handled
[INFO] [stdout]    = note: this warning originates in the macro `$crate::join` which comes from the expansion of the macro `tokio::join` (in Nightly builds, run with -Z macro-backtrace for more info)
[INFO] [stdout] 
[INFO] [stdout] 
[INFO] [stdout] warning: 17 warnings emitted
[INFO] [stdout] 
[INFO] [stdout] 
[INFO] [stderr]    Compiling leetcode-cli v0.2.0 (/opt/rustwide/workdir)
[INFO] [stdout] warning: unused import: `tokio::runtime::Builder`
[INFO] [stdout]   --> src/db/sqlite.rs:63:9
[INFO] [stdout]    |
[INFO] [stdout] 63 |     use tokio::runtime::Builder;
[INFO] [stdout]    |         ^^^^^^^^^^^^^^^^^^^^^^^
[INFO] [stdout]    |
[INFO] [stdout]    = note: `#[warn(unused_imports)]` on by default
[INFO] [stdout] 
[INFO] [stdout] 
[INFO] [stdout] warning: unused imports: `BufWriter`, `create_dir_all`, `env::home_dir`, `remove_dir_all`, `remove_file`, `self`
[INFO] [stdout]  --> src/util/mod.rs:2:5
[INFO] [stdout]   |
[INFO] [stdout] 2 |     env::home_dir,
[INFO] [stdout]   |     ^^^^^^^^^^^^^
[INFO] [stdout] 3 |     fs::{create_dir_all, remove_dir_all, remove_file, File},
[INFO] [stdout]   |          ^^^^^^^^^^^^^^  ^^^^^^^^^^^^^^  ^^^^^^^^^^^
[INFO] [stdout] 4 |     io::{self, BufWriter, Write},
[INFO] [stdout]   |          ^^^^  ^^^^^^^^^
[INFO] [stdout] 
[INFO] [stdout] 
[INFO] [stdout] warning: use of deprecated function `std::env::home_dir`: This function's behavior may be unexpected on Windows. Consider using a crate from crates.io instead.
[INFO] [stdout]  --> src/util/mod.rs:2:10
[INFO] [stdout]   |
[INFO] [stdout] 2 |     env::home_dir,
[INFO] [stdout]   |          ^^^^^^^^
[INFO] [stdout]   |
[INFO] [stdout]   = note: `#[warn(deprecated)]` on by default
[INFO] [stdout] 
[INFO] [stdout] 
[INFO] [stdout] warning: variable does not need to be mutable
[INFO] [stdout]   --> src/util/mod.rs:50:13
[INFO] [stdout]    |
[INFO] [stdout] 50 |         let mut skip = index * limit;
[INFO] [stdout]    |             ----^^^^
[INFO] [stdout]    |             |
[INFO] [stdout]    |             help: remove this `mut`
[INFO] [stdout]    |
[INFO] [stdout]    = note: `#[warn(unused_mut)]` on by default
[INFO] [stdout] 
[INFO] [stdout] 
[INFO] [stdout] warning: variable does not need to be mutable
[INFO] [stdout]  --> src/cli/cli.rs:5:9
[INFO] [stdout]   |
[INFO] [stdout] 5 |     let mut cmd = clap::Command::new("leetcode")
[INFO] [stdout]   |         ----^^^
[INFO] [stdout]   |         |
[INFO] [stdout]   |         help: remove this `mut`
[INFO] [stdout] 
[INFO] [stdout] 
[INFO] [stdout] warning: unused variable: `from`
[INFO] [stdout]   --> src/db/sqlite.rs:56:42
[INFO] [stdout]    |
[INFO] [stdout] 56 |     pub async fn query_with_range(&self, from: i32, to: i32) -> Result<Problem> {
[INFO] [stdout]    |                                          ^^^^ help: if this is intentional, prefix it with an underscore: `_from`
[INFO] [stdout]    |
[INFO] [stdout]    = note: `#[warn(unused_variables)]` on by default
[INFO] [stdout] 
[INFO] [stdout] 
[INFO] [stdout] warning: unused variable: `to`
[INFO] [stdout]   --> src/db/sqlite.rs:56:53
[INFO] [stdout]    |
[INFO] [stdout] 56 |     pub async fn query_with_range(&self, from: i32, to: i32) -> Result<Problem> {
[INFO] [stdout]    |                                                     ^^ help: if this is intentional, prefix it with an underscore: `_to`
[INFO] [stdout] 
[INFO] [stdout] 
[INFO] [stdout] warning: unused variable: `m`
[INFO] [stdout]   --> src/cmd/list.rs:21:22
[INFO] [stdout]    |
[INFO] [stdout] 21 |     async fn handler(m: &ArgMatches) -> Result<()> {
[INFO] [stdout]    |                      ^ help: if this is intentional, prefix it with an underscore: `_m`
[INFO] [stdout] 
[INFO] [stdout] 
[INFO] [stdout] warning: field `client` is never read
[INFO] [stdout]   --> src/leetcode/request.rs:12:5
[INFO] [stdout]    |
[INFO] [stdout] 11 | pub struct Request {
[INFO] [stdout]    |            ------- field in this struct
[INFO] [stdout] 12 |     client: Client,
[INFO] [stdout]    |     ^^^^^^
[INFO] [stdout]    |
[INFO] [stdout]    = note: `#[warn(dead_code)]` on by default
[INFO] [stdout] 
[INFO] [stdout] 
[INFO] [stdout] warning: unused `Result` in tuple element 0 that must be used
[INFO] [stdout]   --> src/cache/mod.rs:29:9
[INFO] [stdout]    |
[INFO] [stdout] 29 |         tokio::join!(handler);
[INFO] [stdout]    |         ^^^^^^^^^^^^^^^^^^^^^
[INFO] [stdout]    |
[INFO] [stdout]    = note: this `Result` may be an `Err` variant, which should be handled
[INFO] [stdout]    = note: `#[warn(unused_must_use)]` on by default
[INFO] [stdout]    = note: this warning originates in the macro `$crate::join` which comes from the expansion of the macro `tokio::join` (in Nightly builds, run with -Z macro-backtrace for more info)
[INFO] [stdout] 
[INFO] [stdout] 
[INFO] [stdout] warning: unused `Result` in tuple element 0 that must be used
[INFO] [stdout]   --> src/cache/mod.rs:72:9
[INFO] [stdout]    |
[INFO] [stdout] 72 |         tokio::join!(handler);
[INFO] [stdout]    |         ^^^^^^^^^^^^^^^^^^^^^
[INFO] [stdout]    |
[INFO] [stdout]    = note: this `Result` may be an `Err` variant, which should be handled
[INFO] [stdout]    = note: this warning originates in the macro `$crate::join` which comes from the expansion of the macro `tokio::join` (in Nightly builds, run with -Z macro-backtrace for more info)
[INFO] [stdout] 
[INFO] [stdout] 
[INFO] [stdout] warning: 11 warnings emitted
[INFO] [stdout] 
[INFO] [stdout] 
[INFO] [stderr]     Finished test [unoptimized + debuginfo] target(s) in 5.06s
[INFO] running `Command { std: "docker" "inspect" "e7e63b2d44aae9a197c0eba056c867bb9278e590cad3cabf863444ae3ebc139a", kill_on_drop: false }`
[INFO] running `Command { std: "docker" "rm" "-f" "e7e63b2d44aae9a197c0eba056c867bb9278e590cad3cabf863444ae3ebc139a", kill_on_drop: false }`
[INFO] [stdout] e7e63b2d44aae9a197c0eba056c867bb9278e590cad3cabf863444ae3ebc139a
[INFO] running `Command { std: "docker" "create" "-v" "/var/lib/crater-agent-workspace/builds/worker-4-tc2/target:/opt/rustwide/target:rw,Z" "-v" "/var/lib/crater-agent-workspace/builds/worker-4-tc2/source:/opt/rustwide/workdir:ro,Z" "-v" "/var/lib/crater-agent-workspace/cargo-home:/opt/rustwide/cargo-home:ro,Z" "-v" "/var/lib/crater-agent-workspace/rustup-home:/opt/rustwide/rustup-home:ro,Z" "-e" "SOURCE_DIR=/opt/rustwide/workdir" "-e" "CARGO_TARGET_DIR=/opt/rustwide/target" "-e" "CARGO_INCREMENTAL=0" "-e" "RUST_BACKTRACE=full" "-e" "RUSTFLAGS=--cap-lints=warn" "-e" "RUSTDOCFLAGS=--cap-lints=warn" "-e" "CARGO_HOME=/opt/rustwide/cargo-home" "-e" "RUSTUP_HOME=/opt/rustwide/rustup-home" "-w" "/opt/rustwide/workdir" "-m" "1610612736" "--user" "0:0" "--network" "none" "ghcr.io/rust-lang/crates-build-env/linux@sha256:2788e3201cd34a07e3172128adcd8b3090168a8e3bcc40d7c032b9dda1df7d1c" "/opt/rustwide/cargo-home/bin/cargo" "+beta-2023-12-22" "test" "--frozen", kill_on_drop: false }`
[INFO] [stdout] 14b746d4bb475cb324b6582196aa1c0dd8bd09caba7a27fa71cf85ced9f7287f
[INFO] running `Command { std: "docker" "start" "-a" "14b746d4bb475cb324b6582196aa1c0dd8bd09caba7a27fa71cf85ced9f7287f", kill_on_drop: false }`
[INFO] [stderr] warning: unused import: `super::Config`
[INFO] [stderr]   --> src/config/mod.rs:42:9
[INFO] [stderr]    |
[INFO] [stderr] 42 |     use super::Config;
[INFO] [stderr]    |         ^^^^^^^^^^^^^
[INFO] [stderr]    |
[INFO] [stderr]    = note: `#[warn(unused_imports)]` on by default
[INFO] [stderr] 
[INFO] [stderr] warning: unused imports: `INSERT_RECORD_OR_UPDATE_IF_EXISTS`, `Sqlite3`
[INFO] [stderr]   --> src/db/sqlite.rs:62:17
[INFO] [stderr]    |
[INFO] [stderr] 62 |     use super::{Sqlite3, INSERT_RECORD_OR_UPDATE_IF_EXISTS};
[INFO] [stderr]    |                 ^^^^^^^  ^^^^^^^^^^^^^^^^^^^^^^^^^^^^^^^^^
[INFO] [stderr] 
[INFO] [stderr] warning: unused import: `tokio::runtime::Builder`
[INFO] [stderr]   --> src/db/sqlite.rs:63:9
[INFO] [stderr]    |
[INFO] [stderr] 63 |     use tokio::runtime::Builder;
[INFO] [stderr]    |         ^^^^^^^^^^^^^^^^^^^^^^^
[INFO] [stderr] 
[INFO] [stderr] warning: unused import: `tokio::runtime::Builder`
[INFO] [stderr]   --> src/leetcode/request.rs:84:9
[INFO] [stderr]    |
[INFO] [stderr] 84 |     use tokio::runtime::Builder;
[INFO] [stderr]    |         ^^^^^^^^^^^^^^^^^^^^^^^
[INFO] [stderr] 
[INFO] [stderr] warning: unused import: `super::Request`
[INFO] [stderr]   --> src/leetcode/request.rs:86:9
[INFO] [stderr]    |
[INFO] [stderr] 86 |     use super::Request;
[INFO] [stderr]    |         ^^^^^^^^^^^^^^
[INFO] [stderr] 
[INFO] [stderr] warning: unused import: `super::Url`
[INFO] [stderr]   --> src/leetcode/url.rs:34:9
[INFO] [stderr]    |
[INFO] [stderr] 34 |     use super::Url;
[INFO] [stderr]    |         ^^^^^^^^^^
[INFO] [stderr] 
[INFO] [stderr] warning: unused imports: `BufWriter`, `create_dir_all`, `env::home_dir`, `remove_dir_all`, `remove_file`, `self`
[INFO] [stderr]  --> src/util/mod.rs:2:5
[INFO] [stderr]   |
[INFO] [stderr] 2 |     env::home_dir,
[INFO] [stderr]   |     ^^^^^^^^^^^^^
[INFO] [stderr] 3 |     fs::{create_dir_all, remove_dir_all, remove_file, File},
[INFO] [stderr]   |          ^^^^^^^^^^^^^^  ^^^^^^^^^^^^^^  ^^^^^^^^^^^
[INFO] [stderr] 4 |     io::{self, BufWriter, Write},
[INFO] [stderr]   |          ^^^^  ^^^^^^^^^
[INFO] [stderr] 
[INFO] [stderr] warning: unused import: `serde_json::json`
[INFO] [stderr]    --> src/util/mod.rs:127:9
[INFO] [stderr]     |
[INFO] [stderr] 127 |     use serde_json::json;
[INFO] [stderr]     |         ^^^^^^^^^^^^^^^^
[INFO] [stderr] 
[INFO] [stderr] warning: use of deprecated function `std::env::home_dir`: This function's behavior may be unexpected on Windows. Consider using a crate from crates.io instead.
[INFO] [stderr]  --> src/util/mod.rs:2:10
[INFO] [stderr]   |
[INFO] [stderr] 2 |     env::home_dir,
[INFO] [stderr]   |          ^^^^^^^^
[INFO] [stderr]   |
[INFO] [stderr]   = note: `#[warn(deprecated)]` on by default
[INFO] [stderr] 
[INFO] [stderr] warning: variable does not need to be mutable
[INFO] [stderr]   --> src/util/mod.rs:50:13
[INFO] [stderr]    |
[INFO] [stderr] 50 |         let mut skip = index * limit;
[INFO] [stderr]    |             ----^^^^
[INFO] [stderr]    |             |
[INFO] [stderr]    |             help: remove this `mut`
[INFO] [stderr]    |
[INFO] [stderr]    = note: `#[warn(unused_mut)]` on by default
[INFO] [stderr] 
[INFO] [stderr] warning: variable does not need to be mutable
[INFO] [stderr]  --> src/cli/cli.rs:5:9
[INFO] [stderr]   |
[INFO] [stderr] 5 |     let mut cmd = clap::Command::new("leetcode")
[INFO] [stderr]   |         ----^^^
[INFO] [stderr]   |         |
[INFO] [stderr]   |         help: remove this `mut`
[INFO] [stderr] 
[INFO] [stderr] warning: unused variable: `from`
[INFO] [stderr]   --> src/db/sqlite.rs:56:42
[INFO] [stderr]    |
[INFO] [stderr] 56 |     pub async fn query_with_range(&self, from: i32, to: i32) -> Result<Problem> {
[INFO] [stderr]    |                                          ^^^^ help: if this is intentional, prefix it with an underscore: `_from`
[INFO] [stderr]    |
[INFO] [stderr]    = note: `#[warn(unused_variables)]` on by default
[INFO] [stderr] 
[INFO] [stderr] warning: unused variable: `to`
[INFO] [stderr]   --> src/db/sqlite.rs:56:53
[INFO] [stderr]    |
[INFO] [stderr] 56 |     pub async fn query_with_range(&self, from: i32, to: i32) -> Result<Problem> {
[INFO] [stderr]    |                                                     ^^ help: if this is intentional, prefix it with an underscore: `_to`
[INFO] [stderr] 
[INFO] [stderr] warning: unused variable: `m`
[INFO] [stderr]   --> src/cmd/list.rs:21:22
[INFO] [stderr]    |
[INFO] [stderr] 21 |     async fn handler(m: &ArgMatches) -> Result<()> {
[INFO] [stderr]    |                      ^ help: if this is intentional, prefix it with an underscore: `_m`
[INFO] [stderr] 
[INFO] [stderr] warning: field `client` is never read
[INFO] [stderr]   --> src/leetcode/request.rs:12:5
[INFO] [stderr]    |
[INFO] [stderr] 11 | pub struct Request {
[INFO] [stderr]    |            ------- field in this struct
[INFO] [stderr] 12 |     client: Client,
[INFO] [stderr]    |     ^^^^^^
[INFO] [stderr]    |
[INFO] [stderr]    = note: `#[warn(dead_code)]` on by default
[INFO] [stderr] 
[INFO] [stderr] warning: unused `Result` in tuple element 0 that must be used
[INFO] [stderr]   --> src/cache/mod.rs:29:9
[INFO] [stderr]    |
[INFO] [stderr] 29 |         tokio::join!(handler);
[INFO] [stderr]    |         ^^^^^^^^^^^^^^^^^^^^^
[INFO] [stderr]    |
[INFO] [stderr]    = note: this `Result` may be an `Err` variant, which should be handled
[INFO] [stderr]    = note: `#[warn(unused_must_use)]` on by default
[INFO] [stderr]    = note: this warning originates in the macro `$crate::join` which comes from the expansion of the macro `tokio::join` (in Nightly builds, run with -Z macro-backtrace for more info)
[INFO] [stderr] 
[INFO] [stderr] warning: unused `Result` in tuple element 0 that must be used
[INFO] [stderr]   --> src/cache/mod.rs:72:9
[INFO] [stderr]    |
[INFO] [stderr] 72 |         tokio::join!(handler);
[INFO] [stderr]    |         ^^^^^^^^^^^^^^^^^^^^^
[INFO] [stderr]    |
[INFO] [stderr]    = note: this `Result` may be an `Err` variant, which should be handled
[INFO] [stderr]    = note: this warning originates in the macro `$crate::join` which comes from the expansion of the macro `tokio::join` (in Nightly builds, run with -Z macro-backtrace for more info)
[INFO] [stderr] 
[INFO] [stderr] warning: unused import: `tokio::runtime::Builder`
[INFO] [stderr]   --> src/db/sqlite.rs:63:9
[INFO] [stderr]    |
[INFO] [stderr] 63 |     use tokio::runtime::Builder;
[INFO] [stderr]    |         ^^^^^^^^^^^^^^^^^^^^^^^
[INFO] [stderr]    |
[INFO] [stderr]    = note: `#[warn(unused_imports)]` on by default
[INFO] [stderr] 
[INFO] [stderr] warning: `leetcode-cli` (lib) generated 17 warnings (run `cargo fix --lib -p leetcode-cli` to apply 13 suggestions)
[INFO] [stderr] warning: `leetcode-cli` (lib test) generated 11 warnings (10 duplicates) (run `cargo fix --lib -p leetcode-cli --tests` to apply 1 suggestion)
[INFO] [stderr]     Finished test [unoptimized + debuginfo] target(s) in 0.17s
[INFO] [stderr]      Running unittests src/lib.rs (/opt/rustwide/target/debug/deps/leetcode_cli-096a094e0285a5e0)
[INFO] [stdout] 
[INFO] [stdout] running 7 tests
[INFO] [stdout] test db::sqlite::test::query_with_invalid_id_n1 ... ok
[INFO] [stdout] test leetcode::url::test::leetcode_url ... ok
[INFO] [stdout] test util::test::concat_vec_to_json ... ok
[INFO] [stdout] test config::test::access_config ... FAILED
[INFO] [stdout] test db::sqlite::test::query_with_valid_id_1 ... FAILED
[INFO] [stdout] test db::sqlite::test::update_value_if_record_exists ... FAILED
[INFO] [stdout] test leetcode::request::test::query_testcase_with_id ... FAILED
[INFO] [stdout] 
[INFO] [stdout] failures:
[INFO] [stdout] 
[INFO] [stdout] ---- config::test::access_config stdout ----
[INFO] [stdout] thread 'config::test::access_config' panicked at src/config/mod.rs:37:54:
[INFO] [stdout] called `Result::unwrap()` on an `Err` value: configuration file "/root/.config/leetcode/leetcode.toml" not found
[INFO] [stdout] stack backtrace:
[INFO] [stdout]    0:     0x5581bd0fd766 - std::backtrace_rs::backtrace::libunwind::trace::h261606ad26a499c1
[INFO] [stdout]                                at /rustc/0e09125c6c3c2fd70d7de961bcf0e51575235fad/library/std/src/../../backtrace/src/backtrace/libunwind.rs:104:5
[INFO] [stdout]    1:     0x5581bd0fd766 - std::backtrace_rs::backtrace::trace_unsynchronized::hd183f0625477fb28
[INFO] [stdout]                                at /rustc/0e09125c6c3c2fd70d7de961bcf0e51575235fad/library/std/src/../../backtrace/src/backtrace/mod.rs:66:5
[INFO] [stdout]    2:     0x5581bd0fd766 - std::sys_common::backtrace::_print_fmt::hd7f8fef21b4eda67
[INFO] [stdout]                                at /rustc/0e09125c6c3c2fd70d7de961bcf0e51575235fad/library/std/src/sys_common/backtrace.rs:68:5
[INFO] [stdout]    3:     0x5581bd0fd766 - <std::sys_common::backtrace::_print::DisplayBacktrace as core::fmt::Display>::fmt::h623d9b51f2f453f1
[INFO] [stdout]                                at /rustc/0e09125c6c3c2fd70d7de961bcf0e51575235fad/library/std/src/sys_common/backtrace.rs:44:22
[INFO] [stdout]    4:     0x5581bd12b5c0 - core::fmt::rt::Argument::fmt::h9f417ac76a86f368
[INFO] [stdout]                                at /rustc/0e09125c6c3c2fd70d7de961bcf0e51575235fad/library/core/src/fmt/rt.rs:142:9
[INFO] [stdout]    5:     0x5581bd12b5c0 - core::fmt::write::hc9b6faf4ac2aeff7
[INFO] [stdout]                                at /rustc/0e09125c6c3c2fd70d7de961bcf0e51575235fad/library/core/src/fmt/mod.rs:1120:17
[INFO] [stdout]    6:     0x5581bd0fa50f - std::io::Write::write_fmt::he04625a3a989fec3
[INFO] [stdout]                                at /rustc/0e09125c6c3c2fd70d7de961bcf0e51575235fad/library/std/src/io/mod.rs:1810:15
[INFO] [stdout]    7:     0x5581bd0fd544 - std::sys_common::backtrace::_print::hd5d66399c7df88a2
[INFO] [stdout]                                at /rustc/0e09125c6c3c2fd70d7de961bcf0e51575235fad/library/std/src/sys_common/backtrace.rs:47:5
[INFO] [stdout]    8:     0x5581bd0fd544 - std::sys_common::backtrace::print::he81ed2da642d37e5
[INFO] [stdout]                                at /rustc/0e09125c6c3c2fd70d7de961bcf0e51575235fad/library/std/src/sys_common/backtrace.rs:34:9
[INFO] [stdout]    9:     0x5581bd0ff2b7 - std::panicking::default_hook::{{closure}}::h85773f4fa117163d
[INFO] [stdout]   10:     0x5581bd0fef9d - std::panicking::default_hook::h6a1694a91d09b278
[INFO] [stdout]                                at /rustc/0e09125c6c3c2fd70d7de961bcf0e51575235fad/library/std/src/panicking.rs:289:9
[INFO] [stdout]   11:     0x5581bc8f58d7 - <alloc::boxed::Box<F,A> as core::ops::function::Fn<Args>>::call::h616ac37fa3cd6c8f
[INFO] [stdout]                                at /rustc/0e09125c6c3c2fd70d7de961bcf0e51575235fad/library/alloc/src/boxed.rs:2029:9
[INFO] [stdout]   12:     0x5581bc8f58d7 - test::test_main::{{closure}}::h00d84697cefdcbb6
[INFO] [stdout]                                at /rustc/0e09125c6c3c2fd70d7de961bcf0e51575235fad/library/test/src/lib.rs:138:21
[INFO] [stdout]   13:     0x5581bd0ff8d6 - <alloc::boxed::Box<F,A> as core::ops::function::Fn<Args>>::call::hcb3fe3b9bb537ba8
[INFO] [stdout]                                at /rustc/0e09125c6c3c2fd70d7de961bcf0e51575235fad/library/alloc/src/boxed.rs:2029:9
[INFO] [stdout]   14:     0x5581bd0ff8d6 - std::panicking::rust_panic_with_hook::h0a7ad96e90f7145b
[INFO] [stdout]                                at /rustc/0e09125c6c3c2fd70d7de961bcf0e51575235fad/library/std/src/panicking.rs:783:13
[INFO] [stdout]   15:     0x5581bd0ff622 - std::panicking::begin_panic_handler::{{closure}}::h7919090525c6485e
[INFO] [stdout]                                at /rustc/0e09125c6c3c2fd70d7de961bcf0e51575235fad/library/std/src/panicking.rs:657:13
[INFO] [stdout]   16:     0x5581bd0fdc66 - std::sys_common::backtrace::__rust_end_short_backtrace::hf3289479464f7dfe
[INFO] [stdout]                                at /rustc/0e09125c6c3c2fd70d7de961bcf0e51575235fad/library/std/src/sys_common/backtrace.rs:171:18
[INFO] [stdout]   17:     0x5581bd0ff380 - rust_begin_unwind
[INFO] [stdout]                                at /rustc/0e09125c6c3c2fd70d7de961bcf0e51575235fad/library/std/src/panicking.rs:645:5
[INFO] [stdout]   18:     0x5581bc883d25 - core::panicking::panic_fmt::hcc9f77c5c132af55
[INFO] [stdout]                                at /rustc/0e09125c6c3c2fd70d7de961bcf0e51575235fad/library/core/src/panicking.rs:72:14
[INFO] [stdout]   19:     0x5581bc884363 - core::result::unwrap_failed::hbe14f498be1452f9
[INFO] [stdout]                                at /rustc/0e09125c6c3c2fd70d7de961bcf0e51575235fad/library/core/src/result.rs:1649:5
[INFO] [stdout]   20:     0x5581bc885f19 - core::result::Result<T,E>::unwrap::h475ce860683a2b81
[INFO] [stdout]                                at /rustc/0e09125c6c3c2fd70d7de961bcf0e51575235fad/library/core/src/result.rs:1073:23
[INFO] [stdout]   21:     0x5581bc8b6241 - leetcode_cli::config::Config::global::{{closure}}::h32d6e9fdfe4aacaf
[INFO] [stdout]                                at /opt/rustwide/workdir/src/config/mod.rs:37:40
[INFO] [stdout]   22:     0x5581bc89f98b - core::cell::once::OnceCell<T>::get_or_init::{{closure}}::h095ce63fe5215b68
[INFO] [stdout]                                at /rustc/0e09125c6c3c2fd70d7de961bcf0e51575235fad/library/core/src/cell/once.rs:162:50
[INFO] [stdout]   23:     0x5581bc89fa61 - core::cell::once::OnceCell<T>::get_or_try_init::outlined_call::h458e9434c8d9add7
[INFO] [stdout]                                at /rustc/0e09125c6c3c2fd70d7de961bcf0e51575235fad/library/core/src/cell/once.rs:210:13
[INFO] [stdout]   24:     0x5581bc8a013a - core::cell::once::OnceCell<T>::get_or_try_init::hb0ecab36809a4ed6
[INFO] [stdout]                                at /rustc/0e09125c6c3c2fd70d7de961bcf0e51575235fad/library/core/src/cell/once.rs:212:19
[INFO] [stdout]   25:     0x5581bc89f94e - core::cell::once::OnceCell<T>::get_or_init::hc597b6897ba14df2
[INFO] [stdout]                                at /rustc/0e09125c6c3c2fd70d7de961bcf0e51575235fad/library/core/src/cell/once.rs:162:15
[INFO] [stdout]   26:     0x5581bc8b620d - leetcode_cli::config::Config::global::h689c553b4c472a1d
[INFO] [stdout]                                at /opt/rustwide/workdir/src/config/mod.rs:37:18
[INFO] [stdout]   27:     0x5581bc8af4dc - leetcode_cli::config::test::access_config::hcc40b9afc35f29a6
[INFO] [stdout]                                at /opt/rustwide/workdir/src/config/mod.rs:46:22
[INFO] [stdout]   28:     0x5581bc8af4b7 - leetcode_cli::config::test::access_config::{{closure}}::hdbaa7c7de96dc0e7
[INFO] [stdout]                                at /opt/rustwide/workdir/src/config/mod.rs:45:23
[INFO] [stdout]   29:     0x5581bc889496 - core::ops::function::FnOnce::call_once::h430a8716f391cb23
[INFO] [stdout]                                at /rustc/0e09125c6c3c2fd70d7de961bcf0e51575235fad/library/core/src/ops/function.rs:250:5
[INFO] [stdout]   30:     0x5581bc8fb1af - core::ops::function::FnOnce::call_once::hd64d26f405258157
[INFO] [stdout]                                at /rustc/0e09125c6c3c2fd70d7de961bcf0e51575235fad/library/core/src/ops/function.rs:250:5
[INFO] [stdout]   31:     0x5581bc8fb1af - test::__rust_begin_short_backtrace::he21b0b7a6d731bf9
[INFO] [stdout]                                at /rustc/0e09125c6c3c2fd70d7de961bcf0e51575235fad/library/test/src/lib.rs:627:18
[INFO] [stdout]   32:     0x5581bc8f9f31 - test::run_test_in_process::{{closure}}::hf5c73986d7bdfde2
[INFO] [stdout]                                at /rustc/0e09125c6c3c2fd70d7de961bcf0e51575235fad/library/test/src/lib.rs:650:60
[INFO] [stdout]   33:     0x5581bc8f9f31 - <core::panic::unwind_safe::AssertUnwindSafe<F> as core::ops::function::FnOnce<()>>::call_once::h330011ad032aadc0
[INFO] [stdout]                                at /rustc/0e09125c6c3c2fd70d7de961bcf0e51575235fad/library/core/src/panic/unwind_safe.rs:272:9
[INFO] [stdout]   34:     0x5581bc8f9f31 - std::panicking::try::do_call::he61b0a958b795a41
[INFO] [stdout]                                at /rustc/0e09125c6c3c2fd70d7de961bcf0e51575235fad/library/std/src/panicking.rs:552:40
[INFO] [stdout]   35:     0x5581bc8f9f31 - std::panicking::try::h7309da130f906eb7
[INFO] [stdout]                                at /rustc/0e09125c6c3c2fd70d7de961bcf0e51575235fad/library/std/src/panicking.rs:516:19
[INFO] [stdout]   36:     0x5581bc8f9f31 - std::panic::catch_unwind::hc5c3a06fdaf0a92a
[INFO] [stdout]                                at /rustc/0e09125c6c3c2fd70d7de961bcf0e51575235fad/library/std/src/panic.rs:142:14
[INFO] [stdout]   37:     0x5581bc8f9f31 - test::run_test_in_process::h7e7b7c71c3324e0f
[INFO] [stdout]                                at /rustc/0e09125c6c3c2fd70d7de961bcf0e51575235fad/library/test/src/lib.rs:650:27
[INFO] [stdout]   38:     0x5581bc8f9f31 - test::run_test::{{closure}}::h1f509f28f5cf20b1
[INFO] [stdout]                                at /rustc/0e09125c6c3c2fd70d7de961bcf0e51575235fad/library/test/src/lib.rs:573:43
[INFO] [stdout]   39:     0x5581bc8c1266 - test::run_test::{{closure}}::h1754218abf443f6d
[INFO] [stdout]                                at /rustc/0e09125c6c3c2fd70d7de961bcf0e51575235fad/library/test/src/lib.rs:601:41
[INFO] [stdout]   40:     0x5581bc8c1266 - std::sys_common::backtrace::__rust_begin_short_backtrace::h2ee174b9d5954948
[INFO] [stdout]                                at /rustc/0e09125c6c3c2fd70d7de961bcf0e51575235fad/library/std/src/sys_common/backtrace.rs:155:18
[INFO] [stdout]   41:     0x5581bc8c62c7 - std::thread::Builder::spawn_unchecked_::{{closure}}::{{closure}}::hf60bee9c1a17ef09
[INFO] [stdout]                                at /rustc/0e09125c6c3c2fd70d7de961bcf0e51575235fad/library/std/src/thread/mod.rs:529:17
[INFO] [stdout]   42:     0x5581bc8c62c7 - <core::panic::unwind_safe::AssertUnwindSafe<F> as core::ops::function::FnOnce<()>>::call_once::h33d0dddec5216160
[INFO] [stdout]                                at /rustc/0e09125c6c3c2fd70d7de961bcf0e51575235fad/library/core/src/panic/unwind_safe.rs:272:9
[INFO] [stdout]   43:     0x5581bc8c62c7 - std::panicking::try::do_call::h144b3048b546f835
[INFO] [stdout]                                at /rustc/0e09125c6c3c2fd70d7de961bcf0e51575235fad/library/std/src/panicking.rs:552:40
[INFO] [stdout]   44:     0x5581bc8c62c7 - std::panicking::try::h978244d04646189f
[INFO] [stdout]                                at /rustc/0e09125c6c3c2fd70d7de961bcf0e51575235fad/library/std/src/panicking.rs:516:19
[INFO] [stdout]   45:     0x5581bc8c62c7 - std::panic::catch_unwind::hdf436369d188fe86
[INFO] [stdout]                                at /rustc/0e09125c6c3c2fd70d7de961bcf0e51575235fad/library/std/src/panic.rs:142:14
[INFO] [stdout]   46:     0x5581bc8c62c7 - std::thread::Builder::spawn_unchecked_::{{closure}}::h87329cbdd33c79ec
[INFO] [stdout]                                at /rustc/0e09125c6c3c2fd70d7de961bcf0e51575235fad/library/std/src/thread/mod.rs:528:30
[INFO] [stdout]   47:     0x5581bc8c62c7 - core::ops::function::FnOnce::call_once{{vtable.shim}}::h401abbe67897d450
[INFO] [stdout]                                at /rustc/0e09125c6c3c2fd70d7de961bcf0e51575235fad/library/core/src/ops/function.rs:250:5
[INFO] [stdout]   48:     0x5581bd104685 - <alloc::boxed::Box<F,A> as core::ops::function::FnOnce<Args>>::call_once::h5d7c8f150ab9c84c
[INFO] [stdout]                                at /rustc/0e09125c6c3c2fd70d7de961bcf0e51575235fad/library/alloc/src/boxed.rs:2015:9
[INFO] [stdout]   49:     0x5581bd104685 - <alloc::boxed::Box<F,A> as core::ops::function::FnOnce<Args>>::call_once::h570d5b005c242c15
[INFO] [stdout]                                at /rustc/0e09125c6c3c2fd70d7de961bcf0e51575235fad/library/alloc/src/boxed.rs:2015:9
[INFO] [stdout]   50:     0x5581bd104685 - std::sys::unix::thread::Thread::new::thread_start::h36b0a20c0b2361ad
[INFO] [stdout]                                at /rustc/0e09125c6c3c2fd70d7de961bcf0e51575235fad/library/std/src/sys/unix/thread.rs:108:17
[INFO] [stdout]   51:     0x7fa6a1c3cac3 - <unknown>
[INFO] [stdout]   52:     0x7fa6a1ccdbf4 - __clone
[INFO] [stdout]   53:                0x0 - <unknown>
[INFO] [stdout] 
[INFO] [stdout] ---- db::sqlite::test::query_with_valid_id_1 stdout ----
[INFO] [stdout] thread 'db::sqlite::test::query_with_valid_id_1' panicked at src/config/mod.rs:37:54:
[INFO] [stdout] called `Result::unwrap()` on an `Err` value: configuration file "/root/.config/leetcode/leetcode.toml" not found
[INFO] [stdout] stack backtrace:
[INFO] [stdout]    0:     0x5581bd0fd766 - std::backtrace_rs::backtrace::libunwind::trace::h261606ad26a499c1
[INFO] [stdout]                                at /rustc/0e09125c6c3c2fd70d7de961bcf0e51575235fad/library/std/src/../../backtrace/src/backtrace/libunwind.rs:104:5
[INFO] [stdout]    1:     0x5581bd0fd766 - std::backtrace_rs::backtrace::trace_unsynchronized::hd183f0625477fb28
[INFO] [stdout]                                at /rustc/0e09125c6c3c2fd70d7de961bcf0e51575235fad/library/std/src/../../backtrace/src/backtrace/mod.rs:66:5
[INFO] [stdout]    2:     0x5581bd0fd766 - std::sys_common::backtrace::_print_fmt::hd7f8fef21b4eda67
[INFO] [stdout]                                at /rustc/0e09125c6c3c2fd70d7de961bcf0e51575235fad/library/std/src/sys_common/backtrace.rs:68:5
[INFO] [stdout]    3:     0x5581bd0fd766 - <std::sys_common::backtrace::_print::DisplayBacktrace as core::fmt::Display>::fmt::h623d9b51f2f453f1
[INFO] [stdout]                                at /rustc/0e09125c6c3c2fd70d7de961bcf0e51575235fad/library/std/src/sys_common/backtrace.rs:44:22
[INFO] [stdout]    4:     0x5581bd12b5c0 - core::fmt::rt::Argument::fmt::h9f417ac76a86f368
[INFO] [stdout]                                at /rustc/0e09125c6c3c2fd70d7de961bcf0e51575235fad/library/core/src/fmt/rt.rs:142:9
[INFO] [stdout]    5:     0x5581bd12b5c0 - core::fmt::write::hc9b6faf4ac2aeff7
[INFO] [stdout]                                at /rustc/0e09125c6c3c2fd70d7de961bcf0e51575235fad/library/core/src/fmt/mod.rs:1120:17
[INFO] [stdout]    6:     0x5581bd0fa50f - std::io::Write::write_fmt::he04625a3a989fec3
[INFO] [stdout]                                at /rustc/0e09125c6c3c2fd70d7de961bcf0e51575235fad/library/std/src/io/mod.rs:1810:15
[INFO] [stdout]    7:     0x5581bd0fd544 - std::sys_common::backtrace::_print::hd5d66399c7df88a2
[INFO] [stdout]                                at /rustc/0e09125c6c3c2fd70d7de961bcf0e51575235fad/library/std/src/sys_common/backtrace.rs:47:5
[INFO] [stdout]    8:     0x5581bd0fd544 - std::sys_common::backtrace::print::he81ed2da642d37e5
[INFO] [stdout]                                at /rustc/0e09125c6c3c2fd70d7de961bcf0e51575235fad/library/std/src/sys_common/backtrace.rs:34:9
[INFO] [stdout]    9:     0x5581bd0ff2b7 - std::panicking::default_hook::{{closure}}::h85773f4fa117163d
[INFO] [stdout]   10:     0x5581bd0fef9d - std::panicking::default_hook::h6a1694a91d09b278
[INFO] [stdout]                                at /rustc/0e09125c6c3c2fd70d7de961bcf0e51575235fad/library/std/src/panicking.rs:289:9
[INFO] [stdout]   11:     0x5581bc8f58d7 - <alloc::boxed::Box<F,A> as core::ops::function::Fn<Args>>::call::h616ac37fa3cd6c8f
[INFO] [stdout]                                at /rustc/0e09125c6c3c2fd70d7de961bcf0e51575235fad/library/alloc/src/boxed.rs:2029:9
[INFO] [stdout]   12:     0x5581bc8f58d7 - test::test_main::{{closure}}::h00d84697cefdcbb6
[INFO] [stdout]                                at /rustc/0e09125c6c3c2fd70d7de961bcf0e51575235fad/library/test/src/lib.rs:138:21
[INFO] [stdout]   13:     0x5581bd0ff8d6 - <alloc::boxed::Box<F,A> as core::ops::function::Fn<Args>>::call::hcb3fe3b9bb537ba8
[INFO] [stdout]                                at /rustc/0e09125c6c3c2fd70d7de961bcf0e51575235fad/library/alloc/src/boxed.rs:2029:9
[INFO] [stdout]   14:     0x5581bd0ff8d6 - std::panicking::rust_panic_with_hook::h0a7ad96e90f7145b
[INFO] [stdout]                                at /rustc/0e09125c6c3c2fd70d7de961bcf0e51575235fad/library/std/src/panicking.rs:783:13
[INFO] [stdout]   15:     0x5581bd0ff622 - std::panicking::begin_panic_handler::{{closure}}::h7919090525c6485e
[INFO] [stdout]                                at /rustc/0e09125c6c3c2fd70d7de961bcf0e51575235fad/library/std/src/panicking.rs:657:13
[INFO] [stdout]   16:     0x5581bd0fdc66 - std::sys_common::backtrace::__rust_end_short_backtrace::hf3289479464f7dfe
[INFO] [stdout]                                at /rustc/0e09125c6c3c2fd70d7de961bcf0e51575235fad/library/std/src/sys_common/backtrace.rs:171:18
[INFO] [stdout]   17:     0x5581bd0ff380 - rust_begin_unwind
[INFO] [stdout]                                at /rustc/0e09125c6c3c2fd70d7de961bcf0e51575235fad/library/std/src/panicking.rs:645:5
[INFO] [stdout]   18:     0x5581bc883d25 - core::panicking::panic_fmt::hcc9f77c5c132af55
[INFO] [stdout]                                at /rustc/0e09125c6c3c2fd70d7de961bcf0e51575235fad/library/core/src/panicking.rs:72:14
[INFO] [stdout]   19:     0x5581bc884363 - core::result::unwrap_failed::hbe14f498be1452f9
[INFO] [stdout]                                at /rustc/0e09125c6c3c2fd70d7de961bcf0e51575235fad/library/core/src/result.rs:1649:5
[INFO] [stdout]   20:     0x5581bc885f19 - core::result::Result<T,E>::unwrap::h475ce860683a2b81
[INFO] [stdout]                                at /rustc/0e09125c6c3c2fd70d7de961bcf0e51575235fad/library/core/src/result.rs:1073:23
[INFO] [stdout]   21:     0x5581bc8b6241 - leetcode_cli::config::Config::global::{{closure}}::h32d6e9fdfe4aacaf
[INFO] [stdout]                                at /opt/rustwide/workdir/src/config/mod.rs:37:40
[INFO] [stdout]   22:     0x5581bc89f98b - core::cell::once::OnceCell<T>::get_or_init::{{closure}}::h095ce63fe5215b68
[INFO] [stdout]                                at /rustc/0e09125c6c3c2fd70d7de961bcf0e51575235fad/library/core/src/cell/once.rs:162:50
[INFO] [stdout]   23:     0x5581bc89fa61 - core::cell::once::OnceCell<T>::get_or_try_init::outlined_call::h458e9434c8d9add7
[INFO] [stdout]                                at /rustc/0e09125c6c3c2fd70d7de961bcf0e51575235fad/library/core/src/cell/once.rs:210:13
[INFO] [stdout]   24:     0x5581bc8a013a - core::cell::once::OnceCell<T>::get_or_try_init::hb0ecab36809a4ed6
[INFO] [stdout]                                at /rustc/0e09125c6c3c2fd70d7de961bcf0e51575235fad/library/core/src/cell/once.rs:212:19
[INFO] [stdout]   25:     0x5581bc89f94e - core::cell::once::OnceCell<T>::get_or_init::hc597b6897ba14df2
[INFO] [stdout]                                at /rustc/0e09125c6c3c2fd70d7de961bcf0e51575235fad/library/core/src/cell/once.rs:162:15
[INFO] [stdout]   26:     0x5581bc8b620d - leetcode_cli::config::Config::global::h689c553b4c472a1d
[INFO] [stdout]                                at /opt/rustwide/workdir/src/config/mod.rs:37:18
[INFO] [stdout]   27:     0x5581bc8b6259 - leetcode_cli::db::sqlite::Sqlite3::global::h34bae5e82cce2f5e
[INFO] [stdout]                                at /opt/rustwide/workdir/src/db/sqlite.rs:28:18
[INFO] [stdout]   28:     0x5581bc88fabc - leetcode_cli::db::sqlite::test::query_with_valid_id_1::hf71ed5ffb8ff6c94
[INFO] [stdout]                                at /opt/rustwide/workdir/src/db/sqlite.rs:67:18
[INFO] [stdout]   29:     0x5581bc88fa87 - leetcode_cli::db::sqlite::test::query_with_valid_id_1::{{closure}}::hd1ac20551a868fa1
[INFO] [stdout]                                at /opt/rustwide/workdir/src/db/sqlite.rs:66:31
[INFO] [stdout]   30:     0x5581bc8894e6 - core::ops::function::FnOnce::call_once::h7966be7d05b06a14
[INFO] [stdout]                                at /rustc/0e09125c6c3c2fd70d7de961bcf0e51575235fad/library/core/src/ops/function.rs:250:5
[INFO] [stdout]   31:     0x5581bc8fb1af - core::ops::function::FnOnce::call_once::hd64d26f405258157
[INFO] [stdout]                                at /rustc/0e09125c6c3c2fd70d7de961bcf0e51575235fad/library/core/src/ops/function.rs:250:5
[INFO] [stdout]   32:     0x5581bc8fb1af - test::__rust_begin_short_backtrace::he21b0b7a6d731bf9
[INFO] [stdout]                                at /rustc/0e09125c6c3c2fd70d7de961bcf0e51575235fad/library/test/src/lib.rs:627:18
[INFO] [stdout]   33:     0x5581bc8f9f31 - test::run_test_in_process::{{closure}}::hf5c73986d7bdfde2
[INFO] [stdout]                                at /rustc/0e09125c6c3c2fd70d7de961bcf0e51575235fad/library/test/src/lib.rs:650:60
[INFO] [stdout]   34:     0x5581bc8f9f31 - <core::panic::unwind_safe::AssertUnwindSafe<F> as core::ops::function::FnOnce<()>>::call_once::h330011ad032aadc0
[INFO] [stdout]                                at /rustc/0e09125c6c3c2fd70d7de961bcf0e51575235fad/library/core/src/panic/unwind_safe.rs:272:9
[INFO] [stdout]   35:     0x5581bc8f9f31 - std::panicking::try::do_call::he61b0a958b795a41
[INFO] [stdout]                                at /rustc/0e09125c6c3c2fd70d7de961bcf0e51575235fad/library/std/src/panicking.rs:552:40
[INFO] [stdout]   36:     0x5581bc8f9f31 - std::panicking::try::h7309da130f906eb7
[INFO] [stdout]                                at /rustc/0e09125c6c3c2fd70d7de961bcf0e51575235fad/library/std/src/panicking.rs:516:19
[INFO] [stdout]   37:     0x5581bc8f9f31 - std::panic::catch_unwind::hc5c3a06fdaf0a92a
[INFO] [stdout]                                at /rustc/0e09125c6c3c2fd70d7de961bcf0e51575235fad/library/std/src/panic.rs:142:14
[INFO] [stdout]   38:     0x5581bc8f9f31 - test::run_test_in_process::h7e7b7c71c3324e0f
[INFO] [stdout]                                at /rustc/0e09125c6c3c2fd70d7de961bcf0e51575235fad/library/test/src/lib.rs:650:27
[INFO] [stdout]   39:     0x5581bc8f9f31 - test::run_test::{{closure}}::h1f509f28f5cf20b1
[INFO] [stdout]                                at /rustc/0e09125c6c3c2fd70d7de961bcf0e51575235fad/library/test/src/lib.rs:573:43
[INFO] [stdout]   40:     0x5581bc8c1266 - test::run_test::{{closure}}::h1754218abf443f6d
[INFO] [stdout]                                at /rustc/0e09125c6c3c2fd70d7de961bcf0e51575235fad/library/test/src/lib.rs:601:41
[INFO] [stdout]   41:     0x5581bc8c1266 - std::sys_common::backtrace::__rust_begin_short_backtrace::h2ee174b9d5954948
[INFO] [stdout]                                at /rustc/0e09125c6c3c2fd70d7de961bcf0e51575235fad/library/std/src/sys_common/backtrace.rs:155:18
[INFO] [stdout]   42:     0x5581bc8c62c7 - std::thread::Builder::spawn_unchecked_::{{closure}}::{{closure}}::hf60bee9c1a17ef09
[INFO] [stdout]                                at /rustc/0e09125c6c3c2fd70d7de961bcf0e51575235fad/library/std/src/thread/mod.rs:529:17
[INFO] [stdout]   43:     0x5581bc8c62c7 - <core::panic::unwind_safe::AssertUnwindSafe<F> as core::ops::function::FnOnce<()>>::call_once::h33d0dddec5216160
[INFO] [stdout]                                at /rustc/0e09125c6c3c2fd70d7de961bcf0e51575235fad/library/core/src/panic/unwind_safe.rs:272:9
[INFO] [stdout]   44:     0x5581bc8c62c7 - std::panicking::try::do_call::h144b3048b546f835
[INFO] [stdout]                                at /rustc/0e09125c6c3c2fd70d7de961bcf0e51575235fad/library/std/src/panicking.rs:552:40
[INFO] [stdout]   45:     0x5581bc8c62c7 - std::panicking::try::h978244d04646189f
[INFO] [stdout]                                at /rustc/0e09125c6c3c2fd70d7de961bcf0e51575235fad/library/std/src/panicking.rs:516:19
[INFO] [stdout]   46:     0x5581bc8c62c7 - std::panic::catch_unwind::hdf436369d188fe86
[INFO] [stdout]                                at /rustc/0e09125c6c3c2fd70d7de961bcf0e51575235fad/library/std/src/panic.rs:142:14
[INFO] [stdout]   47:     0x5581bc8c62c7 - std::thread::Builder::spawn_unchecked_::{{closure}}::h87329cbdd33c79ec
[INFO] [stdout]                                at /rustc/0e09125c6c3c2fd70d7de961bcf0e51575235fad/library/std/src/thread/mod.rs:528:30
[INFO] [stdout]   48:     0x5581bc8c62c7 - core::ops::function::FnOnce::call_once{{vtable.shim}}::h401abbe67897d450
[INFO] [stdout]                                at /rustc/0e09125c6c3c2fd70d7de961bcf0e51575235fad/library/core/src/ops/function.rs:250:5
[INFO] [stdout]   49:     0x5581bd104685 - <alloc::boxed::Box<F,A> as core::ops::function::FnOnce<Args>>::call_once::h5d7c8f150ab9c84c
[INFO] [stdout]                                at /rustc/0e09125c6c3c2fd70d7de961bcf0e51575235fad/library/alloc/src/boxed.rs:2015:9
[INFO] [stdout]   50:     0x5581bd104685 - <alloc::boxed::Box<F,A> as core::ops::function::FnOnce<Args>>::call_once::h570d5b005c242c15
[INFO] [stdout]                                at /rustc/0e09125c6c3c2fd70d7de961bcf0e51575235fad/library/alloc/src/boxed.rs:2015:9
[INFO] [stdout]   51:     0x5581bd104685 - std::sys::unix::thread::Thread::new::thread_start::h36b0a20c0b2361ad
[INFO] [stdout]                                at /rustc/0e09125c6c3c2fd70d7de961bcf0e51575235fad/library/std/src/sys/unix/thread.rs:108:17
[INFO] [stdout]   52:     0x7fa6a1c3cac3 - <unknown>
[INFO] [stdout]   53:     0x7fa6a1ccdbf4 - __clone
[INFO] [stdout]   54:                0x0 - <unknown>
[INFO] [stdout] 
[INFO] [stdout] ---- db::sqlite::test::update_value_if_record_exists stdout ----
[INFO] [stdout] thread 'db::sqlite::test::update_value_if_record_exists' panicked at src/config/mod.rs:37:54:
[INFO] [stdout] called `Result::unwrap()` on an `Err` value: configuration file "/root/.config/leetcode/leetcode.toml" not found
[INFO] [stdout] stack backtrace:
[INFO] [stdout]    0:     0x5581bd0fd766 - std::backtrace_rs::backtrace::libunwind::trace::h261606ad26a499c1
[INFO] [stdout]                                at /rustc/0e09125c6c3c2fd70d7de961bcf0e51575235fad/library/std/src/../../backtrace/src/backtrace/libunwind.rs:104:5
[INFO] [stdout]    1:     0x5581bd0fd766 - std::backtrace_rs::backtrace::trace_unsynchronized::hd183f0625477fb28
[INFO] [stdout]                                at /rustc/0e09125c6c3c2fd70d7de961bcf0e51575235fad/library/std/src/../../backtrace/src/backtrace/mod.rs:66:5
[INFO] [stdout]    2:     0x5581bd0fd766 - std::sys_common::backtrace::_print_fmt::hd7f8fef21b4eda67
[INFO] [stdout]                                at /rustc/0e09125c6c3c2fd70d7de961bcf0e51575235fad/library/std/src/sys_common/backtrace.rs:68:5
[INFO] [stdout]    3:     0x5581bd0fd766 - <std::sys_common::backtrace::_print::DisplayBacktrace as core::fmt::Display>::fmt::h623d9b51f2f453f1
[INFO] [stdout]                                at /rustc/0e09125c6c3c2fd70d7de961bcf0e51575235fad/library/std/src/sys_common/backtrace.rs:44:22
[INFO] [stdout]    4:     0x5581bd12b5c0 - core::fmt::rt::Argument::fmt::h9f417ac76a86f368
[INFO] [stdout]                                at /rustc/0e09125c6c3c2fd70d7de961bcf0e51575235fad/library/core/src/fmt/rt.rs:142:9
[INFO] [stdout]    5:     0x5581bd12b5c0 - core::fmt::write::hc9b6faf4ac2aeff7
[INFO] [stdout]                                at /rustc/0e09125c6c3c2fd70d7de961bcf0e51575235fad/library/core/src/fmt/mod.rs:1120:17
[INFO] [stdout]    6:     0x5581bd0fa50f - std::io::Write::write_fmt::he04625a3a989fec3
[INFO] [stdout]                                at /rustc/0e09125c6c3c2fd70d7de961bcf0e51575235fad/library/std/src/io/mod.rs:1810:15
[INFO] [stdout]    7:     0x5581bd0fd544 - std::sys_common::backtrace::_print::hd5d66399c7df88a2
[INFO] [stdout]                                at /rustc/0e09125c6c3c2fd70d7de961bcf0e51575235fad/library/std/src/sys_common/backtrace.rs:47:5
[INFO] [stdout]    8:     0x5581bd0fd544 - std::sys_common::backtrace::print::he81ed2da642d37e5
[INFO] [stdout]                                at /rustc/0e09125c6c3c2fd70d7de961bcf0e51575235fad/library/std/src/sys_common/backtrace.rs:34:9
[INFO] [stdout]    9:     0x5581bd0ff2b7 - std::panicking::default_hook::{{closure}}::h85773f4fa117163d
[INFO] [stdout]   10:     0x5581bd0fef9d - std::panicking::default_hook::h6a1694a91d09b278
[INFO] [stdout]                                at /rustc/0e09125c6c3c2fd70d7de961bcf0e51575235fad/library/std/src/panicking.rs:289:9
[INFO] [stdout]   11:     0x5581bc8f58d7 - <alloc::boxed::Box<F,A> as core::ops::function::Fn<Args>>::call::h616ac37fa3cd6c8f
[INFO] [stdout]                                at /rustc/0e09125c6c3c2fd70d7de961bcf0e51575235fad/library/alloc/src/boxed.rs:2029:9
[INFO] [stdout]   12:     0x5581bc8f58d7 - test::test_main::{{closure}}::h00d84697cefdcbb6
[INFO] [stdout]                                at /rustc/0e09125c6c3c2fd70d7de961bcf0e51575235fad/library/test/src/lib.rs:138:21
[INFO] [stdout]   13:     0x5581bd0ff8d6 - <alloc::boxed::Box<F,A> as core::ops::function::Fn<Args>>::call::hcb3fe3b9bb537ba8
[INFO] [stdout]                                at /rustc/0e09125c6c3c2fd70d7de961bcf0e51575235fad/library/alloc/src/boxed.rs:2029:9
[INFO] [stdout]   14:     0x5581bd0ff8d6 - std::panicking::rust_panic_with_hook::h0a7ad96e90f7145b
[INFO] [stdout]                                at /rustc/0e09125c6c3c2fd70d7de961bcf0e51575235fad/library/std/src/panicking.rs:783:13
[INFO] [stdout]   15:     0x5581bd0ff622 - std::panicking::begin_panic_handler::{{closure}}::h7919090525c6485e
[INFO] [stdout]                                at /rustc/0e09125c6c3c2fd70d7de961bcf0e51575235fad/library/std/src/panicking.rs:657:13
[INFO] [stdout]   16:     0x5581bd0fdc66 - std::sys_common::backtrace::__rust_end_short_backtrace::hf3289479464f7dfe
[INFO] [stdout]                                at /rustc/0e09125c6c3c2fd70d7de961bcf0e51575235fad/library/std/src/sys_common/backtrace.rs:171:18
[INFO] [stdout]   17:     0x5581bd0ff380 - rust_begin_unwind
[INFO] [stdout]                                at /rustc/0e09125c6c3c2fd70d7de961bcf0e51575235fad/library/std/src/panicking.rs:645:5
[INFO] [stdout]   18:     0x5581bc883d25 - core::panicking::panic_fmt::hcc9f77c5c132af55
[INFO] [stdout]                                at /rustc/0e09125c6c3c2fd70d7de961bcf0e51575235fad/library/core/src/panicking.rs:72:14
[INFO] [stdout]   19:     0x5581bc884363 - core::result::unwrap_failed::hbe14f498be1452f9
[INFO] [stdout]                                at /rustc/0e09125c6c3c2fd70d7de961bcf0e51575235fad/library/core/src/result.rs:1649:5
[INFO] [stdout]   20:     0x5581bc885f19 - core::result::Result<T,E>::unwrap::h475ce860683a2b81
[INFO] [stdout]                                at /rustc/0e09125c6c3c2fd70d7de961bcf0e51575235fad/library/core/src/result.rs:1073:23
[INFO] [stdout]   21:     0x5581bc8b6241 - leetcode_cli::config::Config::global::{{closure}}::h32d6e9fdfe4aacaf
[INFO] [stdout]                                at /opt/rustwide/workdir/src/config/mod.rs:37:40
[INFO] [stdout]   22:     0x5581bc89f98b - core::cell::once::OnceCell<T>::get_or_init::{{closure}}::h095ce63fe5215b68
[INFO] [stdout]                                at /rustc/0e09125c6c3c2fd70d7de961bcf0e51575235fad/library/core/src/cell/once.rs:162:50
[INFO] [stdout]   23:     0x5581bc89fa61 - core::cell::once::OnceCell<T>::get_or_try_init::outlined_call::h458e9434c8d9add7
[INFO] [stdout]                                at /rustc/0e09125c6c3c2fd70d7de961bcf0e51575235fad/library/core/src/cell/once.rs:210:13
[INFO] [stdout]   24:     0x5581bc8a013a - core::cell::once::OnceCell<T>::get_or_try_init::hb0ecab36809a4ed6
[INFO] [stdout]                                at /rustc/0e09125c6c3c2fd70d7de961bcf0e51575235fad/library/core/src/cell/once.rs:212:19
[INFO] [stdout]   25:     0x5581bc89f94e - core::cell::once::OnceCell<T>::get_or_init::hc597b6897ba14df2
[INFO] [stdout]                                at /rustc/0e09125c6c3c2fd70d7de961bcf0e51575235fad/library/core/src/cell/once.rs:162:15
[INFO] [stdout]   26:     0x5581bc8b620d - leetcode_cli::config::Config::global::h689c553b4c472a1d
[INFO] [stdout]                                at /opt/rustwide/workdir/src/config/mod.rs:37:18
[INFO] [stdout]   27:     0x5581bc8b6259 - leetcode_cli::db::sqlite::Sqlite3::global::h34bae5e82cce2f5e
[INFO] [stdout]                                at /opt/rustwide/workdir/src/db/sqlite.rs:28:18
[INFO] [stdout]   28:     0x5581bc88fe7c - leetcode_cli::db::sqlite::test::update_value_if_record_exists::hcb621fb1cb20ca89
[INFO] [stdout]                                at /opt/rustwide/workdir/src/db/sqlite.rs:99:19
[INFO] [stdout]   29:     0x5581bc88fe57 - leetcode_cli::db::sqlite::test::update_value_if_record_exists::{{closure}}::h3118751ed0215549
[INFO] [stdout]                                at /opt/rustwide/workdir/src/db/sqlite.rs:98:39
[INFO] [stdout]   30:     0x5581bc8895a6 - core::ops::function::FnOnce::call_once::hd2a3906984e78551
[INFO] [stdout]                                at /rustc/0e09125c6c3c2fd70d7de961bcf0e51575235fad/library/core/src/ops/function.rs:250:5
[INFO] [stdout]   31:     0x5581bc8fb1af - core::ops::function::FnOnce::call_once::hd64d26f405258157
[INFO] [stdout]                                at /rustc/0e09125c6c3c2fd70d7de961bcf0e51575235fad/library/core/src/ops/function.rs:250:5
[INFO] [stdout]   32:     0x5581bc8fb1af - test::__rust_begin_short_backtrace::he21b0b7a6d731bf9
[INFO] [stdout]                                at /rustc/0e09125c6c3c2fd70d7de961bcf0e51575235fad/library/test/src/lib.rs:627:18
[INFO] [stdout]   33:     0x5581bc8f9f31 - test::run_test_in_process::{{closure}}::hf5c73986d7bdfde2
[INFO] [stdout]                                at /rustc/0e09125c6c3c2fd70d7de961bcf0e51575235fad/library/test/src/lib.rs:650:60
[INFO] [stdout]   34:     0x5581bc8f9f31 - <core::panic::unwind_safe::AssertUnwindSafe<F> as core::ops::function::FnOnce<()>>::call_once::h330011ad032aadc0
[INFO] [stdout]                                at /rustc/0e09125c6c3c2fd70d7de961bcf0e51575235fad/library/core/src/panic/unwind_safe.rs:272:9
[INFO] [stdout]   35:     0x5581bc8f9f31 - std::panicking::try::do_call::he61b0a958b795a41
[INFO] [stdout]                                at /rustc/0e09125c6c3c2fd70d7de961bcf0e51575235fad/library/std/src/panicking.rs:552:40
[INFO] [stdout]   36:     0x5581bc8f9f31 - std::panicking::try::h7309da130f906eb7
[INFO] [stdout]                                at /rustc/0e09125c6c3c2fd70d7de961bcf0e51575235fad/library/std/src/panicking.rs:516:19
[INFO] [stdout]   37:     0x5581bc8f9f31 - std::panic::catch_unwind::hc5c3a06fdaf0a92a
[INFO] [stdout]                                at /rustc/0e09125c6c3c2fd70d7de961bcf0e51575235fad/library/std/src/panic.rs:142:14
[INFO] [stdout]   38:     0x5581bc8f9f31 - test::run_test_in_process::h7e7b7c71c3324e0f
[INFO] [stdout]                                at /rustc/0e09125c6c3c2fd70d7de961bcf0e51575235fad/library/test/src/lib.rs:650:27
[INFO] [stdout]   39:     0x5581bc8f9f31 - test::run_test::{{closure}}::h1f509f28f5cf20b1
[INFO] [stdout]                                at /rustc/0e09125c6c3c2fd70d7de961bcf0e51575235fad/library/test/src/lib.rs:573:43
[INFO] [stdout]   40:     0x5581bc8c1266 - test::run_test::{{closure}}::h1754218abf443f6d
[INFO] [stdout]                                at /rustc/0e09125c6c3c2fd70d7de961bcf0e51575235fad/library/test/src/lib.rs:601:41
[INFO] [stdout]   41:     0x5581bc8c1266 - std::sys_common::backtrace::__rust_begin_short_backtrace::h2ee174b9d5954948
[INFO] [stdout]                                at /rustc/0e09125c6c3c2fd70d7de961bcf0e51575235fad/library/std/src/sys_common/backtrace.rs:155:18
[INFO] [stdout]   42:     0x5581bc8c62c7 - std::thread::Builder::spawn_unchecked_::{{closure}}::{{closure}}::hf60bee9c1a17ef09
[INFO] [stdout]                                at /rustc/0e09125c6c3c2fd70d7de961bcf0e51575235fad/library/std/src/thread/mod.rs:529:17
[INFO] [stdout]   43:     0x5581bc8c62c7 - <core::panic::unwind_safe::AssertUnwindSafe<F> as core::ops::function::FnOnce<()>>::call_once::h33d0dddec5216160
[INFO] [stdout]                                at /rustc/0e09125c6c3c2fd70d7de961bcf0e51575235fad/library/core/src/panic/unwind_safe.rs:272:9
[INFO] [stdout]   44:     0x5581bc8c62c7 - std::panicking::try::do_call::h144b3048b546f835
[INFO] [stdout]                                at /rustc/0e09125c6c3c2fd70d7de961bcf0e51575235fad/library/std/src/panicking.rs:552:40
[INFO] [stdout]   45:     0x5581bc8c62c7 - std::panicking::try::h978244d04646189f
[INFO] [stdout]                                at /rustc/0e09125c6c3c2fd70d7de961bcf0e51575235fad/library/std/src/panicking.rs:516:19
[INFO] [stdout]   46:     0x5581bc8c62c7 - std::panic::catch_unwind::hdf436369d188fe86
[INFO] [stdout]                                at /rustc/0e09125c6c3c2fd70d7de961bcf0e51575235fad/library/std/src/panic.rs:142:14
[INFO] [stdout]   47:     0x5581bc8c62c7 - std::thread::Builder::spawn_unchecked_::{{closure}}::h87329cbdd33c79ec
[INFO] [stdout]                                at /rustc/0e09125c6c3c2fd70d7de961bcf0e51575235fad/library/std/src/thread/mod.rs:528:30
[INFO] [stdout]   48:     0x5581bc8c62c7 - core::ops::function::FnOnce::call_once{{vtable.shim}}::h401abbe67897d450
[INFO] [stdout]                                at /rustc/0e09125c6c3c2fd70d7de961bcf0e51575235fad/library/core/src/ops/function.rs:250:5
[INFO] [stdout]   49:     0x5581bd104685 - <alloc::boxed::Box<F,A> as core::ops::function::FnOnce<Args>>::call_once::h5d7c8f150ab9c84c
[INFO] [stdout]                                at /rustc/0e09125c6c3c2fd70d7de961bcf0e51575235fad/library/alloc/src/boxed.rs:2015:9
[INFO] [stdout]   50:     0x5581bd104685 - <alloc::boxed::Box<F,A> as core::ops::function::FnOnce<Args>>::call_once::h570d5b005c242c15
[INFO] [stdout]                                at /rustc/0e09125c6c3c2fd70d7de961bcf0e51575235fad/library/alloc/src/boxed.rs:2015:9
[INFO] [stdout]   51:     0x5581bd104685 - std::sys::unix::thread::Thread::new::thread_start::h36b0a20c0b2361ad
[INFO] [stdout]                                at /rustc/0e09125c6c3c2fd70d7de961bcf0e51575235fad/library/std/src/sys/unix/thread.rs:108:17
[INFO] [stdout]   52:     0x7fa6a1c3cac3 - <unknown>
[INFO] [stdout]   53:     0x7fa6a1ccdbf4 - __clone
[INFO] [stdout]   54:                0x0 - <unknown>
[INFO] [stdout] 
[INFO] [stdout] ---- leetcode::request::test::query_testcase_with_id stdout ----
[INFO] [stdout] thread 'leetcode::request::test::query_testcase_with_id' panicked at src/config/mod.rs:37:54:
[INFO] [stdout] called `Result::unwrap()` on an `Err` value: configuration file "/root/.config/leetcode/leetcode.toml" not found
[INFO] [stdout] stack backtrace:
[INFO] [stdout]    0:     0x5581bd0fd766 - std::backtrace_rs::backtrace::libunwind::trace::h261606ad26a499c1
[INFO] [stdout]                                at /rustc/0e09125c6c3c2fd70d7de961bcf0e51575235fad/library/std/src/../../backtrace/src/backtrace/libunwind.rs:104:5
[INFO] [stdout]    1:     0x5581bd0fd766 - std::backtrace_rs::backtrace::trace_unsynchronized::hd183f0625477fb28
[INFO] [stdout]                                at /rustc/0e09125c6c3c2fd70d7de961bcf0e51575235fad/library/std/src/../../backtrace/src/backtrace/mod.rs:66:5
[INFO] [stdout]    2:     0x5581bd0fd766 - std::sys_common::backtrace::_print_fmt::hd7f8fef21b4eda67
[INFO] [stdout]                                at /rustc/0e09125c6c3c2fd70d7de961bcf0e51575235fad/library/std/src/sys_common/backtrace.rs:68:5
[INFO] [stdout]    3:     0x5581bd0fd766 - <std::sys_common::backtrace::_print::DisplayBacktrace as core::fmt::Display>::fmt::h623d9b51f2f453f1
[INFO] [stdout]                                at /rustc/0e09125c6c3c2fd70d7de961bcf0e51575235fad/library/std/src/sys_common/backtrace.rs:44:22
[INFO] [stdout]    4:     0x5581bd12b5c0 - core::fmt::rt::Argument::fmt::h9f417ac76a86f368
[INFO] [stdout]                                at /rustc/0e09125c6c3c2fd70d7de961bcf0e51575235fad/library/core/src/fmt/rt.rs:142:9
[INFO] [stdout]    5:     0x5581bd12b5c0 - core::fmt::write::hc9b6faf4ac2aeff7
[INFO] [stdout]                                at /rustc/0e09125c6c3c2fd70d7de961bcf0e51575235fad/library/core/src/fmt/mod.rs:1120:17
[INFO] [stdout]    6:     0x5581bd0fa50f - std::io::Write::write_fmt::he04625a3a989fec3
[INFO] [stdout]                                at /rustc/0e09125c6c3c2fd70d7de961bcf0e51575235fad/library/std/src/io/mod.rs:1810:15
[INFO] [stdout]    7:     0x5581bd0fd544 - std::sys_common::backtrace::_print::hd5d66399c7df88a2
[INFO] [stdout]                                at /rustc/0e09125c6c3c2fd70d7de961bcf0e51575235fad/library/std/src/sys_common/backtrace.rs:47:5
[INFO] [stdout]    8:     0x5581bd0fd544 - std::sys_common::backtrace::print::he81ed2da642d37e5
[INFO] [stdout]                                at /rustc/0e09125c6c3c2fd70d7de961bcf0e51575235fad/library/std/src/sys_common/backtrace.rs:34:9
[INFO] [stdout]    9:     0x5581bd0ff2b7 - std::panicking::default_hook::{{closure}}::h85773f4fa117163d
[INFO] [stdout]   10:     0x5581bd0fef9d - std::panicking::default_hook::h6a1694a91d09b278
[INFO] [stdout]                                at /rustc/0e09125c6c3c2fd70d7de961bcf0e51575235fad/library/std/src/panicking.rs:289:9
[INFO] [stdout]   11:     0x5581bc8f58d7 - <alloc::boxed::Box<F,A> as core::ops::function::Fn<Args>>::call::h616ac37fa3cd6c8f
[INFO] [stdout]                                at /rustc/0e09125c6c3c2fd70d7de961bcf0e51575235fad/library/alloc/src/boxed.rs:2029:9
[INFO] [stdout]   12:     0x5581bc8f58d7 - test::test_main::{{closure}}::h00d84697cefdcbb6
[INFO] [stdout]                                at /rustc/0e09125c6c3c2fd70d7de961bcf0e51575235fad/library/test/src/lib.rs:138:21
[INFO] [stdout]   13:     0x5581bd0ff8d6 - <alloc::boxed::Box<F,A> as core::ops::function::Fn<Args>>::call::hcb3fe3b9bb537ba8
[INFO] [stdout]                                at /rustc/0e09125c6c3c2fd70d7de961bcf0e51575235fad/library/alloc/src/boxed.rs:2029:9
[INFO] [stdout]   14:     0x5581bd0ff8d6 - std::panicking::rust_panic_with_hook::h0a7ad96e90f7145b
[INFO] [stdout]                                at /rustc/0e09125c6c3c2fd70d7de961bcf0e51575235fad/library/std/src/panicking.rs:783:13
[INFO] [stdout]   15:     0x5581bd0ff622 - std::panicking::begin_panic_handler::{{closure}}::h7919090525c6485e
[INFO] [stdout]                                at /rustc/0e09125c6c3c2fd70d7de961bcf0e51575235fad/library/std/src/panicking.rs:657:13
[INFO] [stdout]   16:     0x5581bd0fdc66 - std::sys_common::backtrace::__rust_end_short_backtrace::hf3289479464f7dfe
[INFO] [stdout]                                at /rustc/0e09125c6c3c2fd70d7de961bcf0e51575235fad/library/std/src/sys_common/backtrace.rs:171:18
[INFO] [stdout]   17:     0x5581bd0ff380 - rust_begin_unwind
[INFO] [stdout]                                at /rustc/0e09125c6c3c2fd70d7de961bcf0e51575235fad/library/std/src/panicking.rs:645:5
[INFO] [stdout]   18:     0x5581bc883d25 - core::panicking::panic_fmt::hcc9f77c5c132af55
[INFO] [stdout]                                at /rustc/0e09125c6c3c2fd70d7de961bcf0e51575235fad/library/core/src/panicking.rs:72:14
[INFO] [stdout]   19:     0x5581bc884363 - core::result::unwrap_failed::hbe14f498be1452f9
[INFO] [stdout]                                at /rustc/0e09125c6c3c2fd70d7de961bcf0e51575235fad/library/core/src/result.rs:1649:5
[INFO] [stdout]   20:     0x5581bc885f19 - core::result::Result<T,E>::unwrap::h475ce860683a2b81
[INFO] [stdout]                                at /rustc/0e09125c6c3c2fd70d7de961bcf0e51575235fad/library/core/src/result.rs:1073:23
[INFO] [stdout]   21:     0x5581bc8b6241 - leetcode_cli::config::Config::global::{{closure}}::h32d6e9fdfe4aacaf
[INFO] [stdout]                                at /opt/rustwide/workdir/src/config/mod.rs:37:40
[INFO] [stdout]   22:     0x5581bc89f98b - core::cell::once::OnceCell<T>::get_or_init::{{closure}}::h095ce63fe5215b68
[INFO] [stdout]                                at /rustc/0e09125c6c3c2fd70d7de961bcf0e51575235fad/library/core/src/cell/once.rs:162:50
[INFO] [stdout]   23:     0x5581bc89fa61 - core::cell::once::OnceCell<T>::get_or_try_init::outlined_call::h458e9434c8d9add7
[INFO] [stdout]                                at /rustc/0e09125c6c3c2fd70d7de961bcf0e51575235fad/library/core/src/cell/once.rs:210:13
[INFO] [stdout]   24:     0x5581bc8a013a - core::cell::once::OnceCell<T>::get_or_try_init::hb0ecab36809a4ed6
[INFO] [stdout]                                at /rustc/0e09125c6c3c2fd70d7de961bcf0e51575235fad/library/core/src/cell/once.rs:212:19
[INFO] [stdout]   25:     0x5581bc89f94e - core::cell::once::OnceCell<T>::get_or_init::hc597b6897ba14df2
[INFO] [stdout]                                at /rustc/0e09125c6c3c2fd70d7de961bcf0e51575235fad/library/core/src/cell/once.rs:162:15
[INFO] [stdout]   26:     0x5581bc8b620d - leetcode_cli::config::Config::global::h689c553b4c472a1d
[INFO] [stdout]                                at /opt/rustwide/workdir/src/config/mod.rs:37:18
[INFO] [stdout]   27:     0x5581bc8b6259 - leetcode_cli::db::sqlite::Sqlite3::global::h34bae5e82cce2f5e
[INFO] [stdout]                                at /opt/rustwide/workdir/src/db/sqlite.rs:28:18
[INFO] [stdout]   28:     0x5581bc88e276 - leetcode_cli::leetcode::request::Request::query_testcase_with_id::{{closure}}::h27856f26c01a722c
[INFO] [stdout]                                at /opt/rustwide/workdir/src/leetcode/request.rs:27:18
[INFO] [stdout]   29:     0x5581bc8ac353 - tokio::runtime::park::CachedParkThread::block_on::{{closure}}::hde111a28effba801
[INFO] [stdout]                                at /opt/rustwide/cargo-home/registry/src/index.crates.io-6f17d22bba15001f/tokio-1.35.1/src/runtime/park.rs:282:63
[INFO] [stdout]   30:     0x5581bc8abc33 - tokio::runtime::coop::with_budget::hf50fd8f1b12c1a22
[INFO] [stdout]                                at /opt/rustwide/cargo-home/registry/src/index.crates.io-6f17d22bba15001f/tokio-1.35.1/src/runtime/coop.rs:107:5
[INFO] [stdout]   31:     0x5581bc8abc33 - tokio::runtime::coop::budget::he7e608e73f572d28
[INFO] [stdout]                                at /opt/rustwide/cargo-home/registry/src/index.crates.io-6f17d22bba15001f/tokio-1.35.1/src/runtime/coop.rs:73:5
[INFO] [stdout]   32:     0x5581bc8abc33 - tokio::runtime::park::CachedParkThread::block_on::h8d0487286ca3f331
[INFO] [stdout]                                at /opt/rustwide/cargo-home/registry/src/index.crates.io-6f17d22bba15001f/tokio-1.35.1/src/runtime/park.rs:282:31
[INFO] [stdout]   33:     0x5581bc8ac484 - tokio::runtime::context::blocking::BlockingRegionGuard::block_on::h8b012f4146bd6aa8
[INFO] [stdout]                                at /opt/rustwide/cargo-home/registry/src/index.crates.io-6f17d22bba15001f/tokio-1.35.1/src/runtime/context/blocking.rs:66:9
[INFO] [stdout]   34:     0x5581bc8a1d41 - tokio::runtime::scheduler::multi_thread::MultiThread::block_on::{{closure}}::hfb50ba892df266c0
[INFO] [stdout]                                at /opt/rustwide/cargo-home/registry/src/index.crates.io-6f17d22bba15001f/tokio-1.35.1/src/runtime/scheduler/multi_thread/mod.rs:87:13
[INFO] [stdout]   35:     0x5581bc898d00 - tokio::runtime::context::runtime::enter_runtime::h7708afd23b152556
[INFO] [stdout]                                at /opt/rustwide/cargo-home/registry/src/index.crates.io-6f17d22bba15001f/tokio-1.35.1/src/runtime/context/runtime.rs:65:16
[INFO] [stdout]   36:     0x5581bc8a1cf0 - tokio::runtime::scheduler::multi_thread::MultiThread::block_on::h5bdea84ef2737103
[INFO] [stdout]                                at /opt/rustwide/cargo-home/registry/src/index.crates.io-6f17d22bba15001f/tokio-1.35.1/src/runtime/scheduler/multi_thread/mod.rs:86:9
[INFO] [stdout]   37:     0x5581bc8b24d9 - tokio::runtime::runtime::Runtime::block_on::h4bce129cfe68a7e3
[INFO] [stdout]                                at /opt/rustwide/cargo-home/registry/src/index.crates.io-6f17d22bba15001f/tokio-1.35.1/src/runtime/runtime.rs:350:45
[INFO] [stdout]   38:     0x5581bc8900a6 - leetcode_cli::leetcode::request::test::query_testcase_with_id::h0ad6dc1a8e503efe
[INFO] [stdout]                                at /opt/rustwide/workdir/src/leetcode/request.rs:90:31
[INFO] [stdout]   39:     0x5581bc88ff47 - leetcode_cli::leetcode::request::test::query_testcase_with_id::{{closure}}::h19aa5b6468bb4ab9
[INFO] [stdout]                                at /opt/rustwide/workdir/src/leetcode/request.rs:89:32
[INFO] [stdout]   40:     0x5581bc889626 - core::ops::function::FnOnce::call_once::hdade7412b3e249a7
[INFO] [stdout]                                at /rustc/0e09125c6c3c2fd70d7de961bcf0e51575235fad/library/core/src/ops/function.rs:250:5
[INFO] [stdout]   41:     0x5581bc8fb1af - core::ops::function::FnOnce::call_once::hd64d26f405258157
[INFO] [stdout]                                at /rustc/0e09125c6c3c2fd70d7de961bcf0e51575235fad/library/core/src/ops/function.rs:250:5
[INFO] [stdout]   42:     0x5581bc8fb1af - test::__rust_begin_short_backtrace::he21b0b7a6d731bf9
[INFO] [stdout]                                at /rustc/0e09125c6c3c2fd70d7de961bcf0e51575235fad/library/test/src/lib.rs:627:18
[INFO] [stdout]   43:     0x5581bc8f9f31 - test::run_test_in_process::{{closure}}::hf5c73986d7bdfde2
[INFO] [stdout]                                at /rustc/0e09125c6c3c2fd70d7de961bcf0e51575235fad/library/test/src/lib.rs:650:60
[INFO] [stdout]   44:     0x5581bc8f9f31 - <core::panic::unwind_safe::AssertUnwindSafe<F> as core::ops::function::FnOnce<()>>::call_once::h330011ad032aadc0
[INFO] [stdout]                                at /rustc/0e09125c6c3c2fd70d7de961bcf0e51575235fad/library/core/src/panic/unwind_safe.rs:272:9
[INFO] [stdout]   45:     0x5581bc8f9f31 - std::panicking::try::do_call::he61b0a958b795a41
[INFO] [stdout]                                at /rustc/0e09125c6c3c2fd70d7de961bcf0e51575235fad/library/std/src/panicking.rs:552:40
[INFO] [stdout]   46:     0x5581bc8f9f31 - std::panicking::try::h7309da130f906eb7
[INFO] [stdout]                                at /rustc/0e09125c6c3c2fd70d7de961bcf0e51575235fad/library/std/src/panicking.rs:516:19
[INFO] [stdout]   47:     0x5581bc8f9f31 - std::panic::catch_unwind::hc5c3a06fdaf0a92a
[INFO] [stdout]                                at /rustc/0e09125c6c3c2fd70d7de961bcf0e51575235fad/library/std/src/panic.rs:142:14
[INFO] [stdout]   48:     0x5581bc8f9f31 - test::run_test_in_process::h7e7b7c71c3324e0f
[INFO] [stdout]                                at /rustc/0e09125c6c3c2fd70d7de961bcf0e51575235fad/library/test/src/lib.rs:650:27
[INFO] [stdout]   49:     0x5581bc8f9f31 - test::run_test::{{closure}}::h1f509f28f5cf20b1
[INFO] [stdout]                                at /rustc/0e09125c6c3c2fd70d7de961bcf0e51575235fad/library/test/src/lib.rs:573:43
[INFO] [stdout]   50:     0x5581bc8c1266 - test::run_test::{{closure}}::h1754218abf443f6d
[INFO] [stdout]                                at /rustc/0e09125c6c3c2fd70d7de961bcf0e51575235fad/library/test/src/lib.rs:601:41
[INFO] [stdout]   51:     0x5581bc8c1266 - std::sys_common::backtrace::__rust_begin_short_backtrace::h2ee174b9d5954948
[INFO] [stdout]                                at /rustc/0e09125c6c3c2fd70d7de961bcf0e51575235fad/library/std/src/sys_common/backtrace.rs:155:18
[INFO] [stdout]   52:     0x5581bc8c62c7 - std::thread::Builder::spawn_unchecked_::{{closure}}::{{closure}}::hf60bee9c1a17ef09
[INFO] [stdout]                                at /rustc/0e09125c6c3c2fd70d7de961bcf0e51575235fad/library/std/src/thread/mod.rs:529:17
[INFO] [stdout]   53:     0x5581bc8c62c7 - <core::panic::unwind_safe::AssertUnwindSafe<F> as core::ops::function::FnOnce<()>>::call_once::h33d0dddec5216160
[INFO] [stdout]                                at /rustc/0e09125c6c3c2fd70d7de961bcf0e51575235fad/library/core/src/panic/unwind_safe.rs:272:9
[INFO] [stdout]   54:     0x5581bc8c62c7 - std::panicking::try::do_call::h144b3048b546f835
[INFO] [stdout]                                at /rustc/0e09125c6c3c2fd70d7de961bcf0e51575235fad/library/std/src/panicking.rs:552:40
[INFO] [stdout]   55:     0x5581bc8c62c7 - std::panicking::try::h978244d04646189f
[INFO] [stdout]                                at /rustc/0e09125c6c3c2fd70d7de961bcf0e51575235fad/library/std/src/panicking.rs:516:19
[INFO] [stdout]   56:     0x5581bc8c62c7 - std::panic::catch_unwind::hdf436369d188fe86
[INFO] [stdout]                                at /rustc/0e09125c6c3c2fd70d7de961bcf0e51575235fad/library/std/src/panic.rs:142:14
[INFO] [stdout]   57:     0x5581bc8c62c7 - std::thread::Builder::spawn_unchecked_::{{closure}}::h87329cbdd33c79ec
[INFO] [stdout]                                at /rustc/0e09125c6c3c2fd70d7de961bcf0e51575235fad/library/std/src/thread/mod.rs:528:30
[INFO] [stdout]   58:     0x5581bc8c62c7 - core::ops::function::FnOnce::call_once{{vtable.shim}}::h401abbe67897d450
[INFO] [stdout]                                at /rustc/0e09125c6c3c2fd70d7de961bcf0e51575235fad/library/core/src/ops/function.rs:250:5
[INFO] [stdout]   59:     0x5581bd104685 - <alloc::boxed::Box<F,A> as core::ops::function::FnOnce<Args>>::call_once::h5d7c8f150ab9c84c
[INFO] [stdout]                                at /rustc/0e09125c6c3c2fd70d7de961bcf0e51575235fad/library/alloc/src/boxed.rs:2015:9
[INFO] [stdout]   60:     0x5581bd104685 - <alloc::boxed::Box<F,A> as core::ops::function::FnOnce<Args>>::call_once::h570d5b005c242c15
[INFO] [stdout]                                at /rustc/0e09125c6c3c2fd70d7de961bcf0e51575235fad/library/alloc/src/boxed.rs:2015:9
[INFO] [stdout]   61:     0x5581bd104685 - std::sys::unix::thread::Thread::new::thread_start::h36b0a20c0b2361ad
[INFO] [stdout]                                at /rustc/0e09125c6c3c2fd70d7de961bcf0e51575235fad/library/std/src/sys/unix/thread.rs:108:17
[INFO] [stdout]   62:     0x7fa6a1c3cac3 - <unknown>
[INFO] [stdout]   63:     0x7fa6a1ccdbf4 - __clone
[INFO] [stdout]   64:                0x0 - <unknown>
[INFO] [stdout] 
[INFO] [stdout] 
[INFO] [stdout] failures:
[INFO] [stdout]     config::test::access_config
[INFO] [stdout]     db::sqlite::test::query_with_valid_id_1
[INFO] [stdout]     db::sqlite::test::update_value_if_record_exists
[INFO] [stdout]     leetcode::request::test::query_testcase_with_id
[INFO] [stdout] 
[INFO] [stdout] test result: FAILED. 3 passed; 4 failed; 0 ignored; 0 measured; 0 filtered out; finished in 0.11s
[INFO] [stdout] 
[INFO] [stderr] error: test failed, to rerun pass `--lib`
[INFO] running `Command { std: "docker" "inspect" "14b746d4bb475cb324b6582196aa1c0dd8bd09caba7a27fa71cf85ced9f7287f", kill_on_drop: false }`
[INFO] running `Command { std: "docker" "rm" "-f" "14b746d4bb475cb324b6582196aa1c0dd8bd09caba7a27fa71cf85ced9f7287f", kill_on_drop: false }`
[INFO] [stdout] 14b746d4bb475cb324b6582196aa1c0dd8bd09caba7a27fa71cf85ced9f7287f
