[INFO] cloning repository https://github.com/1Password/typeshare
[INFO] running `Command { std: "git" "-c" "credential.helper=" "-c" "credential.helper=/workspace/cargo-home/bin/git-credential-null" "clone" "--bare" "https://github.com/1Password/typeshare" "/workspace/cache/git-repos/https%3A%2F%2Fgithub.com%2F1Password%2Ftypeshare", kill_on_drop: false }`
[INFO] [stderr] Cloning into bare repository '/workspace/cache/git-repos/https%3A%2F%2Fgithub.com%2F1Password%2Ftypeshare'...
[INFO] running `Command { std: "git" "rev-parse" "HEAD", kill_on_drop: false }`
[INFO] [stdout] c3ee2ad8f27774c45db7af4f2ba746c4ae11de21
[INFO] testing 1Password/typeshare against 1.75.0 for beta-1.76-1
[INFO] running `Command { std: "git" "clone" "/workspace/cache/git-repos/https%3A%2F%2Fgithub.com%2F1Password%2Ftypeshare" "/workspace/builds/worker-5-tc1/source", kill_on_drop: false }`
[INFO] [stderr] Cloning into '/workspace/builds/worker-5-tc1/source'...
[INFO] [stderr] done.
[INFO] validating manifest of git repo https://github.com/1Password/typeshare on toolchain 1.75.0
[INFO] running `Command { std: CARGO_HOME="/workspace/cargo-home" RUSTUP_HOME="/workspace/rustup-home" "/workspace/cargo-home/bin/cargo" "+1.75.0" "metadata" "--manifest-path" "Cargo.toml" "--no-deps", kill_on_drop: false }`
[INFO] removed /workspace/builds/worker-5-tc1/source/rust-toolchain.toml
[INFO] started tweaking git repo https://github.com/1Password/typeshare
[INFO] finished tweaking git repo https://github.com/1Password/typeshare
[INFO] tweaked toml for git repo https://github.com/1Password/typeshare written to /workspace/builds/worker-5-tc1/source/Cargo.toml
[INFO] crate git repo https://github.com/1Password/typeshare already has a lockfile, it will not be regenerated
[INFO] running `Command { std: CARGO_HOME="/workspace/cargo-home" RUSTUP_HOME="/workspace/rustup-home" "/workspace/cargo-home/bin/cargo" "+1.75.0" "fetch" "--manifest-path" "Cargo.toml", kill_on_drop: false }`
[INFO] [stderr] warning: virtual workspace defaulting to `resolver = "1"` despite one or more workspace members being on edition 2021 which implies `resolver = "2"`
[INFO] [stderr] note: to keep the current resolver, specify `workspace.resolver = "1"` in the workspace root's manifest
[INFO] [stderr] note: to use the edition 2021 resolver, specify `workspace.resolver = "2"` in the workspace root's manifest
[INFO] [stderr] note: for more details see https://doc.rust-lang.org/cargo/reference/resolver.html#resolver-versions
[INFO] [stderr]     Updating crates.io index
[INFO] [stderr]  Downloading crates ...
[INFO] [stderr]   Downloaded lazy_format v1.10.0
[INFO] [stderr]   Downloaded expect-test v1.4.0
[INFO] [stderr]   Downloaded clap_complete_command v0.3.4
[INFO] [stderr]   Downloaded clap_complete_fig v3.2.4
[INFO] running `Command { std: "docker" "create" "-v" "/var/lib/crater-agent-workspace/builds/worker-5-tc1/target:/opt/rustwide/target:rw,Z" "-v" "/var/lib/crater-agent-workspace/builds/worker-5-tc1/source:/opt/rustwide/workdir:ro,Z" "-v" "/var/lib/crater-agent-workspace/cargo-home:/opt/rustwide/cargo-home:ro,Z" "-v" "/var/lib/crater-agent-workspace/rustup-home:/opt/rustwide/rustup-home:ro,Z" "-e" "SOURCE_DIR=/opt/rustwide/workdir" "-e" "CARGO_TARGET_DIR=/opt/rustwide/target" "-e" "CARGO_HOME=/opt/rustwide/cargo-home" "-e" "RUSTUP_HOME=/opt/rustwide/rustup-home" "-w" "/opt/rustwide/workdir" "-m" "1610612736" "--user" "0:0" "--network" "none" "ghcr.io/rust-lang/crates-build-env/linux@sha256:2788e3201cd34a07e3172128adcd8b3090168a8e3bcc40d7c032b9dda1df7d1c" "/opt/rustwide/cargo-home/bin/cargo" "+1.75.0" "metadata" "--no-deps" "--format-version=1", kill_on_drop: false }`
[INFO] [stdout] f4abb7d4cc76f59d3d81877e1acecf672ab98f72d693c630cafeb38497de55b9
[INFO] running `Command { std: "docker" "start" "-a" "f4abb7d4cc76f59d3d81877e1acecf672ab98f72d693c630cafeb38497de55b9", kill_on_drop: false }`
[INFO] running `Command { std: "docker" "inspect" "f4abb7d4cc76f59d3d81877e1acecf672ab98f72d693c630cafeb38497de55b9", kill_on_drop: false }`
[INFO] running `Command { std: "docker" "rm" "-f" "f4abb7d4cc76f59d3d81877e1acecf672ab98f72d693c630cafeb38497de55b9", kill_on_drop: false }`
[INFO] [stdout] f4abb7d4cc76f59d3d81877e1acecf672ab98f72d693c630cafeb38497de55b9
[INFO] running `Command { std: "docker" "create" "-v" "/var/lib/crater-agent-workspace/builds/worker-5-tc1/target:/opt/rustwide/target:rw,Z" "-v" "/var/lib/crater-agent-workspace/builds/worker-5-tc1/source:/opt/rustwide/workdir:ro,Z" "-v" "/var/lib/crater-agent-workspace/cargo-home:/opt/rustwide/cargo-home:ro,Z" "-v" "/var/lib/crater-agent-workspace/rustup-home:/opt/rustwide/rustup-home:ro,Z" "-e" "SOURCE_DIR=/opt/rustwide/workdir" "-e" "CARGO_TARGET_DIR=/opt/rustwide/target" "-e" "CARGO_INCREMENTAL=0" "-e" "RUST_BACKTRACE=full" "-e" "RUSTFLAGS=--cap-lints=warn" "-e" "RUSTDOCFLAGS=--cap-lints=warn" "-e" "CARGO_HOME=/opt/rustwide/cargo-home" "-e" "RUSTUP_HOME=/opt/rustwide/rustup-home" "-w" "/opt/rustwide/workdir" "-m" "1610612736" "--user" "0:0" "--network" "none" "ghcr.io/rust-lang/crates-build-env/linux@sha256:2788e3201cd34a07e3172128adcd8b3090168a8e3bcc40d7c032b9dda1df7d1c" "/opt/rustwide/cargo-home/bin/cargo" "+1.75.0" "build" "--frozen" "--message-format=json", kill_on_drop: false }`
[INFO] [stdout] 952d8bdfb3aaca24decfb0561e7a810097bba2bdfc720c9318110554b2316dfc
[INFO] running `Command { std: "docker" "start" "-a" "952d8bdfb3aaca24decfb0561e7a810097bba2bdfc720c9318110554b2316dfc", kill_on_drop: false }`
[INFO] [stderr] warning: virtual workspace defaulting to `resolver = "1"` despite one or more workspace members being on edition 2021 which implies `resolver = "2"`
[INFO] [stderr] note: to keep the current resolver, specify `workspace.resolver = "1"` in the workspace root's manifest
[INFO] [stderr] note: to use the edition 2021 resolver, specify `workspace.resolver = "2"` in the workspace root's manifest
[INFO] [stderr] note: for more details see https://doc.rust-lang.org/cargo/reference/resolver.html#resolver-versions
[INFO] [stderr]    Compiling proc-macro2 v1.0.44
[INFO] [stderr]    Compiling unicode-ident v1.0.4
[INFO] [stderr]    Compiling once_cell v1.15.0
[INFO] [stderr]    Compiling quote v1.0.21
[INFO] [stderr]    Compiling syn v1.0.100
[INFO] [stderr]    Compiling libc v0.2.133
[INFO] [stderr]    Compiling crossbeam-utils v0.8.11
[INFO] [stderr]    Compiling indexmap v1.9.1
[INFO] [stderr]    Compiling serde_derive v1.0.145
[INFO] [stderr]    Compiling crossbeam-epoch v0.9.10
[INFO] [stderr]    Compiling hashbrown v0.12.3
[INFO] [stderr]    Compiling os_str_bytes v6.3.0
[INFO] [stderr]    Compiling serde v1.0.145
[INFO] [stderr]    Compiling textwrap v0.15.1
[INFO] [stderr]    Compiling rayon-core v1.9.3
[INFO] [stderr]    Compiling termcolor v1.1.3
[INFO] [stderr]    Compiling aho-corasick v0.7.19
[INFO] [stderr]    Compiling thiserror v1.0.35
[INFO] [stderr]    Compiling clap_lex v0.2.4
[INFO] [stderr]    Compiling regex-syntax v0.6.27
[INFO] [stderr]    Compiling either v1.8.0
[INFO] [stderr]    Compiling bstr v0.2.17
[INFO] [stderr]    Compiling rayon v1.5.3
[INFO] [stderr]    Compiling same-file v1.0.6
[INFO] [stderr]    Compiling serde_json v1.0.85
[INFO] [stderr]    Compiling thread_local v1.1.4
[INFO] [stderr]    Compiling itertools v0.10.5
[INFO] [stderr]    Compiling walkdir v2.3.2
[INFO] [stderr]    Compiling iana-time-zone v0.1.50
[INFO] [stderr]    Compiling ryu v1.0.11
[INFO] [stderr]    Compiling joinery v2.1.0
[INFO] [stderr]    Compiling crossbeam-channel v0.5.6
[INFO] [stderr]    Compiling lazy_format v1.10.0
[INFO] [stderr]    Compiling itoa v1.0.3
[INFO] [stderr]    Compiling chrono v0.4.22
[INFO] [stderr]    Compiling crossbeam-deque v0.8.2
[INFO] [stderr]    Compiling atty v0.2.14
[INFO] [stderr]    Compiling num_cpus v1.13.1
[INFO] [stderr]    Compiling clap v3.2.22
[INFO] [stderr]    Compiling regex v1.6.0
[INFO] [stderr]    Compiling globset v0.4.9
[INFO] [stderr]    Compiling ignore v0.4.18
[INFO] [stderr]    Compiling clap_complete v3.2.5
[INFO] [stderr]    Compiling clap_complete_fig v3.2.4
[INFO] [stderr]    Compiling clap_complete_command v0.3.4
[INFO] [stderr]    Compiling thiserror-impl v1.0.35
[INFO] [stderr]    Compiling typeshare-annotation v1.0.2 (/opt/rustwide/workdir/annotation)
[INFO] [stderr]    Compiling typeshare-core v1.7.0 (/opt/rustwide/workdir/core)
[INFO] [stderr]    Compiling toml v0.5.9
[INFO] [stderr]    Compiling typeshare v1.0.1 (/opt/rustwide/workdir/lib)
[INFO] [stderr]    Compiling typeshare-cli v1.7.0 (/opt/rustwide/workdir/cli)
[INFO] [stderr]     Finished dev [unoptimized + debuginfo] target(s) in 10.06s
[INFO] running `Command { std: "docker" "inspect" "952d8bdfb3aaca24decfb0561e7a810097bba2bdfc720c9318110554b2316dfc", kill_on_drop: false }`
[INFO] running `Command { std: "docker" "rm" "-f" "952d8bdfb3aaca24decfb0561e7a810097bba2bdfc720c9318110554b2316dfc", kill_on_drop: false }`
[INFO] [stdout] 952d8bdfb3aaca24decfb0561e7a810097bba2bdfc720c9318110554b2316dfc
[INFO] running `Command { std: "docker" "create" "-v" "/var/lib/crater-agent-workspace/builds/worker-5-tc1/target:/opt/rustwide/target:rw,Z" "-v" "/var/lib/crater-agent-workspace/builds/worker-5-tc1/source:/opt/rustwide/workdir:ro,Z" "-v" "/var/lib/crater-agent-workspace/cargo-home:/opt/rustwide/cargo-home:ro,Z" "-v" "/var/lib/crater-agent-workspace/rustup-home:/opt/rustwide/rustup-home:ro,Z" "-e" "SOURCE_DIR=/opt/rustwide/workdir" "-e" "CARGO_TARGET_DIR=/opt/rustwide/target" "-e" "CARGO_INCREMENTAL=0" "-e" "RUST_BACKTRACE=full" "-e" "RUSTFLAGS=--cap-lints=warn" "-e" "RUSTDOCFLAGS=--cap-lints=warn" "-e" "CARGO_HOME=/opt/rustwide/cargo-home" "-e" "RUSTUP_HOME=/opt/rustwide/rustup-home" "-w" "/opt/rustwide/workdir" "-m" "1610612736" "--user" "0:0" "--network" "none" "ghcr.io/rust-lang/crates-build-env/linux@sha256:2788e3201cd34a07e3172128adcd8b3090168a8e3bcc40d7c032b9dda1df7d1c" "/opt/rustwide/cargo-home/bin/cargo" "+1.75.0" "test" "--frozen" "--no-run" "--message-format=json", kill_on_drop: false }`
[INFO] [stdout] f701af6caa9d6108394be446c3d485b17176e7bf18eed51e5d0afd6751f77ecb
[INFO] running `Command { std: "docker" "start" "-a" "f701af6caa9d6108394be446c3d485b17176e7bf18eed51e5d0afd6751f77ecb", kill_on_drop: false }`
[INFO] [stderr] warning: virtual workspace defaulting to `resolver = "1"` despite one or more workspace members being on edition 2021 which implies `resolver = "2"`
[INFO] [stderr] note: to keep the current resolver, specify `workspace.resolver = "1"` in the workspace root's manifest
[INFO] [stderr] note: to use the edition 2021 resolver, specify `workspace.resolver = "2"` in the workspace root's manifest
[INFO] [stderr] note: for more details see https://doc.rust-lang.org/cargo/reference/resolver.html#resolver-versions
[INFO] [stderr]    Compiling anyhow v1.0.65
[INFO] [stderr]    Compiling dissimilar v1.0.4
[INFO] [stderr]    Compiling typeshare-annotation v1.0.2 (/opt/rustwide/workdir/annotation)
[INFO] [stderr]    Compiling typeshare-cli v1.7.0 (/opt/rustwide/workdir/cli)
[INFO] [stderr]    Compiling expect-test v1.4.0
[INFO] [stderr]    Compiling typeshare-core v1.7.0 (/opt/rustwide/workdir/core)
[INFO] [stderr]    Compiling typeshare v1.0.1 (/opt/rustwide/workdir/lib)
[INFO] [stderr]     Finished test [unoptimized + debuginfo] target(s) in 1.82s
[INFO] running `Command { std: "docker" "inspect" "f701af6caa9d6108394be446c3d485b17176e7bf18eed51e5d0afd6751f77ecb", kill_on_drop: false }`
[INFO] running `Command { std: "docker" "rm" "-f" "f701af6caa9d6108394be446c3d485b17176e7bf18eed51e5d0afd6751f77ecb", kill_on_drop: false }`
[INFO] [stdout] f701af6caa9d6108394be446c3d485b17176e7bf18eed51e5d0afd6751f77ecb
[INFO] running `Command { std: "docker" "create" "-v" "/var/lib/crater-agent-workspace/builds/worker-5-tc1/target:/opt/rustwide/target:rw,Z" "-v" "/var/lib/crater-agent-workspace/builds/worker-5-tc1/source:/opt/rustwide/workdir:ro,Z" "-v" "/var/lib/crater-agent-workspace/cargo-home:/opt/rustwide/cargo-home:ro,Z" "-v" "/var/lib/crater-agent-workspace/rustup-home:/opt/rustwide/rustup-home:ro,Z" "-e" "SOURCE_DIR=/opt/rustwide/workdir" "-e" "CARGO_TARGET_DIR=/opt/rustwide/target" "-e" "CARGO_INCREMENTAL=0" "-e" "RUST_BACKTRACE=full" "-e" "RUSTFLAGS=--cap-lints=warn" "-e" "RUSTDOCFLAGS=--cap-lints=warn" "-e" "CARGO_HOME=/opt/rustwide/cargo-home" "-e" "RUSTUP_HOME=/opt/rustwide/rustup-home" "-w" "/opt/rustwide/workdir" "-m" "1610612736" "--user" "0:0" "--network" "none" "ghcr.io/rust-lang/crates-build-env/linux@sha256:2788e3201cd34a07e3172128adcd8b3090168a8e3bcc40d7c032b9dda1df7d1c" "/opt/rustwide/cargo-home/bin/cargo" "+1.75.0" "test" "--frozen", kill_on_drop: false }`
[INFO] [stdout] bb80813d14e056a7aedcdc8fc3d55461f15a52d0224383774168a14c02171a07
[INFO] running `Command { std: "docker" "start" "-a" "bb80813d14e056a7aedcdc8fc3d55461f15a52d0224383774168a14c02171a07", kill_on_drop: false }`
[INFO] [stderr] warning: virtual workspace defaulting to `resolver = "1"` despite one or more workspace members being on edition 2021 which implies `resolver = "2"`
[INFO] [stderr] note: to keep the current resolver, specify `workspace.resolver = "1"` in the workspace root's manifest
[INFO] [stderr] note: to use the edition 2021 resolver, specify `workspace.resolver = "2"` in the workspace root's manifest
[INFO] [stderr] note: for more details see https://doc.rust-lang.org/cargo/reference/resolver.html#resolver-versions
[INFO] [stderr]     Finished test [unoptimized + debuginfo] target(s) in 0.05s
[INFO] [stderr]      Running unittests src/lib.rs (/opt/rustwide/target/debug/deps/typeshare-021c502c8b2bbc09)
[INFO] [stdout] 
[INFO] [stdout] running 25 tests
[INFO] [stdout] test integer::tests::i54_max ... ok
[INFO] [stdout] test integer::tests::test_formatter_flags ... ok
[INFO] [stdout] test integer::tests::i54_min ... ok
[INFO] [stdout] test integer::tests::test_i32_to_i54 ... ok
[INFO] [stdout] test integer::tests::test_i54_init ... ok
[INFO] [stdout] test integer::tests::test_i54_overflow ... ok
[INFO] [stdout] test integer::tests::test_i54_to_i32 ... ok
[INFO] [stdout] test integer::tests::test_i54_to_i64 ... ok
[INFO] [stdout] test integer::tests::test_i54_underflow ... ok
[INFO] [stdout] test integer::tests::test_i64_to_i54 ... ok
[INFO] [stdout] test integer::tests::test_order ... ok
[INFO] [stdout] test integer::tests::test_serde_deserialize ... ok
[INFO] [stdout] test integer::tests::test_serde_deserialize_overflow ... ok
[INFO] [stdout] test integer::tests::test_serde_deserialize_underflow ... ok
[INFO] [stdout] test integer::tests::test_serde_serialize ... ok
[INFO] [stdout] test integer::tests::test_u32_to_u53 ... ok
[INFO] [stdout] test integer::tests::test_u53_init ... ok
[INFO] [stdout] test integer::tests::test_u53_overflow ... ok
[INFO] [stdout] test integer::tests::test_u53_to_u32 ... ok
[INFO] [stdout] test integer::tests::test_u53_to_u64 ... ok
[INFO] [stdout] test integer::tests::test_u64_to_u53 ... ok
[INFO] [stdout] test integer::tests::u53_max ... ok
[INFO] [stdout] test integer::tests::u53_min ... ok
[INFO] [stdout] test json_date::tests::test_serialize ... ok
[INFO] [stdout] test json_date::tests::test_deserialize ... ok
[INFO] [stdout] 
[INFO] [stdout] test result: ok. 25 passed; 0 failed; 0 ignored; 0 measured; 0 filtered out; finished in 0.00s
[INFO] [stdout] 
[INFO] [stderr]      Running unittests src/lib.rs (/opt/rustwide/target/debug/deps/typeshare_annotation-ebb6454cbc2b5641)
[INFO] [stdout] 
[INFO] [stdout] running 0 tests
[INFO] [stdout] 
[INFO] [stdout] test result: ok. 0 passed; 0 failed; 0 ignored; 0 measured; 0 filtered out; finished in 0.00s
[INFO] [stdout] 
[INFO] [stderr]      Running unittests src/main.rs (/opt/rustwide/target/debug/deps/typeshare-4afcfb62743dabff)
[INFO] [stdout] 
[INFO] [stdout] running 6 tests
[INFO] [stdout] test config::test::constraints_test ... ok
[INFO] [stdout] test config::test::empty_test ... ok
[INFO] [stdout] test config::test::decorators_test ... ok
[INFO] [stdout] test config::test::swift_prefix_test ... ok
[INFO] [stdout] test config::test::default_test ... ok
[INFO] [stdout] test config::test::mappings_test ... ok
[INFO] [stdout] 
[INFO] [stdout] test result: ok. 6 passed; 0 failed; 0 ignored; 0 measured; 0 filtered out; finished in 0.00s
[INFO] [stdout] 
[INFO] [stderr]      Running unittests src/lib.rs (/opt/rustwide/target/debug/deps/typeshare_core-95e99756880997fb)
[INFO] [stdout] 
[INFO] [stdout] running 4 tests
[INFO] [stdout] test topsort::test_toposort_impl ... ok
[INFO] [stdout] test parser::test_rename_all_to_case ... ok
[INFO] [stdout] test rename::tests::test_rename ... ok
[INFO] [stdout] test topsort::test_toposort_impl_cycles ... ok
[INFO] [stdout] 
[INFO] [stdout] test result: ok. 4 passed; 0 failed; 0 ignored; 0 measured; 0 filtered out; finished in 0.00s
[INFO] [stdout] 
[INFO] [stderr]      Running tests/agnostic_tests.rs (/opt/rustwide/target/debug/deps/agnostic_tests-f10a3f394c7d2346)
[INFO] [stdout] 
[INFO] [stdout] running 10 tests
[INFO] [stdout] test blocklisted_types::test_i64_blocklisted_struct ... ok
[INFO] [stdout] test blocklisted_types::test_isize_blocklisted_struct ... ok
[INFO] [stdout] test blocklisted_types::test_hashmap_blocklisted_struct ... ok
[INFO] [stdout] test blocklisted_types::test_usize_blocklisted_in_struct ... ok
[INFO] [stdout] test blocklisted_types::test_u64_blocklisted_struct ... ok
[INFO] [stdout] test blocklisted_types::test_optional_blocklisted_struct ... ok
[INFO] [stdout] test serde_attributes_on_enums::tag_not_allowed_on_non_algebraic ... ok
[INFO] [stdout] test serde_attributes_on_enums::both_not_allowed_on_non_algebraic ... ok
[INFO] [stdout] test serde_attributes_on_enums::content_not_allowed_on_non_algebraic ... ok
[INFO] [stdout] test blocklisted_types::test_vec_blocklisted_struct ... ok
[INFO] [stdout] 
[INFO] [stdout] test result: ok. 10 passed; 0 failed; 0 ignored; 0 measured; 0 filtered out; finished in 0.00s
[INFO] [stdout] 
[INFO] [stderr]      Running tests/snapshot_tests.rs (/opt/rustwide/target/debug/deps/snapshot_tests-177653a42ec4fbac)
[INFO] [stdout] 
[INFO] [stdout] running 234 tests
[INFO] [stdout] test anonymous_struct_with_rename::kotlin ... FAILED
[INFO] [stdout] test anonymous_struct_with_rename::go ... FAILED
[INFO] [stdout] test anonymous_struct_with_rename::swift ... FAILED
[INFO] [stdout] test anonymous_struct_with_rename::scala ... FAILED
[INFO] [stdout] test algebraic_enum_decorator::swift ... FAILED
[INFO] [stdout] test can_apply_prefix_correctly::go ... FAILED
[INFO] [stdout] test anonymous_struct_with_rename::typescript ... FAILED
[INFO] [stdout] test can_apply_prefix_correctly::kotlin ... FAILED
[INFO] [stdout] test can_apply_prefix_correctly::scala ... FAILED
[INFO] [stdout] test can_apply_prefix_correctly::swift ... FAILED
[INFO] [stdout] test can_apply_prefix_correctly::typescript ... FAILED
[INFO] [stdout] test can_generate_algebraic_enum::go ... FAILED
[INFO] [stdout] test can_generate_algebraic_enum::kotlin ... FAILED
[INFO] [stdout] test can_generate_algebraic_enum::scala ... FAILED
[INFO] [stdout] test can_generate_algebraic_enum::swift ... FAILED
[INFO] [stdout] test can_generate_algebraic_enum::typescript ... FAILED
[INFO] [stdout] test can_generate_algebraic_enum_with_skipped_variants::go ... FAILED
[INFO] [stdout] test can_generate_algebraic_enum_with_skipped_variants::kotlin ... FAILED
[INFO] [stdout] test can_generate_algebraic_enum_with_skipped_variants::scala ... FAILED
[INFO] [stdout] test can_generate_algebraic_enum_with_skipped_variants::typescript ... FAILED
[INFO] [stdout] test can_generate_bare_string_enum::kotlin ... FAILED
[INFO] [stdout] test can_generate_bare_string_enum::go ... FAILED
[INFO] [stdout] test can_generate_bare_string_enum::scala ... FAILED
[INFO] [stdout] test can_generate_algebraic_enum_with_skipped_variants::swift ... FAILED
[INFO] [stdout] test can_generate_double_option_pattern::typescript ... FAILED
[INFO] [stdout] test can_generate_empty_algebraic_enum::go ... FAILED
[INFO] [stdout] test can_generate_bare_string_enum::typescript ... FAILED
[INFO] [stdout] test can_generate_empty_algebraic_enum::kotlin ... FAILED
[INFO] [stdout] test can_generate_empty_algebraic_enum::scala ... FAILED
[INFO] [stdout] test can_generate_bare_string_enum::swift ... FAILED
[INFO] [stdout] test can_generate_empty_algebraic_enum::typescript ... FAILED
[INFO] [stdout] test can_generate_generic_enum::swift ... FAILED
[INFO] [stdout] test can_generate_empty_algebraic_enum::swift ... FAILED
[INFO] [stdout] test can_generate_generic_enum::typescript ... FAILED
[INFO] [stdout] test can_generate_generic_struct::kotlin ... FAILED
[INFO] [stdout] test can_generate_generic_struct::scala ... FAILED
[INFO] [stdout] test can_generate_generic_struct::typescript ... FAILED
[INFO] [stdout] test can_generate_generic_enum::kotlin ... FAILED
[INFO] [stdout] test can_generate_generic_type_alias::scala ... FAILED
[INFO] [stdout] test can_generate_generic_type_alias::kotlin ... FAILED
[INFO] [stdout] test can_generate_generic_struct::swift ... FAILED
[INFO] [stdout] test can_generate_generic_type_alias::swift ... FAILED
[INFO] [stdout] test can_generate_generic_type_alias::typescript ... FAILED
[INFO] [stdout] test can_generate_readonly_fields::typescript ... FAILED
[INFO] [stdout] test can_generate_simple_enum::go ... FAILED
[INFO] [stdout] test can_generate_generic_enum::scala ... FAILED
[INFO] [stdout] test can_generate_simple_enum::kotlin ... FAILED
[INFO] [stdout] test can_generate_simple_enum::scala ... FAILED
[INFO] [stdout] test can_generate_simple_enum::typescript ... FAILED
[INFO] [stdout] test can_generate_simple_struct_with_a_comment::scala ... FAILED
[INFO] [stdout] test can_generate_simple_struct_with_a_comment::go ... FAILED
[INFO] [stdout] test can_generate_simple_enum::swift ... FAILED
[INFO] [stdout] test can_generate_simple_struct_with_a_comment::swift ... FAILED
[INFO] [stdout] test can_generate_simple_struct_with_a_comment::kotlin ... FAILED
[INFO] [stdout] test can_generate_slice_of_user_type::go ... FAILED
[INFO] [stdout] test can_generate_simple_struct_with_a_comment::typescript ... FAILED
[INFO] [stdout] test can_generate_slice_of_user_type::kotlin ... FAILED
[INFO] [stdout] test can_generate_struct_with_skipped_fields::kotlin ... FAILED
[INFO] [stdout] test can_generate_slice_of_user_type::scala ... FAILED
[INFO] [stdout] test can_generate_struct_with_skipped_fields::scala ... FAILED
[INFO] [stdout] test can_generate_struct_with_skipped_fields::swift ... FAILED
[INFO] [stdout] test can_generate_struct_with_skipped_fields::typescript ... FAILED
[INFO] [stdout] test can_generate_slice_of_user_type::typescript ... FAILED
[INFO] [stdout] test can_generate_struct_with_skipped_fields::go ... FAILED
[INFO] [stdout] test can_generate_slice_of_user_type::swift ... FAILED
[INFO] [stdout] test can_generate_unit_structs::scala ... FAILED
[INFO] [stdout] test can_generate_unit_structs::go ... FAILED
[INFO] [stdout] test can_generate_unit_structs::typescript ... FAILED
[INFO] [stdout] test can_generate_unit_structs::kotlin ... FAILED
[INFO] [stdout] test can_handle_anonymous_struct::go ... FAILED
[INFO] [stdout] test can_handle_anonymous_struct::kotlin ... FAILED
[INFO] [stdout] test can_handle_quote_in_serde_rename::kotlin ... FAILED
[INFO] [stdout] test can_generate_unit_structs::swift ... FAILED
[INFO] [stdout] test can_handle_quote_in_serde_rename::scala ... FAILED
[INFO] [stdout] test can_handle_quote_in_serde_rename::go ... FAILED
[INFO] [stdout] test can_handle_anonymous_struct::swift ... FAILED
[INFO] [stdout] test can_handle_anonymous_struct::scala ... FAILED
[INFO] [stdout] test can_handle_quote_in_serde_rename::swift ... FAILED
[INFO] [stdout] test can_handle_anonymous_struct::typescript ... FAILED
[INFO] [stdout] test can_handle_quote_in_serde_rename::typescript ... FAILED
[INFO] [stdout] test can_handle_serde_rename::go ... FAILED
[INFO] [stdout] test can_handle_serde_rename::scala ... FAILED
[INFO] [stdout] test can_handle_serde_rename::typescript ... FAILED
[INFO] [stdout] test can_handle_serde_rename::kotlin ... FAILED
[INFO] [stdout] test can_handle_serde_rename::swift ... FAILED
[INFO] [stdout] test can_handle_serde_rename_all::kotlin ... FAILED
[INFO] [stdout] test can_handle_serde_rename_all::go ... FAILED
[INFO] [stdout] test can_handle_serde_rename_all::typescript ... FAILED
[INFO] [stdout] test can_handle_serde_rename_on_top_level::go ... FAILED
[INFO] [stdout] test can_handle_serde_rename_all::scala ... FAILED
[INFO] [stdout] test can_handle_serde_rename_on_top_level::kotlin ... FAILED
[INFO] [stdout] test can_handle_serde_rename_on_top_level::typescript ... FAILED
[INFO] [stdout] test can_handle_serde_rename_on_top_level::scala ... FAILED
[INFO] [stdout] test can_handle_unit_type::kotlin ... FAILED
[INFO] [stdout] test can_handle_serde_rename_all::swift ... FAILED
[INFO] [stdout] test can_handle_unit_type::typescript ... FAILED
[INFO] [stdout] test can_handle_serde_rename_on_top_level::swift ... FAILED
[INFO] [stdout] test can_handle_unit_type::scala ... FAILED
[INFO] [stdout] test can_override_types::scala ... FAILED
[INFO] [stdout] test can_handle_unit_type::swift ... FAILED
[INFO] [stdout] test can_override_types::swift ... FAILED
[INFO] [stdout] test can_override_types::typescript ... FAILED
[INFO] [stdout] test can_recognize_types_inside_modules::go ... FAILED
[INFO] [stdout] test can_handle_unit_type::go ... FAILED
[INFO] [stdout] test can_recognize_types_inside_modules::kotlin ... FAILED
[INFO] [stdout] test can_override_types::kotlin ... FAILED
[INFO] [stdout] test can_recognize_types_inside_modules::swift ... FAILED
[INFO] [stdout] test can_recognize_types_inside_modules::scala ... FAILED
[INFO] [stdout] test can_override_types::go ... FAILED
[INFO] [stdout] test can_recognize_types_inside_modules::typescript ... FAILED
[INFO] [stdout] test const_enum_decorator::swift ... FAILED
[INFO] [stdout] test enum_is_properly_named_with_serde_overrides::go ... FAILED
[INFO] [stdout] test enum_is_properly_named_with_serde_overrides::kotlin ... FAILED
[INFO] [stdout] test enum_is_properly_named_with_serde_overrides::scala ... FAILED
[INFO] [stdout] test enum_is_properly_named_with_serde_overrides::swift ... FAILED
[INFO] [stdout] test enum_is_properly_named_with_serde_overrides::typescript ... FAILED
[INFO] [stdout] test generate_types::go ... FAILED
[INFO] [stdout] test generate_types::kotlin ... FAILED
[INFO] [stdout] test generate_types::scala ... FAILED
[INFO] [stdout] test generate_types::typescript ... FAILED
[INFO] [stdout] test generate_types::swift ... FAILED
[INFO] [stdout] test generate_types_with_keywords::swift ... FAILED
[INFO] [stdout] test generates_empty_structs_and_initializers::go ... FAILED
[INFO] [stdout] test generates_empty_structs_and_initializers::scala ... FAILED
[INFO] [stdout] test generates_empty_structs_and_initializers::swift ... FAILED
[INFO] [stdout] test generates_empty_structs_and_initializers::kotlin ... FAILED
[INFO] [stdout] test generates_empty_structs_and_initializers::typescript ... FAILED
[INFO] [stdout] test kebab_case_rename::go ... FAILED
[INFO] [stdout] test kebab_case_rename::kotlin ... FAILED
[INFO] [stdout] test kebab_case_rename::scala ... FAILED
[INFO] [stdout] test kebab_case_rename::typescript ... FAILED
[INFO] [stdout] test orders_types::go ... FAILED
[INFO] [stdout] test orders_types::kotlin ... FAILED
[INFO] [stdout] test kebab_case_rename::swift ... FAILED
[INFO] [stdout] test recursive_enum_decorator::go ... FAILED
[INFO] [stdout] test recursive_enum_decorator::kotlin ... FAILED
[INFO] [stdout] test orders_types::swift ... FAILED
[INFO] [stdout] test recursive_enum_decorator::scala ... FAILED
[INFO] [stdout] test recursive_enum_decorator::swift ... FAILED
[INFO] [stdout] test resolves_qualified_type::go ... FAILED
[INFO] [stdout] test resolves_qualified_type::scala ... FAILED
[INFO] [stdout] test resolves_qualified_type::swift ... FAILED
[INFO] [stdout] test recursive_enum_decorator::typescript ... FAILED
[INFO] [stdout] test resolves_qualified_type::kotlin ... FAILED
[INFO] [stdout] test serialize_anonymous_field_as::go ... FAILED
[INFO] [stdout] test serialize_anonymous_field_as::typescript ... FAILED
[INFO] [stdout] test serialize_anonymous_field_as::kotlin ... FAILED
[INFO] [stdout] test serialize_field_as::go ... FAILED
[INFO] [stdout] test serialize_anonymous_field_as::swift ... FAILED
[INFO] [stdout] test resolves_qualified_type::typescript ... FAILED
[INFO] [stdout] test serialize_field_as::kotlin ... FAILED
[INFO] [stdout] test serialize_field_as::scala ... FAILED
[INFO] [stdout] test serialize_field_as::swift ... FAILED
[INFO] [stdout] test serialize_field_as::typescript ... FAILED
[INFO] [stdout] test serialize_type_alias::go ... FAILED
[INFO] [stdout] test serialize_anonymous_field_as::scala ... FAILED
[INFO] [stdout] test serialize_type_alias::kotlin ... FAILED
[INFO] [stdout] test serialize_type_alias::scala ... FAILED
[INFO] [stdout] test serialize_type_alias::typescript ... FAILED
[INFO] [stdout] test serialize_type_alias::swift ... FAILED
[INFO] [stdout] test smart_pointers::kotlin ... FAILED
[INFO] [stdout] test smart_pointers::scala ... FAILED
[INFO] [stdout] test smart_pointers::swift ... FAILED
[INFO] [stdout] test smart_pointers::go ... FAILED
[INFO] [stdout] test smart_pointers::typescript ... FAILED
[INFO] [stdout] test struct_decorator::swift ... FAILED
[INFO] [stdout] test test_algebraic_enum_case_name_support::go ... FAILED
[INFO] [stdout] test test_algebraic_enum_case_name_support::swift ... FAILED
[INFO] [stdout] test test_algebraic_enum_case_name_support::typescript ... FAILED
[INFO] [stdout] test test_algebraic_enum_case_name_support::kotlin ... FAILED
[INFO] [stdout] test test_default_decorators::swift ... FAILED
[INFO] [stdout] test test_generate_char::swift ... FAILED
[INFO] [stdout] test test_generate_char::typescript ... FAILED
[INFO] [stdout] test test_i54_u53_type::go ... FAILED
[INFO] [stdout] test test_generate_char::go ... FAILED
[INFO] [stdout] test test_i54_u53_type::kotlin ... FAILED
[INFO] [stdout] test test_i54_u53_type::scala ... FAILED
[INFO] [stdout] test test_i54_u53_type::swift ... FAILED
[INFO] [stdout] test test_i54_u53_type::typescript ... FAILED
[INFO] [stdout] test test_generate_char::scala ... FAILED
[INFO] [stdout] test test_algebraic_enum_case_name_support::scala ... FAILED
[INFO] [stdout] test test_optional_type_alias::typescript ... FAILED
[INFO] [stdout] test test_serde_default_struct::go ... FAILED
[INFO] [stdout] test test_optional_type_alias::swift ... FAILED
[INFO] [stdout] test test_optional_type_alias::go ... FAILED
[INFO] [stdout] test test_optional_type_alias::kotlin ... FAILED
[INFO] [stdout] test test_serde_default_struct::scala ... FAILED
[INFO] [stdout] test test_generate_char::kotlin ... FAILED
[INFO] [stdout] test test_serde_default_struct::kotlin ... FAILED
[INFO] [stdout] test test_serde_iso8601::go ... FAILED
[INFO] [stdout] test test_default_generic_constraints::swift ... FAILED
[INFO] [stdout] test test_serde_iso8601::kotlin ... FAILED
[INFO] [stdout] test test_serde_iso8601::scala ... FAILED
[INFO] [stdout] test test_serde_iso8601::typescript ... FAILED
[INFO] [stdout] test test_serde_url::kotlin ... FAILED
[INFO] [stdout] test test_serde_url::scala ... FAILED
[INFO] [stdout] test test_serde_default_struct::typescript ... FAILED
[INFO] [stdout] test test_serde_url::go ... FAILED
[INFO] [stdout] test test_serde_default_struct::swift ... FAILED
[INFO] [stdout] test test_serde_url::swift ... FAILED
[INFO] [stdout] test test_optional_type_alias::scala ... FAILED
[INFO] [stdout] test test_serialized_as::scala ... FAILED
[INFO] [stdout] test test_serde_url::typescript ... FAILED
[INFO] [stdout] test test_serialized_as::swift ... FAILED
[INFO] [stdout] test test_serialized_as::typescript ... FAILED
[INFO] [stdout] test test_serialized_as::go ... FAILED
[INFO] [stdout] test test_serde_iso8601::swift ... FAILED
[INFO] [stdout] test test_serialized_as_tuple::go ... FAILED
[INFO] [stdout] test test_serialized_as::kotlin ... FAILED
[INFO] [stdout] test test_serialized_as_tuple::scala ... FAILED
[INFO] [stdout] test test_serialized_as_tuple::kotlin ... FAILED
[INFO] [stdout] test test_serialized_as_tuple::swift ... FAILED
[INFO] [stdout] test test_serialized_as_tuple::typescript ... FAILED
[INFO] [stdout] test test_simple_enum_case_name_support::go ... FAILED
[INFO] [stdout] test test_simple_enum_case_name_support::scala ... FAILED
[INFO] [stdout] test test_simple_enum_case_name_support::kotlin ... FAILED
[INFO] [stdout] test test_simple_enum_case_name_support::swift ... FAILED
[INFO] [stdout] test test_simple_enum_case_name_support::typescript ... FAILED
[INFO] [stdout] test test_type_alias::kotlin ... FAILED
[INFO] [stdout] test test_type_alias::scala ... FAILED
[INFO] [stdout] test test_type_alias::go ... FAILED
[INFO] [stdout] test test_type_alias::swift ... FAILED
[INFO] [stdout] test use_correct_decoded_variable_name::go ... FAILED
[INFO] [stdout] test test_type_alias::typescript ... FAILED
[INFO] [stdout] test uppercase_go_acronyms::go ... FAILED
[INFO] [stdout] test use_correct_decoded_variable_name::kotlin ... FAILED
[INFO] [stdout] test use_correct_decoded_variable_name::scala ... FAILED
[INFO] [stdout] test use_correct_decoded_variable_name::swift ... FAILED
[INFO] [stdout] test use_correct_decoded_variable_name::typescript ... FAILED
[INFO] [stdout] test use_correct_integer_types::scala ... FAILED
[INFO] [stdout] test use_correct_integer_types::swift ... FAILED
[INFO] [stdout] test use_correct_integer_types::go ... FAILED
[INFO] [stdout] test use_correct_integer_types::kotlin ... FAILED
[INFO] [stdout] test use_correct_integer_types::typescript ... FAILED
[INFO] [stdout] 
[INFO] [stdout] failures:
[INFO] [stdout] 
[INFO] [stdout] ---- anonymous_struct_with_rename::kotlin stdout ----
[INFO] [stdout] Error: failed to open file at path /opt/rustwide/workdir/core/data/tests/anonymous_struct_with_rename/input.rs
[INFO] [stdout] 
[INFO] [stdout] Caused by:
[INFO] [stdout]     Read-only file system (os error 30)
[INFO] [stdout] 
[INFO] [stdout] ---- anonymous_struct_with_rename::go stdout ----
[INFO] [stdout] Error: failed to open file at path /opt/rustwide/workdir/core/data/tests/anonymous_struct_with_rename/input.rs
[INFO] [stdout] 
[INFO] [stdout] Caused by:
[INFO] [stdout]     Read-only file system (os error 30)
[INFO] [stdout] 
[INFO] [stdout] ---- anonymous_struct_with_rename::swift stdout ----
[INFO] [stdout] Error: failed to open file at path /opt/rustwide/workdir/core/data/tests/anonymous_struct_with_rename/input.rs
[INFO] [stdout] 
[INFO] [stdout] Caused by:
[INFO] [stdout]     Read-only file system (os error 30)
[INFO] [stdout] 
[INFO] [stdout] ---- anonymous_struct_with_rename::scala stdout ----
[INFO] [stdout] Error: failed to open file at path /opt/rustwide/workdir/core/data/tests/anonymous_struct_with_rename/input.rs
[INFO] [stdout] 
[INFO] [stdout] Caused by:
[INFO] [stdout]     Read-only file system (os error 30)
[INFO] [stdout] 
[INFO] [stdout] ---- algebraic_enum_decorator::swift stdout ----
[INFO] [stdout] Error: failed to open file at path /opt/rustwide/workdir/core/data/tests/algebraic_enum_decorator/input.rs
[INFO] [stdout] 
[INFO] [stdout] Caused by:
[INFO] [stdout]     Read-only file system (os error 30)
[INFO] [stdout] 
[INFO] [stdout] ---- can_apply_prefix_correctly::go stdout ----
[INFO] [stdout] Error: failed to open file at path /opt/rustwide/workdir/core/data/tests/can_apply_prefix_correctly/input.rs
[INFO] [stdout] 
[INFO] [stdout] Caused by:
[INFO] [stdout]     Read-only file system (os error 30)
[INFO] [stdout] 
[INFO] [stdout] ---- anonymous_struct_with_rename::typescript stdout ----
[INFO] [stdout] Error: failed to open file at path /opt/rustwide/workdir/core/data/tests/anonymous_struct_with_rename/input.rs
[INFO] [stdout] 
[INFO] [stdout] Caused by:
[INFO] [stdout]     Read-only file system (os error 30)
[INFO] [stdout] 
[INFO] [stdout] ---- can_apply_prefix_correctly::kotlin stdout ----
[INFO] [stdout] Error: failed to open file at path /opt/rustwide/workdir/core/data/tests/can_apply_prefix_correctly/input.rs
[INFO] [stdout] 
[INFO] [stdout] Caused by:
[INFO] [stdout]     Read-only file system (os error 30)
[INFO] [stdout] 
[INFO] [stdout] ---- can_apply_prefix_correctly::scala stdout ----
[INFO] [stdout] Error: failed to open file at path /opt/rustwide/workdir/core/data/tests/can_apply_prefix_correctly/input.rs
[INFO] [stdout] 
[INFO] [stdout] Caused by:
[INFO] [stdout]     Read-only file system (os error 30)
[INFO] [stdout] 
[INFO] [stdout] ---- can_apply_prefix_correctly::swift stdout ----
[INFO] [stdout] Error: failed to open file at path /opt/rustwide/workdir/core/data/tests/can_apply_prefix_correctly/input.rs
[INFO] [stdout] 
[INFO] [stdout] Caused by:
[INFO] [stdout]     Read-only file system (os error 30)
[INFO] [stdout] 
[INFO] [stdout] ---- can_apply_prefix_correctly::typescript stdout ----
[INFO] [stdout] Error: failed to open file at path /opt/rustwide/workdir/core/data/tests/can_apply_prefix_correctly/input.rs
[INFO] [stdout] 
[INFO] [stdout] Caused by:
[INFO] [stdout]     Read-only file system (os error 30)
[INFO] [stdout] 
[INFO] [stdout] ---- can_generate_algebraic_enum::go stdout ----
[INFO] [stdout] Error: failed to open file at path /opt/rustwide/workdir/core/data/tests/can_generate_algebraic_enum/input.rs
[INFO] [stdout] 
[INFO] [stdout] Caused by:
[INFO] [stdout]     Read-only file system (os error 30)
[INFO] [stdout] 
[INFO] [stdout] ---- can_generate_algebraic_enum::kotlin stdout ----
[INFO] [stdout] Error: failed to open file at path /opt/rustwide/workdir/core/data/tests/can_generate_algebraic_enum/input.rs
[INFO] [stdout] 
[INFO] [stdout] Caused by:
[INFO] [stdout]     Read-only file system (os error 30)
[INFO] [stdout] 
[INFO] [stdout] ---- can_generate_algebraic_enum::scala stdout ----
[INFO] [stdout] Error: failed to open file at path /opt/rustwide/workdir/core/data/tests/can_generate_algebraic_enum/input.rs
[INFO] [stdout] 
[INFO] [stdout] Caused by:
[INFO] [stdout]     Read-only file system (os error 30)
[INFO] [stdout] 
[INFO] [stdout] ---- can_generate_algebraic_enum::swift stdout ----
[INFO] [stdout] Error: failed to open file at path /opt/rustwide/workdir/core/data/tests/can_generate_algebraic_enum/input.rs
[INFO] [stdout] 
[INFO] [stdout] Caused by:
[INFO] [stdout]     Read-only file system (os error 30)
[INFO] [stdout] 
[INFO] [stdout] ---- can_generate_algebraic_enum::typescript stdout ----
[INFO] [stdout] Error: failed to open file at path /opt/rustwide/workdir/core/data/tests/can_generate_algebraic_enum/input.rs
[INFO] [stdout] 
[INFO] [stdout] Caused by:
[INFO] [stdout]     Read-only file system (os error 30)
[INFO] [stdout] 
[INFO] [stdout] ---- can_generate_algebraic_enum_with_skipped_variants::go stdout ----
[INFO] [stdout] Error: failed to open file at path /opt/rustwide/workdir/core/data/tests/can_generate_algebraic_enum_with_skipped_variants/input.rs
[INFO] [stdout] 
[INFO] [stdout] Caused by:
[INFO] [stdout]     Read-only file system (os error 30)
[INFO] [stdout] 
[INFO] [stdout] ---- can_generate_algebraic_enum_with_skipped_variants::kotlin stdout ----
[INFO] [stdout] Error: failed to open file at path /opt/rustwide/workdir/core/data/tests/can_generate_algebraic_enum_with_skipped_variants/input.rs
[INFO] [stdout] 
[INFO] [stdout] Caused by:
[INFO] [stdout]     Read-only file system (os error 30)
[INFO] [stdout] 
[INFO] [stdout] ---- can_generate_algebraic_enum_with_skipped_variants::scala stdout ----
[INFO] [stdout] Error: failed to open file at path /opt/rustwide/workdir/core/data/tests/can_generate_algebraic_enum_with_skipped_variants/input.rs
[INFO] [stdout] 
[INFO] [stdout] Caused by:
[INFO] [stdout]     Read-only file system (os error 30)
[INFO] [stdout] 
[INFO] [stdout] ---- can_generate_algebraic_enum_with_skipped_variants::typescript stdout ----
[INFO] [stdout] Error: failed to open file at path /opt/rustwide/workdir/core/data/tests/can_generate_algebraic_enum_with_skipped_variants/input.rs
[INFO] [stdout] 
[INFO] [stdout] Caused by:
[INFO] [stdout]     Read-only file system (os error 30)
[INFO] [stdout] 
[INFO] [stdout] ---- can_generate_bare_string_enum::kotlin stdout ----
[INFO] [stdout] Error: failed to open file at path /opt/rustwide/workdir/core/data/tests/can_generate_bare_string_enum/input.rs
[INFO] [stdout] 
[INFO] [stdout] Caused by:
[INFO] [stdout]     Read-only file system (os error 30)
[INFO] [stdout] 
[INFO] [stdout] ---- can_generate_bare_string_enum::go stdout ----
[INFO] [stdout] Error: failed to open file at path /opt/rustwide/workdir/core/data/tests/can_generate_bare_string_enum/input.rs
[INFO] [stdout] 
[INFO] [stdout] Caused by:
[INFO] [stdout]     Read-only file system (os error 30)
[INFO] [stdout] 
[INFO] [stdout] ---- can_generate_bare_string_enum::scala stdout ----
[INFO] [stdout] Error: failed to open file at path /opt/rustwide/workdir/core/data/tests/can_generate_bare_string_enum/input.rs
[INFO] [stdout] 
[INFO] [stdout] Caused by:
[INFO] [stdout]     Read-only file system (os error 30)
[INFO] [stdout] 
[INFO] [stdout] ---- can_generate_algebraic_enum_with_skipped_variants::swift stdout ----
[INFO] [stdout] Error: failed to open file at path /opt/rustwide/workdir/core/data/tests/can_generate_algebraic_enum_with_skipped_variants/input.rs
[INFO] [stdout] 
[INFO] [stdout] Caused by:
[INFO] [stdout]     Read-only file system (os error 30)
[INFO] [stdout] 
[INFO] [stdout] ---- can_generate_double_option_pattern::typescript stdout ----
[INFO] [stdout] Error: failed to open file at path /opt/rustwide/workdir/core/data/tests/can_generate_double_option_pattern/input.rs
[INFO] [stdout] 
[INFO] [stdout] Caused by:
[INFO] [stdout]     Read-only file system (os error 30)
[INFO] [stdout] 
[INFO] [stdout] ---- can_generate_empty_algebraic_enum::go stdout ----
[INFO] [stdout] Error: failed to open file at path /opt/rustwide/workdir/core/data/tests/can_generate_empty_algebraic_enum/input.rs
[INFO] [stdout] 
[INFO] [stdout] Caused by:
[INFO] [stdout]     Read-only file system (os error 30)
[INFO] [stdout] 
[INFO] [stdout] ---- can_generate_bare_string_enum::typescript stdout ----
[INFO] [stdout] Error: failed to open file at path /opt/rustwide/workdir/core/data/tests/can_generate_bare_string_enum/input.rs
[INFO] [stdout] 
[INFO] [stdout] Caused by:
[INFO] [stdout]     Read-only file system (os error 30)
[INFO] [stdout] 
[INFO] [stdout] ---- can_generate_empty_algebraic_enum::kotlin stdout ----
[INFO] [stdout] Error: failed to open file at path /opt/rustwide/workdir/core/data/tests/can_generate_empty_algebraic_enum/input.rs
[INFO] [stdout] 
[INFO] [stdout] Caused by:
[INFO] [stdout]     Read-only file system (os error 30)
[INFO] [stdout] 
[INFO] [stdout] ---- can_generate_empty_algebraic_enum::scala stdout ----
[INFO] [stdout] Error: failed to open file at path /opt/rustwide/workdir/core/data/tests/can_generate_empty_algebraic_enum/input.rs
[INFO] [stdout] 
[INFO] [stdout] Caused by:
[INFO] [stdout]     Read-only file system (os error 30)
[INFO] [stdout] 
[INFO] [stdout] ---- can_generate_bare_string_enum::swift stdout ----
[INFO] [stdout] Error: failed to open file at path /opt/rustwide/workdir/core/data/tests/can_generate_bare_string_enum/input.rs
[INFO] [stdout] 
[INFO] [stdout] Caused by:
[INFO] [stdout]     Read-only file system (os error 30)
[INFO] [stdout] 
[INFO] [stdout] ---- can_generate_empty_algebraic_enum::typescript stdout ----
[INFO] [stdout] Error: failed to open file at path /opt/rustwide/workdir/core/data/tests/can_generate_empty_algebraic_enum/input.rs
[INFO] [stdout] 
[INFO] [stdout] Caused by:
[INFO] [stdout]     Read-only file system (os error 30)
[INFO] [stdout] 
[INFO] [stdout] ---- can_generate_generic_enum::swift stdout ----
[INFO] [stdout] Error: failed to open file at path /opt/rustwide/workdir/core/data/tests/can_generate_generic_enum/input.rs
[INFO] [stdout] 
[INFO] [stdout] Caused by:
[INFO] [stdout]     Read-only file system (os error 30)
[INFO] [stdout] 
[INFO] [stdout] ---- can_generate_empty_algebraic_enum::swift stdout ----
[INFO] [stdout] Error: failed to open file at path /opt/rustwide/workdir/core/data/tests/can_generate_empty_algebraic_enum/input.rs
[INFO] [stdout] 
[INFO] [stdout] Caused by:
[INFO] [stdout]     Read-only file system (os error 30)
[INFO] [stdout] 
[INFO] [stdout] ---- can_generate_generic_enum::typescript stdout ----
[INFO] [stdout] Error: failed to open file at path /opt/rustwide/workdir/core/data/tests/can_generate_generic_enum/input.rs
[INFO] [stdout] 
[INFO] [stdout] Caused by:
[INFO] [stdout]     Read-only file system (os error 30)
[INFO] [stdout] 
[INFO] [stdout] ---- can_generate_generic_struct::kotlin stdout ----
[INFO] [stdout] Error: failed to open file at path /opt/rustwide/workdir/core/data/tests/can_generate_generic_struct/input.rs
[INFO] [stdout] 
[INFO] [stdout] Caused by:
[INFO] [stdout]     Read-only file system (os error 30)
[INFO] [stdout] 
[INFO] [stdout] ---- can_generate_generic_struct::scala stdout ----
[INFO] [stdout] Error: failed to open file at path /opt/rustwide/workdir/core/data/tests/can_generate_generic_struct/input.rs
[INFO] [stdout] 
[INFO] [stdout] Caused by:
[INFO] [stdout]     Read-only file system (os error 30)
[INFO] [stdout] 
[INFO] [stdout] ---- can_generate_generic_struct::typescript stdout ----
[INFO] [stdout] Error: failed to open file at path /opt/rustwide/workdir/core/data/tests/can_generate_generic_struct/input.rs
[INFO] [stdout] 
[INFO] [stdout] Caused by:
[INFO] [stdout]     Read-only file system (os error 30)
[INFO] [stdout] 
[INFO] [stdout] ---- can_generate_generic_enum::kotlin stdout ----
[INFO] [stdout] Error: failed to open file at path /opt/rustwide/workdir/core/data/tests/can_generate_generic_enum/input.rs
[INFO] [stdout] 
[INFO] [stdout] Caused by:
[INFO] [stdout]     Read-only file system (os error 30)
[INFO] [stdout] 
[INFO] [stdout] ---- can_generate_generic_type_alias::scala stdout ----
[INFO] [stdout] Error: failed to open file at path /opt/rustwide/workdir/core/data/tests/can_generate_generic_type_alias/input.rs
[INFO] [stdout] 
[INFO] [stdout] Caused by:
[INFO] [stdout]     Read-only file system (os error 30)
[INFO] [stdout] 
[INFO] [stdout] ---- can_generate_generic_type_alias::kotlin stdout ----
[INFO] [stdout] Error: failed to open file at path /opt/rustwide/workdir/core/data/tests/can_generate_generic_type_alias/input.rs
[INFO] [stdout] 
[INFO] [stdout] Caused by:
[INFO] [stdout]     Read-only file system (os error 30)
[INFO] [stdout] 
[INFO] [stdout] ---- can_generate_generic_struct::swift stdout ----
[INFO] [stdout] Error: failed to open file at path /opt/rustwide/workdir/core/data/tests/can_generate_generic_struct/input.rs
[INFO] [stdout] 
[INFO] [stdout] Caused by:
[INFO] [stdout]     Read-only file system (os error 30)
[INFO] [stdout] 
[INFO] [stdout] ---- can_generate_generic_type_alias::swift stdout ----
[INFO] [stdout] Error: failed to open file at path /opt/rustwide/workdir/core/data/tests/can_generate_generic_type_alias/input.rs
[INFO] [stdout] 
[INFO] [stdout] Caused by:
[INFO] [stdout]     Read-only file system (os error 30)
[INFO] [stdout] 
[INFO] [stdout] ---- can_generate_generic_type_alias::typescript stdout ----
[INFO] [stdout] Error: failed to open file at path /opt/rustwide/workdir/core/data/tests/can_generate_generic_type_alias/input.rs
[INFO] [stdout] 
[INFO] [stdout] Caused by:
[INFO] [stdout]     Read-only file system (os error 30)
[INFO] [stdout] 
[INFO] [stdout] ---- can_generate_readonly_fields::typescript stdout ----
[INFO] [stdout] Error: failed to open file at path /opt/rustwide/workdir/core/data/tests/can_generate_readonly_fields/input.rs
[INFO] [stdout] 
[INFO] [stdout] Caused by:
[INFO] [stdout]     Read-only file system (os error 30)
[INFO] [stdout] 
[INFO] [stdout] ---- can_generate_simple_enum::go stdout ----
[INFO] [stdout] Error: failed to open file at path /opt/rustwide/workdir/core/data/tests/can_generate_simple_enum/input.rs
[INFO] [stdout] 
[INFO] [stdout] Caused by:
[INFO] [stdout]     Read-only file system (os error 30)
[INFO] [stdout] 
[INFO] [stdout] ---- can_generate_generic_enum::scala stdout ----
[INFO] [stdout] Error: failed to open file at path /opt/rustwide/workdir/core/data/tests/can_generate_generic_enum/input.rs
[INFO] [stdout] 
[INFO] [stdout] Caused by:
[INFO] [stdout]     Read-only file system (os error 30)
[INFO] [stdout] 
[INFO] [stdout] ---- can_generate_simple_enum::kotlin stdout ----
[INFO] [stdout] Error: failed to open file at path /opt/rustwide/workdir/core/data/tests/can_generate_simple_enum/input.rs
[INFO] [stdout] 
[INFO] [stdout] Caused by:
[INFO] [stdout]     Read-only file system (os error 30)
[INFO] [stdout] 
[INFO] [stdout] ---- can_generate_simple_enum::scala stdout ----
[INFO] [stdout] Error: failed to open file at path /opt/rustwide/workdir/core/data/tests/can_generate_simple_enum/input.rs
[INFO] [stdout] 
[INFO] [stdout] Caused by:
[INFO] [stdout]     Read-only file system (os error 30)
[INFO] [stdout] 
[INFO] [stdout] ---- can_generate_simple_enum::typescript stdout ----
[INFO] [stdout] Error: failed to open file at path /opt/rustwide/workdir/core/data/tests/can_generate_simple_enum/input.rs
[INFO] [stdout] 
[INFO] [stdout] Caused by:
[INFO] [stdout]     Read-only file system (os error 30)
[INFO] [stdout] 
[INFO] [stdout] ---- can_generate_simple_struct_with_a_comment::scala stdout ----
[INFO] [stdout] Error: failed to open file at path /opt/rustwide/workdir/core/data/tests/can_generate_simple_struct_with_a_comment/input.rs
[INFO] [stdout] 
[INFO] [stdout] Caused by:
[INFO] [stdout]     Read-only file system (os error 30)
[INFO] [stdout] 
[INFO] [stdout] ---- can_generate_simple_struct_with_a_comment::go stdout ----
[INFO] [stdout] Error: failed to open file at path /opt/rustwide/workdir/core/data/tests/can_generate_simple_struct_with_a_comment/input.rs
[INFO] [stderr] error: test failed, to rerun pass `-p typeshare-core --test snapshot_tests`
[INFO] [stdout] 
[INFO] [stdout] Caused by:
[INFO] [stdout]     Read-only file system (os error 30)
[INFO] [stdout] 
[INFO] [stdout] ---- can_generate_simple_enum::swift stdout ----
[INFO] [stdout] Error: failed to open file at path /opt/rustwide/workdir/core/data/tests/can_generate_simple_enum/input.rs
[INFO] [stdout] 
[INFO] [stdout] Caused by:
[INFO] [stdout]     Read-only file system (os error 30)
[INFO] [stdout] 
[INFO] [stdout] ---- can_generate_simple_struct_with_a_comment::swift stdout ----
[INFO] [stdout] Error: failed to open file at path /opt/rustwide/workdir/core/data/tests/can_generate_simple_struct_with_a_comment/input.rs
[INFO] [stdout] 
[INFO] [stdout] Caused by:
[INFO] [stdout]     Read-only file system (os error 30)
[INFO] [stdout] 
[INFO] [stdout] ---- can_generate_simple_struct_with_a_comment::kotlin stdout ----
[INFO] [stdout] Error: failed to open file at path /opt/rustwide/workdir/core/data/tests/can_generate_simple_struct_with_a_comment/input.rs
[INFO] [stdout] 
[INFO] [stdout] Caused by:
[INFO] [stdout]     Read-only file system (os error 30)
[INFO] [stdout] 
[INFO] [stdout] ---- can_generate_slice_of_user_type::go stdout ----
[INFO] [stdout] Error: failed to open file at path /opt/rustwide/workdir/core/data/tests/can_generate_slice_of_user_type/input.rs
[INFO] [stdout] 
[INFO] [stdout] Caused by:
[INFO] [stdout]     Read-only file system (os error 30)
[INFO] [stdout] 
[INFO] [stdout] ---- can_generate_simple_struct_with_a_comment::typescript stdout ----
[INFO] [stdout] Error: failed to open file at path /opt/rustwide/workdir/core/data/tests/can_generate_simple_struct_with_a_comment/input.rs
[INFO] [stdout] 
[INFO] [stdout] Caused by:
[INFO] [stdout]     Read-only file system (os error 30)
[INFO] [stdout] 
[INFO] [stdout] ---- can_generate_slice_of_user_type::kotlin stdout ----
[INFO] [stdout] Error: failed to open file at path /opt/rustwide/workdir/core/data/tests/can_generate_slice_of_user_type/input.rs
[INFO] [stdout] 
[INFO] [stdout] Caused by:
[INFO] [stdout]     Read-only file system (os error 30)
[INFO] [stdout] 
[INFO] [stdout] ---- can_generate_struct_with_skipped_fields::kotlin stdout ----
[INFO] [stdout] Error: failed to open file at path /opt/rustwide/workdir/core/data/tests/can_generate_struct_with_skipped_fields/input.rs
[INFO] [stdout] 
[INFO] [stdout] Caused by:
[INFO] [stdout]     Read-only file system (os error 30)
[INFO] [stdout] 
[INFO] [stdout] ---- can_generate_slice_of_user_type::scala stdout ----
[INFO] [stdout] Error: failed to open file at path /opt/rustwide/workdir/core/data/tests/can_generate_slice_of_user_type/input.rs
[INFO] [stdout] 
[INFO] [stdout] Caused by:
[INFO] [stdout]     Read-only file system (os error 30)
[INFO] [stdout] 
[INFO] [stdout] ---- can_generate_struct_with_skipped_fields::scala stdout ----
[INFO] [stdout] Error: failed to open file at path /opt/rustwide/workdir/core/data/tests/can_generate_struct_with_skipped_fields/input.rs
[INFO] [stdout] 
[INFO] [stdout] Caused by:
[INFO] [stdout]     Read-only file system (os error 30)
[INFO] [stdout] 
[INFO] [stdout] ---- can_generate_struct_with_skipped_fields::swift stdout ----
[INFO] [stdout] Error: failed to open file at path /opt/rustwide/workdir/core/data/tests/can_generate_struct_with_skipped_fields/input.rs
[INFO] [stdout] 
[INFO] [stdout] Caused by:
[INFO] [stdout]     Read-only file system (os error 30)
[INFO] [stdout] 
[INFO] [stdout] ---- can_generate_struct_with_skipped_fields::typescript stdout ----
[INFO] [stdout] Error: failed to open file at path /opt/rustwide/workdir/core/data/tests/can_generate_struct_with_skipped_fields/input.rs
[INFO] [stdout] 
[INFO] [stdout] Caused by:
[INFO] [stdout]     Read-only file system (os error 30)
[INFO] [stdout] 
[INFO] [stdout] ---- can_generate_slice_of_user_type::typescript stdout ----
[INFO] [stdout] Error: failed to open file at path /opt/rustwide/workdir/core/data/tests/can_generate_slice_of_user_type/input.rs
[INFO] [stdout] 
[INFO] [stdout] Caused by:
[INFO] [stdout]     Read-only file system (os error 30)
[INFO] [stdout] 
[INFO] [stdout] ---- can_generate_struct_with_skipped_fields::go stdout ----
[INFO] [stdout] Error: failed to open file at path /opt/rustwide/workdir/core/data/tests/can_generate_struct_with_skipped_fields/input.rs
[INFO] [stdout] 
[INFO] [stdout] Caused by:
[INFO] [stdout]     Read-only file system (os error 30)
[INFO] [stdout] 
[INFO] [stdout] ---- can_generate_slice_of_user_type::swift stdout ----
[INFO] [stdout] Error: failed to open file at path /opt/rustwide/workdir/core/data/tests/can_generate_slice_of_user_type/input.rs
[INFO] [stdout] 
[INFO] [stdout] Caused by:
[INFO] [stdout]     Read-only file system (os error 30)
[INFO] [stdout] 
[INFO] [stdout] ---- can_generate_unit_structs::scala stdout ----
[INFO] [stdout] Error: failed to open file at path /opt/rustwide/workdir/core/data/tests/can_generate_unit_structs/input.rs
[INFO] [stdout] 
[INFO] [stdout] Caused by:
[INFO] [stdout]     Read-only file system (os error 30)
[INFO] [stdout] 
[INFO] [stdout] ---- can_generate_unit_structs::go stdout ----
[INFO] [stdout] Error: failed to open file at path /opt/rustwide/workdir/core/data/tests/can_generate_unit_structs/input.rs
[INFO] [stdout] 
[INFO] [stdout] Caused by:
[INFO] [stdout]     Read-only file system (os error 30)
[INFO] [stdout] 
[INFO] [stdout] ---- can_generate_unit_structs::typescript stdout ----
[INFO] [stdout] Error: failed to open file at path /opt/rustwide/workdir/core/data/tests/can_generate_unit_structs/input.rs
[INFO] [stdout] 
[INFO] [stdout] Caused by:
[INFO] [stdout]     Read-only file system (os error 30)
[INFO] [stdout] 
[INFO] [stdout] ---- can_generate_unit_structs::kotlin stdout ----
[INFO] [stdout] Error: failed to open file at path /opt/rustwide/workdir/core/data/tests/can_generate_unit_structs/input.rs
[INFO] [stdout] 
[INFO] [stdout] Caused by:
[INFO] [stdout]     Read-only file system (os error 30)
[INFO] [stdout] 
[INFO] [stdout] ---- can_handle_anonymous_struct::go stdout ----
[INFO] [stdout] Error: failed to open file at path /opt/rustwide/workdir/core/data/tests/can_handle_anonymous_struct/input.rs
[INFO] [stdout] 
[INFO] [stdout] Caused by:
[INFO] [stdout]     Read-only file system (os error 30)
[INFO] [stdout] 
[INFO] [stdout] ---- can_handle_anonymous_struct::kotlin stdout ----
[INFO] [stdout] Error: failed to open file at path /opt/rustwide/workdir/core/data/tests/can_handle_anonymous_struct/input.rs
[INFO] [stdout] 
[INFO] [stdout] Caused by:
[INFO] [stdout]     Read-only file system (os error 30)
[INFO] [stdout] 
[INFO] [stdout] ---- can_handle_quote_in_serde_rename::kotlin stdout ----
[INFO] [stdout] Error: failed to open file at path /opt/rustwide/workdir/core/data/tests/can_handle_quote_in_serde_rename/input.rs
[INFO] [stdout] 
[INFO] [stdout] Caused by:
[INFO] [stdout]     Read-only file system (os error 30)
[INFO] [stdout] 
[INFO] [stdout] ---- can_generate_unit_structs::swift stdout ----
[INFO] [stdout] Error: failed to open file at path /opt/rustwide/workdir/core/data/tests/can_generate_unit_structs/input.rs
[INFO] [stdout] 
[INFO] [stdout] Caused by:
[INFO] [stdout]     Read-only file system (os error 30)
[INFO] [stdout] 
[INFO] [stdout] ---- can_handle_quote_in_serde_rename::scala stdout ----
[INFO] [stdout] Error: failed to open file at path /opt/rustwide/workdir/core/data/tests/can_handle_quote_in_serde_rename/input.rs
[INFO] [stdout] 
[INFO] [stdout] Caused by:
[INFO] [stdout]     Read-only file system (os error 30)
[INFO] [stdout] 
[INFO] [stdout] ---- can_handle_quote_in_serde_rename::go stdout ----
[INFO] [stdout] Error: failed to open file at path /opt/rustwide/workdir/core/data/tests/can_handle_quote_in_serde_rename/input.rs
[INFO] [stdout] 
[INFO] [stdout] Caused by:
[INFO] [stdout]     Read-only file system (os error 30)
[INFO] [stdout] 
[INFO] [stdout] ---- can_handle_anonymous_struct::swift stdout ----
[INFO] [stdout] Error: failed to open file at path /opt/rustwide/workdir/core/data/tests/can_handle_anonymous_struct/input.rs
[INFO] [stdout] 
[INFO] [stdout] Caused by:
[INFO] [stdout]     Read-only file system (os error 30)
[INFO] [stdout] 
[INFO] [stdout] ---- can_handle_anonymous_struct::scala stdout ----
[INFO] [stdout] Error: failed to open file at path /opt/rustwide/workdir/core/data/tests/can_handle_anonymous_struct/input.rs
[INFO] [stdout] 
[INFO] [stdout] Caused by:
[INFO] [stdout]     Read-only file system (os error 30)
[INFO] [stdout] 
[INFO] [stdout] ---- can_handle_quote_in_serde_rename::swift stdout ----
[INFO] [stdout] Error: failed to open file at path /opt/rustwide/workdir/core/data/tests/can_handle_quote_in_serde_rename/input.rs
[INFO] [stdout] 
[INFO] [stdout] Caused by:
[INFO] [stdout]     Read-only file system (os error 30)
[INFO] [stdout] 
[INFO] [stdout] ---- can_handle_anonymous_struct::typescript stdout ----
[INFO] [stdout] Error: failed to open file at path /opt/rustwide/workdir/core/data/tests/can_handle_anonymous_struct/input.rs
[INFO] [stdout] 
[INFO] [stdout] Caused by:
[INFO] [stdout]     Read-only file system (os error 30)
[INFO] [stdout] 
[INFO] [stdout] ---- can_handle_quote_in_serde_rename::typescript stdout ----
[INFO] [stdout] Error: failed to open file at path /opt/rustwide/workdir/core/data/tests/can_handle_quote_in_serde_rename/input.rs
[INFO] [stdout] 
[INFO] [stdout] Caused by:
[INFO] [stdout]     Read-only file system (os error 30)
[INFO] [stdout] 
[INFO] [stdout] ---- can_handle_serde_rename::go stdout ----
[INFO] [stdout] Error: failed to open file at path /opt/rustwide/workdir/core/data/tests/can_handle_serde_rename/input.rs
[INFO] [stdout] 
[INFO] [stdout] Caused by:
[INFO] [stdout]     Read-only file system (os error 30)
[INFO] [stdout] 
[INFO] [stdout] ---- can_handle_serde_rename::scala stdout ----
[INFO] [stdout] Error: failed to open file at path /opt/rustwide/workdir/core/data/tests/can_handle_serde_rename/input.rs
[INFO] [stdout] 
[INFO] [stdout] Caused by:
[INFO] [stdout]     Read-only file system (os error 30)
[INFO] [stdout] 
[INFO] [stdout] ---- can_handle_serde_rename::typescript stdout ----
[INFO] [stdout] Error: failed to open file at path /opt/rustwide/workdir/core/data/tests/can_handle_serde_rename/input.rs
[INFO] [stdout] 
[INFO] [stdout] Caused by:
[INFO] [stdout]     Read-only file system (os error 30)
[INFO] [stdout] 
[INFO] [stdout] ---- can_handle_serde_rename::kotlin stdout ----
[INFO] [stdout] Error: failed to open file at path /opt/rustwide/workdir/core/data/tests/can_handle_serde_rename/input.rs
[INFO] [stdout] 
[INFO] [stdout] Caused by:
[INFO] [stdout]     Read-only file system (os error 30)
[INFO] [stdout] 
[INFO] [stdout] ---- can_handle_serde_rename::swift stdout ----
[INFO] [stdout] Error: failed to open file at path /opt/rustwide/workdir/core/data/tests/can_handle_serde_rename/input.rs
[INFO] [stdout] 
[INFO] [stdout] Caused by:
[INFO] [stdout]     Read-only file system (os error 30)
[INFO] [stdout] 
[INFO] [stdout] ---- can_handle_serde_rename_all::kotlin stdout ----
[INFO] [stdout] Error: failed to open file at path /opt/rustwide/workdir/core/data/tests/can_handle_serde_rename_all/input.rs
[INFO] [stdout] 
[INFO] [stdout] Caused by:
[INFO] [stdout]     Read-only file system (os error 30)
[INFO] [stdout] 
[INFO] [stdout] ---- can_handle_serde_rename_all::go stdout ----
[INFO] [stdout] Error: failed to open file at path /opt/rustwide/workdir/core/data/tests/can_handle_serde_rename_all/input.rs
[INFO] [stdout] 
[INFO] [stdout] Caused by:
[INFO] [stdout]     Read-only file system (os error 30)
[INFO] [stdout] 
[INFO] [stdout] ---- can_handle_serde_rename_all::typescript stdout ----
[INFO] [stdout] Error: failed to open file at path /opt/rustwide/workdir/core/data/tests/can_handle_serde_rename_all/input.rs
[INFO] [stdout] 
[INFO] [stdout] Caused by:
[INFO] [stdout]     Read-only file system (os error 30)
[INFO] [stdout] 
[INFO] [stdout] ---- can_handle_serde_rename_on_top_level::go stdout ----
[INFO] [stdout] Error: failed to open file at path /opt/rustwide/workdir/core/data/tests/can_handle_serde_rename_on_top_level/input.rs
[INFO] [stdout] 
[INFO] [stdout] Caused by:
[INFO] [stdout]     Read-only file system (os error 30)
[INFO] [stdout] 
[INFO] [stdout] ---- can_handle_serde_rename_all::scala stdout ----
[INFO] [stdout] Error: failed to open file at path /opt/rustwide/workdir/core/data/tests/can_handle_serde_rename_all/input.rs
[INFO] [stdout] 
[INFO] [stdout] Caused by:
[INFO] [stdout]     Read-only file system (os error 30)
[INFO] [stdout] 
[INFO] [stdout] ---- can_handle_serde_rename_on_top_level::kotlin stdout ----
[INFO] [stdout] Error: failed to open file at path /opt/rustwide/workdir/core/data/tests/can_handle_serde_rename_on_top_level/input.rs
[INFO] [stdout] 
[INFO] [stdout] Caused by:
[INFO] [stdout]     Read-only file system (os error 30)
[INFO] [stdout] 
[INFO] [stdout] ---- can_handle_serde_rename_on_top_level::typescript stdout ----
[INFO] [stdout] Error: failed to open file at path /opt/rustwide/workdir/core/data/tests/can_handle_serde_rename_on_top_level/input.rs
[INFO] [stdout] 
[INFO] [stdout] Caused by:
[INFO] [stdout]     Read-only file system (os error 30)
[INFO] [stdout] 
[INFO] [stdout] ---- can_handle_serde_rename_on_top_level::scala stdout ----
[INFO] [stdout] Error: failed to open file at path /opt/rustwide/workdir/core/data/tests/can_handle_serde_rename_on_top_level/input.rs
[INFO] [stdout] 
[INFO] [stdout] Caused by:
[INFO] [stdout]     Read-only file system (os error 30)
[INFO] [stdout] 
[INFO] [stdout] ---- can_handle_unit_type::kotlin stdout ----
[INFO] [stdout] Error: failed to open file at path /opt/rustwide/workdir/core/data/tests/can_handle_unit_type/input.rs
[INFO] [stdout] 
[INFO] [stdout] Caused by:
[INFO] [stdout]     Read-only file system (os error 30)
[INFO] [stdout] 
[INFO] [stdout] ---- can_handle_serde_rename_all::swift stdout ----
[INFO] [stdout] Error: failed to open file at path /opt/rustwide/workdir/core/data/tests/can_handle_serde_rename_all/input.rs
[INFO] [stdout] 
[INFO] [stdout] Caused by:
[INFO] [stdout]     Read-only file system (os error 30)
[INFO] [stdout] 
[INFO] [stdout] ---- can_handle_unit_type::typescript stdout ----
[INFO] [stdout] Error: failed to open file at path /opt/rustwide/workdir/core/data/tests/can_handle_unit_type/input.rs
[INFO] [stdout] 
[INFO] [stdout] Caused by:
[INFO] [stdout]     Read-only file system (os error 30)
[INFO] [stdout] 
[INFO] [stdout] ---- can_handle_serde_rename_on_top_level::swift stdout ----
[INFO] [stdout] Error: failed to open file at path /opt/rustwide/workdir/core/data/tests/can_handle_serde_rename_on_top_level/input.rs
[INFO] [stdout] 
[INFO] [stdout] Caused by:
[INFO] [stdout]     Read-only file system (os error 30)
[INFO] [stdout] 
[INFO] [stdout] ---- can_handle_unit_type::scala stdout ----
[INFO] [stdout] Error: failed to open file at path /opt/rustwide/workdir/core/data/tests/can_handle_unit_type/input.rs
[INFO] [stdout] 
[INFO] [stdout] Caused by:
[INFO] [stdout]     Read-only file system (os error 30)
[INFO] [stdout] 
[INFO] [stdout] ---- can_override_types::scala stdout ----
[INFO] [stdout] Error: failed to open file at path /opt/rustwide/workdir/core/data/tests/can_override_types/input.rs
[INFO] [stdout] 
[INFO] [stdout] Caused by:
[INFO] [stdout]     Read-only file system (os error 30)
[INFO] [stdout] 
[INFO] [stdout] ---- can_handle_unit_type::swift stdout ----
[INFO] [stdout] Error: failed to open file at path /opt/rustwide/workdir/core/data/tests/can_handle_unit_type/input.rs
[INFO] [stdout] 
[INFO] [stdout] Caused by:
[INFO] [stdout]     Read-only file system (os error 30)
[INFO] [stdout] 
[INFO] [stdout] ---- can_override_types::swift stdout ----
[INFO] [stdout] Error: failed to open file at path /opt/rustwide/workdir/core/data/tests/can_override_types/input.rs
[INFO] [stdout] 
[INFO] [stdout] Caused by:
[INFO] [stdout]     Read-only file system (os error 30)
[INFO] [stdout] 
[INFO] [stdout] ---- can_override_types::typescript stdout ----
[INFO] [stdout] Error: failed to open file at path /opt/rustwide/workdir/core/data/tests/can_override_types/input.rs
[INFO] [stdout] 
[INFO] [stdout] Caused by:
[INFO] [stdout]     Read-only file system (os error 30)
[INFO] [stdout] 
[INFO] [stdout] ---- can_recognize_types_inside_modules::go stdout ----
[INFO] [stdout] Error: failed to open file at path /opt/rustwide/workdir/core/data/tests/can_recognize_types_inside_modules/input.rs
[INFO] [stdout] 
[INFO] [stdout] Caused by:
[INFO] [stdout]     Read-only file system (os error 30)
[INFO] [stdout] 
[INFO] [stdout] ---- can_handle_unit_type::go stdout ----
[INFO] [stdout] Error: failed to open file at path /opt/rustwide/workdir/core/data/tests/can_handle_unit_type/input.rs
[INFO] [stdout] 
[INFO] [stdout] Caused by:
[INFO] [stdout]     Read-only file system (os error 30)
[INFO] [stdout] 
[INFO] [stdout] ---- can_recognize_types_inside_modules::kotlin stdout ----
[INFO] [stdout] Error: failed to open file at path /opt/rustwide/workdir/core/data/tests/can_recognize_types_inside_modules/input.rs
[INFO] [stdout] 
[INFO] [stdout] Caused by:
[INFO] [stdout]     Read-only file system (os error 30)
[INFO] [stdout] 
[INFO] [stdout] ---- can_override_types::kotlin stdout ----
[INFO] [stdout] Error: failed to open file at path /opt/rustwide/workdir/core/data/tests/can_override_types/input.rs
[INFO] [stdout] 
[INFO] [stdout] Caused by:
[INFO] [stdout]     Read-only file system (os error 30)
[INFO] [stdout] 
[INFO] [stdout] ---- can_recognize_types_inside_modules::swift stdout ----
[INFO] [stdout] Error: failed to open file at path /opt/rustwide/workdir/core/data/tests/can_recognize_types_inside_modules/input.rs
[INFO] [stdout] 
[INFO] [stdout] Caused by:
[INFO] [stdout]     Read-only file system (os error 30)
[INFO] [stdout] 
[INFO] [stdout] ---- can_recognize_types_inside_modules::scala stdout ----
[INFO] [stdout] Error: failed to open file at path /opt/rustwide/workdir/core/data/tests/can_recognize_types_inside_modules/input.rs
[INFO] [stdout] 
[INFO] [stdout] Caused by:
[INFO] [stdout]     Read-only file system (os error 30)
[INFO] [stdout] 
[INFO] [stdout] ---- can_override_types::go stdout ----
[INFO] [stdout] Error: failed to open file at path /opt/rustwide/workdir/core/data/tests/can_override_types/input.rs
[INFO] [stdout] 
[INFO] [stdout] Caused by:
[INFO] [stdout]     Read-only file system (os error 30)
[INFO] [stdout] 
[INFO] [stdout] ---- can_recognize_types_inside_modules::typescript stdout ----
[INFO] [stdout] Error: failed to open file at path /opt/rustwide/workdir/core/data/tests/can_recognize_types_inside_modules/input.rs
[INFO] [stdout] 
[INFO] [stdout] Caused by:
[INFO] [stdout]     Read-only file system (os error 30)
[INFO] [stdout] 
[INFO] [stdout] ---- const_enum_decorator::swift stdout ----
[INFO] [stdout] Error: failed to open file at path /opt/rustwide/workdir/core/data/tests/const_enum_decorator/input.rs
[INFO] [stdout] 
[INFO] [stdout] Caused by:
[INFO] [stdout]     Read-only file system (os error 30)
[INFO] [stdout] 
[INFO] [stdout] ---- enum_is_properly_named_with_serde_overrides::go stdout ----
[INFO] [stdout] Error: failed to open file at path /opt/rustwide/workdir/core/data/tests/enum_is_properly_named_with_serde_overrides/input.rs
[INFO] [stdout] 
[INFO] [stdout] Caused by:
[INFO] [stdout]     Read-only file system (os error 30)
[INFO] [stdout] 
[INFO] [stdout] ---- enum_is_properly_named_with_serde_overrides::kotlin stdout ----
[INFO] [stdout] Error: failed to open file at path /opt/rustwide/workdir/core/data/tests/enum_is_properly_named_with_serde_overrides/input.rs
[INFO] [stdout] 
[INFO] [stdout] Caused by:
[INFO] [stdout]     Read-only file system (os error 30)
[INFO] [stdout] 
[INFO] [stdout] ---- enum_is_properly_named_with_serde_overrides::scala stdout ----
[INFO] [stdout] Error: failed to open file at path /opt/rustwide/workdir/core/data/tests/enum_is_properly_named_with_serde_overrides/input.rs
[INFO] [stdout] 
[INFO] [stdout] Caused by:
[INFO] [stdout]     Read-only file system (os error 30)
[INFO] [stdout] 
[INFO] [stdout] ---- enum_is_properly_named_with_serde_overrides::swift stdout ----
[INFO] [stdout] Error: failed to open file at path /opt/rustwide/workdir/core/data/tests/enum_is_properly_named_with_serde_overrides/input.rs
[INFO] [stdout] 
[INFO] [stdout] Caused by:
[INFO] [stdout]     Read-only file system (os error 30)
[INFO] [stdout] 
[INFO] [stdout] ---- enum_is_properly_named_with_serde_overrides::typescript stdout ----
[INFO] [stdout] Error: failed to open file at path /opt/rustwide/workdir/core/data/tests/enum_is_properly_named_with_serde_overrides/input.rs
[INFO] [stdout] 
[INFO] [stdout] Caused by:
[INFO] [stdout]     Read-only file system (os error 30)
[INFO] [stdout] 
[INFO] [stdout] ---- generate_types::go stdout ----
[INFO] [stdout] Error: failed to open file at path /opt/rustwide/workdir/core/data/tests/generate_types/input.rs
[INFO] [stdout] 
[INFO] [stdout] Caused by:
[INFO] [stdout]     Read-only file system (os error 30)
[INFO] [stdout] 
[INFO] [stdout] ---- generate_types::kotlin stdout ----
[INFO] [stdout] Error: failed to open file at path /opt/rustwide/workdir/core/data/tests/generate_types/input.rs
[INFO] [stdout] 
[INFO] [stdout] Caused by:
[INFO] [stdout]     Read-only file system (os error 30)
[INFO] [stdout] 
[INFO] [stdout] ---- generate_types::scala stdout ----
[INFO] [stdout] Error: failed to open file at path /opt/rustwide/workdir/core/data/tests/generate_types/input.rs
[INFO] [stdout] 
[INFO] [stdout] Caused by:
[INFO] [stdout]     Read-only file system (os error 30)
[INFO] [stdout] 
[INFO] [stdout] ---- generate_types::typescript stdout ----
[INFO] [stdout] Error: failed to open file at path /opt/rustwide/workdir/core/data/tests/generate_types/input.rs
[INFO] [stdout] 
[INFO] [stdout] Caused by:
[INFO] [stdout]     Read-only file system (os error 30)
[INFO] [stdout] 
[INFO] [stdout] ---- generate_types::swift stdout ----
[INFO] [stdout] Error: failed to open file at path /opt/rustwide/workdir/core/data/tests/generate_types/input.rs
[INFO] [stdout] 
[INFO] [stdout] Caused by:
[INFO] [stdout]     Read-only file system (os error 30)
[INFO] [stdout] 
[INFO] [stdout] ---- generate_types_with_keywords::swift stdout ----
[INFO] [stdout] Error: failed to open file at path /opt/rustwide/workdir/core/data/tests/generate_types_with_keywords/input.rs
[INFO] [stdout] 
[INFO] [stdout] Caused by:
[INFO] [stdout]     Read-only file system (os error 30)
[INFO] [stdout] 
[INFO] [stdout] ---- generates_empty_structs_and_initializers::go stdout ----
[INFO] [stdout] Error: failed to open file at path /opt/rustwide/workdir/core/data/tests/generates_empty_structs_and_initializers/input.rs
[INFO] [stdout] 
[INFO] [stdout] Caused by:
[INFO] [stdout]     Read-only file system (os error 30)
[INFO] [stdout] 
[INFO] [stdout] ---- generates_empty_structs_and_initializers::scala stdout ----
[INFO] [stdout] Error: failed to open file at path /opt/rustwide/workdir/core/data/tests/generates_empty_structs_and_initializers/input.rs
[INFO] [stdout] 
[INFO] [stdout] Caused by:
[INFO] [stdout]     Read-only file system (os error 30)
[INFO] [stdout] 
[INFO] [stdout] ---- generates_empty_structs_and_initializers::swift stdout ----
[INFO] [stdout] Error: failed to open file at path /opt/rustwide/workdir/core/data/tests/generates_empty_structs_and_initializers/input.rs
[INFO] [stdout] 
[INFO] [stdout] Caused by:
[INFO] [stdout]     Read-only file system (os error 30)
[INFO] [stdout] 
[INFO] [stdout] ---- generates_empty_structs_and_initializers::kotlin stdout ----
[INFO] [stdout] Error: failed to open file at path /opt/rustwide/workdir/core/data/tests/generates_empty_structs_and_initializers/input.rs
[INFO] [stdout] 
[INFO] [stdout] Caused by:
[INFO] [stdout]     Read-only file system (os error 30)
[INFO] [stdout] 
[INFO] [stdout] ---- generates_empty_structs_and_initializers::typescript stdout ----
[INFO] [stdout] Error: failed to open file at path /opt/rustwide/workdir/core/data/tests/generates_empty_structs_and_initializers/input.rs
[INFO] [stdout] 
[INFO] [stdout] Caused by:
[INFO] [stdout]     Read-only file system (os error 30)
[INFO] [stdout] 
[INFO] [stdout] ---- kebab_case_rename::go stdout ----
[INFO] [stdout] Error: failed to open file at path /opt/rustwide/workdir/core/data/tests/kebab_case_rename/input.rs
[INFO] [stdout] 
[INFO] [stdout] Caused by:
[INFO] [stdout]     Read-only file system (os error 30)
[INFO] [stdout] 
[INFO] [stdout] ---- kebab_case_rename::kotlin stdout ----
[INFO] [stdout] Error: failed to open file at path /opt/rustwide/workdir/core/data/tests/kebab_case_rename/input.rs
[INFO] [stdout] 
[INFO] [stdout] Caused by:
[INFO] [stdout]     Read-only file system (os error 30)
[INFO] [stdout] 
[INFO] [stdout] ---- kebab_case_rename::scala stdout ----
[INFO] [stdout] Error: failed to open file at path /opt/rustwide/workdir/core/data/tests/kebab_case_rename/input.rs
[INFO] [stdout] 
[INFO] [stdout] Caused by:
[INFO] [stdout]     Read-only file system (os error 30)
[INFO] [stdout] 
[INFO] [stdout] ---- kebab_case_rename::typescript stdout ----
[INFO] [stdout] Error: failed to open file at path /opt/rustwide/workdir/core/data/tests/kebab_case_rename/input.rs
[INFO] [stdout] 
[INFO] [stdout] Caused by:
[INFO] [stdout]     Read-only file system (os error 30)
[INFO] [stdout] 
[INFO] [stdout] ---- orders_types::go stdout ----
[INFO] [stdout] Error: failed to open file at path /opt/rustwide/workdir/core/data/tests/orders_types/input.rs
[INFO] [stdout] 
[INFO] [stdout] Caused by:
[INFO] [stdout]     Read-only file system (os error 30)
[INFO] [stdout] 
[INFO] [stdout] ---- orders_types::kotlin stdout ----
[INFO] [stdout] Error: failed to open file at path /opt/rustwide/workdir/core/data/tests/orders_types/input.rs
[INFO] [stdout] 
[INFO] [stdout] Caused by:
[INFO] [stdout]     Read-only file system (os error 30)
[INFO] [stdout] 
[INFO] [stdout] ---- kebab_case_rename::swift stdout ----
[INFO] [stdout] Error: failed to open file at path /opt/rustwide/workdir/core/data/tests/kebab_case_rename/input.rs
[INFO] [stdout] 
[INFO] [stdout] Caused by:
[INFO] [stdout]     Read-only file system (os error 30)
[INFO] [stdout] 
[INFO] [stdout] ---- recursive_enum_decorator::go stdout ----
[INFO] [stdout] Error: failed to open file at path /opt/rustwide/workdir/core/data/tests/recursive_enum_decorator/input.rs
[INFO] [stdout] 
[INFO] [stdout] Caused by:
[INFO] [stdout]     Read-only file system (os error 30)
[INFO] [stdout] 
[INFO] [stdout] ---- recursive_enum_decorator::kotlin stdout ----
[INFO] [stdout] Error: failed to open file at path /opt/rustwide/workdir/core/data/tests/recursive_enum_decorator/input.rs
[INFO] [stdout] 
[INFO] [stdout] Caused by:
[INFO] [stdout]     Read-only file system (os error 30)
[INFO] [stdout] 
[INFO] [stdout] ---- orders_types::swift stdout ----
[INFO] [stdout] Error: failed to open file at path /opt/rustwide/workdir/core/data/tests/orders_types/input.rs
[INFO] [stdout] 
[INFO] [stdout] Caused by:
[INFO] [stdout]     Read-only file system (os error 30)
[INFO] [stdout] 
[INFO] [stdout] ---- recursive_enum_decorator::scala stdout ----
[INFO] [stdout] Error: failed to open file at path /opt/rustwide/workdir/core/data/tests/recursive_enum_decorator/input.rs
[INFO] [stdout] 
[INFO] [stdout] Caused by:
[INFO] [stdout]     Read-only file system (os error 30)
[INFO] [stdout] 
[INFO] [stdout] ---- recursive_enum_decorator::swift stdout ----
[INFO] [stdout] Error: failed to open file at path /opt/rustwide/workdir/core/data/tests/recursive_enum_decorator/input.rs
[INFO] [stdout] 
[INFO] [stdout] Caused by:
[INFO] [stdout]     Read-only file system (os error 30)
[INFO] [stdout] 
[INFO] [stdout] ---- resolves_qualified_type::go stdout ----
[INFO] [stdout] Error: failed to open file at path /opt/rustwide/workdir/core/data/tests/resolves_qualified_type/input.rs
[INFO] [stdout] 
[INFO] [stdout] Caused by:
[INFO] [stdout]     Read-only file system (os error 30)
[INFO] [stdout] 
[INFO] [stdout] ---- resolves_qualified_type::scala stdout ----
[INFO] [stdout] Error: failed to open file at path /opt/rustwide/workdir/core/data/tests/resolves_qualified_type/input.rs
[INFO] [stdout] 
[INFO] [stdout] Caused by:
[INFO] [stdout]     Read-only file system (os error 30)
[INFO] [stdout] 
[INFO] [stdout] ---- resolves_qualified_type::swift stdout ----
[INFO] [stdout] Error: failed to open file at path /opt/rustwide/workdir/core/data/tests/resolves_qualified_type/input.rs
[INFO] [stdout] 
[INFO] [stdout] Caused by:
[INFO] [stdout]     Read-only file system (os error 30)
[INFO] [stdout] 
[INFO] [stdout] ---- recursive_enum_decorator::typescript stdout ----
[INFO] [stdout] Error: failed to open file at path /opt/rustwide/workdir/core/data/tests/recursive_enum_decorator/input.rs
[INFO] [stdout] 
[INFO] [stdout] Caused by:
[INFO] [stdout]     Read-only file system (os error 30)
[INFO] [stdout] 
[INFO] [stdout] ---- resolves_qualified_type::kotlin stdout ----
[INFO] [stdout] Error: failed to open file at path /opt/rustwide/workdir/core/data/tests/resolves_qualified_type/input.rs
[INFO] [stdout] 
[INFO] [stdout] Caused by:
[INFO] [stdout]     Read-only file system (os error 30)
[INFO] [stdout] 
[INFO] [stdout] ---- serialize_anonymous_field_as::go stdout ----
[INFO] [stdout] Error: failed to open file at path /opt/rustwide/workdir/core/data/tests/serialize_anonymous_field_as/input.rs
[INFO] [stdout] 
[INFO] [stdout] Caused by:
[INFO] [stdout]     Read-only file system (os error 30)
[INFO] [stdout] 
[INFO] [stdout] ---- serialize_anonymous_field_as::typescript stdout ----
[INFO] [stdout] Error: failed to open file at path /opt/rustwide/workdir/core/data/tests/serialize_anonymous_field_as/input.rs
[INFO] [stdout] 
[INFO] [stdout] Caused by:
[INFO] [stdout]     Read-only file system (os error 30)
[INFO] [stdout] 
[INFO] [stdout] ---- serialize_anonymous_field_as::kotlin stdout ----
[INFO] [stdout] Error: failed to open file at path /opt/rustwide/workdir/core/data/tests/serialize_anonymous_field_as/input.rs
[INFO] [stdout] 
[INFO] [stdout] Caused by:
[INFO] [stdout]     Read-only file system (os error 30)
[INFO] [stdout] 
[INFO] [stdout] ---- serialize_field_as::go stdout ----
[INFO] [stdout] Error: failed to open file at path /opt/rustwide/workdir/core/data/tests/serialize_field_as/input.rs
[INFO] [stdout] 
[INFO] [stdout] Caused by:
[INFO] [stdout]     Read-only file system (os error 30)
[INFO] [stdout] 
[INFO] [stdout] ---- serialize_anonymous_field_as::swift stdout ----
[INFO] [stdout] Error: failed to open file at path /opt/rustwide/workdir/core/data/tests/serialize_anonymous_field_as/input.rs
[INFO] [stdout] 
[INFO] [stdout] Caused by:
[INFO] [stdout]     Read-only file system (os error 30)
[INFO] [stdout] 
[INFO] [stdout] ---- resolves_qualified_type::typescript stdout ----
[INFO] [stdout] Error: failed to open file at path /opt/rustwide/workdir/core/data/tests/resolves_qualified_type/input.rs
[INFO] [stdout] 
[INFO] [stdout] Caused by:
[INFO] [stdout]     Read-only file system (os error 30)
[INFO] [stdout] 
[INFO] [stdout] ---- serialize_field_as::kotlin stdout ----
[INFO] [stdout] Error: failed to open file at path /opt/rustwide/workdir/core/data/tests/serialize_field_as/input.rs
[INFO] [stdout] 
[INFO] [stdout] Caused by:
[INFO] [stdout]     Read-only file system (os error 30)
[INFO] [stdout] 
[INFO] [stdout] ---- serialize_field_as::scala stdout ----
[INFO] [stdout] Error: failed to open file at path /opt/rustwide/workdir/core/data/tests/serialize_field_as/input.rs
[INFO] [stdout] 
[INFO] [stdout] Caused by:
[INFO] [stdout]     Read-only file system (os error 30)
[INFO] [stdout] 
[INFO] [stdout] ---- serialize_field_as::swift stdout ----
[INFO] [stdout] Error: failed to open file at path /opt/rustwide/workdir/core/data/tests/serialize_field_as/input.rs
[INFO] [stdout] 
[INFO] [stdout] Caused by:
[INFO] [stdout]     Read-only file system (os error 30)
[INFO] [stdout] 
[INFO] [stdout] ---- serialize_field_as::typescript stdout ----
[INFO] [stdout] Error: failed to open file at path /opt/rustwide/workdir/core/data/tests/serialize_field_as/input.rs
[INFO] [stdout] 
[INFO] [stdout] Caused by:
[INFO] [stdout]     Read-only file system (os error 30)
[INFO] [stdout] 
[INFO] [stdout] ---- serialize_type_alias::go stdout ----
[INFO] [stdout] Error: failed to open file at path /opt/rustwide/workdir/core/data/tests/serialize_type_alias/input.rs
[INFO] [stdout] 
[INFO] [stdout] Caused by:
[INFO] [stdout]     Read-only file system (os error 30)
[INFO] [stdout] 
[INFO] [stdout] ---- serialize_anonymous_field_as::scala stdout ----
[INFO] [stdout] Error: failed to open file at path /opt/rustwide/workdir/core/data/tests/serialize_anonymous_field_as/input.rs
[INFO] [stdout] 
[INFO] [stdout] Caused by:
[INFO] [stdout]     Read-only file system (os error 30)
[INFO] [stdout] 
[INFO] [stdout] ---- serialize_type_alias::kotlin stdout ----
[INFO] [stdout] Error: failed to open file at path /opt/rustwide/workdir/core/data/tests/serialize_type_alias/input.rs
[INFO] [stdout] 
[INFO] [stdout] Caused by:
[INFO] [stdout]     Read-only file system (os error 30)
[INFO] [stdout] 
[INFO] [stdout] ---- serialize_type_alias::scala stdout ----
[INFO] [stdout] Error: failed to open file at path /opt/rustwide/workdir/core/data/tests/serialize_type_alias/input.rs
[INFO] [stdout] 
[INFO] [stdout] Caused by:
[INFO] [stdout]     Read-only file system (os error 30)
[INFO] [stdout] 
[INFO] [stdout] ---- serialize_type_alias::typescript stdout ----
[INFO] [stdout] Error: failed to open file at path /opt/rustwide/workdir/core/data/tests/serialize_type_alias/input.rs
[INFO] [stdout] 
[INFO] [stdout] Caused by:
[INFO] [stdout]     Read-only file system (os error 30)
[INFO] [stdout] 
[INFO] [stdout] ---- serialize_type_alias::swift stdout ----
[INFO] [stdout] Error: failed to open file at path /opt/rustwide/workdir/core/data/tests/serialize_type_alias/input.rs
[INFO] [stdout] 
[INFO] [stdout] Caused by:
[INFO] [stdout]     Read-only file system (os error 30)
[INFO] [stdout] 
[INFO] [stdout] ---- smart_pointers::kotlin stdout ----
[INFO] [stdout] Error: failed to open file at path /opt/rustwide/workdir/core/data/tests/smart_pointers/input.rs
[INFO] [stdout] 
[INFO] [stdout] Caused by:
[INFO] [stdout]     Read-only file system (os error 30)
[INFO] [stdout] 
[INFO] [stdout] ---- smart_pointers::scala stdout ----
[INFO] [stdout] Error: failed to open file at path /opt/rustwide/workdir/core/data/tests/smart_pointers/input.rs
[INFO] [stdout] 
[INFO] [stdout] Caused by:
[INFO] [stdout]     Read-only file system (os error 30)
[INFO] [stdout] 
[INFO] [stdout] ---- smart_pointers::swift stdout ----
[INFO] [stdout] Error: failed to open file at path /opt/rustwide/workdir/core/data/tests/smart_pointers/input.rs
[INFO] [stdout] 
[INFO] [stdout] Caused by:
[INFO] [stdout]     Read-only file system (os error 30)
[INFO] [stdout] 
[INFO] [stdout] ---- smart_pointers::go stdout ----
[INFO] [stdout] Error: failed to open file at path /opt/rustwide/workdir/core/data/tests/smart_pointers/input.rs
[INFO] [stdout] 
[INFO] [stdout] Caused by:
[INFO] [stdout]     Read-only file system (os error 30)
[INFO] [stdout] 
[INFO] [stdout] ---- smart_pointers::typescript stdout ----
[INFO] [stdout] Error: failed to open file at path /opt/rustwide/workdir/core/data/tests/smart_pointers/input.rs
[INFO] [stdout] 
[INFO] [stdout] Caused by:
[INFO] [stdout]     Read-only file system (os error 30)
[INFO] [stdout] 
[INFO] [stdout] ---- struct_decorator::swift stdout ----
[INFO] [stdout] Error: failed to open file at path /opt/rustwide/workdir/core/data/tests/struct_decorator/input.rs
[INFO] [stdout] 
[INFO] [stdout] Caused by:
[INFO] [stdout]     Read-only file system (os error 30)
[INFO] [stdout] 
[INFO] [stdout] ---- test_algebraic_enum_case_name_support::go stdout ----
[INFO] [stdout] Error: failed to open file at path /opt/rustwide/workdir/core/data/tests/test_algebraic_enum_case_name_support/input.rs
[INFO] [stdout] 
[INFO] [stdout] Caused by:
[INFO] [stdout]     Read-only file system (os error 30)
[INFO] [stdout] 
[INFO] [stdout] ---- test_algebraic_enum_case_name_support::swift stdout ----
[INFO] [stdout] Error: failed to open file at path /opt/rustwide/workdir/core/data/tests/test_algebraic_enum_case_name_support/input.rs
[INFO] [stdout] 
[INFO] [stdout] Caused by:
[INFO] [stdout]     Read-only file system (os error 30)
[INFO] [stdout] 
[INFO] [stdout] ---- test_algebraic_enum_case_name_support::typescript stdout ----
[INFO] [stdout] Error: failed to open file at path /opt/rustwide/workdir/core/data/tests/test_algebraic_enum_case_name_support/input.rs
[INFO] [stdout] 
[INFO] [stdout] Caused by:
[INFO] [stdout]     Read-only file system (os error 30)
[INFO] [stdout] 
[INFO] [stdout] ---- test_algebraic_enum_case_name_support::kotlin stdout ----
[INFO] [stdout] Error: failed to open file at path /opt/rustwide/workdir/core/data/tests/test_algebraic_enum_case_name_support/input.rs
[INFO] [stdout] 
[INFO] [stdout] Caused by:
[INFO] [stdout]     Read-only file system (os error 30)
[INFO] [stdout] 
[INFO] [stdout] ---- test_default_decorators::swift stdout ----
[INFO] [stdout] Error: failed to open file at path /opt/rustwide/workdir/core/data/tests/test_default_decorators/input.rs
[INFO] [stdout] 
[INFO] [stdout] Caused by:
[INFO] [stdout]     Read-only file system (os error 30)
[INFO] [stdout] 
[INFO] [stdout] ---- test_generate_char::swift stdout ----
[INFO] [stdout] Error: failed to open file at path /opt/rustwide/workdir/core/data/tests/test_generate_char/input.rs
[INFO] [stdout] 
[INFO] [stdout] Caused by:
[INFO] [stdout]     Read-only file system (os error 30)
[INFO] [stdout] 
[INFO] [stdout] ---- test_generate_char::typescript stdout ----
[INFO] [stdout] Error: failed to open file at path /opt/rustwide/workdir/core/data/tests/test_generate_char/input.rs
[INFO] [stdout] 
[INFO] [stdout] Caused by:
[INFO] [stdout]     Read-only file system (os error 30)
[INFO] [stdout] 
[INFO] [stdout] ---- test_i54_u53_type::go stdout ----
[INFO] [stdout] Error: failed to open file at path /opt/rustwide/workdir/core/data/tests/test_i54_u53_type/input.rs
[INFO] [stdout] 
[INFO] [stdout] Caused by:
[INFO] [stdout]     Read-only file system (os error 30)
[INFO] [stdout] 
[INFO] [stdout] ---- test_generate_char::go stdout ----
[INFO] [stdout] Error: failed to open file at path /opt/rustwide/workdir/core/data/tests/test_generate_char/input.rs
[INFO] [stdout] 
[INFO] [stdout] Caused by:
[INFO] [stdout]     Read-only file system (os error 30)
[INFO] [stdout] 
[INFO] [stdout] ---- test_i54_u53_type::kotlin stdout ----
[INFO] [stdout] Error: failed to open file at path /opt/rustwide/workdir/core/data/tests/test_i54_u53_type/input.rs
[INFO] [stdout] 
[INFO] [stdout] Caused by:
[INFO] [stdout]     Read-only file system (os error 30)
[INFO] [stdout] 
[INFO] [stdout] ---- test_i54_u53_type::scala stdout ----
[INFO] [stdout] Error: failed to open file at path /opt/rustwide/workdir/core/data/tests/test_i54_u53_type/input.rs
[INFO] [stdout] 
[INFO] [stdout] Caused by:
[INFO] [stdout]     Read-only file system (os error 30)
[INFO] [stdout] 
[INFO] [stdout] ---- test_i54_u53_type::swift stdout ----
[INFO] [stdout] Error: failed to open file at path /opt/rustwide/workdir/core/data/tests/test_i54_u53_type/input.rs
[INFO] [stdout] 
[INFO] [stdout] Caused by:
[INFO] [stdout]     Read-only file system (os error 30)
[INFO] [stdout] 
[INFO] [stdout] ---- test_i54_u53_type::typescript stdout ----
[INFO] [stdout] Error: failed to open file at path /opt/rustwide/workdir/core/data/tests/test_i54_u53_type/input.rs
[INFO] [stdout] 
[INFO] [stdout] Caused by:
[INFO] [stdout]     Read-only file system (os error 30)
[INFO] [stdout] 
[INFO] [stdout] ---- test_generate_char::scala stdout ----
[INFO] [stdout] Error: failed to open file at path /opt/rustwide/workdir/core/data/tests/test_generate_char/input.rs
[INFO] [stdout] 
[INFO] [stdout] Caused by:
[INFO] [stdout]     Read-only file system (os error 30)
[INFO] [stdout] 
[INFO] [stdout] ---- test_algebraic_enum_case_name_support::scala stdout ----
[INFO] [stdout] Error: failed to open file at path /opt/rustwide/workdir/core/data/tests/test_algebraic_enum_case_name_support/input.rs
[INFO] [stdout] 
[INFO] [stdout] Caused by:
[INFO] [stdout]     Read-only file system (os error 30)
[INFO] [stdout] 
[INFO] [stdout] ---- test_optional_type_alias::typescript stdout ----
[INFO] [stdout] Error: failed to open file at path /opt/rustwide/workdir/core/data/tests/test_optional_type_alias/input.rs
[INFO] [stdout] 
[INFO] [stdout] Caused by:
[INFO] [stdout]     Read-only file system (os error 30)
[INFO] [stdout] 
[INFO] [stdout] ---- test_serde_default_struct::go stdout ----
[INFO] [stdout] Error: failed to open file at path /opt/rustwide/workdir/core/data/tests/test_serde_default_struct/input.rs
[INFO] [stdout] 
[INFO] [stdout] Caused by:
[INFO] [stdout]     Read-only file system (os error 30)
[INFO] [stdout] 
[INFO] [stdout] ---- test_optional_type_alias::swift stdout ----
[INFO] [stdout] Error: failed to open file at path /opt/rustwide/workdir/core/data/tests/test_optional_type_alias/input.rs
[INFO] [stdout] 
[INFO] [stdout] Caused by:
[INFO] [stdout]     Read-only file system (os error 30)
[INFO] [stdout] 
[INFO] [stdout] ---- test_optional_type_alias::go stdout ----
[INFO] [stdout] Error: failed to open file at path /opt/rustwide/workdir/core/data/tests/test_optional_type_alias/input.rs
[INFO] [stdout] 
[INFO] [stdout] Caused by:
[INFO] [stdout]     Read-only file system (os error 30)
[INFO] [stdout] 
[INFO] [stdout] ---- test_optional_type_alias::kotlin stdout ----
[INFO] [stdout] Error: failed to open file at path /opt/rustwide/workdir/core/data/tests/test_optional_type_alias/input.rs
[INFO] [stdout] 
[INFO] [stdout] Caused by:
[INFO] [stdout]     Read-only file system (os error 30)
[INFO] [stdout] 
[INFO] [stdout] ---- test_serde_default_struct::scala stdout ----
[INFO] [stdout] Error: failed to open file at path /opt/rustwide/workdir/core/data/tests/test_serde_default_struct/input.rs
[INFO] [stdout] 
[INFO] [stdout] Caused by:
[INFO] [stdout]     Read-only file system (os error 30)
[INFO] [stdout] 
[INFO] [stdout] ---- test_generate_char::kotlin stdout ----
[INFO] [stdout] Error: failed to open file at path /opt/rustwide/workdir/core/data/tests/test_generate_char/input.rs
[INFO] [stdout] 
[INFO] [stdout] Caused by:
[INFO] [stdout]     Read-only file system (os error 30)
[INFO] [stdout] 
[INFO] [stdout] ---- test_serde_default_struct::kotlin stdout ----
[INFO] [stdout] Error: failed to open file at path /opt/rustwide/workdir/core/data/tests/test_serde_default_struct/input.rs
[INFO] [stdout] 
[INFO] [stdout] Caused by:
[INFO] [stdout]     Read-only file system (os error 30)
[INFO] [stdout] 
[INFO] [stdout] ---- test_serde_iso8601::go stdout ----
[INFO] [stdout] Error: failed to open file at path /opt/rustwide/workdir/core/data/tests/test_serde_iso8601/input.rs
[INFO] [stdout] 
[INFO] [stdout] Caused by:
[INFO] [stdout]     Read-only file system (os error 30)
[INFO] [stdout] 
[INFO] [stdout] ---- test_default_generic_constraints::swift stdout ----
[INFO] [stdout] Error: failed to open file at path /opt/rustwide/workdir/core/data/tests/test_default_generic_constraints/input.rs
[INFO] [stdout] 
[INFO] [stdout] Caused by:
[INFO] [stdout]     Read-only file system (os error 30)
[INFO] [stdout] 
[INFO] [stdout] ---- test_serde_iso8601::kotlin stdout ----
[INFO] [stdout] Error: failed to open file at path /opt/rustwide/workdir/core/data/tests/test_serde_iso8601/input.rs
[INFO] [stdout] 
[INFO] [stdout] Caused by:
[INFO] [stdout]     Read-only file system (os error 30)
[INFO] [stdout] 
[INFO] [stdout] ---- test_serde_iso8601::scala stdout ----
[INFO] [stdout] Error: failed to open file at path /opt/rustwide/workdir/core/data/tests/test_serde_iso8601/input.rs
[INFO] [stdout] 
[INFO] [stdout] Caused by:
[INFO] [stdout]     Read-only file system (os error 30)
[INFO] [stdout] 
[INFO] [stdout] ---- test_serde_iso8601::typescript stdout ----
[INFO] [stdout] Error: failed to open file at path /opt/rustwide/workdir/core/data/tests/test_serde_iso8601/input.rs
[INFO] [stdout] 
[INFO] [stdout] Caused by:
[INFO] [stdout]     Read-only file system (os error 30)
[INFO] [stdout] 
[INFO] [stdout] ---- test_serde_url::kotlin stdout ----
[INFO] [stdout] Error: failed to open file at path /opt/rustwide/workdir/core/data/tests/test_serde_url/input.rs
[INFO] [stdout] 
[INFO] [stdout] Caused by:
[INFO] [stdout]     Read-only file system (os error 30)
[INFO] [stdout] 
[INFO] [stdout] ---- test_serde_url::scala stdout ----
[INFO] [stdout] Error: failed to open file at path /opt/rustwide/workdir/core/data/tests/test_serde_url/input.rs
[INFO] [stdout] 
[INFO] [stdout] Caused by:
[INFO] [stdout]     Read-only file system (os error 30)
[INFO] [stdout] 
[INFO] [stdout] ---- test_serde_default_struct::typescript stdout ----
[INFO] [stdout] Error: failed to open file at path /opt/rustwide/workdir/core/data/tests/test_serde_default_struct/input.rs
[INFO] [stdout] 
[INFO] [stdout] Caused by:
[INFO] [stdout]     Read-only file system (os error 30)
[INFO] [stdout] 
[INFO] [stdout] ---- test_serde_url::go stdout ----
[INFO] [stdout] Error: failed to open file at path /opt/rustwide/workdir/core/data/tests/test_serde_url/input.rs
[INFO] [stdout] 
[INFO] [stdout] Caused by:
[INFO] [stdout]     Read-only file system (os error 30)
[INFO] [stdout] 
[INFO] [stdout] ---- test_serde_default_struct::swift stdout ----
[INFO] [stdout] Error: failed to open file at path /opt/rustwide/workdir/core/data/tests/test_serde_default_struct/input.rs
[INFO] [stdout] 
[INFO] [stdout] Caused by:
[INFO] [stdout]     Read-only file system (os error 30)
[INFO] [stdout] 
[INFO] [stdout] ---- test_serde_url::swift stdout ----
[INFO] [stdout] Error: failed to open file at path /opt/rustwide/workdir/core/data/tests/test_serde_url/input.rs
[INFO] [stdout] 
[INFO] [stdout] Caused by:
[INFO] [stdout]     Read-only file system (os error 30)
[INFO] [stdout] 
[INFO] [stdout] ---- test_optional_type_alias::scala stdout ----
[INFO] [stdout] Error: failed to open file at path /opt/rustwide/workdir/core/data/tests/test_optional_type_alias/input.rs
[INFO] [stdout] 
[INFO] [stdout] Caused by:
[INFO] [stdout]     Read-only file system (os error 30)
[INFO] [stdout] 
[INFO] [stdout] ---- test_serialized_as::scala stdout ----
[INFO] [stdout] Error: failed to open file at path /opt/rustwide/workdir/core/data/tests/test_serialized_as/input.rs
[INFO] [stdout] 
[INFO] [stdout] Caused by:
[INFO] [stdout]     Read-only file system (os error 30)
[INFO] [stdout] 
[INFO] [stdout] ---- test_serde_url::typescript stdout ----
[INFO] [stdout] Error: failed to open file at path /opt/rustwide/workdir/core/data/tests/test_serde_url/input.rs
[INFO] [stdout] 
[INFO] [stdout] Caused by:
[INFO] [stdout]     Read-only file system (os error 30)
[INFO] [stdout] 
[INFO] [stdout] ---- test_serialized_as::swift stdout ----
[INFO] [stdout] Error: failed to open file at path /opt/rustwide/workdir/core/data/tests/test_serialized_as/input.rs
[INFO] [stdout] 
[INFO] [stdout] Caused by:
[INFO] [stdout]     Read-only file system (os error 30)
[INFO] [stdout] 
[INFO] [stdout] ---- test_serialized_as::typescript stdout ----
[INFO] [stdout] Error: failed to open file at path /opt/rustwide/workdir/core/data/tests/test_serialized_as/input.rs
[INFO] [stdout] 
[INFO] [stdout] Caused by:
[INFO] [stdout]     Read-only file system (os error 30)
[INFO] [stdout] 
[INFO] [stdout] ---- test_serialized_as::go stdout ----
[INFO] [stdout] Error: failed to open file at path /opt/rustwide/workdir/core/data/tests/test_serialized_as/input.rs
[INFO] [stdout] 
[INFO] [stdout] Caused by:
[INFO] [stdout]     Read-only file system (os error 30)
[INFO] [stdout] 
[INFO] [stdout] ---- test_serde_iso8601::swift stdout ----
[INFO] [stdout] Error: failed to open file at path /opt/rustwide/workdir/core/data/tests/test_serde_iso8601/input.rs
[INFO] [stdout] 
[INFO] [stdout] Caused by:
[INFO] [stdout]     Read-only file system (os error 30)
[INFO] [stdout] 
[INFO] [stdout] ---- test_serialized_as_tuple::go stdout ----
[INFO] [stdout] Error: failed to open file at path /opt/rustwide/workdir/core/data/tests/test_serialized_as_tuple/input.rs
[INFO] [stdout] 
[INFO] [stdout] Caused by:
[INFO] [stdout]     Read-only file system (os error 30)
[INFO] [stdout] 
[INFO] [stdout] ---- test_serialized_as::kotlin stdout ----
[INFO] [stdout] Error: failed to open file at path /opt/rustwide/workdir/core/data/tests/test_serialized_as/input.rs
[INFO] [stdout] 
[INFO] [stdout] Caused by:
[INFO] [stdout]     Read-only file system (os error 30)
[INFO] [stdout] 
[INFO] [stdout] ---- test_serialized_as_tuple::scala stdout ----
[INFO] [stdout] Error: failed to open file at path /opt/rustwide/workdir/core/data/tests/test_serialized_as_tuple/input.rs
[INFO] [stdout] 
[INFO] [stdout] Caused by:
[INFO] [stdout]     Read-only file system (os error 30)
[INFO] [stdout] 
[INFO] [stdout] ---- test_serialized_as_tuple::kotlin stdout ----
[INFO] [stdout] Error: failed to open file at path /opt/rustwide/workdir/core/data/tests/test_serialized_as_tuple/input.rs
[INFO] [stdout] 
[INFO] [stdout] Caused by:
[INFO] [stdout]     Read-only file system (os error 30)
[INFO] [stdout] 
[INFO] [stdout] ---- test_serialized_as_tuple::swift stdout ----
[INFO] [stdout] Error: failed to open file at path /opt/rustwide/workdir/core/data/tests/test_serialized_as_tuple/input.rs
[INFO] [stdout] 
[INFO] [stdout] Caused by:
[INFO] [stdout]     Read-only file system (os error 30)
[INFO] [stdout] 
[INFO] [stdout] ---- test_serialized_as_tuple::typescript stdout ----
[INFO] [stdout] Error: failed to open file at path /opt/rustwide/workdir/core/data/tests/test_serialized_as_tuple/input.rs
[INFO] [stdout] 
[INFO] [stdout] Caused by:
[INFO] [stdout]     Read-only file system (os error 30)
[INFO] [stdout] 
[INFO] [stdout] ---- test_simple_enum_case_name_support::go stdout ----
[INFO] [stdout] Error: failed to open file at path /opt/rustwide/workdir/core/data/tests/test_simple_enum_case_name_support/input.rs
[INFO] [stdout] 
[INFO] [stdout] Caused by:
[INFO] [stdout]     Read-only file system (os error 30)
[INFO] [stdout] 
[INFO] [stdout] ---- test_simple_enum_case_name_support::scala stdout ----
[INFO] [stdout] Error: failed to open file at path /opt/rustwide/workdir/core/data/tests/test_simple_enum_case_name_support/input.rs
[INFO] [stdout] 
[INFO] [stdout] Caused by:
[INFO] [stdout]     Read-only file system (os error 30)
[INFO] [stdout] 
[INFO] [stdout] ---- test_simple_enum_case_name_support::kotlin stdout ----
[INFO] [stdout] Error: failed to open file at path /opt/rustwide/workdir/core/data/tests/test_simple_enum_case_name_support/input.rs
[INFO] [stdout] 
[INFO] [stdout] Caused by:
[INFO] [stdout]     Read-only file system (os error 30)
[INFO] [stdout] 
[INFO] [stdout] ---- test_simple_enum_case_name_support::swift stdout ----
[INFO] [stdout] Error: failed to open file at path /opt/rustwide/workdir/core/data/tests/test_simple_enum_case_name_support/input.rs
[INFO] [stdout] 
[INFO] [stdout] Caused by:
[INFO] [stdout]     Read-only file system (os error 30)
[INFO] [stdout] 
[INFO] [stdout] ---- test_simple_enum_case_name_support::typescript stdout ----
[INFO] [stdout] Error: failed to open file at path /opt/rustwide/workdir/core/data/tests/test_simple_enum_case_name_support/input.rs
[INFO] [stdout] 
[INFO] [stdout] Caused by:
[INFO] [stdout]     Read-only file system (os error 30)
[INFO] [stdout] 
[INFO] [stdout] ---- test_type_alias::kotlin stdout ----
[INFO] [stdout] Error: failed to open file at path /opt/rustwide/workdir/core/data/tests/test_type_alias/input.rs
[INFO] [stdout] 
[INFO] [stdout] Caused by:
[INFO] [stdout]     Read-only file system (os error 30)
[INFO] [stdout] 
[INFO] [stdout] ---- test_type_alias::scala stdout ----
[INFO] [stdout] Error: failed to open file at path /opt/rustwide/workdir/core/data/tests/test_type_alias/input.rs
[INFO] [stdout] 
[INFO] [stdout] Caused by:
[INFO] [stdout]     Read-only file system (os error 30)
[INFO] [stdout] 
[INFO] [stdout] ---- test_type_alias::go stdout ----
[INFO] [stdout] Error: failed to open file at path /opt/rustwide/workdir/core/data/tests/test_type_alias/input.rs
[INFO] [stdout] 
[INFO] [stdout] Caused by:
[INFO] [stdout]     Read-only file system (os error 30)
[INFO] [stdout] 
[INFO] [stdout] ---- test_type_alias::swift stdout ----
[INFO] [stdout] Error: failed to open file at path /opt/rustwide/workdir/core/data/tests/test_type_alias/input.rs
[INFO] [stdout] 
[INFO] [stdout] Caused by:
[INFO] [stdout]     Read-only file system (os error 30)
[INFO] [stdout] 
[INFO] [stdout] ---- use_correct_decoded_variable_name::go stdout ----
[INFO] [stdout] Error: failed to open file at path /opt/rustwide/workdir/core/data/tests/use_correct_decoded_variable_name/input.rs
[INFO] [stdout] 
[INFO] [stdout] Caused by:
[INFO] [stdout]     Read-only file system (os error 30)
[INFO] [stdout] 
[INFO] [stdout] ---- test_type_alias::typescript stdout ----
[INFO] [stdout] Error: failed to open file at path /opt/rustwide/workdir/core/data/tests/test_type_alias/input.rs
[INFO] [stdout] 
[INFO] [stdout] Caused by:
[INFO] [stdout]     Read-only file system (os error 30)
[INFO] [stdout] 
[INFO] [stdout] ---- uppercase_go_acronyms::go stdout ----
[INFO] [stdout] Error: failed to open file at path /opt/rustwide/workdir/core/data/tests/uppercase_go_acronyms/input.rs
[INFO] [stdout] 
[INFO] [stdout] Caused by:
[INFO] [stdout]     Read-only file system (os error 30)
[INFO] [stdout] 
[INFO] [stdout] ---- use_correct_decoded_variable_name::kotlin stdout ----
[INFO] [stdout] Error: failed to open file at path /opt/rustwide/workdir/core/data/tests/use_correct_decoded_variable_name/input.rs
[INFO] [stdout] 
[INFO] [stdout] Caused by:
[INFO] [stdout]     Read-only file system (os error 30)
[INFO] [stdout] 
[INFO] [stdout] ---- use_correct_decoded_variable_name::scala stdout ----
[INFO] [stdout] Error: failed to open file at path /opt/rustwide/workdir/core/data/tests/use_correct_decoded_variable_name/input.rs
[INFO] [stdout] 
[INFO] [stdout] Caused by:
[INFO] [stdout]     Read-only file system (os error 30)
[INFO] [stdout] 
[INFO] [stdout] ---- use_correct_decoded_variable_name::swift stdout ----
[INFO] [stdout] Error: failed to open file at path /opt/rustwide/workdir/core/data/tests/use_correct_decoded_variable_name/input.rs
[INFO] [stdout] 
[INFO] [stdout] Caused by:
[INFO] [stdout]     Read-only file system (os error 30)
[INFO] [stdout] 
[INFO] [stdout] ---- use_correct_decoded_variable_name::typescript stdout ----
[INFO] [stdout] Error: failed to open file at path /opt/rustwide/workdir/core/data/tests/use_correct_decoded_variable_name/input.rs
[INFO] [stdout] 
[INFO] [stdout] Caused by:
[INFO] [stdout]     Read-only file system (os error 30)
[INFO] [stdout] 
[INFO] [stdout] ---- use_correct_integer_types::scala stdout ----
[INFO] [stdout] Error: failed to open file at path /opt/rustwide/workdir/core/data/tests/use_correct_integer_types/input.rs
[INFO] [stdout] 
[INFO] [stdout] Caused by:
[INFO] [stdout]     Read-only file system (os error 30)
[INFO] [stdout] 
[INFO] [stdout] ---- use_correct_integer_types::swift stdout ----
[INFO] [stdout] Error: failed to open file at path /opt/rustwide/workdir/core/data/tests/use_correct_integer_types/input.rs
[INFO] [stdout] 
[INFO] [stdout] Caused by:
[INFO] [stdout]     Read-only file system (os error 30)
[INFO] [stdout] 
[INFO] [stdout] ---- use_correct_integer_types::go stdout ----
[INFO] [stdout] Error: failed to open file at path /opt/rustwide/workdir/core/data/tests/use_correct_integer_types/input.rs
[INFO] [stdout] 
[INFO] [stdout] Caused by:
[INFO] [stdout]     Read-only file system (os error 30)
[INFO] [stdout] 
[INFO] [stdout] ---- use_correct_integer_types::kotlin stdout ----
[INFO] [stdout] Error: failed to open file at path /opt/rustwide/workdir/core/data/tests/use_correct_integer_types/input.rs
[INFO] [stdout] 
[INFO] [stdout] Caused by:
[INFO] [stdout]     Read-only file system (os error 30)
[INFO] [stdout] 
[INFO] [stdout] ---- use_correct_integer_types::typescript stdout ----
[INFO] [stdout] Error: failed to open file at path /opt/rustwide/workdir/core/data/tests/use_correct_integer_types/input.rs
[INFO] [stdout] 
[INFO] [stdout] Caused by:
[INFO] [stdout]     Read-only file system (os error 30)
[INFO] [stdout] 
[INFO] [stdout] 
[INFO] [stdout] failures:
[INFO] [stdout]     algebraic_enum_decorator::swift
[INFO] [stdout]     anonymous_struct_with_rename::go
[INFO] [stdout]     anonymous_struct_with_rename::kotlin
[INFO] [stdout]     anonymous_struct_with_rename::scala
[INFO] [stdout]     anonymous_struct_with_rename::swift
[INFO] [stdout]     anonymous_struct_with_rename::typescript
[INFO] [stdout]     can_apply_prefix_correctly::go
[INFO] [stdout]     can_apply_prefix_correctly::kotlin
[INFO] [stdout]     can_apply_prefix_correctly::scala
[INFO] [stdout]     can_apply_prefix_correctly::swift
[INFO] [stdout]     can_apply_prefix_correctly::typescript
[INFO] [stdout]     can_generate_algebraic_enum::go
[INFO] [stdout]     can_generate_algebraic_enum::kotlin
[INFO] [stdout]     can_generate_algebraic_enum::scala
[INFO] [stdout]     can_generate_algebraic_enum::swift
[INFO] [stdout]     can_generate_algebraic_enum::typescript
[INFO] [stdout]     can_generate_algebraic_enum_with_skipped_variants::go
[INFO] [stdout]     can_generate_algebraic_enum_with_skipped_variants::kotlin
[INFO] [stdout]     can_generate_algebraic_enum_with_skipped_variants::scala
[INFO] [stdout]     can_generate_algebraic_enum_with_skipped_variants::swift
[INFO] [stdout]     can_generate_algebraic_enum_with_skipped_variants::typescript
[INFO] [stdout]     can_generate_bare_string_enum::go
[INFO] [stdout]     can_generate_bare_string_enum::kotlin
[INFO] [stdout]     can_generate_bare_string_enum::scala
[INFO] [stdout]     can_generate_bare_string_enum::swift
[INFO] [stdout]     can_generate_bare_string_enum::typescript
[INFO] [stdout]     can_generate_double_option_pattern::typescript
[INFO] [stdout]     can_generate_empty_algebraic_enum::go
[INFO] [stdout]     can_generate_empty_algebraic_enum::kotlin
[INFO] [stdout]     can_generate_empty_algebraic_enum::scala
[INFO] [stdout]     can_generate_empty_algebraic_enum::swift
[INFO] [stdout]     can_generate_empty_algebraic_enum::typescript
[INFO] [stdout]     can_generate_generic_enum::kotlin
[INFO] [stdout]     can_generate_generic_enum::scala
[INFO] [stdout]     can_generate_generic_enum::swift
[INFO] [stdout]     can_generate_generic_enum::typescript
[INFO] [stdout]     can_generate_generic_struct::kotlin
[INFO] [stdout]     can_generate_generic_struct::scala
[INFO] [stdout]     can_generate_generic_struct::swift
[INFO] [stdout]     can_generate_generic_struct::typescript
[INFO] [stdout]     can_generate_generic_type_alias::kotlin
[INFO] [stdout]     can_generate_generic_type_alias::scala
[INFO] [stdout]     can_generate_generic_type_alias::swift
[INFO] [stdout]     can_generate_generic_type_alias::typescript
[INFO] [stdout]     can_generate_readonly_fields::typescript
[INFO] [stdout]     can_generate_simple_enum::go
[INFO] [stdout]     can_generate_simple_enum::kotlin
[INFO] [stdout]     can_generate_simple_enum::scala
[INFO] [stdout]     can_generate_simple_enum::swift
[INFO] [stdout]     can_generate_simple_enum::typescript
[INFO] [stdout]     can_generate_simple_struct_with_a_comment::go
[INFO] [stdout]     can_generate_simple_struct_with_a_comment::kotlin
[INFO] [stdout]     can_generate_simple_struct_with_a_comment::scala
[INFO] [stdout]     can_generate_simple_struct_with_a_comment::swift
[INFO] [stdout]     can_generate_simple_struct_with_a_comment::typescript
[INFO] [stdout]     can_generate_slice_of_user_type::go
[INFO] [stdout]     can_generate_slice_of_user_type::kotlin
[INFO] [stdout]     can_generate_slice_of_user_type::scala
[INFO] [stdout]     can_generate_slice_of_user_type::swift
[INFO] [stdout]     can_generate_slice_of_user_type::typescript
[INFO] [stdout]     can_generate_struct_with_skipped_fields::go
[INFO] [stdout]     can_generate_struct_with_skipped_fields::kotlin
[INFO] [stdout]     can_generate_struct_with_skipped_fields::scala
[INFO] [stdout]     can_generate_struct_with_skipped_fields::swift
[INFO] [stdout]     can_generate_struct_with_skipped_fields::typescript
[INFO] [stdout]     can_generate_unit_structs::go
[INFO] [stdout]     can_generate_unit_structs::kotlin
[INFO] [stdout]     can_generate_unit_structs::scala
[INFO] [stdout]     can_generate_unit_structs::swift
[INFO] [stdout]     can_generate_unit_structs::typescript
[INFO] [stdout]     can_handle_anonymous_struct::go
[INFO] [stdout]     can_handle_anonymous_struct::kotlin
[INFO] [stdout]     can_handle_anonymous_struct::scala
[INFO] [stdout]     can_handle_anonymous_struct::swift
[INFO] [stdout]     can_handle_anonymous_struct::typescript
[INFO] [stdout]     can_handle_quote_in_serde_rename::go
[INFO] [stdout]     can_handle_quote_in_serde_rename::kotlin
[INFO] [stdout]     can_handle_quote_in_serde_rename::scala
[INFO] [stdout]     can_handle_quote_in_serde_rename::swift
[INFO] [stdout]     can_handle_quote_in_serde_rename::typescript
[INFO] [stdout]     can_handle_serde_rename::go
[INFO] [stdout]     can_handle_serde_rename::kotlin
[INFO] [stdout]     can_handle_serde_rename::scala
[INFO] [stdout]     can_handle_serde_rename::swift
[INFO] [stdout]     can_handle_serde_rename::typescript
[INFO] [stdout]     can_handle_serde_rename_all::go
[INFO] [stdout]     can_handle_serde_rename_all::kotlin
[INFO] [stdout]     can_handle_serde_rename_all::scala
[INFO] [stdout]     can_handle_serde_rename_all::swift
[INFO] [stdout]     can_handle_serde_rename_all::typescript
[INFO] [stdout]     can_handle_serde_rename_on_top_level::go
[INFO] [stdout]     can_handle_serde_rename_on_top_level::kotlin
[INFO] [stdout]     can_handle_serde_rename_on_top_level::scala
[INFO] [stdout]     can_handle_serde_rename_on_top_level::swift
[INFO] [stdout]     can_handle_serde_rename_on_top_level::typescript
[INFO] [stdout]     can_handle_unit_type::go
[INFO] [stdout]     can_handle_unit_type::kotlin
[INFO] [stdout]     can_handle_unit_type::scala
[INFO] [stdout]     can_handle_unit_type::swift
[INFO] [stdout]     can_handle_unit_type::typescript
[INFO] [stdout]     can_override_types::go
[INFO] [stdout]     can_override_types::kotlin
[INFO] [stdout]     can_override_types::scala
[INFO] [stdout]     can_override_types::swift
[INFO] [stdout]     can_override_types::typescript
[INFO] [stdout]     can_recognize_types_inside_modules::go
[INFO] [stdout]     can_recognize_types_inside_modules::kotlin
[INFO] [stdout]     can_recognize_types_inside_modules::scala
[INFO] [stdout]     can_recognize_types_inside_modules::swift
[INFO] [stdout]     can_recognize_types_inside_modules::typescript
[INFO] [stdout]     const_enum_decorator::swift
[INFO] [stdout]     enum_is_properly_named_with_serde_overrides::go
[INFO] [stdout]     enum_is_properly_named_with_serde_overrides::kotlin
[INFO] [stdout]     enum_is_properly_named_with_serde_overrides::scala
[INFO] [stdout]     enum_is_properly_named_with_serde_overrides::swift
[INFO] [stdout]     enum_is_properly_named_with_serde_overrides::typescript
[INFO] [stdout]     generate_types::go
[INFO] [stdout]     generate_types::kotlin
[INFO] [stdout]     generate_types::scala
[INFO] [stdout]     generate_types::swift
[INFO] [stdout]     generate_types::typescript
[INFO] [stdout]     generate_types_with_keywords::swift
[INFO] [stdout]     generates_empty_structs_and_initializers::go
[INFO] [stdout]     generates_empty_structs_and_initializers::kotlin
[INFO] [stdout]     generates_empty_structs_and_initializers::scala
[INFO] [stdout]     generates_empty_structs_and_initializers::swift
[INFO] [stdout]     generates_empty_structs_and_initializers::typescript
[INFO] [stdout]     kebab_case_rename::go
[INFO] [stdout]     kebab_case_rename::kotlin
[INFO] [stdout]     kebab_case_rename::scala
[INFO] [stdout]     kebab_case_rename::swift
[INFO] [stdout]     kebab_case_rename::typescript
[INFO] [stdout]     orders_types::go
[INFO] [stdout]     orders_types::kotlin
[INFO] [stdout]     orders_types::swift
[INFO] [stdout]     recursive_enum_decorator::go
[INFO] [stdout]     recursive_enum_decorator::kotlin
[INFO] [stdout]     recursive_enum_decorator::scala
[INFO] [stdout]     recursive_enum_decorator::swift
[INFO] [stdout]     recursive_enum_decorator::typescript
[INFO] [stdout]     resolves_qualified_type::go
[INFO] [stdout]     resolves_qualified_type::kotlin
[INFO] [stdout]     resolves_qualified_type::scala
[INFO] [stdout]     resolves_qualified_type::swift
[INFO] [stdout]     resolves_qualified_type::typescript
[INFO] [stdout]     serialize_anonymous_field_as::go
[INFO] [stdout]     serialize_anonymous_field_as::kotlin
[INFO] [stdout]     serialize_anonymous_field_as::scala
[INFO] [stdout]     serialize_anonymous_field_as::swift
[INFO] [stdout]     serialize_anonymous_field_as::typescript
[INFO] [stdout]     serialize_field_as::go
[INFO] [stdout]     serialize_field_as::kotlin
[INFO] [stdout]     serialize_field_as::scala
[INFO] [stdout]     serialize_field_as::swift
[INFO] [stdout]     serialize_field_as::typescript
[INFO] [stdout]     serialize_type_alias::go
[INFO] [stdout]     serialize_type_alias::kotlin
[INFO] [stdout]     serialize_type_alias::scala
[INFO] [stdout]     serialize_type_alias::swift
[INFO] [stdout]     serialize_type_alias::typescript
[INFO] [stdout]     smart_pointers::go
[INFO] [stdout]     smart_pointers::kotlin
[INFO] [stdout]     smart_pointers::scala
[INFO] [stdout]     smart_pointers::swift
[INFO] [stdout]     smart_pointers::typescript
[INFO] [stdout]     struct_decorator::swift
[INFO] [stdout]     test_algebraic_enum_case_name_support::go
[INFO] [stdout]     test_algebraic_enum_case_name_support::kotlin
[INFO] [stdout]     test_algebraic_enum_case_name_support::scala
[INFO] [stdout]     test_algebraic_enum_case_name_support::swift
[INFO] [stdout]     test_algebraic_enum_case_name_support::typescript
[INFO] [stdout]     test_default_decorators::swift
[INFO] [stdout]     test_default_generic_constraints::swift
[INFO] [stdout]     test_generate_char::go
[INFO] [stdout]     test_generate_char::kotlin
[INFO] [stdout]     test_generate_char::scala
[INFO] [stdout]     test_generate_char::swift
[INFO] [stdout]     test_generate_char::typescript
[INFO] [stdout]     test_i54_u53_type::go
[INFO] [stdout]     test_i54_u53_type::kotlin
[INFO] [stdout]     test_i54_u53_type::scala
[INFO] [stdout]     test_i54_u53_type::swift
[INFO] [stdout]     test_i54_u53_type::typescript
[INFO] [stdout]     test_optional_type_alias::go
[INFO] [stdout]     test_optional_type_alias::kotlin
[INFO] [stdout]     test_optional_type_alias::scala
[INFO] [stdout]     test_optional_type_alias::swift
[INFO] [stdout]     test_optional_type_alias::typescript
[INFO] [stdout]     test_serde_default_struct::go
[INFO] [stdout]     test_serde_default_struct::kotlin
[INFO] [stdout]     test_serde_default_struct::scala
[INFO] [stdout]     test_serde_default_struct::swift
[INFO] [stdout]     test_serde_default_struct::typescript
[INFO] [stdout]     test_serde_iso8601::go
[INFO] [stdout]     test_serde_iso8601::kotlin
[INFO] [stdout]     test_serde_iso8601::scala
[INFO] [stdout]     test_serde_iso8601::swift
[INFO] [stdout]     test_serde_iso8601::typescript
[INFO] [stdout]     test_serde_url::go
[INFO] [stdout]     test_serde_url::kotlin
[INFO] [stdout]     test_serde_url::scala
[INFO] [stdout]     test_serde_url::swift
[INFO] [stdout]     test_serde_url::typescript
[INFO] [stdout]     test_serialized_as::go
[INFO] [stdout]     test_serialized_as::kotlin
[INFO] [stdout]     test_serialized_as::scala
[INFO] [stdout]     test_serialized_as::swift
[INFO] [stdout]     test_serialized_as::typescript
[INFO] [stdout]     test_serialized_as_tuple::go
[INFO] [stdout]     test_serialized_as_tuple::kotlin
[INFO] [stdout]     test_serialized_as_tuple::scala
[INFO] [stdout]     test_serialized_as_tuple::swift
[INFO] [stdout]     test_serialized_as_tuple::typescript
[INFO] [stdout]     test_simple_enum_case_name_support::go
[INFO] [stdout]     test_simple_enum_case_name_support::kotlin
[INFO] [stdout]     test_simple_enum_case_name_support::scala
[INFO] [stdout]     test_simple_enum_case_name_support::swift
[INFO] [stdout]     test_simple_enum_case_name_support::typescript
[INFO] [stdout]     test_type_alias::go
[INFO] [stdout]     test_type_alias::kotlin
[INFO] [stdout]     test_type_alias::scala
[INFO] [stdout]     test_type_alias::swift
[INFO] [stdout]     test_type_alias::typescript
[INFO] [stdout]     uppercase_go_acronyms::go
[INFO] [stdout]     use_correct_decoded_variable_name::go
[INFO] [stdout]     use_correct_decoded_variable_name::kotlin
[INFO] [stdout]     use_correct_decoded_variable_name::scala
[INFO] [stdout]     use_correct_decoded_variable_name::swift
[INFO] [stdout]     use_correct_decoded_variable_name::typescript
[INFO] [stdout]     use_correct_integer_types::go
[INFO] [stdout]     use_correct_integer_types::kotlin
[INFO] [stdout]     use_correct_integer_types::scala
[INFO] [stdout]     use_correct_integer_types::swift
[INFO] [stdout]     use_correct_integer_types::typescript
[INFO] [stdout] 
[INFO] [stdout] test result: FAILED. 0 passed; 234 failed; 0 ignored; 0 measured; 0 filtered out; finished in 0.01s
[INFO] [stdout] 
[INFO] running `Command { std: "docker" "inspect" "bb80813d14e056a7aedcdc8fc3d55461f15a52d0224383774168a14c02171a07", kill_on_drop: false }`
[INFO] running `Command { std: "docker" "rm" "-f" "bb80813d14e056a7aedcdc8fc3d55461f15a52d0224383774168a14c02171a07", kill_on_drop: false }`
[INFO] [stdout] bb80813d14e056a7aedcdc8fc3d55461f15a52d0224383774168a14c02171a07
[INFO] testing 1Password/typeshare against beta-2023-12-22 for beta-1.76-1
[INFO] running `Command { std: "git" "clone" "/workspace/cache/git-repos/https%3A%2F%2Fgithub.com%2F1Password%2Ftypeshare" "/workspace/builds/worker-5-tc2/source", kill_on_drop: false }`
[INFO] [stderr] Cloning into '/workspace/builds/worker-5-tc2/source'...
[INFO] [stderr] done.
[INFO] validating manifest of git repo https://github.com/1Password/typeshare on toolchain beta-2023-12-22
[INFO] running `Command { std: CARGO_HOME="/workspace/cargo-home" RUSTUP_HOME="/workspace/rustup-home" "/workspace/cargo-home/bin/cargo" "+beta-2023-12-22" "metadata" "--manifest-path" "Cargo.toml" "--no-deps", kill_on_drop: false }`
[INFO] removed /workspace/builds/worker-5-tc2/source/rust-toolchain.toml
[INFO] started tweaking git repo https://github.com/1Password/typeshare
[INFO] finished tweaking git repo https://github.com/1Password/typeshare
[INFO] tweaked toml for git repo https://github.com/1Password/typeshare written to /workspace/builds/worker-5-tc2/source/Cargo.toml
[INFO] crate git repo https://github.com/1Password/typeshare already has a lockfile, it will not be regenerated
[INFO] running `Command { std: CARGO_HOME="/workspace/cargo-home" RUSTUP_HOME="/workspace/rustup-home" "/workspace/cargo-home/bin/cargo" "+beta-2023-12-22" "fetch" "--manifest-path" "Cargo.toml", kill_on_drop: false }`
[INFO] [stderr] warning: virtual workspace defaulting to `resolver = "1"` despite one or more workspace members being on edition 2021 which implies `resolver = "2"`
[INFO] [stderr] note: to keep the current resolver, specify `workspace.resolver = "1"` in the workspace root's manifest
[INFO] [stderr] note: to use the edition 2021 resolver, specify `workspace.resolver = "2"` in the workspace root's manifest
[INFO] [stderr] note: for more details see https://doc.rust-lang.org/cargo/reference/resolver.html#resolver-versions
[INFO] running `Command { std: "docker" "create" "-v" "/var/lib/crater-agent-workspace/builds/worker-5-tc2/target:/opt/rustwide/target:rw,Z" "-v" "/var/lib/crater-agent-workspace/builds/worker-5-tc2/source:/opt/rustwide/workdir:ro,Z" "-v" "/var/lib/crater-agent-workspace/cargo-home:/opt/rustwide/cargo-home:ro,Z" "-v" "/var/lib/crater-agent-workspace/rustup-home:/opt/rustwide/rustup-home:ro,Z" "-e" "SOURCE_DIR=/opt/rustwide/workdir" "-e" "CARGO_TARGET_DIR=/opt/rustwide/target" "-e" "CARGO_HOME=/opt/rustwide/cargo-home" "-e" "RUSTUP_HOME=/opt/rustwide/rustup-home" "-w" "/opt/rustwide/workdir" "-m" "1610612736" "--user" "0:0" "--network" "none" "ghcr.io/rust-lang/crates-build-env/linux@sha256:2788e3201cd34a07e3172128adcd8b3090168a8e3bcc40d7c032b9dda1df7d1c" "/opt/rustwide/cargo-home/bin/cargo" "+beta-2023-12-22" "metadata" "--no-deps" "--format-version=1", kill_on_drop: false }`
[INFO] [stdout] 3ec48d968cf2e176f8a2d1ba5ecf78b29a5c810da0ce40840102a4561c7f6516
[INFO] running `Command { std: "docker" "start" "-a" "3ec48d968cf2e176f8a2d1ba5ecf78b29a5c810da0ce40840102a4561c7f6516", kill_on_drop: false }`
[INFO] running `Command { std: "docker" "inspect" "3ec48d968cf2e176f8a2d1ba5ecf78b29a5c810da0ce40840102a4561c7f6516", kill_on_drop: false }`
[INFO] running `Command { std: "docker" "rm" "-f" "3ec48d968cf2e176f8a2d1ba5ecf78b29a5c810da0ce40840102a4561c7f6516", kill_on_drop: false }`
[INFO] [stdout] 3ec48d968cf2e176f8a2d1ba5ecf78b29a5c810da0ce40840102a4561c7f6516
[INFO] running `Command { std: "docker" "create" "-v" "/var/lib/crater-agent-workspace/builds/worker-5-tc2/target:/opt/rustwide/target:rw,Z" "-v" "/var/lib/crater-agent-workspace/builds/worker-5-tc2/source:/opt/rustwide/workdir:ro,Z" "-v" "/var/lib/crater-agent-workspace/cargo-home:/opt/rustwide/cargo-home:ro,Z" "-v" "/var/lib/crater-agent-workspace/rustup-home:/opt/rustwide/rustup-home:ro,Z" "-e" "SOURCE_DIR=/opt/rustwide/workdir" "-e" "CARGO_TARGET_DIR=/opt/rustwide/target" "-e" "CARGO_INCREMENTAL=0" "-e" "RUST_BACKTRACE=full" "-e" "RUSTFLAGS=--cap-lints=warn" "-e" "RUSTDOCFLAGS=--cap-lints=warn" "-e" "CARGO_HOME=/opt/rustwide/cargo-home" "-e" "RUSTUP_HOME=/opt/rustwide/rustup-home" "-w" "/opt/rustwide/workdir" "-m" "1610612736" "--user" "0:0" "--network" "none" "ghcr.io/rust-lang/crates-build-env/linux@sha256:2788e3201cd34a07e3172128adcd8b3090168a8e3bcc40d7c032b9dda1df7d1c" "/opt/rustwide/cargo-home/bin/cargo" "+beta-2023-12-22" "build" "--frozen" "--message-format=json", kill_on_drop: false }`
[INFO] [stdout] 6b481c8f2c246a1916f0dd92bea54ae0917cde341d39e038ff35a59a6d1c056e
[INFO] running `Command { std: "docker" "start" "-a" "6b481c8f2c246a1916f0dd92bea54ae0917cde341d39e038ff35a59a6d1c056e", kill_on_drop: false }`
[INFO] [stderr] warning: virtual workspace defaulting to `resolver = "1"` despite one or more workspace members being on edition 2021 which implies `resolver = "2"`
[INFO] [stderr] note: to keep the current resolver, specify `workspace.resolver = "1"` in the workspace root's manifest
[INFO] [stderr] note: to use the edition 2021 resolver, specify `workspace.resolver = "2"` in the workspace root's manifest
[INFO] [stderr] note: for more details see https://doc.rust-lang.org/cargo/reference/resolver.html#resolver-versions
[INFO] [stderr]    Compiling proc-macro2 v1.0.44
[INFO] [stderr]    Compiling once_cell v1.15.0
[INFO] [stderr]    Compiling unicode-ident v1.0.4
[INFO] [stderr]    Compiling quote v1.0.21
[INFO] [stderr]    Compiling syn v1.0.100
[INFO] [stderr]    Compiling libc v0.2.133
[INFO] [stderr]    Compiling crossbeam-utils v0.8.11
[INFO] [stderr]    Compiling indexmap v1.9.1
[INFO] [stderr]    Compiling serde_derive v1.0.145
[INFO] [stderr]    Compiling crossbeam-epoch v0.9.10
[INFO] [stderr]    Compiling os_str_bytes v6.3.0
[INFO] [stderr]    Compiling serde v1.0.145
[INFO] [stderr]    Compiling hashbrown v0.12.3
[INFO] [stderr]    Compiling termcolor v1.1.3
[INFO] [stderr]    Compiling rayon-core v1.9.3
[INFO] [stderr]    Compiling textwrap v0.15.1
[INFO] [stderr]    Compiling aho-corasick v0.7.19
[INFO] [stderr]    Compiling clap_lex v0.2.4
[INFO] [stderr]    Compiling regex-syntax v0.6.27
[INFO] [stderr]    Compiling thiserror v1.0.35
[INFO] [stderr]    Compiling either v1.8.0
[INFO] [stderr]    Compiling bstr v0.2.17
[INFO] [stderr]    Compiling rayon v1.5.3
[INFO] [stderr]    Compiling same-file v1.0.6
[INFO] [stderr]    Compiling serde_json v1.0.85
[INFO] [stderr]    Compiling thread_local v1.1.4
[INFO] [stderr]    Compiling walkdir v2.3.2
[INFO] [stderr]    Compiling itertools v0.10.5
[INFO] [stderr]    Compiling itoa v1.0.3
[INFO] [stderr]    Compiling ryu v1.0.11
[INFO] [stderr]    Compiling lazy_format v1.10.0
[INFO] [stderr]    Compiling crossbeam-channel v0.5.6
[INFO] [stderr]    Compiling joinery v2.1.0
[INFO] [stderr]    Compiling iana-time-zone v0.1.50
[INFO] [stderr]    Compiling chrono v0.4.22
[INFO] [stderr]    Compiling crossbeam-deque v0.8.2
[INFO] [stderr]    Compiling atty v0.2.14
[INFO] [stderr]    Compiling num_cpus v1.13.1
[INFO] [stderr]    Compiling clap v3.2.22
[INFO] [stderr]    Compiling regex v1.6.0
[INFO] [stderr]    Compiling globset v0.4.9
[INFO] [stderr]    Compiling ignore v0.4.18
[INFO] [stderr]    Compiling clap_complete v3.2.5
[INFO] [stderr]    Compiling clap_complete_fig v3.2.4
[INFO] [stderr]    Compiling clap_complete_command v0.3.4
[INFO] [stderr]    Compiling thiserror-impl v1.0.35
[INFO] [stderr]    Compiling typeshare-annotation v1.0.2 (/opt/rustwide/workdir/annotation)
[INFO] [stderr]    Compiling typeshare-core v1.7.0 (/opt/rustwide/workdir/core)
[INFO] [stderr]    Compiling toml v0.5.9
[INFO] [stderr]    Compiling typeshare v1.0.1 (/opt/rustwide/workdir/lib)
[INFO] [stderr]    Compiling typeshare-cli v1.7.0 (/opt/rustwide/workdir/cli)
[INFO] [stderr]     Finished dev [unoptimized + debuginfo] target(s) in 10.06s
[INFO] running `Command { std: "docker" "inspect" "6b481c8f2c246a1916f0dd92bea54ae0917cde341d39e038ff35a59a6d1c056e", kill_on_drop: false }`
[INFO] running `Command { std: "docker" "rm" "-f" "6b481c8f2c246a1916f0dd92bea54ae0917cde341d39e038ff35a59a6d1c056e", kill_on_drop: false }`
[INFO] [stdout] 6b481c8f2c246a1916f0dd92bea54ae0917cde341d39e038ff35a59a6d1c056e
[INFO] running `Command { std: "docker" "create" "-v" "/var/lib/crater-agent-workspace/builds/worker-5-tc2/target:/opt/rustwide/target:rw,Z" "-v" "/var/lib/crater-agent-workspace/builds/worker-5-tc2/source:/opt/rustwide/workdir:ro,Z" "-v" "/var/lib/crater-agent-workspace/cargo-home:/opt/rustwide/cargo-home:ro,Z" "-v" "/var/lib/crater-agent-workspace/rustup-home:/opt/rustwide/rustup-home:ro,Z" "-e" "SOURCE_DIR=/opt/rustwide/workdir" "-e" "CARGO_TARGET_DIR=/opt/rustwide/target" "-e" "CARGO_INCREMENTAL=0" "-e" "RUST_BACKTRACE=full" "-e" "RUSTFLAGS=--cap-lints=warn" "-e" "RUSTDOCFLAGS=--cap-lints=warn" "-e" "CARGO_HOME=/opt/rustwide/cargo-home" "-e" "RUSTUP_HOME=/opt/rustwide/rustup-home" "-w" "/opt/rustwide/workdir" "-m" "1610612736" "--user" "0:0" "--network" "none" "ghcr.io/rust-lang/crates-build-env/linux@sha256:2788e3201cd34a07e3172128adcd8b3090168a8e3bcc40d7c032b9dda1df7d1c" "/opt/rustwide/cargo-home/bin/cargo" "+beta-2023-12-22" "test" "--frozen" "--no-run" "--message-format=json", kill_on_drop: false }`
[INFO] [stdout] ba858aa0c1c0f7328abbd2503b2b323280435ed3a673af8afb0687df78b30151
[INFO] running `Command { std: "docker" "start" "-a" "ba858aa0c1c0f7328abbd2503b2b323280435ed3a673af8afb0687df78b30151", kill_on_drop: false }`
[INFO] [stderr] warning: virtual workspace defaulting to `resolver = "1"` despite one or more workspace members being on edition 2021 which implies `resolver = "2"`
[INFO] [stderr] note: to keep the current resolver, specify `workspace.resolver = "1"` in the workspace root's manifest
[INFO] [stderr] note: to use the edition 2021 resolver, specify `workspace.resolver = "2"` in the workspace root's manifest
[INFO] [stderr] note: for more details see https://doc.rust-lang.org/cargo/reference/resolver.html#resolver-versions
[INFO] [stderr]    Compiling anyhow v1.0.65
[INFO] [stderr]    Compiling dissimilar v1.0.4
[INFO] [stderr]    Compiling typeshare-annotation v1.0.2 (/opt/rustwide/workdir/annotation)
[INFO] [stderr]    Compiling typeshare-cli v1.7.0 (/opt/rustwide/workdir/cli)
[INFO] [stderr]    Compiling expect-test v1.4.0
[INFO] [stderr]    Compiling typeshare-core v1.7.0 (/opt/rustwide/workdir/core)
[INFO] [stderr]    Compiling typeshare v1.0.1 (/opt/rustwide/workdir/lib)
[INFO] [stderr]     Finished test [unoptimized + debuginfo] target(s) in 1.70s
[INFO] running `Command { std: "docker" "inspect" "ba858aa0c1c0f7328abbd2503b2b323280435ed3a673af8afb0687df78b30151", kill_on_drop: false }`
[INFO] running `Command { std: "docker" "rm" "-f" "ba858aa0c1c0f7328abbd2503b2b323280435ed3a673af8afb0687df78b30151", kill_on_drop: false }`
[INFO] [stdout] ba858aa0c1c0f7328abbd2503b2b323280435ed3a673af8afb0687df78b30151
[INFO] running `Command { std: "docker" "create" "-v" "/var/lib/crater-agent-workspace/builds/worker-5-tc2/target:/opt/rustwide/target:rw,Z" "-v" "/var/lib/crater-agent-workspace/builds/worker-5-tc2/source:/opt/rustwide/workdir:ro,Z" "-v" "/var/lib/crater-agent-workspace/cargo-home:/opt/rustwide/cargo-home:ro,Z" "-v" "/var/lib/crater-agent-workspace/rustup-home:/opt/rustwide/rustup-home:ro,Z" "-e" "SOURCE_DIR=/opt/rustwide/workdir" "-e" "CARGO_TARGET_DIR=/opt/rustwide/target" "-e" "CARGO_INCREMENTAL=0" "-e" "RUST_BACKTRACE=full" "-e" "RUSTFLAGS=--cap-lints=warn" "-e" "RUSTDOCFLAGS=--cap-lints=warn" "-e" "CARGO_HOME=/opt/rustwide/cargo-home" "-e" "RUSTUP_HOME=/opt/rustwide/rustup-home" "-w" "/opt/rustwide/workdir" "-m" "1610612736" "--user" "0:0" "--network" "none" "ghcr.io/rust-lang/crates-build-env/linux@sha256:2788e3201cd34a07e3172128adcd8b3090168a8e3bcc40d7c032b9dda1df7d1c" "/opt/rustwide/cargo-home/bin/cargo" "+beta-2023-12-22" "test" "--frozen", kill_on_drop: false }`
[INFO] [stdout] 57f71b0822359c03db41ec62476de67afd49f7b173cc6eb1559bfd6c0165dcd5
[INFO] running `Command { std: "docker" "start" "-a" "57f71b0822359c03db41ec62476de67afd49f7b173cc6eb1559bfd6c0165dcd5", kill_on_drop: false }`
[INFO] [stderr] warning: virtual workspace defaulting to `resolver = "1"` despite one or more workspace members being on edition 2021 which implies `resolver = "2"`
[INFO] [stderr] note: to keep the current resolver, specify `workspace.resolver = "1"` in the workspace root's manifest
[INFO] [stderr] note: to use the edition 2021 resolver, specify `workspace.resolver = "2"` in the workspace root's manifest
[INFO] [stderr] note: for more details see https://doc.rust-lang.org/cargo/reference/resolver.html#resolver-versions
[INFO] [stderr]     Finished test [unoptimized + debuginfo] target(s) in 0.04s
[INFO] [stderr]      Running unittests src/lib.rs (/opt/rustwide/target/debug/deps/typeshare-84045c28118e567c)
[INFO] [stdout] 
[INFO] [stdout] running 25 tests
[INFO] [stdout] test integer::tests::i54_max ... ok
[INFO] [stdout] test integer::tests::test_i32_to_i54 ... ok
[INFO] [stdout] test integer::tests::test_formatter_flags ... ok
[INFO] [stdout] test integer::tests::i54_min ... ok
[INFO] [stdout] test integer::tests::test_i54_init ... ok
[INFO] [stdout] test integer::tests::test_i54_overflow ... ok
[INFO] [stdout] test integer::tests::test_i54_to_i32 ... ok
[INFO] [stdout] test integer::tests::test_i54_to_i64 ... ok
[INFO] [stdout] test integer::tests::test_i54_underflow ... ok
[INFO] [stdout] test integer::tests::test_i64_to_i54 ... ok
[INFO] [stdout] test integer::tests::test_order ... ok
[INFO] [stdout] test integer::tests::test_serde_deserialize ... ok
[INFO] [stdout] test integer::tests::test_serde_deserialize_overflow ... ok
[INFO] [stdout] test integer::tests::test_serde_deserialize_underflow ... ok
[INFO] [stdout] test integer::tests::test_serde_serialize ... ok
[INFO] [stdout] test integer::tests::test_u32_to_u53 ... ok
[INFO] [stdout] test integer::tests::test_u53_init ... ok
[INFO] [stdout] test integer::tests::test_u53_overflow ... ok
[INFO] [stdout] test integer::tests::test_u53_to_u32 ... ok
[INFO] [stdout] test integer::tests::test_u53_to_u64 ... ok
[INFO] [stdout] test integer::tests::test_u64_to_u53 ... ok
[INFO] [stdout] test integer::tests::u53_max ... ok
[INFO] [stdout] test integer::tests::u53_min ... ok
[INFO] [stdout] test json_date::tests::test_deserialize ... ok
[INFO] [stdout] test json_date::tests::test_serialize ... ok
[INFO] [stdout] 
[INFO] [stdout] test result: ok. 25 passed; 0 failed; 0 ignored; 0 measured; 0 filtered out; finished in 0.00s
[INFO] [stdout] 
[INFO] [stderr]      Running unittests src/lib.rs (/opt/rustwide/target/debug/deps/typeshare_annotation-631f3d795ff18fb8)
[INFO] [stdout] 
[INFO] [stdout] running 0 tests
[INFO] [stdout] 
[INFO] [stdout] test result: ok. 0 passed; 0 failed; 0 ignored; 0 measured; 0 filtered out; finished in 0.00s
[INFO] [stdout] 
[INFO] [stderr]      Running unittests src/main.rs (/opt/rustwide/target/debug/deps/typeshare-84f2b3b81f66112b)
[INFO] [stdout] 
[INFO] [stdout] running 6 tests
[INFO] [stdout] test config::test::constraints_test ... ok
[INFO] [stdout] test config::test::decorators_test ... ok
[INFO] [stdout] test config::test::empty_test ... ok
[INFO] [stdout] test config::test::default_test ... ok
[INFO] [stdout] test config::test::swift_prefix_test ... ok
[INFO] [stdout] test config::test::mappings_test ... ok
[INFO] [stdout] 
[INFO] [stdout] test result: ok. 6 passed; 0 failed; 0 ignored; 0 measured; 0 filtered out; finished in 0.00s
[INFO] [stdout] 
[INFO] [stderr]      Running unittests src/lib.rs (/opt/rustwide/target/debug/deps/typeshare_core-94bfe0f395978588)
[INFO] [stdout] 
[INFO] [stdout] running 4 tests
[INFO] [stdout] test parser::test_rename_all_to_case ... ok
[INFO] [stdout] test topsort::test_toposort_impl ... ok
[INFO] [stdout] test topsort::test_toposort_impl_cycles ... ok
[INFO] [stdout] test rename::tests::test_rename ... ok
[INFO] [stdout] 
[INFO] [stdout] test result: ok. 4 passed; 0 failed; 0 ignored; 0 measured; 0 filtered out; finished in 0.00s
[INFO] [stdout] 
[INFO] [stderr]      Running tests/agnostic_tests.rs (/opt/rustwide/target/debug/deps/agnostic_tests-76c87b2c6d227755)
[INFO] [stdout] 
[INFO] [stdout] running 10 tests
[INFO] [stdout] test blocklisted_types::test_isize_blocklisted_struct ... ok
[INFO] [stdout] test blocklisted_types::test_i64_blocklisted_struct ... ok
[INFO] [stdout] test blocklisted_types::test_hashmap_blocklisted_struct ... ok
[INFO] [stdout] test blocklisted_types::test_u64_blocklisted_struct ... ok
[INFO] [stdout] test blocklisted_types::test_optional_blocklisted_struct ... ok
[INFO] [stdout] test blocklisted_types::test_vec_blocklisted_struct ... ok
[INFO] [stdout] test serde_attributes_on_enums::content_not_allowed_on_non_algebraic ... ok
[INFO] [stdout] test blocklisted_types::test_usize_blocklisted_in_struct ... ok
[INFO] [stdout] test serde_attributes_on_enums::both_not_allowed_on_non_algebraic ... ok
[INFO] [stdout] test serde_attributes_on_enums::tag_not_allowed_on_non_algebraic ... ok
[INFO] [stdout] 
[INFO] [stdout] test result: ok. 10 passed; 0 failed; 0 ignored; 0 measured; 0 filtered out; finished in 0.00s
[INFO] [stdout] 
[INFO] [stderr]      Running tests/snapshot_tests.rs (/opt/rustwide/target/debug/deps/snapshot_tests-8d3a9d25bac476de)
[INFO] [stdout] 
[INFO] [stdout] running 234 tests
[INFO] [stdout] test anonymous_struct_with_rename::kotlin ... FAILED
[INFO] [stdout] test anonymous_struct_with_rename::typescript ... FAILED
[INFO] [stdout] test can_apply_prefix_correctly::go ... FAILED
[INFO] [stdout] test anonymous_struct_with_rename::swift ... FAILED
[INFO] [stdout] test anonymous_struct_with_rename::scala ... FAILED
[INFO] [stdout] test algebraic_enum_decorator::swift ... FAILED
[INFO] [stdout] test anonymous_struct_with_rename::go ... FAILED
[INFO] [stdout] test can_apply_prefix_correctly::kotlin ... FAILED
[INFO] [stdout] test can_apply_prefix_correctly::scala ... FAILED
[INFO] [stdout] test can_apply_prefix_correctly::swift ... FAILED
[INFO] [stdout] test can_apply_prefix_correctly::typescript ... FAILED
[INFO] [stdout] test can_generate_algebraic_enum::go ... FAILED
[INFO] [stdout] test can_generate_algebraic_enum::kotlin ... FAILED
[INFO] [stdout] test can_generate_algebraic_enum::scala ... FAILED
[INFO] [stdout] test can_generate_algebraic_enum::swift ... FAILED
[INFO] [stdout] test can_generate_algebraic_enum::typescript ... FAILED
[INFO] [stdout] test can_generate_algebraic_enum_with_skipped_variants::go ... FAILED
[INFO] [stdout] test can_generate_algebraic_enum_with_skipped_variants::kotlin ... FAILED
[INFO] [stdout] test can_generate_algebraic_enum_with_skipped_variants::swift ... FAILED
[INFO] [stdout] test can_generate_algebraic_enum_with_skipped_variants::typescript ... FAILED
[INFO] [stdout] test can_generate_algebraic_enum_with_skipped_variants::scala ... FAILED
[INFO] [stdout] test can_generate_bare_string_enum::kotlin ... FAILED
[INFO] [stdout] test can_generate_bare_string_enum::scala ... FAILED
[INFO] [stdout] test can_generate_bare_string_enum::go ... FAILED
[INFO] [stdout] test can_generate_double_option_pattern::typescript ... FAILED
[INFO] [stdout] test can_generate_bare_string_enum::swift ... FAILED
[INFO] [stdout] test can_generate_empty_algebraic_enum::go ... FAILED
[INFO] [stdout] test can_generate_empty_algebraic_enum::kotlin ... FAILED
[INFO] [stdout] test can_generate_empty_algebraic_enum::swift ... FAILED
[INFO] [stdout] test can_generate_empty_algebraic_enum::typescript ... FAILED
[INFO] [stdout] test can_generate_bare_string_enum::typescript ... FAILED
[INFO] [stdout] test can_generate_generic_enum::scala ... FAILED
[INFO] [stdout] test can_generate_generic_enum::kotlin ... FAILED
[INFO] [stdout] test can_generate_generic_enum::swift ... FAILED
[INFO] [stdout] test can_generate_generic_struct::scala ... FAILED
[INFO] [stdout] test can_generate_generic_enum::typescript ... FAILED
[INFO] [stdout] test can_generate_generic_struct::swift ... FAILED
[INFO] [stdout] test can_generate_generic_struct::typescript ... FAILED
[INFO] [stdout] test can_generate_generic_type_alias::kotlin ... FAILED
[INFO] [stdout] test can_generate_generic_type_alias::scala ... FAILED
[INFO] [stdout] test can_generate_generic_type_alias::swift ... FAILED
[INFO] [stdout] test can_generate_empty_algebraic_enum::scala ... FAILED
[INFO] [stdout] test can_generate_generic_type_alias::typescript ... FAILED
[INFO] [stdout] test can_generate_readonly_fields::typescript ... FAILED
[INFO] [stdout] test can_generate_generic_struct::kotlin ... FAILED
[INFO] [stdout] test can_generate_simple_enum::scala ... FAILED
[INFO] [stdout] test can_generate_simple_enum::kotlin ... FAILED
[INFO] [stdout] test can_generate_simple_enum::go ... FAILED
[INFO] [stdout] test can_generate_simple_enum::swift ... FAILED
[INFO] [stdout] test can_generate_simple_struct_with_a_comment::kotlin ... FAILED
[INFO] [stdout] test can_generate_simple_struct_with_a_comment::typescript ... FAILED
[INFO] [stdout] test can_generate_simple_struct_with_a_comment::go ... FAILED
[INFO] [stdout] test can_generate_slice_of_user_type::go ... FAILED
[INFO] [stdout] test can_generate_slice_of_user_type::kotlin ... FAILED
[INFO] [stdout] test can_generate_simple_struct_with_a_comment::scala ... FAILED
[INFO] [stdout] test can_generate_slice_of_user_type::scala ... FAILED
[INFO] [stdout] test can_generate_simple_enum::typescript ... FAILED
[INFO] [stdout] test can_generate_slice_of_user_type::typescript ... FAILED
[INFO] [stdout] test can_generate_slice_of_user_type::swift ... FAILED
[INFO] [stdout] test can_generate_struct_with_skipped_fields::go ... FAILED
[INFO] [stdout] test can_generate_struct_with_skipped_fields::kotlin ... FAILED
[INFO] [stdout] test can_generate_struct_with_skipped_fields::typescript ... FAILED
[INFO] [stdout] test can_generate_struct_with_skipped_fields::scala ... FAILED
[INFO] [stdout] test can_generate_struct_with_skipped_fields::swift ... FAILED
[INFO] [stdout] test can_generate_simple_struct_with_a_comment::swift ... FAILED
[INFO] [stdout] test can_generate_unit_structs::go ... FAILED
[INFO] [stdout] test can_generate_unit_structs::kotlin ... FAILED
[INFO] [stdout] test can_generate_unit_structs::scala ... FAILED
[INFO] [stdout] test can_generate_unit_structs::swift ... FAILED
[INFO] [stdout] test can_generate_unit_structs::typescript ... FAILED
[INFO] [stdout] test can_handle_anonymous_struct::go ... FAILED
[INFO] [stdout] test can_handle_anonymous_struct::kotlin ... FAILED
[INFO] [stdout] test can_handle_anonymous_struct::scala ... FAILED
[INFO] [stdout] test can_handle_anonymous_struct::swift ... FAILED
[INFO] [stdout] test can_handle_quote_in_serde_rename::kotlin ... FAILED
[INFO] [stdout] test can_handle_quote_in_serde_rename::scala ... FAILED
[INFO] [stdout] test can_handle_anonymous_struct::typescript ... FAILED
[INFO] [stdout] test can_handle_quote_in_serde_rename::go ... FAILED
[INFO] [stdout] test can_handle_quote_in_serde_rename::typescript ... FAILED
[INFO] [stdout] test can_handle_quote_in_serde_rename::swift ... FAILED
[INFO] [stdout] test can_handle_serde_rename::go ... FAILED
[INFO] [stdout] test can_handle_serde_rename::kotlin ... FAILED
[INFO] [stdout] test can_handle_serde_rename::scala ... FAILED
[INFO] [stdout] test can_handle_serde_rename::swift ... FAILED
[INFO] [stdout] test can_handle_serde_rename::typescript ... FAILED
[INFO] [stdout] test can_handle_serde_rename_all::go ... FAILED
[INFO] [stdout] test can_handle_serde_rename_all::scala ... FAILED
[INFO] [stdout] test can_handle_serde_rename_all::kotlin ... FAILED
[INFO] [stdout] test can_handle_serde_rename_all::swift ... FAILED
[INFO] [stdout] test can_handle_serde_rename_all::typescript ... FAILED
[INFO] [stdout] test can_handle_serde_rename_on_top_level::kotlin ... FAILED
[INFO] [stdout] test can_handle_serde_rename_on_top_level::go ... FAILED
[INFO] [stdout] test can_handle_serde_rename_on_top_level::typescript ... FAILED
[INFO] [stdout] test can_handle_unit_type::swift ... FAILED
[INFO] [stdout] test can_handle_unit_type::typescript ... FAILED
[INFO] [stdout] test can_handle_serde_rename_on_top_level::swift ... FAILED
[INFO] [stdout] test can_handle_serde_rename_on_top_level::scala ... FAILED
[INFO] [stdout] test can_override_types::scala ... FAILED
[INFO] [stdout] test can_override_types::swift ... FAILED
[INFO] [stdout] test can_override_types::go ... FAILED
[INFO] [stdout] test can_override_types::typescript ... FAILED
[INFO] [stdout] test can_recognize_types_inside_modules::go ... FAILED
[INFO] [stdout] test can_recognize_types_inside_modules::kotlin ... FAILED
[INFO] [stdout] test can_handle_unit_type::go ... FAILED
[INFO] [stdout] test can_handle_unit_type::scala ... FAILED
[INFO] [stdout] test can_override_types::kotlin ... FAILED
[INFO] [stdout] test can_recognize_types_inside_modules::scala ... FAILED
[INFO] [stdout] test can_handle_unit_type::kotlin ... FAILED
[INFO] [stdout] test const_enum_decorator::swift ... FAILED
[INFO] [stdout] test can_recognize_types_inside_modules::swift ... FAILED
[INFO] [stdout] test enum_is_properly_named_with_serde_overrides::go ... FAILED
[INFO] [stdout] test enum_is_properly_named_with_serde_overrides::swift ... FAILED
[INFO] [stdout] test can_recognize_types_inside_modules::typescript ... FAILED
[INFO] [stdout] test enum_is_properly_named_with_serde_overrides::typescript ... FAILED
[INFO] [stdout] test generate_types::go ... FAILED
[INFO] [stdout] test generate_types::kotlin ... FAILED
[INFO] [stdout] test enum_is_properly_named_with_serde_overrides::kotlin ... FAILED
[INFO] [stdout] test generate_types::scala ... FAILED
[INFO] [stdout] test generates_empty_structs_and_initializers::go ... FAILED
[INFO] [stdout] test enum_is_properly_named_with_serde_overrides::scala ... FAILED
[INFO] [stdout] test generates_empty_structs_and_initializers::kotlin ... FAILED
[INFO] [stdout] test generates_empty_structs_and_initializers::scala ... FAILED
[INFO] [stdout] test generates_empty_structs_and_initializers::typescript ... FAILED
[INFO] [stdout] test kebab_case_rename::go ... FAILED
[INFO] [stdout] test generate_types::swift ... FAILED
[INFO] [stdout] test kebab_case_rename::kotlin ... FAILED
[INFO] [stdout] test generate_types::typescript ... FAILED
[INFO] [stdout] test generate_types_with_keywords::swift ... FAILED
[INFO] [stdout] test generates_empty_structs_and_initializers::swift ... FAILED
[INFO] [stdout] test kebab_case_rename::scala ... FAILED
[INFO] [stdout] test kebab_case_rename::swift ... FAILED
[INFO] [stdout] test kebab_case_rename::typescript ... FAILED
[INFO] [stdout] test orders_types::go ... FAILED
[INFO] [stdout] test orders_types::swift ... FAILED
[INFO] [stdout] test orders_types::kotlin ... FAILED
[INFO] [stdout] test recursive_enum_decorator::kotlin ... FAILED
[INFO] [stdout] test recursive_enum_decorator::go ... FAILED
[INFO] [stdout] test recursive_enum_decorator::scala ... FAILED
[INFO] [stdout] test recursive_enum_decorator::typescript ... FAILED
[INFO] [stdout] test resolves_qualified_type::scala ... FAILED
[INFO] [stdout] test resolves_qualified_type::swift ... FAILED
[INFO] [stdout] test recursive_enum_decorator::swift ... FAILED
[INFO] [stdout] test resolves_qualified_type::kotlin ... FAILED
[INFO] [stdout] test resolves_qualified_type::go ... FAILED
[INFO] [stdout] test resolves_qualified_type::typescript ... FAILED
[INFO] [stdout] test serialize_anonymous_field_as::go ... FAILED
[INFO] [stdout] test serialize_anonymous_field_as::scala ... FAILED
[INFO] [stdout] test serialize_anonymous_field_as::swift ... FAILED
[INFO] [stdout] test serialize_anonymous_field_as::kotlin ... FAILED
[INFO] [stdout] test serialize_anonymous_field_as::typescript ... FAILED
[INFO] [stdout] test serialize_field_as::go ... FAILED
[INFO] [stdout] test serialize_field_as::kotlin ... FAILED
[INFO] [stdout] test serialize_field_as::scala ... FAILED
[INFO] [stdout] test serialize_field_as::swift ... FAILED
[INFO] [stdout] test serialize_field_as::typescript ... FAILED
[INFO] [stdout] test serialize_type_alias::go ... FAILED
[INFO] [stdout] test serialize_type_alias::kotlin ... FAILED
[INFO] [stdout] test serialize_type_alias::scala ... FAILED
[INFO] [stdout] test serialize_type_alias::swift ... FAILED
[INFO] [stdout] test serialize_type_alias::typescript ... FAILED
[INFO] [stdout] test smart_pointers::go ... FAILED
[INFO] [stdout] test smart_pointers::kotlin ... FAILED
[INFO] [stdout] test smart_pointers::scala ... FAILED
[INFO] [stdout] test smart_pointers::swift ... FAILED
[INFO] [stdout] test smart_pointers::typescript ... FAILED
[INFO] [stdout] test struct_decorator::swift ... FAILED
[INFO] [stdout] test test_algebraic_enum_case_name_support::go ... FAILED
[INFO] [stdout] test test_algebraic_enum_case_name_support::scala ... FAILED
[INFO] [stdout] test test_algebraic_enum_case_name_support::swift ... FAILED
[INFO] [stdout] test test_algebraic_enum_case_name_support::typescript ... FAILED
[INFO] [stdout] test test_generate_char::go ... FAILED
[INFO] [stdout] test test_generate_char::swift ... FAILED
[INFO] [stdout] test test_generate_char::scala ... FAILED
[INFO] [stdout] test test_generate_char::typescript ... FAILED
[INFO] [stdout] test test_i54_u53_type::go ... FAILED
[INFO] [stdout] test test_i54_u53_type::kotlin ... FAILED
[INFO] [stdout] test test_algebraic_enum_case_name_support::kotlin ... FAILED
[INFO] [stdout] test test_i54_u53_type::scala ... FAILED
[INFO] [stdout] test test_generate_char::kotlin ... FAILED
[INFO] [stdout] test test_default_decorators::swift ... FAILED
[INFO] [stdout] test test_default_generic_constraints::swift ... FAILED
[INFO] [stdout] test test_i54_u53_type::typescript ... FAILED
[INFO] [stdout] test test_i54_u53_type::swift ... FAILED
[INFO] [stdout] test test_optional_type_alias::kotlin ... FAILED
[INFO] [stdout] test test_optional_type_alias::go ... FAILED
[INFO] [stdout] test test_optional_type_alias::scala ... FAILED
[INFO] [stdout] test test_optional_type_alias::swift ... FAILED
[INFO] [stdout] test test_serde_default_struct::go ... FAILED
[INFO] [stdout] test test_optional_type_alias::typescript ... FAILED
[INFO] [stdout] test test_serde_default_struct::scala ... FAILED
[INFO] [stdout] test test_serde_default_struct::kotlin ... FAILED
[INFO] [stdout] test test_serde_default_struct::swift ... FAILED
[INFO] [stdout] test test_serde_iso8601::kotlin ... FAILED
[INFO] [stdout] test test_serde_iso8601::swift ... FAILED
[INFO] [stdout] test test_serde_iso8601::scala ... FAILED
[INFO] [stdout] test test_serde_iso8601::go ... FAILED
[INFO] [stdout] test test_serde_iso8601::typescript ... FAILED
[INFO] [stdout] test test_serde_url::swift ... FAILED
[INFO] [stdout] test test_serde_url::go ... FAILED
[INFO] [stdout] test test_serde_url::typescript ... FAILED
[INFO] [stdout] test test_serialized_as::swift ... FAILED
[INFO] [stdout] test test_serialized_as::typescript ... FAILED
[INFO] [stdout] test test_serde_url::kotlin ... FAILED
[INFO] [stdout] test test_serde_default_struct::typescript ... FAILED
[INFO] [stdout] test test_serialized_as::go ... FAILED
[INFO] [stdout] test test_serialized_as::kotlin ... FAILED
[INFO] [stdout] test test_serde_url::scala ... FAILED
[INFO] [stdout] test test_serialized_as_tuple::kotlin ... FAILED
[INFO] [stdout] test test_serialized_as::scala ... FAILED
[INFO] [stdout] test test_serialized_as_tuple::go ... FAILED
[INFO] [stdout] test test_serialized_as_tuple::scala ... FAILED
[INFO] [stdout] test test_serialized_as_tuple::swift ... FAILED
[INFO] [stdout] test test_serialized_as_tuple::typescript ... FAILED
[INFO] [stdout] test test_simple_enum_case_name_support::scala ... FAILED
[INFO] [stdout] test test_simple_enum_case_name_support::go ... FAILED
[INFO] [stdout] test test_simple_enum_case_name_support::swift ... FAILED
[INFO] [stdout] test test_simple_enum_case_name_support::typescript ... FAILED
[INFO] [stdout] test uppercase_go_acronyms::go ... FAILED
[INFO] [stdout] test test_type_alias::kotlin ... FAILED
[INFO] [stdout] test use_correct_decoded_variable_name::scala ... FAILED
[INFO] [stdout] test test_type_alias::swift ... FAILED
[INFO] [stdout] test test_type_alias::go ... FAILED
[INFO] [stdout] test use_correct_decoded_variable_name::swift ... FAILED
[INFO] [stdout] test test_type_alias::typescript ... FAILED
[INFO] [stdout] test use_correct_decoded_variable_name::typescript ... FAILED
[INFO] [stdout] test use_correct_integer_types::go ... FAILED
[INFO] [stdout] test test_simple_enum_case_name_support::kotlin ... FAILED
[INFO] [stdout] test test_type_alias::scala ... FAILED
[INFO] [stdout] test use_correct_decoded_variable_name::kotlin ... FAILED
[INFO] [stdout] test use_correct_integer_types::kotlin ... FAILED
[INFO] [stdout] test use_correct_integer_types::swift ... FAILED
[INFO] [stdout] test use_correct_integer_types::typescript ... FAILED
[INFO] [stdout] test use_correct_integer_types::scala ... FAILED
[INFO] [stdout] test use_correct_decoded_variable_name::go ... FAILED
[INFO] [stdout] 
[INFO] [stdout] failures:
[INFO] [stdout] 
[INFO] [stdout] ---- anonymous_struct_with_rename::kotlin stdout ----
[INFO] [stdout] Error: failed to open file at path /opt/rustwide/workdir/core/data/tests/anonymous_struct_with_rename/input.rs
[INFO] [stdout] 
[INFO] [stdout] Caused by:
[INFO] [stdout]     Read-only file system (os error 30)
[INFO] [stdout] 
[INFO] [stdout] ---- anonymous_struct_with_rename::typescript stdout ----
[INFO] [stdout] Error: failed to open file at path /opt/rustwide/workdir/core/data/tests/anonymous_struct_with_rename/input.rs
[INFO] [stdout] 
[INFO] [stdout] Caused by:
[INFO] [stdout]     Read-only file system (os error 30)
[INFO] [stdout] 
[INFO] [stdout] ---- can_apply_prefix_correctly::go stdout ----
[INFO] [stdout] Error: failed to open file at path /opt/rustwide/workdir/core/data/tests/can_apply_prefix_correctly/input.rs
[INFO] [stdout] 
[INFO] [stdout] Caused by:
[INFO] [stdout]     Read-only file system (os error 30)
[INFO] [stdout] 
[INFO] [stdout] ---- anonymous_struct_with_rename::swift stdout ----
[INFO] [stdout] Error: failed to open file at path /opt/rustwide/workdir/core/data/tests/anonymous_struct_with_rename/input.rs
[INFO] [stdout] 
[INFO] [stdout] Caused by:
[INFO] [stdout]     Read-only file system (os error 30)
[INFO] [stdout] 
[INFO] [stdout] ---- anonymous_struct_with_rename::scala stdout ----
[INFO] [stdout] Error: failed to open file at path /opt/rustwide/workdir/core/data/tests/anonymous_struct_with_rename/input.rs
[INFO] [stdout] 
[INFO] [stdout] Caused by:
[INFO] [stdout]     Read-only file system (os error 30)
[INFO] [stdout] 
[INFO] [stdout] ---- algebraic_enum_decorator::swift stdout ----
[INFO] [stdout] Error: failed to open file at path /opt/rustwide/workdir/core/data/tests/algebraic_enum_decorator/input.rs
[INFO] [stdout] 
[INFO] [stdout] Caused by:
[INFO] [stdout]     Read-only file system (os error 30)
[INFO] [stdout] 
[INFO] [stdout] ---- anonymous_struct_with_rename::go stdout ----
[INFO] [stdout] Error: failed to open file at path /opt/rustwide/workdir/core/data/tests/anonymous_struct_with_rename/input.rs
[INFO] [stdout] 
[INFO] [stdout] Caused by:
[INFO] [stdout]     Read-only file system (os error 30)
[INFO] [stdout] 
[INFO] [stdout] ---- can_apply_prefix_correctly::kotlin stdout ----
[INFO] [stdout] Error: failed to open file at path /opt/rustwide/workdir/core/data/tests/can_apply_prefix_correctly/input.rs
[INFO] [stdout] 
[INFO] [stdout] Caused by:
[INFO] [stdout]     Read-only file system (os error 30)
[INFO] [stdout] 
[INFO] [stdout] ---- can_apply_prefix_correctly::scala stdout ----
[INFO] [stdout] Error: failed to open file at path /opt/rustwide/workdir/core/data/tests/can_apply_prefix_correctly/input.rs
[INFO] [stdout] 
[INFO] [stdout] Caused by:
[INFO] [stdout]     Read-only file system (os error 30)
[INFO] [stdout] 
[INFO] [stdout] ---- can_apply_prefix_correctly::swift stdout ----
[INFO] [stdout] Error: failed to open file at path /opt/rustwide/workdir/core/data/tests/can_apply_prefix_correctly/input.rs
[INFO] [stdout] 
[INFO] [stdout] Caused by:
[INFO] [stdout]     Read-only file system (os error 30)
[INFO] [stdout] 
[INFO] [stdout] ---- can_apply_prefix_correctly::typescript stdout ----
[INFO] [stdout] Error: failed to open file at path /opt/rustwide/workdir/core/data/tests/can_apply_prefix_correctly/input.rs
[INFO] [stdout] 
[INFO] [stdout] Caused by:
[INFO] [stdout]     Read-only file system (os error 30)
[INFO] [stdout] 
[INFO] [stdout] ---- can_generate_algebraic_enum::go stdout ----
[INFO] [stdout] Error: failed to open file at path /opt/rustwide/workdir/core/data/tests/can_generate_algebraic_enum/input.rs
[INFO] [stdout] 
[INFO] [stdout] Caused by:
[INFO] [stdout]     Read-only file system (os error 30)
[INFO] [stdout] 
[INFO] [stdout] ---- can_generate_algebraic_enum::kotlin stdout ----
[INFO] [stdout] Error: failed to open file at path /opt/rustwide/workdir/core/data/tests/can_generate_algebraic_enum/input.rs
[INFO] [stdout] 
[INFO] [stdout] Caused by:
[INFO] [stdout]     Read-only file system (os error 30)
[INFO] [stdout] 
[INFO] [stdout] ---- can_generate_algebraic_enum::scala stdout ----
[INFO] [stdout] Error: failed to open file at path /opt/rustwide/workdir/core/data/tests/can_generate_algebraic_enum/input.rs
[INFO] [stdout] 
[INFO] [stdout] Caused by:
[INFO] [stdout]     Read-only file system (os error 30)
[INFO] [stdout] 
[INFO] [stdout] ---- can_generate_algebraic_enum::swift stdout ----
[INFO] [stdout] Error: failed to open file at path /opt/rustwide/workdir/core/data/tests/can_generate_algebraic_enum/input.rs
[INFO] [stdout] 
[INFO] [stdout] Caused by:
[INFO] [stdout]     Read-only file system (os error 30)
[INFO] [stdout] 
[INFO] [stdout] ---- can_generate_algebraic_enum::typescript stdout ----
[INFO] [stdout] Error: failed to open file at path /opt/rustwide/workdir/core/data/tests/can_generate_algebraic_enum/input.rs
[INFO] [stdout] 
[INFO] [stdout] Caused by:
[INFO] [stdout]     Read-only file system (os error 30)
[INFO] [stdout] 
[INFO] [stdout] ---- can_generate_algebraic_enum_with_skipped_variants::go stdout ----
[INFO] [stdout] Error: failed to open file at path /opt/rustwide/workdir/core/data/tests/can_generate_algebraic_enum_with_skipped_variants/input.rs
[INFO] [stdout] 
[INFO] [stdout] Caused by:
[INFO] [stdout]     Read-only file system (os error 30)
[INFO] [stdout] 
[INFO] [stdout] ---- can_generate_algebraic_enum_with_skipped_variants::kotlin stdout ----
[INFO] [stdout] Error: failed to open file at path /opt/rustwide/workdir/core/data/tests/can_generate_algebraic_enum_with_skipped_variants/input.rs
[INFO] [stdout] 
[INFO] [stdout] Caused by:
[INFO] [stdout]     Read-only file system (os error 30)
[INFO] [stdout] 
[INFO] [stdout] ---- can_generate_algebraic_enum_with_skipped_variants::swift stdout ----
[INFO] [stdout] Error: failed to open file at path /opt/rustwide/workdir/core/data/tests/can_generate_algebraic_enum_with_skipped_variants/input.rs
[INFO] [stdout] 
[INFO] [stdout] Caused by:
[INFO] [stdout]     Read-only file system (os error 30)
[INFO] [stdout] 
[INFO] [stdout] ---- can_generate_algebraic_enum_with_skipped_variants::typescript stdout ----
[INFO] [stdout] Error: failed to open file at path /opt/rustwide/workdir/core/data/tests/can_generate_algebraic_enum_with_skipped_variants/input.rs
[INFO] [stdout] 
[INFO] [stdout] Caused by:
[INFO] [stdout]     Read-only file system (os error 30)
[INFO] [stdout] 
[INFO] [stdout] ---- can_generate_algebraic_enum_with_skipped_variants::scala stdout ----
[INFO] [stdout] Error: failed to open file at path /opt/rustwide/workdir/core/data/tests/can_generate_algebraic_enum_with_skipped_variants/input.rs
[INFO] [stdout] 
[INFO] [stdout] Caused by:
[INFO] [stdout]     Read-only file system (os error 30)
[INFO] [stdout] 
[INFO] [stdout] ---- can_generate_bare_string_enum::kotlin stdout ----
[INFO] [stdout] Error: failed to open file at path /opt/rustwide/workdir/core/data/tests/can_generate_bare_string_enum/input.rs
[INFO] [stdout] 
[INFO] [stdout] Caused by:
[INFO] [stdout]     Read-only file system (os error 30)
[INFO] [stdout] 
[INFO] [stdout] ---- can_generate_bare_string_enum::scala stdout ----
[INFO] [stdout] Error: failed to open file at path /opt/rustwide/workdir/core/data/tests/can_generate_bare_string_enum/input.rs
[INFO] [stdout] 
[INFO] [stdout] Caused by:
[INFO] [stdout]     Read-only file system (os error 30)
[INFO] [stdout] 
[INFO] [stdout] ---- can_generate_bare_string_enum::go stdout ----
[INFO] [stdout] Error: failed to open file at path /opt/rustwide/workdir/core/data/tests/can_generate_bare_string_enum/input.rs
[INFO] [stdout] 
[INFO] [stdout] Caused by:
[INFO] [stdout]     Read-only file system (os error 30)
[INFO] [stdout] 
[INFO] [stdout] ---- can_generate_double_option_pattern::typescript stdout ----
[INFO] [stdout] Error: failed to open file at path /opt/rustwide/workdir/core/data/tests/can_generate_double_option_pattern/input.rs
[INFO] [stdout] 
[INFO] [stdout] Caused by:
[INFO] [stdout]     Read-only file system (os error 30)
[INFO] [stdout] 
[INFO] [stdout] ---- can_generate_bare_string_enum::swift stdout ----
[INFO] [stdout] Error: failed to open file at path /opt/rustwide/workdir/core/data/tests/can_generate_bare_string_enum/input.rs
[INFO] [stdout] 
[INFO] [stdout] Caused by:
[INFO] [stdout]     Read-only file system (os error 30)
[INFO] [stdout] 
[INFO] [stdout] ---- can_generate_empty_algebraic_enum::go stdout ----
[INFO] [stdout] Error: failed to open file at path /opt/rustwide/workdir/core/data/tests/can_generate_empty_algebraic_enum/input.rs
[INFO] [stdout] 
[INFO] [stdout] Caused by:
[INFO] [stdout]     Read-only file system (os error 30)
[INFO] [stdout] 
[INFO] [stdout] ---- can_generate_empty_algebraic_enum::kotlin stdout ----
[INFO] [stdout] Error: failed to open file at path /opt/rustwide/workdir/core/data/tests/can_generate_empty_algebraic_enum/input.rs
[INFO] [stdout] 
[INFO] [stdout] Caused by:
[INFO] [stdout]     Read-only file system (os error 30)
[INFO] [stdout] 
[INFO] [stdout] ---- can_generate_empty_algebraic_enum::swift stdout ----
[INFO] [stdout] Error: failed to open file at path /opt/rustwide/workdir/core/data/tests/can_generate_empty_algebraic_enum/input.rs
[INFO] [stdout] 
[INFO] [stdout] Caused by:
[INFO] [stdout]     Read-only file system (os error 30)
[INFO] [stdout] 
[INFO] [stdout] ---- can_generate_empty_algebraic_enum::typescript stdout ----
[INFO] [stdout] Error: failed to open file at path /opt/rustwide/workdir/core/data/tests/can_generate_empty_algebraic_enum/input.rs
[INFO] [stdout] 
[INFO] [stdout] Caused by:
[INFO] [stdout]     Read-only file system (os error 30)
[INFO] [stdout] 
[INFO] [stdout] ---- can_generate_bare_string_enum::typescript stdout ----
[INFO] [stdout] Error: failed to open file at path /opt/rustwide/workdir/core/data/tests/can_generate_bare_string_enum/input.rs
[INFO] [stdout] 
[INFO] [stdout] Caused by:
[INFO] [stdout]     Read-only file system (os error 30)
[INFO] [stdout] 
[INFO] [stdout] ---- can_generate_generic_enum::scala stdout ----
[INFO] [stdout] Error: failed to open file at path /opt/rustwide/workdir/core/data/tests/can_generate_generic_enum/input.rs
[INFO] [stdout] 
[INFO] [stdout] Caused by:
[INFO] [stdout]     Read-only file system (os error 30)
[INFO] [stdout] 
[INFO] [stdout] ---- can_generate_generic_enum::kotlin stdout ----
[INFO] [stdout] Error: failed to open file at path /opt/rustwide/workdir/core/data/tests/can_generate_generic_enum/input.rs
[INFO] [stdout] 
[INFO] [stdout] Caused by:
[INFO] [stdout]     Read-only file system (os error 30)
[INFO] [stdout] 
[INFO] [stdout] ---- can_generate_generic_enum::swift stdout ----
[INFO] [stdout] Error: failed to open file at path /opt/rustwide/workdir/core/data/tests/can_generate_generic_enum/input.rs
[INFO] [stdout] 
[INFO] [stdout] Caused by:
[INFO] [stdout]     Read-only file system (os error 30)
[INFO] [stdout] 
[INFO] [stdout] ---- can_generate_generic_struct::scala stdout ----
[INFO] [stdout] Error: failed to open file at path /opt/rustwide/workdir/core/data/tests/can_generate_generic_struct/input.rs
[INFO] [stdout] 
[INFO] [stdout] Caused by:
[INFO] [stdout]     Read-only file system (os error 30)
[INFO] [stdout] 
[INFO] [stdout] ---- can_generate_generic_enum::typescript stdout ----
[INFO] [stdout] Error: failed to open file at path /opt/rustwide/workdir/core/data/tests/can_generate_generic_enum/input.rs
[INFO] [stdout] 
[INFO] [stdout] Caused by:
[INFO] [stdout]     Read-only file system (os error 30)
[INFO] [stdout] 
[INFO] [stdout] ---- can_generate_generic_struct::swift stdout ----
[INFO] [stdout] Error: failed to open file at path /opt/rustwide/workdir/core/data/tests/can_generate_generic_struct/input.rs
[INFO] [stdout] 
[INFO] [stdout] Caused by:
[INFO] [stdout]     Read-only file system (os error 30)
[INFO] [stdout] 
[INFO] [stdout] ---- can_generate_generic_struct::typescript stdout ----
[INFO] [stdout] Error: failed to open file at path /opt/rustwide/workdir/core/data/tests/can_generate_generic_struct/input.rs
[INFO] [stdout] 
[INFO] [stdout] Caused by:
[INFO] [stdout]     Read-only file system (os error 30)
[INFO] [stdout] 
[INFO] [stdout] ---- can_generate_generic_type_alias::kotlin stdout ----
[INFO] [stdout] Error: failed to open file at path /opt/rustwide/workdir/core/data/tests/can_generate_generic_type_alias/input.rs
[INFO] [stdout] 
[INFO] [stdout] Caused by:
[INFO] [stdout]     Read-only file system (os error 30)
[INFO] [stdout] 
[INFO] [stdout] ---- can_generate_generic_type_alias::scala stdout ----
[INFO] [stdout] Error: failed to open file at path /opt/rustwide/workdir/core/data/tests/can_generate_generic_type_alias/input.rs
[INFO] [stdout] 
[INFO] [stdout] Caused by:
[INFO] [stdout]     Read-only file system (os error 30)
[INFO] [stdout] 
[INFO] [stdout] ---- can_generate_generic_type_alias::swift stdout ----
[INFO] [stdout] Error: failed to open file at path /opt/rustwide/workdir/core/data/tests/can_generate_generic_type_alias/input.rs
[INFO] [stdout] 
[INFO] [stdout] Caused by:
[INFO] [stdout]     Read-only file system (os error 30)
[INFO] [stdout] 
[INFO] [stdout] ---- can_generate_empty_algebraic_enum::scala stdout ----
[INFO] [stdout] Error: failed to open file at path /opt/rustwide/workdir/core/data/tests/can_generate_empty_algebraic_enum/input.rs
[INFO] [stdout] 
[INFO] [stdout] Caused by:
[INFO] [stdout]     Read-only file system (os error 30)
[INFO] [stdout] 
[INFO] [stdout] ---- can_generate_generic_type_alias::typescript stdout ----
[INFO] [stdout] Error: failed to open file at path /opt/rustwide/workdir/core/data/tests/can_generate_generic_type_alias/input.rs
[INFO] [stdout] 
[INFO] [stdout] Caused by:
[INFO] [stdout]     Read-only file system (os error 30)
[INFO] [stdout] 
[INFO] [stdout] ---- can_generate_readonly_fields::typescript stdout ----
[INFO] [stdout] Error: failed to open file at path /opt/rustwide/workdir/core/data/tests/can_generate_readonly_fields/input.rs
[INFO] [stdout] 
[INFO] [stdout] Caused by:
[INFO] [stdout]     Read-only file system (os error 30)
[INFO] [stdout] 
[INFO] [stdout] ---- can_generate_generic_struct::kotlin stdout ----
[INFO] [stdout] Error: failed to open file at path /opt/rustwide/workdir/core/data/tests/can_generate_generic_struct/input.rs
[INFO] [stdout] 
[INFO] [stdout] Caused by:
[INFO] [stdout]     Read-only file system (os error 30)
[INFO] [stdout] 
[INFO] [stdout] ---- can_generate_simple_enum::scala stdout ----
[INFO] [stdout] Error: failed to open file at path /opt/rustwide/workdir/core/data/tests/can_generate_simple_enum/input.rs
[INFO] [stdout] 
[INFO] [stdout] Caused by:
[INFO] [stdout]     Read-only file system (os error 30)
[INFO] [stdout] 
[INFO] [stdout] ---- can_generate_simple_enum::kotlin stdout ----
[INFO] [stdout] Error: failed to open file at path /opt/rustwide/workdir/core/data/tests/can_generate_simple_enum/input.rs
[INFO] [stdout] 
[INFO] [stdout] Caused by:
[INFO] [stdout]     Read-only file system (os error 30)
[INFO] [stdout] 
[INFO] [stdout] ---- can_generate_simple_enum::go stdout ----
[INFO] [stdout] Error: failed to open file at path /opt/rustwide/workdir/core/data/tests/can_generate_simple_enum/input.rs
[INFO] [stdout] 
[INFO] [stdout] Caused by:
[INFO] [stdout]     Read-only file system (os error 30)
[INFO] [stdout] 
[INFO] [stdout] ---- can_generate_simple_enum::swift stdout ----
[INFO] [stdout] Error: failed to open file at path /opt/rustwide/workdir/core/data/tests/can_generate_simple_enum/input.rs
[INFO] [stdout] 
[INFO] [stdout] Caused by:
[INFO] [stdout]     Read-only file system (os error 30)
[INFO] [stdout] 
[INFO] [stdout] ---- can_generate_simple_struct_with_a_comment::kotlin stdout ----
[INFO] [stdout] Error: failed to open file at path /opt/rustwide/workdir/core/data/tests/can_generate_simple_struct_with_a_comment/input.rs
[INFO] [stdout] 
[INFO] [stdout] Caused by:
[INFO] [stdout]     Read-only file system (os error 30)
[INFO] [stdout] 
[INFO] [stdout] ---- can_generate_simple_struct_with_a_comment::typescript stdout ----
[INFO] [stdout] Error: failed to open file at path /opt/rustwide/workdir/core/data/tests/can_generate_simple_struct_with_a_comment/input.rs
[INFO] [stdout] 
[INFO] [stdout] Caused by:
[INFO] [stdout]     Read-only file system (os error 30)
[INFO] [stdout] 
[INFO] [stdout] ---- can_generate_simple_struct_with_a_comment::go stdout ----
[INFO] [stdout] Error: failed to open file at path /opt/rustwide/workdir/core/data/tests/can_generate_simple_struct_with_a_comment/input.rs
[INFO] [stdout] 
[INFO] [stdout] Caused by:
[INFO] [stdout]     Read-only file system (os error 30)
[INFO] [stdout] 
[INFO] [stdout] ---- can_generate_slice_of_user_type::go stdout ----
[INFO] [stdout] Error: failed to open file at path /opt/rustwide/workdir/core/data/tests/can_generate_slice_of_user_type/input.rs
[INFO] [stdout] 
[INFO] [stdout] Caused by:
[INFO] [stdout]     Read-only file system (os error 30)
[INFO] [stdout] 
[INFO] [stdout] ---- can_generate_slice_of_user_type::kotlin stdout ----
[INFO] [stdout] Error: failed to open file at path /opt/rustwide/workdir/core/data/tests/can_generate_slice_of_user_type/input.rs
[INFO] [stdout] 
[INFO] [stdout] Caused by:
[INFO] [stdout]     Read-only file system (os error 30)
[INFO] [stdout] 
[INFO] [stdout] ---- can_generate_simple_struct_with_a_comment::scala stdout ----
[INFO] [stdout] Error: failed to open file at path /opt/rustwide/workdir/core/data/tests/can_generate_simple_struct_with_a_comment/input.rs
[INFO] [stdout] 
[INFO] [stdout] Caused by:
[INFO] [stdout]     Read-only file system (os error 30)
[INFO] [stdout] 
[INFO] [stdout] ---- can_generate_slice_of_user_type::scala stdout ----
[INFO] [stdout] Error: failed to open file at path /opt/rustwide/workdir/core/data/tests/can_generate_slice_of_user_type/input.rs
[INFO] [stdout] 
[INFO] [stdout] Caused by:
[INFO] [stdout]     Read-only file system (os error 30)
[INFO] [stdout] 
[INFO] [stdout] ---- can_generate_simple_enum::typescript stdout ----
[INFO] [stdout] Error: failed to open file at path /opt/rustwide/workdir/core/data/tests/can_generate_simple_enum/input.rs
[INFO] [stdout] 
[INFO] [stdout] Caused by:
[INFO] [stdout]     Read-only file system (os error 30)
[INFO] [stdout] 
[INFO] [stdout] ---- can_generate_slice_of_user_type::typescript stdout ----
[INFO] [stdout] Error: failed to open file at path /opt/rustwide/workdir/core/data/tests/can_generate_slice_of_user_type/input.rs
[INFO] [stdout] 
[INFO] [stdout] Caused by:
[INFO] [stdout]     Read-only file system (os error 30)
[INFO] [stdout] 
[INFO] [stdout] ---- can_generate_slice_of_user_type::swift stdout ----
[INFO] [stdout] Error: failed to open file at path /opt/rustwide/workdir/core/data/tests/can_generate_slice_of_user_type/input.rs
[INFO] [stdout] 
[INFO] [stdout] Caused by:
[INFO] [stdout]     Read-only file system (os error 30)
[INFO] [stdout] 
[INFO] [stdout] ---- can_generate_struct_with_skipped_fields::go stdout ----
[INFO] [stdout] Error: failed to open file at path /opt/rustwide/workdir/core/data/tests/can_generate_struct_with_skipped_fields/input.rs
[INFO] [stderr] error: test failed, to rerun pass `-p typeshare-core --test snapshot_tests`
[INFO] [stdout] 
[INFO] [stdout] Caused by:
[INFO] [stdout]     Read-only file system (os error 30)
[INFO] [stdout] 
[INFO] [stdout] ---- can_generate_struct_with_skipped_fields::kotlin stdout ----
[INFO] [stdout] Error: failed to open file at path /opt/rustwide/workdir/core/data/tests/can_generate_struct_with_skipped_fields/input.rs
[INFO] [stdout] 
[INFO] [stdout] Caused by:
[INFO] [stdout]     Read-only file system (os error 30)
[INFO] [stdout] 
[INFO] [stdout] ---- can_generate_struct_with_skipped_fields::typescript stdout ----
[INFO] [stdout] Error: failed to open file at path /opt/rustwide/workdir/core/data/tests/can_generate_struct_with_skipped_fields/input.rs
[INFO] [stdout] 
[INFO] [stdout] Caused by:
[INFO] [stdout]     Read-only file system (os error 30)
[INFO] [stdout] 
[INFO] [stdout] ---- can_generate_struct_with_skipped_fields::scala stdout ----
[INFO] [stdout] Error: failed to open file at path /opt/rustwide/workdir/core/data/tests/can_generate_struct_with_skipped_fields/input.rs
[INFO] [stdout] 
[INFO] [stdout] Caused by:
[INFO] [stdout]     Read-only file system (os error 30)
[INFO] [stdout] 
[INFO] [stdout] ---- can_generate_struct_with_skipped_fields::swift stdout ----
[INFO] [stdout] Error: failed to open file at path /opt/rustwide/workdir/core/data/tests/can_generate_struct_with_skipped_fields/input.rs
[INFO] [stdout] 
[INFO] [stdout] Caused by:
[INFO] [stdout]     Read-only file system (os error 30)
[INFO] [stdout] 
[INFO] [stdout] ---- can_generate_simple_struct_with_a_comment::swift stdout ----
[INFO] [stdout] Error: failed to open file at path /opt/rustwide/workdir/core/data/tests/can_generate_simple_struct_with_a_comment/input.rs
[INFO] [stdout] 
[INFO] [stdout] Caused by:
[INFO] [stdout]     Read-only file system (os error 30)
[INFO] [stdout] 
[INFO] [stdout] ---- can_generate_unit_structs::go stdout ----
[INFO] [stdout] Error: failed to open file at path /opt/rustwide/workdir/core/data/tests/can_generate_unit_structs/input.rs
[INFO] [stdout] 
[INFO] [stdout] Caused by:
[INFO] [stdout]     Read-only file system (os error 30)
[INFO] [stdout] 
[INFO] [stdout] ---- can_generate_unit_structs::kotlin stdout ----
[INFO] [stdout] Error: failed to open file at path /opt/rustwide/workdir/core/data/tests/can_generate_unit_structs/input.rs
[INFO] [stdout] 
[INFO] [stdout] Caused by:
[INFO] [stdout]     Read-only file system (os error 30)
[INFO] [stdout] 
[INFO] [stdout] ---- can_generate_unit_structs::scala stdout ----
[INFO] [stdout] Error: failed to open file at path /opt/rustwide/workdir/core/data/tests/can_generate_unit_structs/input.rs
[INFO] [stdout] 
[INFO] [stdout] Caused by:
[INFO] [stdout]     Read-only file system (os error 30)
[INFO] [stdout] 
[INFO] [stdout] ---- can_generate_unit_structs::swift stdout ----
[INFO] [stdout] Error: failed to open file at path /opt/rustwide/workdir/core/data/tests/can_generate_unit_structs/input.rs
[INFO] [stdout] 
[INFO] [stdout] Caused by:
[INFO] [stdout]     Read-only file system (os error 30)
[INFO] [stdout] 
[INFO] [stdout] ---- can_generate_unit_structs::typescript stdout ----
[INFO] [stdout] Error: failed to open file at path /opt/rustwide/workdir/core/data/tests/can_generate_unit_structs/input.rs
[INFO] [stdout] 
[INFO] [stdout] Caused by:
[INFO] [stdout]     Read-only file system (os error 30)
[INFO] [stdout] 
[INFO] [stdout] ---- can_handle_anonymous_struct::go stdout ----
[INFO] [stdout] Error: failed to open file at path /opt/rustwide/workdir/core/data/tests/can_handle_anonymous_struct/input.rs
[INFO] [stdout] 
[INFO] [stdout] Caused by:
[INFO] [stdout]     Read-only file system (os error 30)
[INFO] [stdout] 
[INFO] [stdout] ---- can_handle_anonymous_struct::kotlin stdout ----
[INFO] [stdout] Error: failed to open file at path /opt/rustwide/workdir/core/data/tests/can_handle_anonymous_struct/input.rs
[INFO] [stdout] 
[INFO] [stdout] Caused by:
[INFO] [stdout]     Read-only file system (os error 30)
[INFO] [stdout] 
[INFO] [stdout] ---- can_handle_anonymous_struct::scala stdout ----
[INFO] [stdout] Error: failed to open file at path /opt/rustwide/workdir/core/data/tests/can_handle_anonymous_struct/input.rs
[INFO] [stdout] 
[INFO] [stdout] Caused by:
[INFO] [stdout]     Read-only file system (os error 30)
[INFO] [stdout] 
[INFO] [stdout] ---- can_handle_anonymous_struct::swift stdout ----
[INFO] [stdout] Error: failed to open file at path /opt/rustwide/workdir/core/data/tests/can_handle_anonymous_struct/input.rs
[INFO] [stdout] 
[INFO] [stdout] Caused by:
[INFO] [stdout]     Read-only file system (os error 30)
[INFO] [stdout] 
[INFO] [stdout] ---- can_handle_quote_in_serde_rename::kotlin stdout ----
[INFO] [stdout] Error: failed to open file at path /opt/rustwide/workdir/core/data/tests/can_handle_quote_in_serde_rename/input.rs
[INFO] [stdout] 
[INFO] [stdout] Caused by:
[INFO] [stdout]     Read-only file system (os error 30)
[INFO] [stdout] 
[INFO] [stdout] ---- can_handle_quote_in_serde_rename::scala stdout ----
[INFO] [stdout] Error: failed to open file at path /opt/rustwide/workdir/core/data/tests/can_handle_quote_in_serde_rename/input.rs
[INFO] [stdout] 
[INFO] [stdout] Caused by:
[INFO] [stdout]     Read-only file system (os error 30)
[INFO] [stdout] 
[INFO] [stdout] ---- can_handle_anonymous_struct::typescript stdout ----
[INFO] [stdout] Error: failed to open file at path /opt/rustwide/workdir/core/data/tests/can_handle_anonymous_struct/input.rs
[INFO] [stdout] 
[INFO] [stdout] Caused by:
[INFO] [stdout]     Read-only file system (os error 30)
[INFO] [stdout] 
[INFO] [stdout] ---- can_handle_quote_in_serde_rename::go stdout ----
[INFO] [stdout] Error: failed to open file at path /opt/rustwide/workdir/core/data/tests/can_handle_quote_in_serde_rename/input.rs
[INFO] [stdout] 
[INFO] [stdout] Caused by:
[INFO] [stdout]     Read-only file system (os error 30)
[INFO] [stdout] 
[INFO] [stdout] ---- can_handle_quote_in_serde_rename::typescript stdout ----
[INFO] [stdout] Error: failed to open file at path /opt/rustwide/workdir/core/data/tests/can_handle_quote_in_serde_rename/input.rs
[INFO] [stdout] 
[INFO] [stdout] Caused by:
[INFO] [stdout]     Read-only file system (os error 30)
[INFO] [stdout] 
[INFO] [stdout] ---- can_handle_quote_in_serde_rename::swift stdout ----
[INFO] [stdout] Error: failed to open file at path /opt/rustwide/workdir/core/data/tests/can_handle_quote_in_serde_rename/input.rs
[INFO] [stdout] 
[INFO] [stdout] Caused by:
[INFO] [stdout]     Read-only file system (os error 30)
[INFO] [stdout] 
[INFO] [stdout] ---- can_handle_serde_rename::go stdout ----
[INFO] [stdout] Error: failed to open file at path /opt/rustwide/workdir/core/data/tests/can_handle_serde_rename/input.rs
[INFO] [stdout] 
[INFO] [stdout] Caused by:
[INFO] [stdout]     Read-only file system (os error 30)
[INFO] [stdout] 
[INFO] [stdout] ---- can_handle_serde_rename::kotlin stdout ----
[INFO] [stdout] Error: failed to open file at path /opt/rustwide/workdir/core/data/tests/can_handle_serde_rename/input.rs
[INFO] [stdout] 
[INFO] [stdout] Caused by:
[INFO] [stdout]     Read-only file system (os error 30)
[INFO] [stdout] 
[INFO] [stdout] ---- can_handle_serde_rename::scala stdout ----
[INFO] [stdout] Error: failed to open file at path /opt/rustwide/workdir/core/data/tests/can_handle_serde_rename/input.rs
[INFO] [stdout] 
[INFO] [stdout] Caused by:
[INFO] [stdout]     Read-only file system (os error 30)
[INFO] [stdout] 
[INFO] [stdout] ---- can_handle_serde_rename::swift stdout ----
[INFO] [stdout] Error: failed to open file at path /opt/rustwide/workdir/core/data/tests/can_handle_serde_rename/input.rs
[INFO] [stdout] 
[INFO] [stdout] Caused by:
[INFO] [stdout]     Read-only file system (os error 30)
[INFO] [stdout] 
[INFO] [stdout] ---- can_handle_serde_rename::typescript stdout ----
[INFO] [stdout] Error: failed to open file at path /opt/rustwide/workdir/core/data/tests/can_handle_serde_rename/input.rs
[INFO] [stdout] 
[INFO] [stdout] Caused by:
[INFO] [stdout]     Read-only file system (os error 30)
[INFO] [stdout] 
[INFO] [stdout] ---- can_handle_serde_rename_all::go stdout ----
[INFO] [stdout] Error: failed to open file at path /opt/rustwide/workdir/core/data/tests/can_handle_serde_rename_all/input.rs
[INFO] [stdout] 
[INFO] [stdout] Caused by:
[INFO] [stdout]     Read-only file system (os error 30)
[INFO] [stdout] 
[INFO] [stdout] ---- can_handle_serde_rename_all::scala stdout ----
[INFO] [stdout] Error: failed to open file at path /opt/rustwide/workdir/core/data/tests/can_handle_serde_rename_all/input.rs
[INFO] [stdout] 
[INFO] [stdout] Caused by:
[INFO] [stdout]     Read-only file system (os error 30)
[INFO] [stdout] 
[INFO] [stdout] ---- can_handle_serde_rename_all::kotlin stdout ----
[INFO] [stdout] Error: failed to open file at path /opt/rustwide/workdir/core/data/tests/can_handle_serde_rename_all/input.rs
[INFO] [stdout] 
[INFO] [stdout] Caused by:
[INFO] [stdout]     Read-only file system (os error 30)
[INFO] [stdout] 
[INFO] [stdout] ---- can_handle_serde_rename_all::swift stdout ----
[INFO] [stdout] Error: failed to open file at path /opt/rustwide/workdir/core/data/tests/can_handle_serde_rename_all/input.rs
[INFO] [stdout] 
[INFO] [stdout] Caused by:
[INFO] [stdout]     Read-only file system (os error 30)
[INFO] [stdout] 
[INFO] [stdout] ---- can_handle_serde_rename_all::typescript stdout ----
[INFO] [stdout] Error: failed to open file at path /opt/rustwide/workdir/core/data/tests/can_handle_serde_rename_all/input.rs
[INFO] [stdout] 
[INFO] [stdout] Caused by:
[INFO] [stdout]     Read-only file system (os error 30)
[INFO] [stdout] 
[INFO] [stdout] ---- can_handle_serde_rename_on_top_level::kotlin stdout ----
[INFO] [stdout] Error: failed to open file at path /opt/rustwide/workdir/core/data/tests/can_handle_serde_rename_on_top_level/input.rs
[INFO] [stdout] 
[INFO] [stdout] Caused by:
[INFO] [stdout]     Read-only file system (os error 30)
[INFO] [stdout] 
[INFO] [stdout] ---- can_handle_serde_rename_on_top_level::go stdout ----
[INFO] [stdout] Error: failed to open file at path /opt/rustwide/workdir/core/data/tests/can_handle_serde_rename_on_top_level/input.rs
[INFO] [stdout] 
[INFO] [stdout] Caused by:
[INFO] [stdout]     Read-only file system (os error 30)
[INFO] [stdout] 
[INFO] [stdout] ---- can_handle_serde_rename_on_top_level::typescript stdout ----
[INFO] [stdout] Error: failed to open file at path /opt/rustwide/workdir/core/data/tests/can_handle_serde_rename_on_top_level/input.rs
[INFO] [stdout] 
[INFO] [stdout] Caused by:
[INFO] [stdout]     Read-only file system (os error 30)
[INFO] [stdout] 
[INFO] [stdout] ---- can_handle_unit_type::swift stdout ----
[INFO] [stdout] Error: failed to open file at path /opt/rustwide/workdir/core/data/tests/can_handle_unit_type/input.rs
[INFO] [stdout] 
[INFO] [stdout] Caused by:
[INFO] [stdout]     Read-only file system (os error 30)
[INFO] [stdout] 
[INFO] [stdout] ---- can_handle_unit_type::typescript stdout ----
[INFO] [stdout] Error: failed to open file at path /opt/rustwide/workdir/core/data/tests/can_handle_unit_type/input.rs
[INFO] [stdout] 
[INFO] [stdout] Caused by:
[INFO] [stdout]     Read-only file system (os error 30)
[INFO] [stdout] 
[INFO] [stdout] ---- can_handle_serde_rename_on_top_level::swift stdout ----
[INFO] [stdout] Error: failed to open file at path /opt/rustwide/workdir/core/data/tests/can_handle_serde_rename_on_top_level/input.rs
[INFO] [stdout] 
[INFO] [stdout] Caused by:
[INFO] [stdout]     Read-only file system (os error 30)
[INFO] [stdout] 
[INFO] [stdout] ---- can_handle_serde_rename_on_top_level::scala stdout ----
[INFO] [stdout] Error: failed to open file at path /opt/rustwide/workdir/core/data/tests/can_handle_serde_rename_on_top_level/input.rs
[INFO] [stdout] 
[INFO] [stdout] Caused by:
[INFO] [stdout]     Read-only file system (os error 30)
[INFO] [stdout] 
[INFO] [stdout] ---- can_override_types::scala stdout ----
[INFO] [stdout] Error: failed to open file at path /opt/rustwide/workdir/core/data/tests/can_override_types/input.rs
[INFO] [stdout] 
[INFO] [stdout] Caused by:
[INFO] [stdout]     Read-only file system (os error 30)
[INFO] [stdout] 
[INFO] [stdout] ---- can_override_types::swift stdout ----
[INFO] [stdout] Error: failed to open file at path /opt/rustwide/workdir/core/data/tests/can_override_types/input.rs
[INFO] [stdout] 
[INFO] [stdout] Caused by:
[INFO] [stdout]     Read-only file system (os error 30)
[INFO] [stdout] 
[INFO] [stdout] ---- can_override_types::go stdout ----
[INFO] [stdout] Error: failed to open file at path /opt/rustwide/workdir/core/data/tests/can_override_types/input.rs
[INFO] [stdout] 
[INFO] [stdout] Caused by:
[INFO] [stdout]     Read-only file system (os error 30)
[INFO] [stdout] 
[INFO] [stdout] ---- can_override_types::typescript stdout ----
[INFO] [stdout] Error: failed to open file at path /opt/rustwide/workdir/core/data/tests/can_override_types/input.rs
[INFO] [stdout] 
[INFO] [stdout] Caused by:
[INFO] [stdout]     Read-only file system (os error 30)
[INFO] [stdout] 
[INFO] [stdout] ---- can_recognize_types_inside_modules::go stdout ----
[INFO] [stdout] Error: failed to open file at path /opt/rustwide/workdir/core/data/tests/can_recognize_types_inside_modules/input.rs
[INFO] [stdout] 
[INFO] [stdout] Caused by:
[INFO] [stdout]     Read-only file system (os error 30)
[INFO] [stdout] 
[INFO] [stdout] ---- can_recognize_types_inside_modules::kotlin stdout ----
[INFO] [stdout] Error: failed to open file at path /opt/rustwide/workdir/core/data/tests/can_recognize_types_inside_modules/input.rs
[INFO] [stdout] 
[INFO] [stdout] Caused by:
[INFO] [stdout]     Read-only file system (os error 30)
[INFO] [stdout] 
[INFO] [stdout] ---- can_handle_unit_type::go stdout ----
[INFO] [stdout] Error: failed to open file at path /opt/rustwide/workdir/core/data/tests/can_handle_unit_type/input.rs
[INFO] [stdout] 
[INFO] [stdout] Caused by:
[INFO] [stdout]     Read-only file system (os error 30)
[INFO] [stdout] 
[INFO] [stdout] ---- can_handle_unit_type::scala stdout ----
[INFO] [stdout] Error: failed to open file at path /opt/rustwide/workdir/core/data/tests/can_handle_unit_type/input.rs
[INFO] [stdout] 
[INFO] [stdout] Caused by:
[INFO] [stdout]     Read-only file system (os error 30)
[INFO] [stdout] 
[INFO] [stdout] ---- can_override_types::kotlin stdout ----
[INFO] [stdout] Error: failed to open file at path /opt/rustwide/workdir/core/data/tests/can_override_types/input.rs
[INFO] [stdout] 
[INFO] [stdout] Caused by:
[INFO] [stdout]     Read-only file system (os error 30)
[INFO] [stdout] 
[INFO] [stdout] ---- can_recognize_types_inside_modules::scala stdout ----
[INFO] [stdout] Error: failed to open file at path /opt/rustwide/workdir/core/data/tests/can_recognize_types_inside_modules/input.rs
[INFO] [stdout] 
[INFO] [stdout] Caused by:
[INFO] [stdout]     Read-only file system (os error 30)
[INFO] [stdout] 
[INFO] [stdout] ---- can_handle_unit_type::kotlin stdout ----
[INFO] [stdout] Error: failed to open file at path /opt/rustwide/workdir/core/data/tests/can_handle_unit_type/input.rs
[INFO] [stdout] 
[INFO] [stdout] Caused by:
[INFO] [stdout]     Read-only file system (os error 30)
[INFO] [stdout] 
[INFO] [stdout] ---- const_enum_decorator::swift stdout ----
[INFO] [stdout] Error: failed to open file at path /opt/rustwide/workdir/core/data/tests/const_enum_decorator/input.rs
[INFO] [stdout] 
[INFO] [stdout] Caused by:
[INFO] [stdout]     Read-only file system (os error 30)
[INFO] [stdout] 
[INFO] [stdout] ---- can_recognize_types_inside_modules::swift stdout ----
[INFO] [stdout] Error: failed to open file at path /opt/rustwide/workdir/core/data/tests/can_recognize_types_inside_modules/input.rs
[INFO] [stdout] 
[INFO] [stdout] Caused by:
[INFO] [stdout]     Read-only file system (os error 30)
[INFO] [stdout] 
[INFO] [stdout] ---- enum_is_properly_named_with_serde_overrides::go stdout ----
[INFO] [stdout] Error: failed to open file at path /opt/rustwide/workdir/core/data/tests/enum_is_properly_named_with_serde_overrides/input.rs
[INFO] [stdout] 
[INFO] [stdout] Caused by:
[INFO] [stdout]     Read-only file system (os error 30)
[INFO] [stdout] 
[INFO] [stdout] ---- enum_is_properly_named_with_serde_overrides::swift stdout ----
[INFO] [stdout] Error: failed to open file at path /opt/rustwide/workdir/core/data/tests/enum_is_properly_named_with_serde_overrides/input.rs
[INFO] [stdout] 
[INFO] [stdout] Caused by:
[INFO] [stdout]     Read-only file system (os error 30)
[INFO] [stdout] 
[INFO] [stdout] ---- can_recognize_types_inside_modules::typescript stdout ----
[INFO] [stdout] Error: failed to open file at path /opt/rustwide/workdir/core/data/tests/can_recognize_types_inside_modules/input.rs
[INFO] [stdout] 
[INFO] [stdout] Caused by:
[INFO] [stdout]     Read-only file system (os error 30)
[INFO] [stdout] 
[INFO] [stdout] ---- enum_is_properly_named_with_serde_overrides::typescript stdout ----
[INFO] [stdout] Error: failed to open file at path /opt/rustwide/workdir/core/data/tests/enum_is_properly_named_with_serde_overrides/input.rs
[INFO] [stdout] 
[INFO] [stdout] Caused by:
[INFO] [stdout]     Read-only file system (os error 30)
[INFO] [stdout] 
[INFO] [stdout] ---- generate_types::go stdout ----
[INFO] [stdout] Error: failed to open file at path /opt/rustwide/workdir/core/data/tests/generate_types/input.rs
[INFO] [stdout] 
[INFO] [stdout] Caused by:
[INFO] [stdout]     Read-only file system (os error 30)
[INFO] [stdout] 
[INFO] [stdout] ---- generate_types::kotlin stdout ----
[INFO] [stdout] Error: failed to open file at path /opt/rustwide/workdir/core/data/tests/generate_types/input.rs
[INFO] [stdout] 
[INFO] [stdout] Caused by:
[INFO] [stdout]     Read-only file system (os error 30)
[INFO] [stdout] 
[INFO] [stdout] ---- enum_is_properly_named_with_serde_overrides::kotlin stdout ----
[INFO] [stdout] Error: failed to open file at path /opt/rustwide/workdir/core/data/tests/enum_is_properly_named_with_serde_overrides/input.rs
[INFO] [stdout] 
[INFO] [stdout] Caused by:
[INFO] [stdout]     Read-only file system (os error 30)
[INFO] [stdout] 
[INFO] [stdout] ---- generate_types::scala stdout ----
[INFO] [stdout] Error: failed to open file at path /opt/rustwide/workdir/core/data/tests/generate_types/input.rs
[INFO] [stdout] 
[INFO] [stdout] Caused by:
[INFO] [stdout]     Read-only file system (os error 30)
[INFO] [stdout] 
[INFO] [stdout] ---- generates_empty_structs_and_initializers::go stdout ----
[INFO] [stdout] Error: failed to open file at path /opt/rustwide/workdir/core/data/tests/generates_empty_structs_and_initializers/input.rs
[INFO] [stdout] 
[INFO] [stdout] Caused by:
[INFO] [stdout]     Read-only file system (os error 30)
[INFO] [stdout] 
[INFO] [stdout] ---- enum_is_properly_named_with_serde_overrides::scala stdout ----
[INFO] [stdout] Error: failed to open file at path /opt/rustwide/workdir/core/data/tests/enum_is_properly_named_with_serde_overrides/input.rs
[INFO] [stdout] 
[INFO] [stdout] Caused by:
[INFO] [stdout]     Read-only file system (os error 30)
[INFO] [stdout] 
[INFO] [stdout] ---- generates_empty_structs_and_initializers::kotlin stdout ----
[INFO] [stdout] Error: failed to open file at path /opt/rustwide/workdir/core/data/tests/generates_empty_structs_and_initializers/input.rs
[INFO] [stdout] 
[INFO] [stdout] Caused by:
[INFO] [stdout]     Read-only file system (os error 30)
[INFO] [stdout] 
[INFO] [stdout] ---- generates_empty_structs_and_initializers::scala stdout ----
[INFO] [stdout] Error: failed to open file at path /opt/rustwide/workdir/core/data/tests/generates_empty_structs_and_initializers/input.rs
[INFO] [stdout] 
[INFO] [stdout] Caused by:
[INFO] [stdout]     Read-only file system (os error 30)
[INFO] [stdout] 
[INFO] [stdout] ---- generates_empty_structs_and_initializers::typescript stdout ----
[INFO] [stdout] Error: failed to open file at path /opt/rustwide/workdir/core/data/tests/generates_empty_structs_and_initializers/input.rs
[INFO] [stdout] 
[INFO] [stdout] Caused by:
[INFO] [stdout]     Read-only file system (os error 30)
[INFO] [stdout] 
[INFO] [stdout] ---- kebab_case_rename::go stdout ----
[INFO] [stdout] Error: failed to open file at path /opt/rustwide/workdir/core/data/tests/kebab_case_rename/input.rs
[INFO] [stdout] 
[INFO] [stdout] Caused by:
[INFO] [stdout]     Read-only file system (os error 30)
[INFO] [stdout] 
[INFO] [stdout] ---- generate_types::swift stdout ----
[INFO] [stdout] Error: failed to open file at path /opt/rustwide/workdir/core/data/tests/generate_types/input.rs
[INFO] [stdout] 
[INFO] [stdout] Caused by:
[INFO] [stdout]     Read-only file system (os error 30)
[INFO] [stdout] 
[INFO] [stdout] ---- kebab_case_rename::kotlin stdout ----
[INFO] [stdout] Error: failed to open file at path /opt/rustwide/workdir/core/data/tests/kebab_case_rename/input.rs
[INFO] [stdout] 
[INFO] [stdout] Caused by:
[INFO] [stdout]     Read-only file system (os error 30)
[INFO] [stdout] 
[INFO] [stdout] ---- generate_types::typescript stdout ----
[INFO] [stdout] Error: failed to open file at path /opt/rustwide/workdir/core/data/tests/generate_types/input.rs
[INFO] [stdout] 
[INFO] [stdout] Caused by:
[INFO] [stdout]     Read-only file system (os error 30)
[INFO] [stdout] 
[INFO] [stdout] ---- generate_types_with_keywords::swift stdout ----
[INFO] [stdout] Error: failed to open file at path /opt/rustwide/workdir/core/data/tests/generate_types_with_keywords/input.rs
[INFO] [stdout] 
[INFO] [stdout] Caused by:
[INFO] [stdout]     Read-only file system (os error 30)
[INFO] [stdout] 
[INFO] [stdout] ---- generates_empty_structs_and_initializers::swift stdout ----
[INFO] [stdout] Error: failed to open file at path /opt/rustwide/workdir/core/data/tests/generates_empty_structs_and_initializers/input.rs
[INFO] [stdout] 
[INFO] [stdout] Caused by:
[INFO] [stdout]     Read-only file system (os error 30)
[INFO] [stdout] 
[INFO] [stdout] ---- kebab_case_rename::scala stdout ----
[INFO] [stdout] Error: failed to open file at path /opt/rustwide/workdir/core/data/tests/kebab_case_rename/input.rs
[INFO] [stdout] 
[INFO] [stdout] Caused by:
[INFO] [stdout]     Read-only file system (os error 30)
[INFO] [stdout] 
[INFO] [stdout] ---- kebab_case_rename::swift stdout ----
[INFO] [stdout] Error: failed to open file at path /opt/rustwide/workdir/core/data/tests/kebab_case_rename/input.rs
[INFO] [stdout] 
[INFO] [stdout] Caused by:
[INFO] [stdout]     Read-only file system (os error 30)
[INFO] [stdout] 
[INFO] [stdout] ---- kebab_case_rename::typescript stdout ----
[INFO] [stdout] Error: failed to open file at path /opt/rustwide/workdir/core/data/tests/kebab_case_rename/input.rs
[INFO] [stdout] 
[INFO] [stdout] Caused by:
[INFO] [stdout]     Read-only file system (os error 30)
[INFO] [stdout] 
[INFO] [stdout] ---- orders_types::go stdout ----
[INFO] [stdout] Error: failed to open file at path /opt/rustwide/workdir/core/data/tests/orders_types/input.rs
[INFO] [stdout] 
[INFO] [stdout] Caused by:
[INFO] [stdout]     Read-only file system (os error 30)
[INFO] [stdout] 
[INFO] [stdout] ---- orders_types::swift stdout ----
[INFO] [stdout] Error: failed to open file at path /opt/rustwide/workdir/core/data/tests/orders_types/input.rs
[INFO] [stdout] 
[INFO] [stdout] Caused by:
[INFO] [stdout]     Read-only file system (os error 30)
[INFO] [stdout] 
[INFO] [stdout] ---- orders_types::kotlin stdout ----
[INFO] [stdout] Error: failed to open file at path /opt/rustwide/workdir/core/data/tests/orders_types/input.rs
[INFO] [stdout] 
[INFO] [stdout] Caused by:
[INFO] [stdout]     Read-only file system (os error 30)
[INFO] [stdout] 
[INFO] [stdout] ---- recursive_enum_decorator::kotlin stdout ----
[INFO] [stdout] Error: failed to open file at path /opt/rustwide/workdir/core/data/tests/recursive_enum_decorator/input.rs
[INFO] [stdout] 
[INFO] [stdout] Caused by:
[INFO] [stdout]     Read-only file system (os error 30)
[INFO] [stdout] 
[INFO] [stdout] ---- recursive_enum_decorator::go stdout ----
[INFO] [stdout] Error: failed to open file at path /opt/rustwide/workdir/core/data/tests/recursive_enum_decorator/input.rs
[INFO] [stdout] 
[INFO] [stdout] Caused by:
[INFO] [stdout]     Read-only file system (os error 30)
[INFO] [stdout] 
[INFO] [stdout] ---- recursive_enum_decorator::scala stdout ----
[INFO] [stdout] Error: failed to open file at path /opt/rustwide/workdir/core/data/tests/recursive_enum_decorator/input.rs
[INFO] [stdout] 
[INFO] [stdout] Caused by:
[INFO] [stdout]     Read-only file system (os error 30)
[INFO] [stdout] 
[INFO] [stdout] ---- recursive_enum_decorator::typescript stdout ----
[INFO] [stdout] Error: failed to open file at path /opt/rustwide/workdir/core/data/tests/recursive_enum_decorator/input.rs
[INFO] [stdout] 
[INFO] [stdout] Caused by:
[INFO] [stdout]     Read-only file system (os error 30)
[INFO] [stdout] 
[INFO] [stdout] ---- resolves_qualified_type::scala stdout ----
[INFO] [stdout] Error: failed to open file at path /opt/rustwide/workdir/core/data/tests/resolves_qualified_type/input.rs
[INFO] [stdout] 
[INFO] [stdout] Caused by:
[INFO] [stdout]     Read-only file system (os error 30)
[INFO] [stdout] 
[INFO] [stdout] ---- resolves_qualified_type::swift stdout ----
[INFO] [stdout] Error: failed to open file at path /opt/rustwide/workdir/core/data/tests/resolves_qualified_type/input.rs
[INFO] [stdout] 
[INFO] [stdout] Caused by:
[INFO] [stdout]     Read-only file system (os error 30)
[INFO] [stdout] 
[INFO] [stdout] ---- recursive_enum_decorator::swift stdout ----
[INFO] [stdout] Error: failed to open file at path /opt/rustwide/workdir/core/data/tests/recursive_enum_decorator/input.rs
[INFO] [stdout] 
[INFO] [stdout] Caused by:
[INFO] [stdout]     Read-only file system (os error 30)
[INFO] [stdout] 
[INFO] [stdout] ---- resolves_qualified_type::kotlin stdout ----
[INFO] [stdout] Error: failed to open file at path /opt/rustwide/workdir/core/data/tests/resolves_qualified_type/input.rs
[INFO] [stdout] 
[INFO] [stdout] Caused by:
[INFO] [stdout]     Read-only file system (os error 30)
[INFO] [stdout] 
[INFO] [stdout] ---- resolves_qualified_type::go stdout ----
[INFO] [stdout] Error: failed to open file at path /opt/rustwide/workdir/core/data/tests/resolves_qualified_type/input.rs
[INFO] [stdout] 
[INFO] [stdout] Caused by:
[INFO] [stdout]     Read-only file system (os error 30)
[INFO] [stdout] 
[INFO] [stdout] ---- resolves_qualified_type::typescript stdout ----
[INFO] [stdout] Error: failed to open file at path /opt/rustwide/workdir/core/data/tests/resolves_qualified_type/input.rs
[INFO] [stdout] 
[INFO] [stdout] Caused by:
[INFO] [stdout]     Read-only file system (os error 30)
[INFO] [stdout] 
[INFO] [stdout] ---- serialize_anonymous_field_as::go stdout ----
[INFO] [stdout] Error: failed to open file at path /opt/rustwide/workdir/core/data/tests/serialize_anonymous_field_as/input.rs
[INFO] [stdout] 
[INFO] [stdout] Caused by:
[INFO] [stdout]     Read-only file system (os error 30)
[INFO] [stdout] 
[INFO] [stdout] ---- serialize_anonymous_field_as::scala stdout ----
[INFO] [stdout] Error: failed to open file at path /opt/rustwide/workdir/core/data/tests/serialize_anonymous_field_as/input.rs
[INFO] [stdout] 
[INFO] [stdout] Caused by:
[INFO] [stdout]     Read-only file system (os error 30)
[INFO] [stdout] 
[INFO] [stdout] ---- serialize_anonymous_field_as::swift stdout ----
[INFO] [stdout] Error: failed to open file at path /opt/rustwide/workdir/core/data/tests/serialize_anonymous_field_as/input.rs
[INFO] [stdout] 
[INFO] [stdout] Caused by:
[INFO] [stdout]     Read-only file system (os error 30)
[INFO] [stdout] 
[INFO] [stdout] ---- serialize_anonymous_field_as::kotlin stdout ----
[INFO] [stdout] Error: failed to open file at path /opt/rustwide/workdir/core/data/tests/serialize_anonymous_field_as/input.rs
[INFO] [stdout] 
[INFO] [stdout] Caused by:
[INFO] [stdout]     Read-only file system (os error 30)
[INFO] [stdout] 
[INFO] [stdout] ---- serialize_anonymous_field_as::typescript stdout ----
[INFO] [stdout] Error: failed to open file at path /opt/rustwide/workdir/core/data/tests/serialize_anonymous_field_as/input.rs
[INFO] [stdout] 
[INFO] [stdout] Caused by:
[INFO] [stdout]     Read-only file system (os error 30)
[INFO] [stdout] 
[INFO] [stdout] ---- serialize_field_as::go stdout ----
[INFO] [stdout] Error: failed to open file at path /opt/rustwide/workdir/core/data/tests/serialize_field_as/input.rs
[INFO] [stdout] 
[INFO] [stdout] Caused by:
[INFO] [stdout]     Read-only file system (os error 30)
[INFO] [stdout] 
[INFO] [stdout] ---- serialize_field_as::kotlin stdout ----
[INFO] [stdout] Error: failed to open file at path /opt/rustwide/workdir/core/data/tests/serialize_field_as/input.rs
[INFO] [stdout] 
[INFO] [stdout] Caused by:
[INFO] [stdout]     Read-only file system (os error 30)
[INFO] [stdout] 
[INFO] [stdout] ---- serialize_field_as::scala stdout ----
[INFO] [stdout] Error: failed to open file at path /opt/rustwide/workdir/core/data/tests/serialize_field_as/input.rs
[INFO] [stdout] 
[INFO] [stdout] Caused by:
[INFO] [stdout]     Read-only file system (os error 30)
[INFO] [stdout] 
[INFO] [stdout] ---- serialize_field_as::swift stdout ----
[INFO] [stdout] Error: failed to open file at path /opt/rustwide/workdir/core/data/tests/serialize_field_as/input.rs
[INFO] [stdout] 
[INFO] [stdout] Caused by:
[INFO] [stdout]     Read-only file system (os error 30)
[INFO] [stdout] 
[INFO] [stdout] ---- serialize_field_as::typescript stdout ----
[INFO] [stdout] Error: failed to open file at path /opt/rustwide/workdir/core/data/tests/serialize_field_as/input.rs
[INFO] [stdout] 
[INFO] [stdout] Caused by:
[INFO] [stdout]     Read-only file system (os error 30)
[INFO] [stdout] 
[INFO] [stdout] ---- serialize_type_alias::go stdout ----
[INFO] [stdout] Error: failed to open file at path /opt/rustwide/workdir/core/data/tests/serialize_type_alias/input.rs
[INFO] [stdout] 
[INFO] [stdout] Caused by:
[INFO] [stdout]     Read-only file system (os error 30)
[INFO] [stdout] 
[INFO] [stdout] ---- serialize_type_alias::kotlin stdout ----
[INFO] [stdout] Error: failed to open file at path /opt/rustwide/workdir/core/data/tests/serialize_type_alias/input.rs
[INFO] [stdout] 
[INFO] [stdout] Caused by:
[INFO] [stdout]     Read-only file system (os error 30)
[INFO] [stdout] 
[INFO] [stdout] ---- serialize_type_alias::scala stdout ----
[INFO] [stdout] Error: failed to open file at path /opt/rustwide/workdir/core/data/tests/serialize_type_alias/input.rs
[INFO] [stdout] 
[INFO] [stdout] Caused by:
[INFO] [stdout]     Read-only file system (os error 30)
[INFO] [stdout] 
[INFO] [stdout] ---- serialize_type_alias::swift stdout ----
[INFO] [stdout] Error: failed to open file at path /opt/rustwide/workdir/core/data/tests/serialize_type_alias/input.rs
[INFO] [stdout] 
[INFO] [stdout] Caused by:
[INFO] [stdout]     Read-only file system (os error 30)
[INFO] [stdout] 
[INFO] [stdout] ---- serialize_type_alias::typescript stdout ----
[INFO] [stdout] Error: failed to open file at path /opt/rustwide/workdir/core/data/tests/serialize_type_alias/input.rs
[INFO] [stdout] 
[INFO] [stdout] Caused by:
[INFO] [stdout]     Read-only file system (os error 30)
[INFO] [stdout] 
[INFO] [stdout] ---- smart_pointers::go stdout ----
[INFO] [stdout] Error: failed to open file at path /opt/rustwide/workdir/core/data/tests/smart_pointers/input.rs
[INFO] [stdout] 
[INFO] [stdout] Caused by:
[INFO] [stdout]     Read-only file system (os error 30)
[INFO] [stdout] 
[INFO] [stdout] ---- smart_pointers::kotlin stdout ----
[INFO] [stdout] Error: failed to open file at path /opt/rustwide/workdir/core/data/tests/smart_pointers/input.rs
[INFO] [stdout] 
[INFO] [stdout] Caused by:
[INFO] [stdout]     Read-only file system (os error 30)
[INFO] [stdout] 
[INFO] [stdout] ---- smart_pointers::scala stdout ----
[INFO] [stdout] Error: failed to open file at path /opt/rustwide/workdir/core/data/tests/smart_pointers/input.rs
[INFO] [stdout] 
[INFO] [stdout] Caused by:
[INFO] [stdout]     Read-only file system (os error 30)
[INFO] [stdout] 
[INFO] [stdout] ---- smart_pointers::swift stdout ----
[INFO] [stdout] Error: failed to open file at path /opt/rustwide/workdir/core/data/tests/smart_pointers/input.rs
[INFO] [stdout] 
[INFO] [stdout] Caused by:
[INFO] [stdout]     Read-only file system (os error 30)
[INFO] [stdout] 
[INFO] [stdout] ---- smart_pointers::typescript stdout ----
[INFO] [stdout] Error: failed to open file at path /opt/rustwide/workdir/core/data/tests/smart_pointers/input.rs
[INFO] [stdout] 
[INFO] [stdout] Caused by:
[INFO] [stdout]     Read-only file system (os error 30)
[INFO] [stdout] 
[INFO] [stdout] ---- struct_decorator::swift stdout ----
[INFO] [stdout] Error: failed to open file at path /opt/rustwide/workdir/core/data/tests/struct_decorator/input.rs
[INFO] [stdout] 
[INFO] [stdout] Caused by:
[INFO] [stdout]     Read-only file system (os error 30)
[INFO] [stdout] 
[INFO] [stdout] ---- test_algebraic_enum_case_name_support::go stdout ----
[INFO] [stdout] Error: failed to open file at path /opt/rustwide/workdir/core/data/tests/test_algebraic_enum_case_name_support/input.rs
[INFO] [stdout] 
[INFO] [stdout] Caused by:
[INFO] [stdout]     Read-only file system (os error 30)
[INFO] [stdout] 
[INFO] [stdout] ---- test_algebraic_enum_case_name_support::scala stdout ----
[INFO] [stdout] Error: failed to open file at path /opt/rustwide/workdir/core/data/tests/test_algebraic_enum_case_name_support/input.rs
[INFO] [stdout] 
[INFO] [stdout] Caused by:
[INFO] [stdout]     Read-only file system (os error 30)
[INFO] [stdout] 
[INFO] [stdout] ---- test_algebraic_enum_case_name_support::swift stdout ----
[INFO] [stdout] Error: failed to open file at path /opt/rustwide/workdir/core/data/tests/test_algebraic_enum_case_name_support/input.rs
[INFO] [stdout] 
[INFO] [stdout] Caused by:
[INFO] [stdout]     Read-only file system (os error 30)
[INFO] [stdout] 
[INFO] [stdout] ---- test_algebraic_enum_case_name_support::typescript stdout ----
[INFO] [stdout] Error: failed to open file at path /opt/rustwide/workdir/core/data/tests/test_algebraic_enum_case_name_support/input.rs
[INFO] [stdout] 
[INFO] [stdout] Caused by:
[INFO] [stdout]     Read-only file system (os error 30)
[INFO] [stdout] 
[INFO] [stdout] ---- test_generate_char::go stdout ----
[INFO] [stdout] Error: failed to open file at path /opt/rustwide/workdir/core/data/tests/test_generate_char/input.rs
[INFO] [stdout] 
[INFO] [stdout] Caused by:
[INFO] [stdout]     Read-only file system (os error 30)
[INFO] [stdout] 
[INFO] [stdout] ---- test_generate_char::swift stdout ----
[INFO] [stdout] Error: failed to open file at path /opt/rustwide/workdir/core/data/tests/test_generate_char/input.rs
[INFO] [stdout] 
[INFO] [stdout] Caused by:
[INFO] [stdout]     Read-only file system (os error 30)
[INFO] [stdout] 
[INFO] [stdout] ---- test_generate_char::scala stdout ----
[INFO] [stdout] Error: failed to open file at path /opt/rustwide/workdir/core/data/tests/test_generate_char/input.rs
[INFO] [stdout] 
[INFO] [stdout] Caused by:
[INFO] [stdout]     Read-only file system (os error 30)
[INFO] [stdout] 
[INFO] [stdout] ---- test_generate_char::typescript stdout ----
[INFO] [stdout] Error: failed to open file at path /opt/rustwide/workdir/core/data/tests/test_generate_char/input.rs
[INFO] [stdout] 
[INFO] [stdout] Caused by:
[INFO] [stdout]     Read-only file system (os error 30)
[INFO] [stdout] 
[INFO] [stdout] ---- test_i54_u53_type::go stdout ----
[INFO] [stdout] Error: failed to open file at path /opt/rustwide/workdir/core/data/tests/test_i54_u53_type/input.rs
[INFO] [stdout] 
[INFO] [stdout] Caused by:
[INFO] [stdout]     Read-only file system (os error 30)
[INFO] [stdout] 
[INFO] [stdout] ---- test_i54_u53_type::kotlin stdout ----
[INFO] [stdout] Error: failed to open file at path /opt/rustwide/workdir/core/data/tests/test_i54_u53_type/input.rs
[INFO] [stdout] 
[INFO] [stdout] Caused by:
[INFO] [stdout]     Read-only file system (os error 30)
[INFO] [stdout] 
[INFO] [stdout] ---- test_algebraic_enum_case_name_support::kotlin stdout ----
[INFO] [stdout] Error: failed to open file at path /opt/rustwide/workdir/core/data/tests/test_algebraic_enum_case_name_support/input.rs
[INFO] [stdout] 
[INFO] [stdout] Caused by:
[INFO] [stdout]     Read-only file system (os error 30)
[INFO] [stdout] 
[INFO] [stdout] ---- test_i54_u53_type::scala stdout ----
[INFO] [stdout] Error: failed to open file at path /opt/rustwide/workdir/core/data/tests/test_i54_u53_type/input.rs
[INFO] [stdout] 
[INFO] [stdout] Caused by:
[INFO] [stdout]     Read-only file system (os error 30)
[INFO] [stdout] 
[INFO] [stdout] ---- test_generate_char::kotlin stdout ----
[INFO] [stdout] Error: failed to open file at path /opt/rustwide/workdir/core/data/tests/test_generate_char/input.rs
[INFO] [stdout] 
[INFO] [stdout] Caused by:
[INFO] [stdout]     Read-only file system (os error 30)
[INFO] [stdout] 
[INFO] [stdout] ---- test_default_decorators::swift stdout ----
[INFO] [stdout] Error: failed to open file at path /opt/rustwide/workdir/core/data/tests/test_default_decorators/input.rs
[INFO] [stdout] 
[INFO] [stdout] Caused by:
[INFO] [stdout]     Read-only file system (os error 30)
[INFO] [stdout] 
[INFO] [stdout] ---- test_default_generic_constraints::swift stdout ----
[INFO] [stdout] Error: failed to open file at path /opt/rustwide/workdir/core/data/tests/test_default_generic_constraints/input.rs
[INFO] [stdout] 
[INFO] [stdout] Caused by:
[INFO] [stdout]     Read-only file system (os error 30)
[INFO] [stdout] 
[INFO] [stdout] ---- test_i54_u53_type::typescript stdout ----
[INFO] [stdout] Error: failed to open file at path /opt/rustwide/workdir/core/data/tests/test_i54_u53_type/input.rs
[INFO] [stdout] 
[INFO] [stdout] Caused by:
[INFO] [stdout]     Read-only file system (os error 30)
[INFO] [stdout] 
[INFO] [stdout] ---- test_i54_u53_type::swift stdout ----
[INFO] [stdout] Error: failed to open file at path /opt/rustwide/workdir/core/data/tests/test_i54_u53_type/input.rs
[INFO] [stdout] 
[INFO] [stdout] Caused by:
[INFO] [stdout]     Read-only file system (os error 30)
[INFO] [stdout] 
[INFO] [stdout] ---- test_optional_type_alias::kotlin stdout ----
[INFO] [stdout] Error: failed to open file at path /opt/rustwide/workdir/core/data/tests/test_optional_type_alias/input.rs
[INFO] [stdout] 
[INFO] [stdout] Caused by:
[INFO] [stdout]     Read-only file system (os error 30)
[INFO] [stdout] 
[INFO] [stdout] ---- test_optional_type_alias::go stdout ----
[INFO] [stdout] Error: failed to open file at path /opt/rustwide/workdir/core/data/tests/test_optional_type_alias/input.rs
[INFO] [stdout] 
[INFO] [stdout] Caused by:
[INFO] [stdout]     Read-only file system (os error 30)
[INFO] [stdout] 
[INFO] [stdout] ---- test_optional_type_alias::scala stdout ----
[INFO] [stdout] Error: failed to open file at path /opt/rustwide/workdir/core/data/tests/test_optional_type_alias/input.rs
[INFO] [stdout] 
[INFO] [stdout] Caused by:
[INFO] [stdout]     Read-only file system (os error 30)
[INFO] [stdout] 
[INFO] [stdout] ---- test_optional_type_alias::swift stdout ----
[INFO] [stdout] Error: failed to open file at path /opt/rustwide/workdir/core/data/tests/test_optional_type_alias/input.rs
[INFO] [stdout] 
[INFO] [stdout] Caused by:
[INFO] [stdout]     Read-only file system (os error 30)
[INFO] [stdout] 
[INFO] [stdout] ---- test_serde_default_struct::go stdout ----
[INFO] [stdout] Error: failed to open file at path /opt/rustwide/workdir/core/data/tests/test_serde_default_struct/input.rs
[INFO] [stdout] 
[INFO] [stdout] Caused by:
[INFO] [stdout]     Read-only file system (os error 30)
[INFO] [stdout] 
[INFO] [stdout] ---- test_optional_type_alias::typescript stdout ----
[INFO] [stdout] Error: failed to open file at path /opt/rustwide/workdir/core/data/tests/test_optional_type_alias/input.rs
[INFO] [stdout] 
[INFO] [stdout] Caused by:
[INFO] [stdout]     Read-only file system (os error 30)
[INFO] [stdout] 
[INFO] [stdout] ---- test_serde_default_struct::scala stdout ----
[INFO] [stdout] Error: failed to open file at path /opt/rustwide/workdir/core/data/tests/test_serde_default_struct/input.rs
[INFO] [stdout] 
[INFO] [stdout] Caused by:
[INFO] [stdout]     Read-only file system (os error 30)
[INFO] [stdout] 
[INFO] [stdout] ---- test_serde_default_struct::kotlin stdout ----
[INFO] [stdout] Error: failed to open file at path /opt/rustwide/workdir/core/data/tests/test_serde_default_struct/input.rs
[INFO] [stdout] 
[INFO] [stdout] Caused by:
[INFO] [stdout]     Read-only file system (os error 30)
[INFO] [stdout] 
[INFO] [stdout] ---- test_serde_default_struct::swift stdout ----
[INFO] [stdout] Error: failed to open file at path /opt/rustwide/workdir/core/data/tests/test_serde_default_struct/input.rs
[INFO] [stdout] 
[INFO] [stdout] Caused by:
[INFO] [stdout]     Read-only file system (os error 30)
[INFO] [stdout] 
[INFO] [stdout] ---- test_serde_iso8601::kotlin stdout ----
[INFO] [stdout] Error: failed to open file at path /opt/rustwide/workdir/core/data/tests/test_serde_iso8601/input.rs
[INFO] [stdout] 
[INFO] [stdout] Caused by:
[INFO] [stdout]     Read-only file system (os error 30)
[INFO] [stdout] 
[INFO] [stdout] ---- test_serde_iso8601::swift stdout ----
[INFO] [stdout] Error: failed to open file at path /opt/rustwide/workdir/core/data/tests/test_serde_iso8601/input.rs
[INFO] [stdout] 
[INFO] [stdout] Caused by:
[INFO] [stdout]     Read-only file system (os error 30)
[INFO] [stdout] 
[INFO] [stdout] ---- test_serde_iso8601::scala stdout ----
[INFO] [stdout] Error: failed to open file at path /opt/rustwide/workdir/core/data/tests/test_serde_iso8601/input.rs
[INFO] [stdout] 
[INFO] [stdout] Caused by:
[INFO] [stdout]     Read-only file system (os error 30)
[INFO] [stdout] 
[INFO] [stdout] ---- test_serde_iso8601::go stdout ----
[INFO] [stdout] Error: failed to open file at path /opt/rustwide/workdir/core/data/tests/test_serde_iso8601/input.rs
[INFO] [stdout] 
[INFO] [stdout] Caused by:
[INFO] [stdout]     Read-only file system (os error 30)
[INFO] [stdout] 
[INFO] [stdout] ---- test_serde_iso8601::typescript stdout ----
[INFO] [stdout] Error: failed to open file at path /opt/rustwide/workdir/core/data/tests/test_serde_iso8601/input.rs
[INFO] [stdout] 
[INFO] [stdout] Caused by:
[INFO] [stdout]     Read-only file system (os error 30)
[INFO] [stdout] 
[INFO] [stdout] ---- test_serde_url::swift stdout ----
[INFO] [stdout] Error: failed to open file at path /opt/rustwide/workdir/core/data/tests/test_serde_url/input.rs
[INFO] [stdout] 
[INFO] [stdout] Caused by:
[INFO] [stdout]     Read-only file system (os error 30)
[INFO] [stdout] 
[INFO] [stdout] ---- test_serde_url::go stdout ----
[INFO] [stdout] Error: failed to open file at path /opt/rustwide/workdir/core/data/tests/test_serde_url/input.rs
[INFO] [stdout] 
[INFO] [stdout] Caused by:
[INFO] [stdout]     Read-only file system (os error 30)
[INFO] [stdout] 
[INFO] [stdout] ---- test_serde_url::typescript stdout ----
[INFO] [stdout] Error: failed to open file at path /opt/rustwide/workdir/core/data/tests/test_serde_url/input.rs
[INFO] [stdout] 
[INFO] [stdout] Caused by:
[INFO] [stdout]     Read-only file system (os error 30)
[INFO] [stdout] 
[INFO] [stdout] ---- test_serialized_as::swift stdout ----
[INFO] [stdout] Error: failed to open file at path /opt/rustwide/workdir/core/data/tests/test_serialized_as/input.rs
[INFO] [stdout] 
[INFO] [stdout] Caused by:
[INFO] [stdout]     Read-only file system (os error 30)
[INFO] [stdout] 
[INFO] [stdout] ---- test_serialized_as::typescript stdout ----
[INFO] [stdout] Error: failed to open file at path /opt/rustwide/workdir/core/data/tests/test_serialized_as/input.rs
[INFO] [stdout] 
[INFO] [stdout] Caused by:
[INFO] [stdout]     Read-only file system (os error 30)
[INFO] [stdout] 
[INFO] [stdout] ---- test_serde_url::kotlin stdout ----
[INFO] [stdout] Error: failed to open file at path /opt/rustwide/workdir/core/data/tests/test_serde_url/input.rs
[INFO] [stdout] 
[INFO] [stdout] Caused by:
[INFO] [stdout]     Read-only file system (os error 30)
[INFO] [stdout] 
[INFO] [stdout] ---- test_serde_default_struct::typescript stdout ----
[INFO] [stdout] Error: failed to open file at path /opt/rustwide/workdir/core/data/tests/test_serde_default_struct/input.rs
[INFO] [stdout] 
[INFO] [stdout] Caused by:
[INFO] [stdout]     Read-only file system (os error 30)
[INFO] [stdout] 
[INFO] [stdout] ---- test_serialized_as::go stdout ----
[INFO] [stdout] Error: failed to open file at path /opt/rustwide/workdir/core/data/tests/test_serialized_as/input.rs
[INFO] [stdout] 
[INFO] [stdout] Caused by:
[INFO] [stdout]     Read-only file system (os error 30)
[INFO] [stdout] 
[INFO] [stdout] ---- test_serialized_as::kotlin stdout ----
[INFO] [stdout] Error: failed to open file at path /opt/rustwide/workdir/core/data/tests/test_serialized_as/input.rs
[INFO] [stdout] 
[INFO] [stdout] Caused by:
[INFO] [stdout]     Read-only file system (os error 30)
[INFO] [stdout] 
[INFO] [stdout] ---- test_serde_url::scala stdout ----
[INFO] [stdout] Error: failed to open file at path /opt/rustwide/workdir/core/data/tests/test_serde_url/input.rs
[INFO] [stdout] 
[INFO] [stdout] Caused by:
[INFO] [stdout]     Read-only file system (os error 30)
[INFO] [stdout] 
[INFO] [stdout] ---- test_serialized_as_tuple::kotlin stdout ----
[INFO] [stdout] Error: failed to open file at path /opt/rustwide/workdir/core/data/tests/test_serialized_as_tuple/input.rs
[INFO] [stdout] 
[INFO] [stdout] Caused by:
[INFO] [stdout]     Read-only file system (os error 30)
[INFO] [stdout] 
[INFO] [stdout] ---- test_serialized_as::scala stdout ----
[INFO] [stdout] Error: failed to open file at path /opt/rustwide/workdir/core/data/tests/test_serialized_as/input.rs
[INFO] [stdout] 
[INFO] [stdout] Caused by:
[INFO] [stdout]     Read-only file system (os error 30)
[INFO] [stdout] 
[INFO] [stdout] ---- test_serialized_as_tuple::go stdout ----
[INFO] [stdout] Error: failed to open file at path /opt/rustwide/workdir/core/data/tests/test_serialized_as_tuple/input.rs
[INFO] [stdout] 
[INFO] [stdout] Caused by:
[INFO] [stdout]     Read-only file system (os error 30)
[INFO] [stdout] 
[INFO] [stdout] ---- test_serialized_as_tuple::scala stdout ----
[INFO] [stdout] Error: failed to open file at path /opt/rustwide/workdir/core/data/tests/test_serialized_as_tuple/input.rs
[INFO] [stdout] 
[INFO] [stdout] Caused by:
[INFO] [stdout]     Read-only file system (os error 30)
[INFO] [stdout] 
[INFO] [stdout] ---- test_serialized_as_tuple::swift stdout ----
[INFO] [stdout] Error: failed to open file at path /opt/rustwide/workdir/core/data/tests/test_serialized_as_tuple/input.rs
[INFO] [stdout] 
[INFO] [stdout] Caused by:
[INFO] [stdout]     Read-only file system (os error 30)
[INFO] [stdout] 
[INFO] [stdout] ---- test_serialized_as_tuple::typescript stdout ----
[INFO] [stdout] Error: failed to open file at path /opt/rustwide/workdir/core/data/tests/test_serialized_as_tuple/input.rs
[INFO] [stdout] 
[INFO] [stdout] Caused by:
[INFO] [stdout]     Read-only file system (os error 30)
[INFO] [stdout] 
[INFO] [stdout] ---- test_simple_enum_case_name_support::scala stdout ----
[INFO] [stdout] Error: failed to open file at path /opt/rustwide/workdir/core/data/tests/test_simple_enum_case_name_support/input.rs
[INFO] [stdout] 
[INFO] [stdout] Caused by:
[INFO] [stdout]     Read-only file system (os error 30)
[INFO] [stdout] 
[INFO] [stdout] ---- test_simple_enum_case_name_support::go stdout ----
[INFO] [stdout] Error: failed to open file at path /opt/rustwide/workdir/core/data/tests/test_simple_enum_case_name_support/input.rs
[INFO] [stdout] 
[INFO] [stdout] Caused by:
[INFO] [stdout]     Read-only file system (os error 30)
[INFO] [stdout] 
[INFO] [stdout] ---- test_simple_enum_case_name_support::swift stdout ----
[INFO] [stdout] Error: failed to open file at path /opt/rustwide/workdir/core/data/tests/test_simple_enum_case_name_support/input.rs
[INFO] [stdout] 
[INFO] [stdout] Caused by:
[INFO] [stdout]     Read-only file system (os error 30)
[INFO] [stdout] 
[INFO] [stdout] ---- test_simple_enum_case_name_support::typescript stdout ----
[INFO] [stdout] Error: failed to open file at path /opt/rustwide/workdir/core/data/tests/test_simple_enum_case_name_support/input.rs
[INFO] [stdout] 
[INFO] [stdout] Caused by:
[INFO] [stdout]     Read-only file system (os error 30)
[INFO] [stdout] 
[INFO] [stdout] ---- uppercase_go_acronyms::go stdout ----
[INFO] [stdout] Error: failed to open file at path /opt/rustwide/workdir/core/data/tests/uppercase_go_acronyms/input.rs
[INFO] [stdout] 
[INFO] [stdout] Caused by:
[INFO] [stdout]     Read-only file system (os error 30)
[INFO] [stdout] 
[INFO] [stdout] ---- test_type_alias::kotlin stdout ----
[INFO] [stdout] Error: failed to open file at path /opt/rustwide/workdir/core/data/tests/test_type_alias/input.rs
[INFO] [stdout] 
[INFO] [stdout] Caused by:
[INFO] [stdout]     Read-only file system (os error 30)
[INFO] [stdout] 
[INFO] [stdout] ---- use_correct_decoded_variable_name::scala stdout ----
[INFO] [stdout] Error: failed to open file at path /opt/rustwide/workdir/core/data/tests/use_correct_decoded_variable_name/input.rs
[INFO] [stdout] 
[INFO] [stdout] Caused by:
[INFO] [stdout]     Read-only file system (os error 30)
[INFO] [stdout] 
[INFO] [stdout] ---- test_type_alias::swift stdout ----
[INFO] [stdout] Error: failed to open file at path /opt/rustwide/workdir/core/data/tests/test_type_alias/input.rs
[INFO] [stdout] 
[INFO] [stdout] Caused by:
[INFO] [stdout]     Read-only file system (os error 30)
[INFO] [stdout] 
[INFO] [stdout] ---- test_type_alias::go stdout ----
[INFO] [stdout] Error: failed to open file at path /opt/rustwide/workdir/core/data/tests/test_type_alias/input.rs
[INFO] [stdout] 
[INFO] [stdout] Caused by:
[INFO] [stdout]     Read-only file system (os error 30)
[INFO] [stdout] 
[INFO] [stdout] ---- use_correct_decoded_variable_name::swift stdout ----
[INFO] [stdout] Error: failed to open file at path /opt/rustwide/workdir/core/data/tests/use_correct_decoded_variable_name/input.rs
[INFO] [stdout] 
[INFO] [stdout] Caused by:
[INFO] [stdout]     Read-only file system (os error 30)
[INFO] [stdout] 
[INFO] [stdout] ---- test_type_alias::typescript stdout ----
[INFO] [stdout] Error: failed to open file at path /opt/rustwide/workdir/core/data/tests/test_type_alias/input.rs
[INFO] [stdout] 
[INFO] [stdout] Caused by:
[INFO] [stdout]     Read-only file system (os error 30)
[INFO] [stdout] 
[INFO] [stdout] ---- use_correct_decoded_variable_name::typescript stdout ----
[INFO] [stdout] Error: failed to open file at path /opt/rustwide/workdir/core/data/tests/use_correct_decoded_variable_name/input.rs
[INFO] [stdout] 
[INFO] [stdout] Caused by:
[INFO] [stdout]     Read-only file system (os error 30)
[INFO] [stdout] 
[INFO] [stdout] ---- use_correct_integer_types::go stdout ----
[INFO] [stdout] Error: failed to open file at path /opt/rustwide/workdir/core/data/tests/use_correct_integer_types/input.rs
[INFO] [stdout] 
[INFO] [stdout] Caused by:
[INFO] [stdout]     Read-only file system (os error 30)
[INFO] [stdout] 
[INFO] [stdout] ---- test_simple_enum_case_name_support::kotlin stdout ----
[INFO] [stdout] Error: failed to open file at path /opt/rustwide/workdir/core/data/tests/test_simple_enum_case_name_support/input.rs
[INFO] [stdout] 
[INFO] [stdout] Caused by:
[INFO] [stdout]     Read-only file system (os error 30)
[INFO] [stdout] 
[INFO] [stdout] ---- test_type_alias::scala stdout ----
[INFO] [stdout] Error: failed to open file at path /opt/rustwide/workdir/core/data/tests/test_type_alias/input.rs
[INFO] [stdout] 
[INFO] [stdout] Caused by:
[INFO] [stdout]     Read-only file system (os error 30)
[INFO] [stdout] 
[INFO] [stdout] ---- use_correct_decoded_variable_name::kotlin stdout ----
[INFO] [stdout] Error: failed to open file at path /opt/rustwide/workdir/core/data/tests/use_correct_decoded_variable_name/input.rs
[INFO] [stdout] 
[INFO] [stdout] Caused by:
[INFO] [stdout]     Read-only file system (os error 30)
[INFO] [stdout] 
[INFO] [stdout] ---- use_correct_integer_types::kotlin stdout ----
[INFO] [stdout] Error: failed to open file at path /opt/rustwide/workdir/core/data/tests/use_correct_integer_types/input.rs
[INFO] [stdout] 
[INFO] [stdout] Caused by:
[INFO] [stdout]     Read-only file system (os error 30)
[INFO] [stdout] 
[INFO] [stdout] ---- use_correct_integer_types::swift stdout ----
[INFO] [stdout] Error: failed to open file at path /opt/rustwide/workdir/core/data/tests/use_correct_integer_types/input.rs
[INFO] [stdout] 
[INFO] [stdout] Caused by:
[INFO] [stdout]     Read-only file system (os error 30)
[INFO] [stdout] 
[INFO] [stdout] ---- use_correct_integer_types::typescript stdout ----
[INFO] [stdout] Error: failed to open file at path /opt/rustwide/workdir/core/data/tests/use_correct_integer_types/input.rs
[INFO] [stdout] 
[INFO] [stdout] Caused by:
[INFO] [stdout]     Read-only file system (os error 30)
[INFO] [stdout] 
[INFO] [stdout] ---- use_correct_integer_types::scala stdout ----
[INFO] [stdout] Error: failed to open file at path /opt/rustwide/workdir/core/data/tests/use_correct_integer_types/input.rs
[INFO] [stdout] 
[INFO] [stdout] Caused by:
[INFO] [stdout]     Read-only file system (os error 30)
[INFO] [stdout] 
[INFO] [stdout] ---- use_correct_decoded_variable_name::go stdout ----
[INFO] [stdout] Error: failed to open file at path /opt/rustwide/workdir/core/data/tests/use_correct_decoded_variable_name/input.rs
[INFO] [stdout] 
[INFO] [stdout] Caused by:
[INFO] [stdout]     Read-only file system (os error 30)
[INFO] [stdout] 
[INFO] [stdout] 
[INFO] [stdout] failures:
[INFO] [stdout]     algebraic_enum_decorator::swift
[INFO] [stdout]     anonymous_struct_with_rename::go
[INFO] [stdout]     anonymous_struct_with_rename::kotlin
[INFO] [stdout]     anonymous_struct_with_rename::scala
[INFO] [stdout]     anonymous_struct_with_rename::swift
[INFO] [stdout]     anonymous_struct_with_rename::typescript
[INFO] [stdout]     can_apply_prefix_correctly::go
[INFO] [stdout]     can_apply_prefix_correctly::kotlin
[INFO] [stdout]     can_apply_prefix_correctly::scala
[INFO] [stdout]     can_apply_prefix_correctly::swift
[INFO] [stdout]     can_apply_prefix_correctly::typescript
[INFO] [stdout]     can_generate_algebraic_enum::go
[INFO] [stdout]     can_generate_algebraic_enum::kotlin
[INFO] [stdout]     can_generate_algebraic_enum::scala
[INFO] [stdout]     can_generate_algebraic_enum::swift
[INFO] [stdout]     can_generate_algebraic_enum::typescript
[INFO] [stdout]     can_generate_algebraic_enum_with_skipped_variants::go
[INFO] [stdout]     can_generate_algebraic_enum_with_skipped_variants::kotlin
[INFO] [stdout]     can_generate_algebraic_enum_with_skipped_variants::scala
[INFO] [stdout]     can_generate_algebraic_enum_with_skipped_variants::swift
[INFO] [stdout]     can_generate_algebraic_enum_with_skipped_variants::typescript
[INFO] [stdout]     can_generate_bare_string_enum::go
[INFO] [stdout]     can_generate_bare_string_enum::kotlin
[INFO] [stdout]     can_generate_bare_string_enum::scala
[INFO] [stdout]     can_generate_bare_string_enum::swift
[INFO] [stdout]     can_generate_bare_string_enum::typescript
[INFO] [stdout]     can_generate_double_option_pattern::typescript
[INFO] [stdout]     can_generate_empty_algebraic_enum::go
[INFO] [stdout]     can_generate_empty_algebraic_enum::kotlin
[INFO] [stdout]     can_generate_empty_algebraic_enum::scala
[INFO] [stdout]     can_generate_empty_algebraic_enum::swift
[INFO] [stdout]     can_generate_empty_algebraic_enum::typescript
[INFO] [stdout]     can_generate_generic_enum::kotlin
[INFO] [stdout]     can_generate_generic_enum::scala
[INFO] [stdout]     can_generate_generic_enum::swift
[INFO] [stdout]     can_generate_generic_enum::typescript
[INFO] [stdout]     can_generate_generic_struct::kotlin
[INFO] [stdout]     can_generate_generic_struct::scala
[INFO] [stdout]     can_generate_generic_struct::swift
[INFO] [stdout]     can_generate_generic_struct::typescript
[INFO] [stdout]     can_generate_generic_type_alias::kotlin
[INFO] [stdout]     can_generate_generic_type_alias::scala
[INFO] [stdout]     can_generate_generic_type_alias::swift
[INFO] [stdout]     can_generate_generic_type_alias::typescript
[INFO] [stdout]     can_generate_readonly_fields::typescript
[INFO] [stdout]     can_generate_simple_enum::go
[INFO] [stdout]     can_generate_simple_enum::kotlin
[INFO] [stdout]     can_generate_simple_enum::scala
[INFO] [stdout]     can_generate_simple_enum::swift
[INFO] [stdout]     can_generate_simple_enum::typescript
[INFO] [stdout]     can_generate_simple_struct_with_a_comment::go
[INFO] [stdout]     can_generate_simple_struct_with_a_comment::kotlin
[INFO] [stdout]     can_generate_simple_struct_with_a_comment::scala
[INFO] [stdout]     can_generate_simple_struct_with_a_comment::swift
[INFO] [stdout]     can_generate_simple_struct_with_a_comment::typescript
[INFO] [stdout]     can_generate_slice_of_user_type::go
[INFO] [stdout]     can_generate_slice_of_user_type::kotlin
[INFO] [stdout]     can_generate_slice_of_user_type::scala
[INFO] [stdout]     can_generate_slice_of_user_type::swift
[INFO] [stdout]     can_generate_slice_of_user_type::typescript
[INFO] [stdout]     can_generate_struct_with_skipped_fields::go
[INFO] [stdout]     can_generate_struct_with_skipped_fields::kotlin
[INFO] [stdout]     can_generate_struct_with_skipped_fields::scala
[INFO] [stdout]     can_generate_struct_with_skipped_fields::swift
[INFO] [stdout]     can_generate_struct_with_skipped_fields::typescript
[INFO] [stdout]     can_generate_unit_structs::go
[INFO] [stdout]     can_generate_unit_structs::kotlin
[INFO] [stdout]     can_generate_unit_structs::scala
[INFO] [stdout]     can_generate_unit_structs::swift
[INFO] [stdout]     can_generate_unit_structs::typescript
[INFO] [stdout]     can_handle_anonymous_struct::go
[INFO] [stdout]     can_handle_anonymous_struct::kotlin
[INFO] [stdout]     can_handle_anonymous_struct::scala
[INFO] [stdout]     can_handle_anonymous_struct::swift
[INFO] [stdout]     can_handle_anonymous_struct::typescript
[INFO] [stdout]     can_handle_quote_in_serde_rename::go
[INFO] [stdout]     can_handle_quote_in_serde_rename::kotlin
[INFO] [stdout]     can_handle_quote_in_serde_rename::scala
[INFO] [stdout]     can_handle_quote_in_serde_rename::swift
[INFO] [stdout]     can_handle_quote_in_serde_rename::typescript
[INFO] [stdout]     can_handle_serde_rename::go
[INFO] [stdout]     can_handle_serde_rename::kotlin
[INFO] [stdout]     can_handle_serde_rename::scala
[INFO] [stdout]     can_handle_serde_rename::swift
[INFO] [stdout]     can_handle_serde_rename::typescript
[INFO] [stdout]     can_handle_serde_rename_all::go
[INFO] [stdout]     can_handle_serde_rename_all::kotlin
[INFO] [stdout]     can_handle_serde_rename_all::scala
[INFO] [stdout]     can_handle_serde_rename_all::swift
[INFO] [stdout]     can_handle_serde_rename_all::typescript
[INFO] [stdout]     can_handle_serde_rename_on_top_level::go
[INFO] [stdout]     can_handle_serde_rename_on_top_level::kotlin
[INFO] [stdout]     can_handle_serde_rename_on_top_level::scala
[INFO] [stdout]     can_handle_serde_rename_on_top_level::swift
[INFO] [stdout]     can_handle_serde_rename_on_top_level::typescript
[INFO] [stdout]     can_handle_unit_type::go
[INFO] [stdout]     can_handle_unit_type::kotlin
[INFO] [stdout]     can_handle_unit_type::scala
[INFO] [stdout]     can_handle_unit_type::swift
[INFO] [stdout]     can_handle_unit_type::typescript
[INFO] [stdout]     can_override_types::go
[INFO] [stdout]     can_override_types::kotlin
[INFO] [stdout]     can_override_types::scala
[INFO] [stdout]     can_override_types::swift
[INFO] [stdout]     can_override_types::typescript
[INFO] [stdout]     can_recognize_types_inside_modules::go
[INFO] [stdout]     can_recognize_types_inside_modules::kotlin
[INFO] [stdout]     can_recognize_types_inside_modules::scala
[INFO] [stdout]     can_recognize_types_inside_modules::swift
[INFO] [stdout]     can_recognize_types_inside_modules::typescript
[INFO] [stdout]     const_enum_decorator::swift
[INFO] [stdout]     enum_is_properly_named_with_serde_overrides::go
[INFO] [stdout]     enum_is_properly_named_with_serde_overrides::kotlin
[INFO] [stdout]     enum_is_properly_named_with_serde_overrides::scala
[INFO] [stdout]     enum_is_properly_named_with_serde_overrides::swift
[INFO] [stdout]     enum_is_properly_named_with_serde_overrides::typescript
[INFO] [stdout]     generate_types::go
[INFO] [stdout]     generate_types::kotlin
[INFO] [stdout]     generate_types::scala
[INFO] [stdout]     generate_types::swift
[INFO] [stdout]     generate_types::typescript
[INFO] [stdout]     generate_types_with_keywords::swift
[INFO] [stdout]     generates_empty_structs_and_initializers::go
[INFO] [stdout]     generates_empty_structs_and_initializers::kotlin
[INFO] [stdout]     generates_empty_structs_and_initializers::scala
[INFO] [stdout]     generates_empty_structs_and_initializers::swift
[INFO] [stdout]     generates_empty_structs_and_initializers::typescript
[INFO] [stdout]     kebab_case_rename::go
[INFO] [stdout]     kebab_case_rename::kotlin
[INFO] [stdout]     kebab_case_rename::scala
[INFO] [stdout]     kebab_case_rename::swift
[INFO] [stdout]     kebab_case_rename::typescript
[INFO] [stdout]     orders_types::go
[INFO] [stdout]     orders_types::kotlin
[INFO] [stdout]     orders_types::swift
[INFO] [stdout]     recursive_enum_decorator::go
[INFO] [stdout]     recursive_enum_decorator::kotlin
[INFO] [stdout]     recursive_enum_decorator::scala
[INFO] [stdout]     recursive_enum_decorator::swift
[INFO] [stdout]     recursive_enum_decorator::typescript
[INFO] [stdout]     resolves_qualified_type::go
[INFO] [stdout]     resolves_qualified_type::kotlin
[INFO] [stdout]     resolves_qualified_type::scala
[INFO] [stdout]     resolves_qualified_type::swift
[INFO] [stdout]     resolves_qualified_type::typescript
[INFO] [stdout]     serialize_anonymous_field_as::go
[INFO] [stdout]     serialize_anonymous_field_as::kotlin
[INFO] [stdout]     serialize_anonymous_field_as::scala
[INFO] [stdout]     serialize_anonymous_field_as::swift
[INFO] [stdout]     serialize_anonymous_field_as::typescript
[INFO] [stdout]     serialize_field_as::go
[INFO] [stdout]     serialize_field_as::kotlin
[INFO] [stdout]     serialize_field_as::scala
[INFO] [stdout]     serialize_field_as::swift
[INFO] [stdout]     serialize_field_as::typescript
[INFO] [stdout]     serialize_type_alias::go
[INFO] [stdout]     serialize_type_alias::kotlin
[INFO] [stdout]     serialize_type_alias::scala
[INFO] [stdout]     serialize_type_alias::swift
[INFO] [stdout]     serialize_type_alias::typescript
[INFO] [stdout]     smart_pointers::go
[INFO] [stdout]     smart_pointers::kotlin
[INFO] [stdout]     smart_pointers::scala
[INFO] [stdout]     smart_pointers::swift
[INFO] [stdout]     smart_pointers::typescript
[INFO] [stdout]     struct_decorator::swift
[INFO] [stdout]     test_algebraic_enum_case_name_support::go
[INFO] [stdout]     test_algebraic_enum_case_name_support::kotlin
[INFO] [stdout]     test_algebraic_enum_case_name_support::scala
[INFO] [stdout]     test_algebraic_enum_case_name_support::swift
[INFO] [stdout]     test_algebraic_enum_case_name_support::typescript
[INFO] [stdout]     test_default_decorators::swift
[INFO] [stdout]     test_default_generic_constraints::swift
[INFO] [stdout]     test_generate_char::go
[INFO] [stdout]     test_generate_char::kotlin
[INFO] [stdout]     test_generate_char::scala
[INFO] [stdout]     test_generate_char::swift
[INFO] [stdout]     test_generate_char::typescript
[INFO] [stdout]     test_i54_u53_type::go
[INFO] [stdout]     test_i54_u53_type::kotlin
[INFO] [stdout]     test_i54_u53_type::scala
[INFO] [stdout]     test_i54_u53_type::swift
[INFO] [stdout]     test_i54_u53_type::typescript
[INFO] [stdout]     test_optional_type_alias::go
[INFO] [stdout]     test_optional_type_alias::kotlin
[INFO] [stdout]     test_optional_type_alias::scala
[INFO] [stdout]     test_optional_type_alias::swift
[INFO] [stdout]     test_optional_type_alias::typescript
[INFO] [stdout]     test_serde_default_struct::go
[INFO] [stdout]     test_serde_default_struct::kotlin
[INFO] [stdout]     test_serde_default_struct::scala
[INFO] [stdout]     test_serde_default_struct::swift
[INFO] [stdout]     test_serde_default_struct::typescript
[INFO] [stdout]     test_serde_iso8601::go
[INFO] [stdout]     test_serde_iso8601::kotlin
[INFO] [stdout]     test_serde_iso8601::scala
[INFO] [stdout]     test_serde_iso8601::swift
[INFO] [stdout]     test_serde_iso8601::typescript
[INFO] [stdout]     test_serde_url::go
[INFO] [stdout]     test_serde_url::kotlin
[INFO] [stdout]     test_serde_url::scala
[INFO] [stdout]     test_serde_url::swift
[INFO] [stdout]     test_serde_url::typescript
[INFO] [stdout]     test_serialized_as::go
[INFO] [stdout]     test_serialized_as::kotlin
[INFO] [stdout]     test_serialized_as::scala
[INFO] [stdout]     test_serialized_as::swift
[INFO] [stdout]     test_serialized_as::typescript
[INFO] [stdout]     test_serialized_as_tuple::go
[INFO] [stdout]     test_serialized_as_tuple::kotlin
[INFO] [stdout]     test_serialized_as_tuple::scala
[INFO] [stdout]     test_serialized_as_tuple::swift
[INFO] [stdout]     test_serialized_as_tuple::typescript
[INFO] [stdout]     test_simple_enum_case_name_support::go
[INFO] [stdout]     test_simple_enum_case_name_support::kotlin
[INFO] [stdout]     test_simple_enum_case_name_support::scala
[INFO] [stdout]     test_simple_enum_case_name_support::swift
[INFO] [stdout]     test_simple_enum_case_name_support::typescript
[INFO] [stdout]     test_type_alias::go
[INFO] [stdout]     test_type_alias::kotlin
[INFO] [stdout]     test_type_alias::scala
[INFO] [stdout]     test_type_alias::swift
[INFO] [stdout]     test_type_alias::typescript
[INFO] [stdout]     uppercase_go_acronyms::go
[INFO] [stdout]     use_correct_decoded_variable_name::go
[INFO] [stdout]     use_correct_decoded_variable_name::kotlin
[INFO] [stdout]     use_correct_decoded_variable_name::scala
[INFO] [stdout]     use_correct_decoded_variable_name::swift
[INFO] [stdout]     use_correct_decoded_variable_name::typescript
[INFO] [stdout]     use_correct_integer_types::go
[INFO] [stdout]     use_correct_integer_types::kotlin
[INFO] [stdout]     use_correct_integer_types::scala
[INFO] [stdout]     use_correct_integer_types::swift
[INFO] [stdout]     use_correct_integer_types::typescript
[INFO] [stdout] 
[INFO] [stdout] test result: FAILED. 0 passed; 234 failed; 0 ignored; 0 measured; 0 filtered out; finished in 0.01s
[INFO] [stdout] 
[INFO] running `Command { std: "docker" "inspect" "57f71b0822359c03db41ec62476de67afd49f7b173cc6eb1559bfd6c0165dcd5", kill_on_drop: false }`
[INFO] running `Command { std: "docker" "rm" "-f" "57f71b0822359c03db41ec62476de67afd49f7b173cc6eb1559bfd6c0165dcd5", kill_on_drop: false }`
[INFO] [stdout] 57f71b0822359c03db41ec62476de67afd49f7b173cc6eb1559bfd6c0165dcd5
