[INFO] cloning repository https://github.com/1001054/Data_Disguise
[INFO] running `Command { std: "git" "-c" "credential.helper=" "-c" "credential.helper=/workspace/cargo-home/bin/git-credential-null" "clone" "--bare" "https://github.com/1001054/Data_Disguise" "/workspace/cache/git-repos/https%3A%2F%2Fgithub.com%2F1001054%2FData_Disguise", kill_on_drop: false }`
[INFO] [stderr] Cloning into bare repository '/workspace/cache/git-repos/https%3A%2F%2Fgithub.com%2F1001054%2FData_Disguise'...
[INFO] running `Command { std: "git" "rev-parse" "HEAD", kill_on_drop: false }`
[INFO] [stdout] d739868e7a3ed1268af347cc729b2cd7a38ec2b7
[INFO] testing 1001054/Data_Disguise against 1.75.0 for beta-1.76-1
[INFO] running `Command { std: "git" "clone" "/workspace/cache/git-repos/https%3A%2F%2Fgithub.com%2F1001054%2FData_Disguise" "/workspace/builds/worker-5-tc1/source", kill_on_drop: false }`
[INFO] [stderr] Cloning into '/workspace/builds/worker-5-tc1/source'...
[INFO] [stderr] done.
[INFO] validating manifest of git repo https://github.com/1001054/Data_Disguise on toolchain 1.75.0
[INFO] running `Command { std: CARGO_HOME="/workspace/cargo-home" RUSTUP_HOME="/workspace/rustup-home" "/workspace/cargo-home/bin/cargo" "+1.75.0" "metadata" "--manifest-path" "Cargo.toml" "--no-deps", kill_on_drop: false }`
[INFO] started tweaking git repo https://github.com/1001054/Data_Disguise
[INFO] finished tweaking git repo https://github.com/1001054/Data_Disguise
[INFO] tweaked toml for git repo https://github.com/1001054/Data_Disguise written to /workspace/builds/worker-5-tc1/source/Cargo.toml
[INFO] crate git repo https://github.com/1001054/Data_Disguise already has a lockfile, it will not be regenerated
[INFO] running `Command { std: CARGO_HOME="/workspace/cargo-home" RUSTUP_HOME="/workspace/rustup-home" "/workspace/cargo-home/bin/cargo" "+1.75.0" "fetch" "--manifest-path" "Cargo.toml", kill_on_drop: false }`
[INFO] [stderr]  Downloading crates ...
[INFO] [stderr]   Downloaded crossbeam-queue v0.3.5
[INFO] [stderr]   Downloaded sha1 v0.10.1
[INFO] [stderr]   Downloaded semver v1.0.10
[INFO] [stderr]   Downloaded crossbeam-utils v0.8.9
[INFO] [stderr]   Downloaded actix-http v3.1.0
[INFO] running `Command { std: "docker" "create" "-v" "/var/lib/crater-agent-workspace/builds/worker-5-tc1/target:/opt/rustwide/target:rw,Z" "-v" "/var/lib/crater-agent-workspace/builds/worker-5-tc1/source:/opt/rustwide/workdir:ro,Z" "-v" "/var/lib/crater-agent-workspace/cargo-home:/opt/rustwide/cargo-home:ro,Z" "-v" "/var/lib/crater-agent-workspace/rustup-home:/opt/rustwide/rustup-home:ro,Z" "-e" "SOURCE_DIR=/opt/rustwide/workdir" "-e" "CARGO_TARGET_DIR=/opt/rustwide/target" "-e" "CARGO_HOME=/opt/rustwide/cargo-home" "-e" "RUSTUP_HOME=/opt/rustwide/rustup-home" "-w" "/opt/rustwide/workdir" "-m" "1610612736" "--user" "0:0" "--network" "none" "ghcr.io/rust-lang/crates-build-env/linux@sha256:2788e3201cd34a07e3172128adcd8b3090168a8e3bcc40d7c032b9dda1df7d1c" "/opt/rustwide/cargo-home/bin/cargo" "+1.75.0" "metadata" "--no-deps" "--format-version=1", kill_on_drop: false }`
[INFO] [stdout] b129bfb2fde8135e24d6fe28c3bc1ba450438186c2b6cafa69d4878cb8eb0a76
[INFO] running `Command { std: "docker" "start" "-a" "b129bfb2fde8135e24d6fe28c3bc1ba450438186c2b6cafa69d4878cb8eb0a76", kill_on_drop: false }`
[INFO] running `Command { std: "docker" "inspect" "b129bfb2fde8135e24d6fe28c3bc1ba450438186c2b6cafa69d4878cb8eb0a76", kill_on_drop: false }`
[INFO] running `Command { std: "docker" "rm" "-f" "b129bfb2fde8135e24d6fe28c3bc1ba450438186c2b6cafa69d4878cb8eb0a76", kill_on_drop: false }`
[INFO] [stdout] b129bfb2fde8135e24d6fe28c3bc1ba450438186c2b6cafa69d4878cb8eb0a76
[INFO] running `Command { std: "docker" "create" "-v" "/var/lib/crater-agent-workspace/builds/worker-5-tc1/target:/opt/rustwide/target:rw,Z" "-v" "/var/lib/crater-agent-workspace/builds/worker-5-tc1/source:/opt/rustwide/workdir:ro,Z" "-v" "/var/lib/crater-agent-workspace/cargo-home:/opt/rustwide/cargo-home:ro,Z" "-v" "/var/lib/crater-agent-workspace/rustup-home:/opt/rustwide/rustup-home:ro,Z" "-e" "SOURCE_DIR=/opt/rustwide/workdir" "-e" "CARGO_TARGET_DIR=/opt/rustwide/target" "-e" "CARGO_INCREMENTAL=0" "-e" "RUST_BACKTRACE=full" "-e" "RUSTFLAGS=--cap-lints=warn" "-e" "RUSTDOCFLAGS=--cap-lints=warn" "-e" "CARGO_HOME=/opt/rustwide/cargo-home" "-e" "RUSTUP_HOME=/opt/rustwide/rustup-home" "-w" "/opt/rustwide/workdir" "-m" "1610612736" "--user" "0:0" "--network" "none" "ghcr.io/rust-lang/crates-build-env/linux@sha256:2788e3201cd34a07e3172128adcd8b3090168a8e3bcc40d7c032b9dda1df7d1c" "/opt/rustwide/cargo-home/bin/cargo" "+1.75.0" "build" "--frozen" "--message-format=json", kill_on_drop: false }`
[INFO] [stdout] 0d55961175c2c8a08ee4f3c742e6bc5f84ed9405b6141fcbc79aef1b6589f4fa
[INFO] running `Command { std: "docker" "start" "-a" "0d55961175c2c8a08ee4f3c742e6bc5f84ed9405b6141fcbc79aef1b6589f4fa", kill_on_drop: false }`
[INFO] [stderr]    Compiling libc v0.2.126
[INFO] [stderr]    Compiling once_cell v1.12.0
[INFO] [stderr]    Compiling memchr v2.5.0
[INFO] [stderr]    Compiling log v0.4.17
[INFO] [stderr]    Compiling pin-project-lite v0.2.9
[INFO] [stderr]    Compiling proc-macro2 v1.0.39
[INFO] [stderr]    Compiling futures-core v0.3.21
[INFO] [stderr]    Compiling unicode-ident v1.0.1
[INFO] [stderr]    Compiling generic-array v0.14.5
[INFO] [stderr]    Compiling syn v1.0.96
[INFO] [stderr]    Compiling lock_api v0.4.7
[INFO] [stderr]    Compiling spin v0.5.2
[INFO] [stderr]    Compiling libm v0.2.2
[INFO] [stderr]    Compiling num-traits v0.2.15
[INFO] [stderr]    Compiling parking_lot_core v0.9.3
[INFO] [stderr]    Compiling itoa v1.0.2
[INFO] [stderr]    Compiling num-integer v0.1.45
[INFO] [stderr]    Compiling untrusted v0.7.1
[INFO] [stderr]    Compiling futures-task v0.3.21
[INFO] [stderr]    Compiling quote v1.0.18
[INFO] [stderr]    Compiling jobserver v0.1.24
[INFO] [stderr]    Compiling socket2 v0.4.4
[INFO] [stderr]    Compiling mio v0.8.3
[INFO] [stderr]    Compiling cc v1.0.73
[INFO] [stderr]    Compiling num_cpus v1.13.1
[INFO] [stderr]    Compiling getrandom v0.2.7
[INFO] [stderr]    Compiling rand_core v0.6.3
[INFO] [stderr]    Compiling signal-hook-registry v1.4.0
[INFO] [stderr]    Compiling rand_chacha v0.3.1
[INFO] [stderr]    Compiling parking_lot v0.12.1
[INFO] [stderr]    Compiling block-buffer v0.10.2
[INFO] [stderr]    Compiling crypto-common v0.1.3
[INFO] [stderr]    Compiling tokio v1.19.2
[INFO] [stderr]    Compiling futures-util v0.3.21
[INFO] [stderr]    Compiling digest v0.10.3
[INFO] [stderr]    Compiling subtle v2.4.1
[INFO] [stderr]    Compiling base64ct v1.5.0
[INFO] [stderr]    Compiling futures-sink v0.3.21
[INFO] [stderr]    Compiling ahash v0.7.6
[INFO] [stderr]    Compiling ring v0.16.20
[INFO] [stderr]    Compiling crypto-bigint v0.3.2
[INFO] [stderr]    Compiling num-iter v0.1.43
[INFO] [stderr]    Compiling zeroize v1.5.5
[INFO] [stderr]    Compiling pem-rfc7468 v0.3.1
[INFO] [stderr]    Compiling serde_derive v1.0.137
[INFO] [stderr]    Compiling const-oid v0.7.1
[INFO] [stderr]    Compiling tinyvec v1.6.0
[INFO] [stderr]    Compiling der v0.5.1
[INFO] [stderr]    Compiling num-bigint-dig v0.8.1
[INFO] [stderr]    Compiling cpufeatures v0.2.2
[INFO] [stderr]    Compiling serde v1.0.137
[INFO] [stderr]    Compiling hashbrown v0.12.1
[INFO] [stderr]    Compiling lazy_static v1.4.0
[INFO] [stderr]    Compiling paste v1.0.7
[INFO] [stderr]    Compiling unicode-normalization v0.1.19
[INFO] [stderr]    Compiling spki v0.5.4
[INFO] [stderr]    Compiling unicode-bidi v0.3.8
[INFO] [stderr]    Compiling pkcs8 v0.8.0
[INFO] [stderr]    Compiling zstd-sys v2.0.1+zstd.1.5.2
[INFO] [stderr]    Compiling tracing-core v0.1.27
[INFO] [stderr]    Compiling indexmap v1.9.0
[INFO] [stderr]    Compiling crossbeam-utils v0.8.9
[INFO] [stderr]    Compiling futures-channel v0.3.21
[INFO] [stderr]    Compiling http v0.2.8
[INFO] [stderr]    Compiling tracing v0.1.35
[INFO] [stderr]    Compiling parking_lot_core v0.8.5
[INFO] [stderr]    Compiling idna v0.2.3
[INFO] [stderr]    Compiling pkcs1 v0.3.3
[INFO] [stderr]    Compiling rand v0.8.5
[INFO] [stderr]    Compiling webpki v0.21.4
[INFO] [stderr]    Compiling sct v0.6.1
[INFO] [stderr]    Compiling rustls v0.19.1
[INFO] [stderr]    Compiling num-bigint v0.3.3
[INFO] [stderr]    Compiling minimal-lexical v0.2.1
[INFO] [stderr]    Compiling crossbeam-queue v0.3.5
[INFO] [stderr]    Compiling either v1.6.1
[INFO] [stderr]    Compiling nom v7.1.1
[INFO] [stderr]    Compiling itertools v0.10.3
[INFO] [stderr]    Compiling url v2.2.2
[INFO] [stderr]    Compiling parking_lot v0.11.2
[INFO] [stderr]    Compiling thiserror-impl v1.0.31
[INFO] [stderr]    Compiling hashbrown v0.11.2
[INFO] [stderr]    Compiling aho-corasick v0.7.18
[INFO] [stderr]    Compiling bytestring v1.1.0
[INFO] [stderr]    Compiling crc32fast v1.3.2
[INFO] [stderr]    Compiling unicode_categories v0.1.1
[INFO] [stderr]    Compiling alloc-no-stdlib v2.0.3
[INFO] [stderr]    Compiling regex-syntax v0.6.26
[INFO] [stderr]    Compiling local-waker v0.1.3
[INFO] [stderr]    Compiling zstd-safe v5.0.2+zstd.1.5.2
[INFO] [stderr]    Compiling sqlformat v0.1.8
[INFO] [stderr]    Compiling alloc-stdlib v0.2.1
[INFO] [stderr]    Compiling thiserror v1.0.31
[INFO] [stderr]    Compiling hashlink v0.7.0
[INFO] [stderr]    Compiling tokio-rustls v0.22.0
[INFO] [stderr]    Compiling futures-intrusive v0.4.0
[INFO] [stderr]    Compiling actix-macros v0.2.3
[INFO] [stderr]    Compiling regex v1.5.6
[INFO] [stderr]    Compiling webpki-roots v0.21.1
[INFO] [stderr]    Compiling tokio-util v0.7.3
[INFO] [stderr]    Compiling stringprep v0.1.2
[INFO] [stderr]    Compiling sha-1 v0.10.0
[INFO] [stderr]    Compiling sha2 v0.10.2
[INFO] [stderr]    Compiling atoi v0.4.0
[INFO] [stderr]    Compiling encoding_rs v0.8.31
[INFO] [stderr]    Compiling adler v1.0.2
[INFO] [stderr]    Compiling httparse v1.7.1
[INFO] [stderr]    Compiling firestorm v0.5.1
[INFO] [stderr]    Compiling event-listener v2.5.2
[INFO] [stderr]    Compiling miniz_oxide v0.5.3
[INFO] [stderr]    Compiling actix-rt v2.7.0
[INFO] [stderr]    Compiling rsa v0.6.1
[INFO] [stderr]    Compiling sqlx-rt v0.5.13
[INFO] [stderr]    Compiling brotli-decompressor v2.3.2
[INFO] [stderr]    Compiling actix-utils v3.0.0
[INFO] [stderr]    Compiling tokio-stream v0.1.9
[INFO] [stderr]    Compiling actix-service v2.0.2
[INFO] [stderr]    Compiling chrono v0.4.19
[INFO] [stderr]    Compiling time v0.1.44
[INFO] [stderr]    Compiling cookie v0.16.0
[INFO] [stderr]    Compiling convert_case v0.4.0
[INFO] [stderr]    Compiling serde_json v1.0.81
[INFO] [stderr]    Compiling ryu v1.0.10
[INFO] [stderr]    Compiling bitflags v1.3.2
[INFO] [stderr]    Compiling num_threads v0.1.6
[INFO] [stderr]    Compiling time-macros v0.2.4
[INFO] [stderr]    Compiling slab v0.4.6
[INFO] [stderr]    Compiling unicode-segmentation v1.9.0
[INFO] [stderr]    Compiling derive_more v0.99.17
[INFO] [stderr]    Compiling h2 v0.3.13
[INFO] [stderr]    Compiling heck v0.4.0
[INFO] [stderr]    Compiling sqlx-core v0.5.13
[INFO] [stderr]    Compiling brotli v3.3.4
[INFO] [stderr]    Compiling flate2 v1.0.24
[INFO] [stderr]    Compiling actix-router v0.5.0
[INFO] [stderr]    Compiling time v0.3.9
[INFO] [stderr]    Compiling actix-codec v0.5.0
[INFO] [stderr]    Compiling local-channel v0.1.3
[INFO] [stderr]    Compiling sha1 v0.10.1
[INFO] [stderr]    Compiling dotenv v0.15.0
[INFO] [stderr]    Compiling mime v0.3.16
[INFO] [stderr]    Compiling httpdate v1.0.2
[INFO] [stderr]    Compiling language-tags v0.3.2
[INFO] [stderr]    Compiling actix-web-codegen v4.0.1
[INFO] [stderr]    Compiling serde_urlencoded v0.7.1
[INFO] [stderr]    Compiling actix-server v2.1.1
[INFO] [stderr]    Compiling sqlx-macros v0.5.13
[INFO] [stderr]    Compiling sqlx v0.5.13
[INFO] [stderr]    Compiling zstd v0.11.2+zstd.1.5.2
[INFO] [stderr]    Compiling actix-http v3.1.0
[INFO] [stderr]    Compiling actix-web v4.1.0
[INFO] [stderr]    Compiling project_8099 v0.1.0 (/opt/rustwide/workdir)
[INFO] [stdout] warning: unused import: `chrono::Local`
[INFO] [stdout]  --> src/bin/../handlers/disguise.rs:2:5
[INFO] [stdout]   |
[INFO] [stdout] 2 | use chrono::Local;
[INFO] [stdout]   |     ^^^^^^^^^^^^^
[INFO] [stdout]   |
[INFO] [stdout]   = note: `#[warn(unused_imports)]` on by default
[INFO] [stdout] 
[INFO] [stdout] 
[INFO] [stdout] warning: unused import: `sqlx::MySqlPool`
[INFO] [stdout]  --> src/bin/../handlers/disguise.rs:3:5
[INFO] [stdout]   |
[INFO] [stdout] 3 | use sqlx::MySqlPool;
[INFO] [stdout]   |     ^^^^^^^^^^^^^^^
[INFO] [stdout] 
[INFO] [stdout] 
[INFO] [stdout] warning: unused import: `sqlx::mysql::MySqlRow`
[INFO] [stdout]  --> src/bin/../dbaccess/vault.rs:2:5
[INFO] [stdout]   |
[INFO] [stdout] 2 | use sqlx::mysql::MySqlRow;
[INFO] [stdout]   |     ^^^^^^^^^^^^^^^^^^^^^
[INFO] [stdout] 
[INFO] [stdout] 
[INFO] [stdout] warning: associated function `new` is never used
[INFO] [stdout]   --> src/bin/../models/placeholder.rs:11:12
[INFO] [stdout]    |
[INFO] [stdout] 10 | impl PlaceholderInfo {
[INFO] [stdout]    | -------------------- associated function in this implementation
[INFO] [stdout] 11 |     pub fn new(generate_placeholder: GeneratePlaceHolder, id: &str) -> PlaceholderInfo {
[INFO] [stdout]    |            ^^^
[INFO] [stdout]    |
[INFO] [stdout]    = note: `#[warn(dead_code)]` on by default
[INFO] [stdout] 
[INFO] [stdout] 
[INFO] [stdout] warning: method `field_names` is never used
[INFO] [stdout]   --> src/bin/../models/target.rs:32:12
[INFO] [stdout]    |
[INFO] [stdout] 9  | impl Target {
[INFO] [stdout]    | ----------- method in this implementation
[INFO] [stdout] ...
[INFO] [stdout] 32 |     pub fn field_names(&self) -> Option<String> {
[INFO] [stdout]    |            ^^^^^^^^^^^
[INFO] [stdout] 
[INFO] [stdout] 
[INFO] [stdout] warning: function `get_vault_by_email_db` is never used
[INFO] [stdout]   --> src/bin/../dbaccess/vault.rs:63:14
[INFO] [stdout]    |
[INFO] [stdout] 63 | pub async fn get_vault_by_email_db(vault_db: &MySqlPool, email: &str) -> Result<Vault, MyError> {
[INFO] [stdout]    |              ^^^^^^^^^^^^^^^^^^^^^
[INFO] [stdout] 
[INFO] [stdout] 
[INFO] [stdout] warning: function `upload_disguise_object_db` is never used
[INFO] [stdout]    --> src/bin/../dbaccess/vault.rs:165:14
[INFO] [stdout]     |
[INFO] [stdout] 165 | pub async fn upload_disguise_object_db(
[INFO] [stdout]     |              ^^^^^^^^^^^^^^^^^^^^^^^^^
[INFO] [stdout] 
[INFO] [stdout] 
[INFO] [stdout] warning: 7 warnings emitted
[INFO] [stdout] 
[INFO] [stdout] 
[INFO] [stderr]     Finished dev [unoptimized + debuginfo] target(s) in 1m 42s
[INFO] running `Command { std: "docker" "inspect" "0d55961175c2c8a08ee4f3c742e6bc5f84ed9405b6141fcbc79aef1b6589f4fa", kill_on_drop: false }`
[INFO] running `Command { std: "docker" "rm" "-f" "0d55961175c2c8a08ee4f3c742e6bc5f84ed9405b6141fcbc79aef1b6589f4fa", kill_on_drop: false }`
[INFO] [stdout] 0d55961175c2c8a08ee4f3c742e6bc5f84ed9405b6141fcbc79aef1b6589f4fa
[INFO] running `Command { std: "docker" "create" "-v" "/var/lib/crater-agent-workspace/builds/worker-5-tc1/target:/opt/rustwide/target:rw,Z" "-v" "/var/lib/crater-agent-workspace/builds/worker-5-tc1/source:/opt/rustwide/workdir:ro,Z" "-v" "/var/lib/crater-agent-workspace/cargo-home:/opt/rustwide/cargo-home:ro,Z" "-v" "/var/lib/crater-agent-workspace/rustup-home:/opt/rustwide/rustup-home:ro,Z" "-e" "SOURCE_DIR=/opt/rustwide/workdir" "-e" "CARGO_TARGET_DIR=/opt/rustwide/target" "-e" "CARGO_INCREMENTAL=0" "-e" "RUST_BACKTRACE=full" "-e" "RUSTFLAGS=--cap-lints=warn" "-e" "RUSTDOCFLAGS=--cap-lints=warn" "-e" "CARGO_HOME=/opt/rustwide/cargo-home" "-e" "RUSTUP_HOME=/opt/rustwide/rustup-home" "-w" "/opt/rustwide/workdir" "-m" "1610612736" "--user" "0:0" "--network" "none" "ghcr.io/rust-lang/crates-build-env/linux@sha256:2788e3201cd34a07e3172128adcd8b3090168a8e3bcc40d7c032b9dda1df7d1c" "/opt/rustwide/cargo-home/bin/cargo" "+1.75.0" "test" "--frozen" "--no-run" "--message-format=json", kill_on_drop: false }`
[INFO] [stdout] a40f2ca7114dc926babfdab546e6e155696001b5ae6382b0cf7caa79ba661688
[INFO] running `Command { std: "docker" "start" "-a" "a40f2ca7114dc926babfdab546e6e155696001b5ae6382b0cf7caa79ba661688", kill_on_drop: false }`
[INFO] [stderr]    Compiling project_8099 v0.1.0 (/opt/rustwide/workdir)
[INFO] [stdout] warning: unused import: `chrono::Local`
[INFO] [stdout]  --> src/bin/../handlers/disguise.rs:2:5
[INFO] [stdout]   |
[INFO] [stdout] 2 | use chrono::Local;
[INFO] [stdout]   |     ^^^^^^^^^^^^^
[INFO] [stdout]   |
[INFO] [stdout]   = note: `#[warn(unused_imports)]` on by default
[INFO] [stdout] 
[INFO] [stdout] 
[INFO] [stdout] warning: unused import: `sqlx::MySqlPool`
[INFO] [stdout]  --> src/bin/../handlers/disguise.rs:3:5
[INFO] [stdout]   |
[INFO] [stdout] 3 | use sqlx::MySqlPool;
[INFO] [stdout]   |     ^^^^^^^^^^^^^^^
[INFO] [stdout] 
[INFO] [stdout] 
[INFO] [stdout] warning: unused import: `std::future::Future`
[INFO] [stdout]    --> src/bin/../handlers/disguise.rs:228:9
[INFO] [stdout]     |
[INFO] [stdout] 228 |     use std::future::Future;
[INFO] [stdout]     |         ^^^^^^^^^^^^^^^^^^^
[INFO] [stdout] 
[INFO] [stdout] 
[INFO] [stdout] warning: unused import: `std::sync::Mutex`
[INFO] [stdout]    --> src/bin/../handlers/disguise.rs:229:9
[INFO] [stdout]     |
[INFO] [stdout] 229 |     use std::sync::Mutex;
[INFO] [stdout]     |         ^^^^^^^^^^^^^^^^
[INFO] [stdout] 
[INFO] [stdout] 
[INFO] [stdout] warning: unused import: `crate::error::MyError`
[INFO] [stdout]    --> src/bin/../handlers/disguise.rs:237:9
[INFO] [stdout]     |
[INFO] [stdout] 237 |     use crate::error::MyError;
[INFO] [stdout]     |         ^^^^^^^^^^^^^^^^^^^^^
[INFO] [stdout] 
[INFO] [stdout] 
[INFO] [stdout] warning: unused import: `std::sync::Mutex`
[INFO] [stdout]   --> src/bin/../handlers/vault.rs:45:9
[INFO] [stdout]    |
[INFO] [stdout] 45 |     use std::sync::Mutex;
[INFO] [stdout]    |         ^^^^^^^^^^^^^^^^
[INFO] [stdout] 
[INFO] [stdout] 
[INFO] [stdout] warning: unused import: `actix_web::http::StatusCode`
[INFO] [stdout]   --> src/bin/../handlers/vault.rs:46:9
[INFO] [stdout]    |
[INFO] [stdout] 46 |     use actix_web::http::StatusCode;
[INFO] [stdout]    |         ^^^^^^^^^^^^^^^^^^^^^^^^^^^
[INFO] [stdout] 
[INFO] [stdout] 
[INFO] [stdout] warning: unused import: `crate::dbaccess::vault::generate_vault_db`
[INFO] [stdout]   --> src/bin/../handlers/vault.rs:50:9
[INFO] [stdout]    |
[INFO] [stdout] 50 |     use crate::dbaccess::vault::generate_vault_db;
[INFO] [stdout]    |         ^^^^^^^^^^^^^^^^^^^^^^^^^^^^^^^^^^^^^^^^^
[INFO] [stdout] 
[INFO] [stdout] 
[INFO] [stdout] warning: unused import: `PlaceholderInfo`
[INFO] [stdout]   --> src/bin/../handlers/vault.rs:52:59
[INFO] [stdout]    |
[INFO] [stdout] 52 |     use crate::models::placeholder::{GeneratePlaceHolder, PlaceholderInfo};
[INFO] [stdout]    |                                                           ^^^^^^^^^^^^^^^
[INFO] [stdout] 
[INFO] [stdout] 
[INFO] [stdout] warning: unused import: `Vault`
[INFO] [stdout]   --> src/bin/../handlers/vault.rs:53:47
[INFO] [stdout]    |
[INFO] [stdout] 53 |     use crate::models::vault::{GenerateVault, Vault};
[INFO] [stdout]    |                                               ^^^^^
[INFO] [stdout] 
[INFO] [stdout] 
[INFO] [stdout] warning: unused import: `sqlx::mysql::MySqlRow`
[INFO] [stdout]  --> src/bin/../dbaccess/vault.rs:2:5
[INFO] [stdout]   |
[INFO] [stdout] 2 | use sqlx::mysql::MySqlRow;
[INFO] [stdout]   |     ^^^^^^^^^^^^^^^^^^^^^
[INFO] [stdout] 
[INFO] [stdout] 
[INFO] [stdout] warning: unused import: `std::sync::Mutex`
[INFO] [stdout]    --> src/bin/../dbaccess/vault.rs:361:9
[INFO] [stdout]     |
[INFO] [stdout] 361 |     use std::sync::Mutex;
[INFO] [stdout]     |         ^^^^^^^^^^^^^^^^
[INFO] [stdout] 
[INFO] [stdout] 
[INFO] [stdout] warning: unused import: `actix_web::http::StatusCode`
[INFO] [stdout]    --> src/bin/../dbaccess/vault.rs:362:9
[INFO] [stdout]     |
[INFO] [stdout] 362 |     use actix_web::http::StatusCode;
[INFO] [stdout]     |         ^^^^^^^^^^^^^^^^^^^^^^^^^^^
[INFO] [stdout] 
[INFO] [stdout] 
[INFO] [stdout] warning: unused import: `crate::handlers::vault::generate_vault`
[INFO] [stdout]    --> src/bin/../dbaccess/vault.rs:367:9
[INFO] [stdout]     |
[INFO] [stdout] 367 |     use crate::handlers::vault::generate_vault;
[INFO] [stdout]     |         ^^^^^^^^^^^^^^^^^^^^^^^^^^^^^^^^^^^^^^
[INFO] [stdout] 
[INFO] [stdout] 
[INFO] [stdout] warning: unused import: `GeneratePlaceHolder`
[INFO] [stdout]    --> src/bin/../dbaccess/vault.rs:368:38
[INFO] [stdout]     |
[INFO] [stdout] 368 |     use crate::models::placeholder::{GeneratePlaceHolder, PlaceholderInfo};
[INFO] [stdout]     |                                      ^^^^^^^^^^^^^^^^^^^
[INFO] [stdout] 
[INFO] [stdout] 
[INFO] [stdout] warning: unused import: `GenerateVault`
[INFO] [stdout]    --> src/bin/../dbaccess/vault.rs:369:52
[INFO] [stdout]     |
[INFO] [stdout] 369 |     use crate::models::vault::{Disguise, Function, GenerateVault, Vault};
[INFO] [stdout]     |                                                    ^^^^^^^^^^^^^
[INFO] [stdout] 
[INFO] [stdout] 
[INFO] [stdout] warning: associated function `new` is never used
[INFO] [stdout]   --> src/bin/../models/placeholder.rs:11:12
[INFO] [stdout]    |
[INFO] [stdout] 10 | impl PlaceholderInfo {
[INFO] [stdout]    | -------------------- associated function in this implementation
[INFO] [stdout] 11 |     pub fn new(generate_placeholder: GeneratePlaceHolder, id: &str) -> PlaceholderInfo {
[INFO] [stdout]    |            ^^^
[INFO] [stdout]    |
[INFO] [stdout]    = note: `#[warn(dead_code)]` on by default
[INFO] [stdout] 
[INFO] [stdout] 
[INFO] [stdout] warning: method `field_names` is never used
[INFO] [stdout]   --> src/bin/../models/target.rs:32:12
[INFO] [stdout]    |
[INFO] [stdout] 9  | impl Target {
[INFO] [stdout]    | ----------- method in this implementation
[INFO] [stdout] ...
[INFO] [stdout] 32 |     pub fn field_names(&self) -> Option<String> {
[INFO] [stdout]    |            ^^^^^^^^^^^
[INFO] [stdout] 
[INFO] [stdout] 
[INFO] [stdout] warning: function `get_vault_by_email_db` is never used
[INFO] [stdout]   --> src/bin/../dbaccess/vault.rs:63:14
[INFO] [stdout]    |
[INFO] [stdout] 63 | pub async fn get_vault_by_email_db(vault_db: &MySqlPool, email: &str) -> Result<Vault, MyError> {
[INFO] [stdout]    |              ^^^^^^^^^^^^^^^^^^^^^
[INFO] [stdout] 
[INFO] [stdout] 
[INFO] [stdout] warning: unused `std::result::Result` that must be used
[INFO] [stdout]    --> src/bin/../handlers/disguise.rs:503:13
[INFO] [stdout]     |
[INFO] [stdout] 503 |             upload_disguise_object_db(shared_data.vault_db.borrow(), &disguise).await;
[INFO] [stdout]     |             ^^^^^^^^^^^^^^^^^^^^^^^^^^^^^^^^^^^^^^^^^^^^^^^^^^^^^^^^^^^^^^^^^^^^^^^^^
[INFO] [stdout]     |
[INFO] [stdout]     = note: this `Result` may be an `Err` variant, which should be handled
[INFO] [stdout]     = note: `#[warn(unused_must_use)]` on by default
[INFO] [stdout] help: use `let _ = ...` to ignore the resulting value
[INFO] [stdout]     |
[INFO] [stdout] 503 |             let _ = upload_disguise_object_db(shared_data.vault_db.borrow(), &disguise).await;
[INFO] [stdout]     |             +++++++
[INFO] [stdout] 
[INFO] [stdout] 
[INFO] [stdout] warning: 20 warnings emitted
[INFO] [stdout] 
[INFO] [stdout] 
[INFO] [stderr]     Finished test [unoptimized + debuginfo] target(s) in 7.66s
[INFO] running `Command { std: "docker" "inspect" "a40f2ca7114dc926babfdab546e6e155696001b5ae6382b0cf7caa79ba661688", kill_on_drop: false }`
[INFO] running `Command { std: "docker" "rm" "-f" "a40f2ca7114dc926babfdab546e6e155696001b5ae6382b0cf7caa79ba661688", kill_on_drop: false }`
[INFO] [stdout] a40f2ca7114dc926babfdab546e6e155696001b5ae6382b0cf7caa79ba661688
[INFO] running `Command { std: "docker" "create" "-v" "/var/lib/crater-agent-workspace/builds/worker-5-tc1/target:/opt/rustwide/target:rw,Z" "-v" "/var/lib/crater-agent-workspace/builds/worker-5-tc1/source:/opt/rustwide/workdir:ro,Z" "-v" "/var/lib/crater-agent-workspace/cargo-home:/opt/rustwide/cargo-home:ro,Z" "-v" "/var/lib/crater-agent-workspace/rustup-home:/opt/rustwide/rustup-home:ro,Z" "-e" "SOURCE_DIR=/opt/rustwide/workdir" "-e" "CARGO_TARGET_DIR=/opt/rustwide/target" "-e" "CARGO_INCREMENTAL=0" "-e" "RUST_BACKTRACE=full" "-e" "RUSTFLAGS=--cap-lints=warn" "-e" "RUSTDOCFLAGS=--cap-lints=warn" "-e" "CARGO_HOME=/opt/rustwide/cargo-home" "-e" "RUSTUP_HOME=/opt/rustwide/rustup-home" "-w" "/opt/rustwide/workdir" "-m" "1610612736" "--user" "0:0" "--network" "none" "ghcr.io/rust-lang/crates-build-env/linux@sha256:2788e3201cd34a07e3172128adcd8b3090168a8e3bcc40d7c032b9dda1df7d1c" "/opt/rustwide/cargo-home/bin/cargo" "+1.75.0" "test" "--frozen", kill_on_drop: false }`
[INFO] [stdout] e968f3d333572ffe79aa0e0190860e274a67d4a9bef6dfb3a89d87bef5cd7fcc
[INFO] running `Command { std: "docker" "start" "-a" "e968f3d333572ffe79aa0e0190860e274a67d4a9bef6dfb3a89d87bef5cd7fcc", kill_on_drop: false }`
[INFO] [stderr] warning: unused import: `chrono::Local`
[INFO] [stderr]  --> src/bin/../handlers/disguise.rs:2:5
[INFO] [stderr]   |
[INFO] [stderr] 2 | use chrono::Local;
[INFO] [stderr]   |     ^^^^^^^^^^^^^
[INFO] [stderr]   |
[INFO] [stderr]   = note: `#[warn(unused_imports)]` on by default
[INFO] [stderr] 
[INFO] [stderr] warning: unused import: `sqlx::MySqlPool`
[INFO] [stderr]  --> src/bin/../handlers/disguise.rs:3:5
[INFO] [stderr]   |
[INFO] [stderr] 3 | use sqlx::MySqlPool;
[INFO] [stderr]   |     ^^^^^^^^^^^^^^^
[INFO] [stderr] 
[INFO] [stderr] warning: unused import: `std::future::Future`
[INFO] [stderr]    --> src/bin/../handlers/disguise.rs:228:9
[INFO] [stderr]     |
[INFO] [stderr] 228 |     use std::future::Future;
[INFO] [stderr]     |         ^^^^^^^^^^^^^^^^^^^
[INFO] [stderr] 
[INFO] [stderr] warning: unused import: `std::sync::Mutex`
[INFO] [stderr]    --> src/bin/../handlers/disguise.rs:229:9
[INFO] [stderr]     |
[INFO] [stderr] 229 |     use std::sync::Mutex;
[INFO] [stderr]     |         ^^^^^^^^^^^^^^^^
[INFO] [stderr] 
[INFO] [stderr] warning: unused import: `crate::error::MyError`
[INFO] [stderr]    --> src/bin/../handlers/disguise.rs:237:9
[INFO] [stderr]     |
[INFO] [stderr] 237 |     use crate::error::MyError;
[INFO] [stderr]     |         ^^^^^^^^^^^^^^^^^^^^^
[INFO] [stderr] 
[INFO] [stderr] warning: unused import: `std::sync::Mutex`
[INFO] [stderr]   --> src/bin/../handlers/vault.rs:45:9
[INFO] [stderr]    |
[INFO] [stderr] 45 |     use std::sync::Mutex;
[INFO] [stderr]    |         ^^^^^^^^^^^^^^^^
[INFO] [stderr] 
[INFO] [stderr] warning: unused import: `actix_web::http::StatusCode`
[INFO] [stderr]   --> src/bin/../handlers/vault.rs:46:9
[INFO] [stderr]    |
[INFO] [stderr] 46 |     use actix_web::http::StatusCode;
[INFO] [stderr]    |         ^^^^^^^^^^^^^^^^^^^^^^^^^^^
[INFO] [stderr] 
[INFO] [stderr] warning: unused import: `crate::dbaccess::vault::generate_vault_db`
[INFO] [stderr]   --> src/bin/../handlers/vault.rs:50:9
[INFO] [stderr]    |
[INFO] [stderr] 50 |     use crate::dbaccess::vault::generate_vault_db;
[INFO] [stderr]    |         ^^^^^^^^^^^^^^^^^^^^^^^^^^^^^^^^^^^^^^^^^
[INFO] [stderr] 
[INFO] [stderr] warning: unused import: `PlaceholderInfo`
[INFO] [stderr]   --> src/bin/../handlers/vault.rs:52:59
[INFO] [stderr]    |
[INFO] [stderr] 52 |     use crate::models::placeholder::{GeneratePlaceHolder, PlaceholderInfo};
[INFO] [stderr]    |                                                           ^^^^^^^^^^^^^^^
[INFO] [stderr] 
[INFO] [stderr] warning: unused import: `Vault`
[INFO] [stderr]   --> src/bin/../handlers/vault.rs:53:47
[INFO] [stderr]    |
[INFO] [stderr] 53 |     use crate::models::vault::{GenerateVault, Vault};
[INFO] [stderr]    |                                               ^^^^^
[INFO] [stderr] 
[INFO] [stderr] warning: unused import: `sqlx::mysql::MySqlRow`
[INFO] [stderr]  --> src/bin/../dbaccess/vault.rs:2:5
[INFO] [stderr]   |
[INFO] [stderr] 2 | use sqlx::mysql::MySqlRow;
[INFO] [stderr]   |     ^^^^^^^^^^^^^^^^^^^^^
[INFO] [stderr] 
[INFO] [stderr] warning: unused import: `std::sync::Mutex`
[INFO] [stderr]    --> src/bin/../dbaccess/vault.rs:361:9
[INFO] [stderr]     |
[INFO] [stderr] 361 |     use std::sync::Mutex;
[INFO] [stderr]     |         ^^^^^^^^^^^^^^^^
[INFO] [stderr] 
[INFO] [stderr] warning: unused import: `actix_web::http::StatusCode`
[INFO] [stderr]    --> src/bin/../dbaccess/vault.rs:362:9
[INFO] [stderr]     |
[INFO] [stderr] 362 |     use actix_web::http::StatusCode;
[INFO] [stderr]     |         ^^^^^^^^^^^^^^^^^^^^^^^^^^^
[INFO] [stderr] 
[INFO] [stderr] warning: unused import: `crate::handlers::vault::generate_vault`
[INFO] [stderr]    --> src/bin/../dbaccess/vault.rs:367:9
[INFO] [stderr]     |
[INFO] [stderr] 367 |     use crate::handlers::vault::generate_vault;
[INFO] [stderr]     |         ^^^^^^^^^^^^^^^^^^^^^^^^^^^^^^^^^^^^^^
[INFO] [stderr] 
[INFO] [stderr] warning: unused import: `GeneratePlaceHolder`
[INFO] [stderr]    --> src/bin/../dbaccess/vault.rs:368:38
[INFO] [stderr]     |
[INFO] [stderr] 368 |     use crate::models::placeholder::{GeneratePlaceHolder, PlaceholderInfo};
[INFO] [stderr]     |                                      ^^^^^^^^^^^^^^^^^^^
[INFO] [stderr] 
[INFO] [stderr] warning: unused import: `GenerateVault`
[INFO] [stderr]    --> src/bin/../dbaccess/vault.rs:369:52
[INFO] [stderr]     |
[INFO] [stderr] 369 |     use crate::models::vault::{Disguise, Function, GenerateVault, Vault};
[INFO] [stderr]     |                                                    ^^^^^^^^^^^^^
[INFO] [stderr] 
[INFO] [stderr] warning: associated function `new` is never used
[INFO] [stderr]   --> src/bin/../models/placeholder.rs:11:12
[INFO] [stderr]    |
[INFO] [stderr] 10 | impl PlaceholderInfo {
[INFO] [stderr]    | -------------------- associated function in this implementation
[INFO] [stderr] 11 |     pub fn new(generate_placeholder: GeneratePlaceHolder, id: &str) -> PlaceholderInfo {
[INFO] [stderr]    |            ^^^
[INFO] [stderr]    |
[INFO] [stderr]    = note: `#[warn(dead_code)]` on by default
[INFO] [stderr] 
[INFO] [stderr] warning: method `field_names` is never used
[INFO] [stderr]   --> src/bin/../models/target.rs:32:12
[INFO] [stderr]    |
[INFO] [stderr] 9  | impl Target {
[INFO] [stderr]    | ----------- method in this implementation
[INFO] [stderr] ...
[INFO] [stderr] 32 |     pub fn field_names(&self) -> Option<String> {
[INFO] [stderr]    |            ^^^^^^^^^^^
[INFO] [stderr] 
[INFO] [stderr] warning: function `get_vault_by_email_db` is never used
[INFO] [stderr]   --> src/bin/../dbaccess/vault.rs:63:14
[INFO] [stderr]    |
[INFO] [stderr] 63 | pub async fn get_vault_by_email_db(vault_db: &MySqlPool, email: &str) -> Result<Vault, MyError> {
[INFO] [stderr]    |              ^^^^^^^^^^^^^^^^^^^^^
[INFO] [stderr] 
[INFO] [stderr] warning: unused `std::result::Result` that must be used
[INFO] [stderr]    --> src/bin/../handlers/disguise.rs:503:13
[INFO] [stderr]     |
[INFO] [stderr] 503 |             upload_disguise_object_db(shared_data.vault_db.borrow(), &disguise).await;
[INFO] [stderr]     |             ^^^^^^^^^^^^^^^^^^^^^^^^^^^^^^^^^^^^^^^^^^^^^^^^^^^^^^^^^^^^^^^^^^^^^^^^^
[INFO] [stderr]     |
[INFO] [stderr]     = note: this `Result` may be an `Err` variant, which should be handled
[INFO] [stderr]     = note: `#[warn(unused_must_use)]` on by default
[INFO] [stderr] help: use `let _ = ...` to ignore the resulting value
[INFO] [stderr]     |
[INFO] [stderr] 503 |             let _ = upload_disguise_object_db(shared_data.vault_db.borrow(), &disguise).await;
[INFO] [stderr]     |             +++++++
[INFO] [stderr] 
[INFO] [stderr] warning: `project_8099` (bin "disguise_service" test) generated 20 warnings (run `cargo fix --bin "disguise_service" --tests` to apply 16 suggestions)
[INFO] [stderr]     Finished test [unoptimized + debuginfo] target(s) in 0.32s
[INFO] [stderr]      Running unittests src/bin/disguise_service.rs (/opt/rustwide/target/debug/deps/disguise_service-1ca01d062205389c)
[INFO] [stdout] 
[INFO] [stdout] running 8 tests
[INFO] [stdout] test dbaccess::vault::tests::generate_vault_db_test ... ignored
[INFO] [stdout] test dbaccess::vault::tests::get_vault_by_id_db_test ... ignored
[INFO] [stdout] test dbaccess::vault::tests::upload_disguise_object_db_test ... ignored
[INFO] [stdout] test handlers::disguise::tests::anonymize_test ... ignored
[INFO] [stdout] test handlers::disguise::tests::expiration_test ... ignored
[INFO] [stdout] test handlers::disguise::tests::scrub_user_test ... ignored
[INFO] [stdout] test handlers::vault::tests::generate_vault_db_test ... ignored
[INFO] [stdout] test handlers::disguise::tests::clear_vault_test ... FAILED
[INFO] [stdout] 
[INFO] [stdout] failures:
[INFO] [stdout] 
[INFO] [stdout] ---- handlers::disguise::tests::clear_vault_test stdout ----
[INFO] [stdout] thread 'handlers::disguise::tests::clear_vault_test' panicked at src/bin/../handlers/disguise.rs:465:85:
[INFO] [stdout] called `Result::unwrap()` on an `Err` value: Io(Os { code: 99, kind: AddrNotAvailable, message: "Cannot assign requested address" })
[INFO] [stdout] stack backtrace:
[INFO] [stdout]    0:     0x5617980b1dac - std::backtrace_rs::backtrace::libunwind::trace::ha637c64ce894333a
[INFO] [stdout]                                at /rustc/82e1608dfa6e0b5569232559e3d385fea5a93112/library/std/src/../../backtrace/src/backtrace/libunwind.rs:104:5
[INFO] [stdout]    1:     0x5617980b1dac - std::backtrace_rs::backtrace::trace_unsynchronized::h47f62dea28e0c88d
[INFO] [stdout]                                at /rustc/82e1608dfa6e0b5569232559e3d385fea5a93112/library/std/src/../../backtrace/src/backtrace/mod.rs:66:5
[INFO] [stdout]    2:     0x5617980b1dac - std::sys_common::backtrace::_print_fmt::h9eef0abe20ede486
[INFO] [stdout]                                at /rustc/82e1608dfa6e0b5569232559e3d385fea5a93112/library/std/src/sys_common/backtrace.rs:67:5
[INFO] [stdout]    3:     0x5617980b1dac - <std::sys_common::backtrace::_print::DisplayBacktrace as core::fmt::Display>::fmt::hed7f999df88cc644
[INFO] [stdout]                                at /rustc/82e1608dfa6e0b5569232559e3d385fea5a93112/library/std/src/sys_common/backtrace.rs:44:22
[INFO] [stdout]    4:     0x5617980de3f0 - core::fmt::rt::Argument::fmt::h1539a9308b8d058d
[INFO] [stdout]                                at /rustc/82e1608dfa6e0b5569232559e3d385fea5a93112/library/core/src/fmt/rt.rs:142:9
[INFO] [stdout]    5:     0x5617980de3f0 - core::fmt::write::h3a39390d8560d9c9
[INFO] [stdout]                                at /rustc/82e1608dfa6e0b5569232559e3d385fea5a93112/library/core/src/fmt/mod.rs:1120:17
[INFO] [stdout]    6:     0x5617980aee7f - std::io::Write::write_fmt::h040b369f3a0f9cbc
[INFO] [stdout]                                at /rustc/82e1608dfa6e0b5569232559e3d385fea5a93112/library/std/src/io/mod.rs:1762:15
[INFO] [stdout]    7:     0x5617980b1b94 - std::sys_common::backtrace::_print::h894006fb5c6f3d45
[INFO] [stdout]                                at /rustc/82e1608dfa6e0b5569232559e3d385fea5a93112/library/std/src/sys_common/backtrace.rs:47:5
[INFO] [stdout]    8:     0x5617980b1b94 - std::sys_common::backtrace::print::h23a2d212c6fff936
[INFO] [stdout]                                at /rustc/82e1608dfa6e0b5569232559e3d385fea5a93112/library/std/src/sys_common/backtrace.rs:34:9
[INFO] [stdout]    9:     0x5617980b3857 - std::panicking::default_hook::{{closure}}::h8a1d2ee00185001a
[INFO] [stdout]   10:     0x5617980b3543 - std::panicking::default_hook::h6038f2eba384e475
[INFO] [stdout]                                at /rustc/82e1608dfa6e0b5569232559e3d385fea5a93112/library/std/src/panicking.rs:289:9
[INFO] [stdout]   11:     0x561797c2a407 - <alloc::boxed::Box<F,A> as core::ops::function::Fn<Args>>::call::h0ad024c9bdc6d768
[INFO] [stdout]                                at /rustc/82e1608dfa6e0b5569232559e3d385fea5a93112/library/alloc/src/boxed.rs:2021:9
[INFO] [stdout]   12:     0x561797c2a407 - test::test_main::{{closure}}::h7500b54257359db6
[INFO] [stdout]                                at /rustc/82e1608dfa6e0b5569232559e3d385fea5a93112/library/test/src/lib.rs:138:21
[INFO] [stdout]   13:     0x5617980b3e68 - <alloc::boxed::Box<F,A> as core::ops::function::Fn<Args>>::call::h1f8f335eaa9cfaee
[INFO] [stdout]                                at /rustc/82e1608dfa6e0b5569232559e3d385fea5a93112/library/alloc/src/boxed.rs:2021:9
[INFO] [stdout]   14:     0x5617980b3e68 - std::panicking::rust_panic_with_hook::h2b5517d590cab22e
[INFO] [stdout]                                at /rustc/82e1608dfa6e0b5569232559e3d385fea5a93112/library/std/src/panicking.rs:783:13
[INFO] [stdout]   15:     0x5617980b3bbe - std::panicking::begin_panic_handler::{{closure}}::h233112c06e0ef43e
[INFO] [stdout]                                at /rustc/82e1608dfa6e0b5569232559e3d385fea5a93112/library/std/src/panicking.rs:657:13
[INFO] [stdout]   16:     0x5617980b2276 - std::sys_common::backtrace::__rust_end_short_backtrace::h6e893f24d7ebbff8
[INFO] [stdout]                                at /rustc/82e1608dfa6e0b5569232559e3d385fea5a93112/library/std/src/sys_common/backtrace.rs:170:18
[INFO] [stdout]   17:     0x5617980b3922 - rust_begin_unwind
[INFO] [stdout]                                at /rustc/82e1608dfa6e0b5569232559e3d385fea5a93112/library/std/src/panicking.rs:645:5
[INFO] [stdout]   18:     0x561797b52655 - core::panicking::panic_fmt::hbf0e066aabfa482c
[INFO] [stdout]                                at /rustc/82e1608dfa6e0b5569232559e3d385fea5a93112/library/core/src/panicking.rs:72:14
[INFO] [stdout]   19:     0x561797b52c83 - core::result::unwrap_failed::hddb4fea594200c52
[INFO] [stdout]                                at /rustc/82e1608dfa6e0b5569232559e3d385fea5a93112/library/core/src/result.rs:1653:5
[INFO] [stdout]   20:     0x561797bc0b48 - core::result::Result<T,E>::unwrap::h841e146b66ef825b
[INFO] [stdout]                                at /rustc/82e1608dfa6e0b5569232559e3d385fea5a93112/library/core/src/result.rs:1077:23
[INFO] [stdout]   21:     0x561797b92831 - disguise_service::handlers::disguise::tests::clear_vault_test::{{closure}}::hb81b71259932ad81
[INFO] [stdout]                                at /opt/rustwide/workdir/src/bin/../handlers/disguise.rs:465:25
[INFO] [stdout]   22:     0x561797b9f360 - <tokio::task::local::RunUntil<T> as core::future::future::Future>::poll::{{closure}}::{{closure}}::h061b93356d54022a
[INFO] [stdout]                                at /opt/rustwide/cargo-home/registry/src/index.crates.io-6f17d22bba15001f/tokio-1.19.2/src/task/local.rs:671:65
[INFO] [stdout]   23:     0x561797bd5ff0 - tokio::coop::with_budget::{{closure}}::h6a96b6ddb5c6a3d3
[INFO] [stdout]                                at /opt/rustwide/cargo-home/registry/src/index.crates.io-6f17d22bba15001f/tokio-1.19.2/src/coop.rs:102:9
[INFO] [stdout]   24:     0x561797b72cae - std::thread::local::LocalKey<T>::try_with::hfda6943f91cfdf54
[INFO] [stdout]                                at /rustc/82e1608dfa6e0b5569232559e3d385fea5a93112/library/std/src/thread/local.rs:270:16
[INFO] [stdout]   25:     0x561797b6d79a - std::thread::local::LocalKey<T>::with::h6fe70927fe30088c
[INFO] [stdout]                                at /rustc/82e1608dfa6e0b5569232559e3d385fea5a93112/library/std/src/thread/local.rs:246:9
[INFO] [stdout]   26:     0x561797b9e8ab - tokio::coop::with_budget::h3923d29f66c1e1ef
[INFO] [stdout]                                at /opt/rustwide/cargo-home/registry/src/index.crates.io-6f17d22bba15001f/tokio-1.19.2/src/coop.rs:95:5
[INFO] [stdout]   27:     0x561797b9e8ab - tokio::coop::budget::h6fe8485ed4993716
[INFO] [stdout]                                at /opt/rustwide/cargo-home/registry/src/index.crates.io-6f17d22bba15001f/tokio-1.19.2/src/coop.rs:72:5
[INFO] [stdout]   28:     0x561797b9e8ab - <tokio::task::local::RunUntil<T> as core::future::future::Future>::poll::{{closure}}::h4e25792cc69a3885
[INFO] [stdout]                                at /opt/rustwide/cargo-home/registry/src/index.crates.io-6f17d22bba15001f/tokio-1.19.2/src/task/local.rs:671:42
[INFO] [stdout]   29:     0x561797bba937 - tokio::macros::scoped_tls::ScopedKey<T>::set::h65a2f528b00c10f6
[INFO] [stdout]                                at /opt/rustwide/cargo-home/registry/src/index.crates.io-6f17d22bba15001f/tokio-1.19.2/src/macros/scoped_tls.rs:61:9
[INFO] [stdout]   30:     0x561797b9aad7 - tokio::task::local::LocalSet::with::h1ad9e98870b1fb44
[INFO] [stdout]                                at /opt/rustwide/cargo-home/registry/src/index.crates.io-6f17d22bba15001f/tokio-1.19.2/src/task/local.rs:566:9
[INFO] [stdout]   31:     0x561797b9dfca - <tokio::task::local::RunUntil<T> as core::future::future::Future>::poll::hce3cdf7bf5ce0e00
[INFO] [stdout]                                at /opt/rustwide/cargo-home/registry/src/index.crates.io-6f17d22bba15001f/tokio-1.19.2/src/task/local.rs:661:9
[INFO] [stdout]   32:     0x561797b9b63e - tokio::task::local::LocalSet::run_until::{{closure}}::h20f00719d8adf25e
[INFO] [stdout]                                at /opt/rustwide/cargo-home/registry/src/index.crates.io-6f17d22bba15001f/tokio-1.19.2/src/task/local.rs:491:19
[INFO] [stdout]   33:     0x561797bc41fb - <core::pin::Pin<P> as core::future::future::Future>::poll::h1074cc6f9308480c
[INFO] [stdout]                                at /rustc/82e1608dfa6e0b5569232559e3d385fea5a93112/library/core/src/future/future.rs:125:9
[INFO] [stdout]   34:     0x561797b6d1d4 - tokio::runtime::basic_scheduler::CoreGuard::block_on::{{closure}}::{{closure}}::{{closure}}::h31d0b8f8172fd831
[INFO] [stdout]                                at /opt/rustwide/cargo-home/registry/src/index.crates.io-6f17d22bba15001f/tokio-1.19.2/src/runtime/basic_scheduler.rs:508:48
[INFO] [stdout]   35:     0x561797bd6e40 - tokio::coop::with_budget::{{closure}}::h96f79fc6801e4b0a
[INFO] [stdout]                                at /opt/rustwide/cargo-home/registry/src/index.crates.io-6f17d22bba15001f/tokio-1.19.2/src/coop.rs:102:9
[INFO] [stdout]   36:     0x561797b6f76e - std::thread::local::LocalKey<T>::try_with::h4d4a889aa1fed6b9
[INFO] [stdout]                                at /rustc/82e1608dfa6e0b5569232559e3d385fea5a93112/library/std/src/thread/local.rs:270:16
[INFO] [stdout]   37:     0x561797b6d94a - std::thread::local::LocalKey<T>::with::h956ea0af5a35b600
[INFO] [stdout]                                at /rustc/82e1608dfa6e0b5569232559e3d385fea5a93112/library/std/src/thread/local.rs:246:9
[INFO] [stdout]   38:     0x561797b6c966 - tokio::coop::with_budget::h1d99297421f56898
[INFO] [stdout]                                at /opt/rustwide/cargo-home/registry/src/index.crates.io-6f17d22bba15001f/tokio-1.19.2/src/coop.rs:95:5
[INFO] [stdout]   39:     0x561797b6c966 - tokio::coop::budget::h055619aa70285bda
[INFO] [stdout]                                at /opt/rustwide/cargo-home/registry/src/index.crates.io-6f17d22bba15001f/tokio-1.19.2/src/coop.rs:72:5
[INFO] [stdout]   40:     0x561797b6c966 - tokio::runtime::basic_scheduler::CoreGuard::block_on::{{closure}}::{{closure}}::h4e51c7aa811d8d20
[INFO] [stdout]                                at /opt/rustwide/cargo-home/registry/src/index.crates.io-6f17d22bba15001f/tokio-1.19.2/src/runtime/basic_scheduler.rs:508:25
[INFO] [stdout]   41:     0x561797b64f1c - tokio::runtime::basic_scheduler::Context::enter::hf735daae5601a661
[INFO] [stdout]                                at /opt/rustwide/cargo-home/registry/src/index.crates.io-6f17d22bba15001f/tokio-1.19.2/src/runtime/basic_scheduler.rs:362:19
[INFO] [stdout]   42:     0x561797b68588 - tokio::runtime::basic_scheduler::CoreGuard::block_on::{{closure}}::h24532e4200377c13
[INFO] [stdout]                                at /opt/rustwide/cargo-home/registry/src/index.crates.io-6f17d22bba15001f/tokio-1.19.2/src/runtime/basic_scheduler.rs:507:36
[INFO] [stdout]   43:     0x561797b6815b - tokio::runtime::basic_scheduler::CoreGuard::enter::{{closure}}::h5b739fee3dedd3c2
[INFO] [stdout]                                at /opt/rustwide/cargo-home/registry/src/index.crates.io-6f17d22bba15001f/tokio-1.19.2/src/runtime/basic_scheduler.rs:565:57
[INFO] [stdout]   44:     0x561797bbad77 - tokio::macros::scoped_tls::ScopedKey<T>::set::he210d61d5cf66294
[INFO] [stdout]                                at /opt/rustwide/cargo-home/registry/src/index.crates.io-6f17d22bba15001f/tokio-1.19.2/src/macros/scoped_tls.rs:61:9
[INFO] [stdout]   45:     0x561797b6730c - tokio::runtime::basic_scheduler::CoreGuard::enter::ha4cdb1c590515bac
[INFO] [stdout]                                at /opt/rustwide/cargo-home/registry/src/index.crates.io-6f17d22bba15001f/tokio-1.19.2/src/runtime/basic_scheduler.rs:565:27
[INFO] [stdout]   46:     0x561797b682d8 - tokio::runtime::basic_scheduler::CoreGuard::block_on::h88e0aff5bf11bc03
[INFO] [stdout]                                at /opt/rustwide/cargo-home/registry/src/index.crates.io-6f17d22bba15001f/tokio-1.19.2/src/runtime/basic_scheduler.rs:498:9
[INFO] [stdout]   47:     0x561797b60b3b - tokio::runtime::basic_scheduler::BasicScheduler::block_on::h980557a12b7fd5aa
[INFO] [stdout]                                at /opt/rustwide/cargo-home/registry/src/index.crates.io-6f17d22bba15001f/tokio-1.19.2/src/runtime/basic_scheduler.rs:174:24
[INFO] [stdout]   48:     0x561797bc26eb - tokio::runtime::Runtime::block_on::h48c3c2a89bdddd46
[INFO] [stdout]                                at /opt/rustwide/cargo-home/registry/src/index.crates.io-6f17d22bba15001f/tokio-1.19.2/src/runtime/mod.rs:480:46
[INFO] [stdout]   49:     0x561797b9ac6f - tokio::task::local::LocalSet::block_on::h27b6940c0595ac04
[INFO] [stdout]                                at /opt/rustwide/cargo-home/registry/src/index.crates.io-6f17d22bba15001f/tokio-1.19.2/src/task/local.rs:452:9
[INFO] [stdout]   50:     0x561797bd90d7 - actix_rt::runtime::Runtime::block_on::hb2364a8b22d33638
[INFO] [stdout]                                at /opt/rustwide/cargo-home/registry/src/index.crates.io-6f17d22bba15001f/actix-rt-2.7.0/src/runtime.rs:80:9
[INFO] [stdout]   51:     0x561797bf51da - actix_rt::system::SystemRunner::block_on::h48f3ebe49a63dba2
[INFO] [stdout]                                at /opt/rustwide/cargo-home/registry/src/index.crates.io-6f17d22bba15001f/actix-rt-2.7.0/src/system.rs:209:9
[INFO] [stdout]   52:     0x561797b9228c - disguise_service::handlers::disguise::tests::clear_vault_test::h655eb2ba70678346
[INFO] [stdout]                                at /opt/rustwide/workdir/src/bin/../handlers/disguise.rs:456:5
[INFO] [stdout]   53:     0x561797b92237 - disguise_service::handlers::disguise::tests::clear_vault_test::{{closure}}::h27063ae9a2d5a8c6
[INFO] [stdout]                                at /opt/rustwide/workdir/src/bin/../handlers/disguise.rs:457:32
[INFO] [stdout]   54:     0x561797b531d6 - core::ops::function::FnOnce::call_once::h511ca6357791acc4
[INFO] [stdout]                                at /rustc/82e1608dfa6e0b5569232559e3d385fea5a93112/library/core/src/ops/function.rs:250:5
[INFO] [stdout]   55:     0x561797c2fa5f - core::ops::function::FnOnce::call_once::h2b5d431d5046312d
[INFO] [stdout]                                at /rustc/82e1608dfa6e0b5569232559e3d385fea5a93112/library/core/src/ops/function.rs:250:5
[INFO] [stdout]   56:     0x561797c2fa5f - test::__rust_begin_short_backtrace::h7714669af176e207
[INFO] [stdout]                                at /rustc/82e1608dfa6e0b5569232559e3d385fea5a93112/library/test/src/lib.rs:628:18
[INFO] [stdout]   57:     0x561797c2ea75 - test::run_test_in_process::{{closure}}::h85218797dcbcec12
[INFO] [stdout]                                at /rustc/82e1608dfa6e0b5569232559e3d385fea5a93112/library/test/src/lib.rs:651:60
[INFO] [stdout]   58:     0x561797c2ea75 - <core::panic::unwind_safe::AssertUnwindSafe<F> as core::ops::function::FnOnce<()>>::call_once::h76c106ea31c14d7b
[INFO] [stdout]                                at /rustc/82e1608dfa6e0b5569232559e3d385fea5a93112/library/core/src/panic/unwind_safe.rs:272:9
[INFO] [stdout]   59:     0x561797c2ea75 - std::panicking::try::do_call::h3bd5d0f6620ee946
[INFO] [stdout]                                at /rustc/82e1608dfa6e0b5569232559e3d385fea5a93112/library/std/src/panicking.rs:552:40
[INFO] [stdout]   60:     0x561797c2ea75 - std::panicking::try::h232e535e4744fe31
[INFO] [stdout]                                at /rustc/82e1608dfa6e0b5569232559e3d385fea5a93112/library/std/src/panicking.rs:516:19
[INFO] [stdout]   61:     0x561797c2ea75 - std::panic::catch_unwind::h3ce3bd6ca8dbac68
[INFO] [stdout]                                at /rustc/82e1608dfa6e0b5569232559e3d385fea5a93112/library/std/src/panic.rs:142:14
[INFO] [stdout]   62:     0x561797c2ea75 - test::run_test_in_process::hc97b257c9621286a
[INFO] [stdout]                                at /rustc/82e1608dfa6e0b5569232559e3d385fea5a93112/library/test/src/lib.rs:651:27
[INFO] [stdout]   63:     0x561797c2ea75 - test::run_test::{{closure}}::h2aa798823a438d38
[INFO] [stdout]                                at /rustc/82e1608dfa6e0b5569232559e3d385fea5a93112/library/test/src/lib.rs:574:43
[INFO] [stdout]   64:     0x561797bf6d36 - test::run_test::{{closure}}::h87d231c78fb59832
[INFO] [stdout]                                at /rustc/82e1608dfa6e0b5569232559e3d385fea5a93112/library/test/src/lib.rs:602:41
[INFO] [stdout]   65:     0x561797bf6d36 - std::sys_common::backtrace::__rust_begin_short_backtrace::he6df152596625789
[INFO] [stdout]                                at /rustc/82e1608dfa6e0b5569232559e3d385fea5a93112/library/std/src/sys_common/backtrace.rs:154:18
[INFO] [stdout]   66:     0x561797bfbde7 - std::thread::Builder::spawn_unchecked_::{{closure}}::{{closure}}::ha94be15d1e0acf36
[INFO] [stdout]                                at /rustc/82e1608dfa6e0b5569232559e3d385fea5a93112/library/std/src/thread/mod.rs:529:17
[INFO] [stdout]   67:     0x561797bfbde7 - <core::panic::unwind_safe::AssertUnwindSafe<F> as core::ops::function::FnOnce<()>>::call_once::h9dc6bd6372f16606
[INFO] [stdout]                                at /rustc/82e1608dfa6e0b5569232559e3d385fea5a93112/library/core/src/panic/unwind_safe.rs:272:9
[INFO] [stdout]   68:     0x561797bfbde7 - std::panicking::try::do_call::h9057517f80303cd4
[INFO] [stdout]                                at /rustc/82e1608dfa6e0b5569232559e3d385fea5a93112/library/std/src/panicking.rs:552:40
[INFO] [stdout]   69:     0x561797bfbde7 - std::panicking::try::he3a30b11ee45340c
[INFO] [stdout]                                at /rustc/82e1608dfa6e0b5569232559e3d385fea5a93112/library/std/src/panicking.rs:516:19
[INFO] [stdout]   70:     0x561797bfbde7 - std::panic::catch_unwind::h410458cfd3528b8b
[INFO] [stdout]                                at /rustc/82e1608dfa6e0b5569232559e3d385fea5a93112/library/std/src/panic.rs:142:14
[INFO] [stdout]   71:     0x561797bfbde7 - std::thread::Builder::spawn_unchecked_::{{closure}}::h72ac3bdb567b737b
[INFO] [stdout]                                at /rustc/82e1608dfa6e0b5569232559e3d385fea5a93112/library/std/src/thread/mod.rs:528:30
[INFO] [stdout]   72:     0x561797bfbde7 - core::ops::function::FnOnce::call_once{{vtable.shim}}::h38f34da3654a8344
[INFO] [stdout]                                at /rustc/82e1608dfa6e0b5569232559e3d385fea5a93112/library/core/src/ops/function.rs:250:5
[INFO] [stdout]   73:     0x5617980b8c05 - <alloc::boxed::Box<F,A> as core::ops::function::FnOnce<Args>>::call_once::hc7eafaff61e32df9
[INFO] [stdout]                                at /rustc/82e1608dfa6e0b5569232559e3d385fea5a93112/library/alloc/src/boxed.rs:2007:9
[INFO] [stdout]   74:     0x5617980b8c05 - <alloc::boxed::Box<F,A> as core::ops::function::FnOnce<Args>>::call_once::h6ba4a5de48dd2304
[INFO] [stdout]                                at /rustc/82e1608dfa6e0b5569232559e3d385fea5a93112/library/alloc/src/boxed.rs:2007:9
[INFO] [stdout]   75:     0x5617980b8c05 - std::sys::unix::thread::Thread::new::thread_start::he469335aef763e45
[INFO] [stdout]                                at /rustc/82e1608dfa6e0b5569232559e3d385fea5a93112/library/std/src/sys/unix/thread.rs:108:17
[INFO] [stdout]   76:     0x7fdcf5bf7ac3 - <unknown>
[INFO] [stdout]   77:     0x7fdcf5c88bf4 - __clone
[INFO] [stdout]   78:                0x0 - <unknown>
[INFO] [stdout] 
[INFO] [stdout] 
[INFO] [stdout] failures:
[INFO] [stdout]     handlers::disguise::tests::clear_vault_test
[INFO] [stdout] 
[INFO] [stdout] test result: FAILED. 0 passed; 1 failed; 7 ignored; 0 measured; 0 filtered out; finished in 0.15s
[INFO] [stdout] 
[INFO] [stderr] error: test failed, to rerun pass `--bin disguise_service`
[INFO] running `Command { std: "docker" "inspect" "e968f3d333572ffe79aa0e0190860e274a67d4a9bef6dfb3a89d87bef5cd7fcc", kill_on_drop: false }`
[INFO] running `Command { std: "docker" "rm" "-f" "e968f3d333572ffe79aa0e0190860e274a67d4a9bef6dfb3a89d87bef5cd7fcc", kill_on_drop: false }`
[INFO] [stdout] e968f3d333572ffe79aa0e0190860e274a67d4a9bef6dfb3a89d87bef5cd7fcc
[INFO] testing 1001054/Data_Disguise against beta-2023-12-22 for beta-1.76-1
[INFO] running `Command { std: "git" "clone" "/workspace/cache/git-repos/https%3A%2F%2Fgithub.com%2F1001054%2FData_Disguise" "/workspace/builds/worker-5-tc2/source", kill_on_drop: false }`
[INFO] [stderr] Cloning into '/workspace/builds/worker-5-tc2/source'...
[INFO] [stderr] done.
[INFO] validating manifest of git repo https://github.com/1001054/Data_Disguise on toolchain beta-2023-12-22
[INFO] running `Command { std: CARGO_HOME="/workspace/cargo-home" RUSTUP_HOME="/workspace/rustup-home" "/workspace/cargo-home/bin/cargo" "+beta-2023-12-22" "metadata" "--manifest-path" "Cargo.toml" "--no-deps", kill_on_drop: false }`
[INFO] started tweaking git repo https://github.com/1001054/Data_Disguise
[INFO] finished tweaking git repo https://github.com/1001054/Data_Disguise
[INFO] tweaked toml for git repo https://github.com/1001054/Data_Disguise written to /workspace/builds/worker-5-tc2/source/Cargo.toml
[INFO] crate git repo https://github.com/1001054/Data_Disguise already has a lockfile, it will not be regenerated
[INFO] running `Command { std: CARGO_HOME="/workspace/cargo-home" RUSTUP_HOME="/workspace/rustup-home" "/workspace/cargo-home/bin/cargo" "+beta-2023-12-22" "fetch" "--manifest-path" "Cargo.toml", kill_on_drop: false }`
[INFO] running `Command { std: "docker" "create" "-v" "/var/lib/crater-agent-workspace/builds/worker-5-tc2/target:/opt/rustwide/target:rw,Z" "-v" "/var/lib/crater-agent-workspace/builds/worker-5-tc2/source:/opt/rustwide/workdir:ro,Z" "-v" "/var/lib/crater-agent-workspace/cargo-home:/opt/rustwide/cargo-home:ro,Z" "-v" "/var/lib/crater-agent-workspace/rustup-home:/opt/rustwide/rustup-home:ro,Z" "-e" "SOURCE_DIR=/opt/rustwide/workdir" "-e" "CARGO_TARGET_DIR=/opt/rustwide/target" "-e" "CARGO_HOME=/opt/rustwide/cargo-home" "-e" "RUSTUP_HOME=/opt/rustwide/rustup-home" "-w" "/opt/rustwide/workdir" "-m" "1610612736" "--user" "0:0" "--network" "none" "ghcr.io/rust-lang/crates-build-env/linux@sha256:2788e3201cd34a07e3172128adcd8b3090168a8e3bcc40d7c032b9dda1df7d1c" "/opt/rustwide/cargo-home/bin/cargo" "+beta-2023-12-22" "metadata" "--no-deps" "--format-version=1", kill_on_drop: false }`
[INFO] [stdout] 47ef3b4141fef1ea9e16d99e8c27f5fd7274470e03d752ca6007ad6abaf1ffc6
[INFO] running `Command { std: "docker" "start" "-a" "47ef3b4141fef1ea9e16d99e8c27f5fd7274470e03d752ca6007ad6abaf1ffc6", kill_on_drop: false }`
[INFO] running `Command { std: "docker" "inspect" "47ef3b4141fef1ea9e16d99e8c27f5fd7274470e03d752ca6007ad6abaf1ffc6", kill_on_drop: false }`
[INFO] running `Command { std: "docker" "rm" "-f" "47ef3b4141fef1ea9e16d99e8c27f5fd7274470e03d752ca6007ad6abaf1ffc6", kill_on_drop: false }`
[INFO] [stdout] 47ef3b4141fef1ea9e16d99e8c27f5fd7274470e03d752ca6007ad6abaf1ffc6
[INFO] running `Command { std: "docker" "create" "-v" "/var/lib/crater-agent-workspace/builds/worker-5-tc2/target:/opt/rustwide/target:rw,Z" "-v" "/var/lib/crater-agent-workspace/builds/worker-5-tc2/source:/opt/rustwide/workdir:ro,Z" "-v" "/var/lib/crater-agent-workspace/cargo-home:/opt/rustwide/cargo-home:ro,Z" "-v" "/var/lib/crater-agent-workspace/rustup-home:/opt/rustwide/rustup-home:ro,Z" "-e" "SOURCE_DIR=/opt/rustwide/workdir" "-e" "CARGO_TARGET_DIR=/opt/rustwide/target" "-e" "CARGO_INCREMENTAL=0" "-e" "RUST_BACKTRACE=full" "-e" "RUSTFLAGS=--cap-lints=warn" "-e" "RUSTDOCFLAGS=--cap-lints=warn" "-e" "CARGO_HOME=/opt/rustwide/cargo-home" "-e" "RUSTUP_HOME=/opt/rustwide/rustup-home" "-w" "/opt/rustwide/workdir" "-m" "1610612736" "--user" "0:0" "--network" "none" "ghcr.io/rust-lang/crates-build-env/linux@sha256:2788e3201cd34a07e3172128adcd8b3090168a8e3bcc40d7c032b9dda1df7d1c" "/opt/rustwide/cargo-home/bin/cargo" "+beta-2023-12-22" "build" "--frozen" "--message-format=json", kill_on_drop: false }`
[INFO] [stdout] 638ed60fe1073452c9032354e6a3747a6e61732126f73f00407f2bc170791bdd
[INFO] running `Command { std: "docker" "start" "-a" "638ed60fe1073452c9032354e6a3747a6e61732126f73f00407f2bc170791bdd", kill_on_drop: false }`
[INFO] [stderr]    Compiling libc v0.2.126
[INFO] [stderr]    Compiling once_cell v1.12.0
[INFO] [stderr]    Compiling memchr v2.5.0
[INFO] [stderr]    Compiling log v0.4.17
[INFO] [stderr]    Compiling pin-project-lite v0.2.9
[INFO] [stderr]    Compiling proc-macro2 v1.0.39
[INFO] [stderr]    Compiling unicode-ident v1.0.1
[INFO] [stderr]    Compiling futures-core v0.3.21
[INFO] [stderr]    Compiling generic-array v0.14.5
[INFO] [stderr]    Compiling syn v1.0.96
[INFO] [stderr]    Compiling lock_api v0.4.7
[INFO] [stderr]    Compiling spin v0.5.2
[INFO] [stderr]    Compiling libm v0.2.2
[INFO] [stderr]    Compiling num-traits v0.2.15
[INFO] [stderr]    Compiling parking_lot_core v0.9.3
[INFO] [stderr]    Compiling itoa v1.0.2
[INFO] [stderr]    Compiling num-integer v0.1.45
[INFO] [stderr]    Compiling futures-task v0.3.21
[INFO] [stderr]    Compiling quote v1.0.18
[INFO] [stderr]    Compiling jobserver v0.1.24
[INFO] [stderr]    Compiling socket2 v0.4.4
[INFO] [stderr]    Compiling num_cpus v1.13.1
[INFO] [stderr]    Compiling mio v0.8.3
[INFO] [stderr]    Compiling cc v1.0.73
[INFO] [stderr]    Compiling getrandom v0.2.7
[INFO] [stderr]    Compiling rand_core v0.6.3
[INFO] [stderr]    Compiling parking_lot v0.12.1
[INFO] [stderr]    Compiling signal-hook-registry v1.4.0
[INFO] [stderr]    Compiling untrusted v0.7.1
[INFO] [stderr]    Compiling rand_chacha v0.3.1
[INFO] [stderr]    Compiling crypto-common v0.1.3
[INFO] [stderr]    Compiling tokio v1.19.2
[INFO] [stderr]    Compiling block-buffer v0.10.2
[INFO] [stderr]    Compiling futures-util v0.3.21
[INFO] [stderr]    Compiling digest v0.10.3
[INFO] [stderr]    Compiling base64ct v1.5.0
[INFO] [stderr]    Compiling subtle v2.4.1
[INFO] [stderr]    Compiling futures-sink v0.3.21
[INFO] [stderr]    Compiling crypto-bigint v0.3.2
[INFO] [stderr]    Compiling ahash v0.7.6
[INFO] [stderr]    Compiling ring v0.16.20
[INFO] [stderr]    Compiling pem-rfc7468 v0.3.1
[INFO] [stderr]    Compiling num-iter v0.1.43
[INFO] [stderr]    Compiling const-oid v0.7.1
[INFO] [stderr]    Compiling zeroize v1.5.5
[INFO] [stderr]    Compiling serde_derive v1.0.137
[INFO] [stderr]    Compiling tinyvec v1.6.0
[INFO] [stderr]    Compiling cpufeatures v0.2.2
[INFO] [stderr]    Compiling der v0.5.1
[INFO] [stderr]    Compiling hashbrown v0.12.1
[INFO] [stderr]    Compiling num-bigint-dig v0.8.1
[INFO] [stderr]    Compiling serde v1.0.137
[INFO] [stderr]    Compiling lazy_static v1.4.0
[INFO] [stderr]    Compiling unicode-normalization v0.1.19
[INFO] [stderr]    Compiling paste v1.0.7
[INFO] [stderr]    Compiling unicode-bidi v0.3.8
[INFO] [stderr]    Compiling spki v0.5.4
[INFO] [stderr]    Compiling pkcs8 v0.8.0
[INFO] [stderr]    Compiling zstd-sys v2.0.1+zstd.1.5.2
[INFO] [stderr]    Compiling tracing-core v0.1.27
[INFO] [stderr]    Compiling indexmap v1.9.0
[INFO] [stderr]    Compiling futures-channel v0.3.21
[INFO] [stderr]    Compiling crossbeam-utils v0.8.9
[INFO] [stderr]    Compiling http v0.2.8
[INFO] [stderr]    Compiling parking_lot_core v0.8.5
[INFO] [stderr]    Compiling tracing v0.1.35
[INFO] [stderr]    Compiling idna v0.2.3
[INFO] [stderr]    Compiling pkcs1 v0.3.3
[INFO] [stderr]    Compiling rand v0.8.5
[INFO] [stderr]    Compiling num-bigint v0.3.3
[INFO] [stderr]    Compiling either v1.6.1
[INFO] [stderr]    Compiling crossbeam-queue v0.3.5
[INFO] [stderr]    Compiling minimal-lexical v0.2.1
[INFO] [stderr]    Compiling webpki v0.21.4
[INFO] [stderr]    Compiling sct v0.6.1
[INFO] [stderr]    Compiling rustls v0.19.1
[INFO] [stderr]    Compiling nom v7.1.1
[INFO] [stderr]    Compiling itertools v0.10.3
[INFO] [stderr]    Compiling url v2.2.2
[INFO] [stderr]    Compiling thiserror-impl v1.0.31
[INFO] [stderr]    Compiling parking_lot v0.11.2
[INFO] [stderr]    Compiling hashbrown v0.11.2
[INFO] [stderr]    Compiling aho-corasick v0.7.18
[INFO] [stderr]    Compiling bytestring v1.1.0
[INFO] [stderr]    Compiling alloc-no-stdlib v2.0.3
[INFO] [stderr]    Compiling zstd-safe v5.0.2+zstd.1.5.2
[INFO] [stderr]    Compiling unicode_categories v0.1.1
[INFO] [stderr]    Compiling local-waker v0.1.3
[INFO] [stderr]    Compiling regex-syntax v0.6.26
[INFO] [stderr]    Compiling crc32fast v1.3.2
[INFO] [stderr]    Compiling sqlformat v0.1.8
[INFO] [stderr]    Compiling alloc-stdlib v0.2.1
[INFO] [stderr]    Compiling hashlink v0.7.0
[INFO] [stderr]    Compiling thiserror v1.0.31
[INFO] [stderr]    Compiling tokio-rustls v0.22.0
[INFO] [stderr]    Compiling futures-intrusive v0.4.0
[INFO] [stderr]    Compiling actix-macros v0.2.3
[INFO] [stderr]    Compiling webpki-roots v0.21.1
[INFO] [stderr]    Compiling tokio-util v0.7.3
[INFO] [stderr]    Compiling stringprep v0.1.2
[INFO] [stderr]    Compiling sha-1 v0.10.0
[INFO] [stderr]    Compiling regex v1.5.6
[INFO] [stderr]    Compiling sha2 v0.10.2
[INFO] [stderr]    Compiling atoi v0.4.0
[INFO] [stderr]    Compiling encoding_rs v0.8.31
[INFO] [stderr]    Compiling firestorm v0.5.1
[INFO] [stderr]    Compiling event-listener v2.5.2
[INFO] [stderr]    Compiling adler v1.0.2
[INFO] [stderr]    Compiling httparse v1.7.1
[INFO] [stderr]    Compiling miniz_oxide v0.5.3
[INFO] [stderr]    Compiling actix-rt v2.7.0
[INFO] [stderr]    Compiling rsa v0.6.1
[INFO] [stderr]    Compiling sqlx-rt v0.5.13
[INFO] [stderr]    Compiling brotli-decompressor v2.3.2
[INFO] [stderr]    Compiling actix-utils v3.0.0
[INFO] [stderr]    Compiling tokio-stream v0.1.9
[INFO] [stderr]    Compiling actix-service v2.0.2
[INFO] [stderr]    Compiling chrono v0.4.19
[INFO] [stderr]    Compiling time v0.1.44
[INFO] [stderr]    Compiling cookie v0.16.0
[INFO] [stderr]    Compiling bitflags v1.3.2
[INFO] [stderr]    Compiling time-macros v0.2.4
[INFO] [stderr]    Compiling serde_json v1.0.81
[INFO] [stderr]    Compiling convert_case v0.4.0
[INFO] [stderr]    Compiling ryu v1.0.10
[INFO] [stderr]    Compiling unicode-segmentation v1.9.0
[INFO] [stderr]    Compiling num_threads v0.1.6
[INFO] [stderr]    Compiling slab v0.4.6
[INFO] [stderr]    Compiling h2 v0.3.13
[INFO] [stderr]    Compiling heck v0.4.0
[INFO] [stderr]    Compiling derive_more v0.99.17
[INFO] [stderr]    Compiling sqlx-core v0.5.13
[INFO] [stderr]    Compiling brotli v3.3.4
[INFO] [stderr]    Compiling actix-router v0.5.0
[INFO] [stderr]    Compiling time v0.3.9
[INFO] [stderr]    Compiling flate2 v1.0.24
[INFO] [stderr]    Compiling actix-codec v0.5.0
[INFO] [stderr]    Compiling local-channel v0.1.3
[INFO] [stderr]    Compiling sha1 v0.10.1
[INFO] [stderr]    Compiling dotenv v0.15.0
[INFO] [stderr]    Compiling httpdate v1.0.2
[INFO] [stderr]    Compiling language-tags v0.3.2
[INFO] [stderr]    Compiling mime v0.3.16
[INFO] [stderr]    Compiling actix-web-codegen v4.0.1
[INFO] [stderr]    Compiling serde_urlencoded v0.7.1
[INFO] [stderr]    Compiling actix-server v2.1.1
[INFO] [stderr]    Compiling sqlx-macros v0.5.13
[INFO] [stderr]    Compiling sqlx v0.5.13
[INFO] [stderr]    Compiling zstd v0.11.2+zstd.1.5.2
[INFO] [stderr]    Compiling actix-http v3.1.0
[INFO] [stderr]    Compiling actix-web v4.1.0
[INFO] [stderr]    Compiling project_8099 v0.1.0 (/opt/rustwide/workdir)
[INFO] [stdout] warning: unused import: `chrono::Local`
[INFO] [stdout]  --> src/bin/../handlers/disguise.rs:2:5
[INFO] [stdout]   |
[INFO] [stdout] 2 | use chrono::Local;
[INFO] [stdout]   |     ^^^^^^^^^^^^^
[INFO] [stdout]   |
[INFO] [stdout]   = note: `#[warn(unused_imports)]` on by default
[INFO] [stdout] 
[INFO] [stdout] 
[INFO] [stdout] warning: unused import: `sqlx::MySqlPool`
[INFO] [stdout]  --> src/bin/../handlers/disguise.rs:3:5
[INFO] [stdout]   |
[INFO] [stdout] 3 | use sqlx::MySqlPool;
[INFO] [stdout]   |     ^^^^^^^^^^^^^^^
[INFO] [stdout] 
[INFO] [stdout] 
[INFO] [stdout] warning: unused import: `sqlx::mysql::MySqlRow`
[INFO] [stdout]  --> src/bin/../dbaccess/vault.rs:2:5
[INFO] [stdout]   |
[INFO] [stdout] 2 | use sqlx::mysql::MySqlRow;
[INFO] [stdout]   |     ^^^^^^^^^^^^^^^^^^^^^
[INFO] [stdout] 
[INFO] [stdout] 
[INFO] [stdout] warning: associated function `new` is never used
[INFO] [stdout]   --> src/bin/../models/placeholder.rs:11:12
[INFO] [stdout]    |
[INFO] [stdout] 10 | impl PlaceholderInfo {
[INFO] [stdout]    | -------------------- associated function in this implementation
[INFO] [stdout] 11 |     pub fn new(generate_placeholder: GeneratePlaceHolder, id: &str) -> PlaceholderInfo {
[INFO] [stdout]    |            ^^^
[INFO] [stdout]    |
[INFO] [stdout]    = note: `#[warn(dead_code)]` on by default
[INFO] [stdout] 
[INFO] [stdout] 
[INFO] [stdout] warning: method `field_names` is never used
[INFO] [stdout]   --> src/bin/../models/target.rs:32:12
[INFO] [stdout]    |
[INFO] [stdout] 9  | impl Target {
[INFO] [stdout]    | ----------- method in this implementation
[INFO] [stdout] ...
[INFO] [stdout] 32 |     pub fn field_names(&self) -> Option<String> {
[INFO] [stdout]    |            ^^^^^^^^^^^
[INFO] [stdout] 
[INFO] [stdout] 
[INFO] [stdout] warning: function `get_vault_by_email_db` is never used
[INFO] [stdout]   --> src/bin/../dbaccess/vault.rs:63:14
[INFO] [stdout]    |
[INFO] [stdout] 63 | pub async fn get_vault_by_email_db(vault_db: &MySqlPool, email: &str) -> Result<Vault, MyError> {
[INFO] [stdout]    |              ^^^^^^^^^^^^^^^^^^^^^
[INFO] [stdout] 
[INFO] [stdout] 
[INFO] [stdout] warning: function `upload_disguise_object_db` is never used
[INFO] [stdout]    --> src/bin/../dbaccess/vault.rs:165:14
[INFO] [stdout]     |
[INFO] [stdout] 165 | pub async fn upload_disguise_object_db(
[INFO] [stdout]     |              ^^^^^^^^^^^^^^^^^^^^^^^^^
[INFO] [stdout] 
[INFO] [stdout] 
[INFO] [stdout] warning: 7 warnings emitted
[INFO] [stdout] 
[INFO] [stdout] 
[INFO] [stderr]     Finished dev [unoptimized + debuginfo] target(s) in 1m 21s
[INFO] running `Command { std: "docker" "inspect" "638ed60fe1073452c9032354e6a3747a6e61732126f73f00407f2bc170791bdd", kill_on_drop: false }`
[INFO] running `Command { std: "docker" "rm" "-f" "638ed60fe1073452c9032354e6a3747a6e61732126f73f00407f2bc170791bdd", kill_on_drop: false }`
[INFO] [stdout] 638ed60fe1073452c9032354e6a3747a6e61732126f73f00407f2bc170791bdd
[INFO] running `Command { std: "docker" "create" "-v" "/var/lib/crater-agent-workspace/builds/worker-5-tc2/target:/opt/rustwide/target:rw,Z" "-v" "/var/lib/crater-agent-workspace/builds/worker-5-tc2/source:/opt/rustwide/workdir:ro,Z" "-v" "/var/lib/crater-agent-workspace/cargo-home:/opt/rustwide/cargo-home:ro,Z" "-v" "/var/lib/crater-agent-workspace/rustup-home:/opt/rustwide/rustup-home:ro,Z" "-e" "SOURCE_DIR=/opt/rustwide/workdir" "-e" "CARGO_TARGET_DIR=/opt/rustwide/target" "-e" "CARGO_INCREMENTAL=0" "-e" "RUST_BACKTRACE=full" "-e" "RUSTFLAGS=--cap-lints=warn" "-e" "RUSTDOCFLAGS=--cap-lints=warn" "-e" "CARGO_HOME=/opt/rustwide/cargo-home" "-e" "RUSTUP_HOME=/opt/rustwide/rustup-home" "-w" "/opt/rustwide/workdir" "-m" "1610612736" "--user" "0:0" "--network" "none" "ghcr.io/rust-lang/crates-build-env/linux@sha256:2788e3201cd34a07e3172128adcd8b3090168a8e3bcc40d7c032b9dda1df7d1c" "/opt/rustwide/cargo-home/bin/cargo" "+beta-2023-12-22" "test" "--frozen" "--no-run" "--message-format=json", kill_on_drop: false }`
[INFO] [stdout] 469f7775442661f397cf733484c1bfbd6ed496870425bd5a2983120b1ebc6e8c
[INFO] running `Command { std: "docker" "start" "-a" "469f7775442661f397cf733484c1bfbd6ed496870425bd5a2983120b1ebc6e8c", kill_on_drop: false }`
[INFO] [stderr]    Compiling project_8099 v0.1.0 (/opt/rustwide/workdir)
[INFO] [stdout] warning: unused import: `chrono::Local`
[INFO] [stdout]  --> src/bin/../handlers/disguise.rs:2:5
[INFO] [stdout]   |
[INFO] [stdout] 2 | use chrono::Local;
[INFO] [stdout]   |     ^^^^^^^^^^^^^
[INFO] [stdout]   |
[INFO] [stdout]   = note: `#[warn(unused_imports)]` on by default
[INFO] [stdout] 
[INFO] [stdout] 
[INFO] [stdout] warning: unused import: `sqlx::MySqlPool`
[INFO] [stdout]  --> src/bin/../handlers/disguise.rs:3:5
[INFO] [stdout]   |
[INFO] [stdout] 3 | use sqlx::MySqlPool;
[INFO] [stdout]   |     ^^^^^^^^^^^^^^^
[INFO] [stdout] 
[INFO] [stdout] 
[INFO] [stdout] warning: unused import: `std::future::Future`
[INFO] [stdout]    --> src/bin/../handlers/disguise.rs:228:9
[INFO] [stdout]     |
[INFO] [stdout] 228 |     use std::future::Future;
[INFO] [stdout]     |         ^^^^^^^^^^^^^^^^^^^
[INFO] [stdout] 
[INFO] [stdout] 
[INFO] [stdout] warning: unused import: `std::sync::Mutex`
[INFO] [stdout]    --> src/bin/../handlers/disguise.rs:229:9
[INFO] [stdout]     |
[INFO] [stdout] 229 |     use std::sync::Mutex;
[INFO] [stdout]     |         ^^^^^^^^^^^^^^^^
[INFO] [stdout] 
[INFO] [stdout] 
[INFO] [stdout] warning: unused import: `crate::error::MyError`
[INFO] [stdout]    --> src/bin/../handlers/disguise.rs:237:9
[INFO] [stdout]     |
[INFO] [stdout] 237 |     use crate::error::MyError;
[INFO] [stdout]     |         ^^^^^^^^^^^^^^^^^^^^^
[INFO] [stdout] 
[INFO] [stdout] 
[INFO] [stdout] warning: unused import: `std::sync::Mutex`
[INFO] [stdout]   --> src/bin/../handlers/vault.rs:45:9
[INFO] [stdout]    |
[INFO] [stdout] 45 |     use std::sync::Mutex;
[INFO] [stdout]    |         ^^^^^^^^^^^^^^^^
[INFO] [stdout] 
[INFO] [stdout] 
[INFO] [stdout] warning: unused import: `actix_web::http::StatusCode`
[INFO] [stdout]   --> src/bin/../handlers/vault.rs:46:9
[INFO] [stdout]    |
[INFO] [stdout] 46 |     use actix_web::http::StatusCode;
[INFO] [stdout]    |         ^^^^^^^^^^^^^^^^^^^^^^^^^^^
[INFO] [stdout] 
[INFO] [stdout] 
[INFO] [stdout] warning: unused import: `crate::dbaccess::vault::generate_vault_db`
[INFO] [stdout]   --> src/bin/../handlers/vault.rs:50:9
[INFO] [stdout]    |
[INFO] [stdout] 50 |     use crate::dbaccess::vault::generate_vault_db;
[INFO] [stdout]    |         ^^^^^^^^^^^^^^^^^^^^^^^^^^^^^^^^^^^^^^^^^
[INFO] [stdout] 
[INFO] [stdout] 
[INFO] [stdout] warning: unused import: `PlaceholderInfo`
[INFO] [stdout]   --> src/bin/../handlers/vault.rs:52:59
[INFO] [stdout]    |
[INFO] [stdout] 52 |     use crate::models::placeholder::{GeneratePlaceHolder, PlaceholderInfo};
[INFO] [stdout]    |                                                           ^^^^^^^^^^^^^^^
[INFO] [stdout] 
[INFO] [stdout] 
[INFO] [stdout] warning: unused import: `Vault`
[INFO] [stdout]   --> src/bin/../handlers/vault.rs:53:47
[INFO] [stdout]    |
[INFO] [stdout] 53 |     use crate::models::vault::{GenerateVault, Vault};
[INFO] [stdout]    |                                               ^^^^^
[INFO] [stdout] 
[INFO] [stdout] 
[INFO] [stdout] warning: unused import: `sqlx::mysql::MySqlRow`
[INFO] [stdout]  --> src/bin/../dbaccess/vault.rs:2:5
[INFO] [stdout]   |
[INFO] [stdout] 2 | use sqlx::mysql::MySqlRow;
[INFO] [stdout]   |     ^^^^^^^^^^^^^^^^^^^^^
[INFO] [stdout] 
[INFO] [stdout] 
[INFO] [stdout] warning: unused import: `std::sync::Mutex`
[INFO] [stdout]    --> src/bin/../dbaccess/vault.rs:361:9
[INFO] [stdout]     |
[INFO] [stdout] 361 |     use std::sync::Mutex;
[INFO] [stdout]     |         ^^^^^^^^^^^^^^^^
[INFO] [stdout] 
[INFO] [stdout] 
[INFO] [stdout] warning: unused import: `actix_web::http::StatusCode`
[INFO] [stdout]    --> src/bin/../dbaccess/vault.rs:362:9
[INFO] [stdout]     |
[INFO] [stdout] 362 |     use actix_web::http::StatusCode;
[INFO] [stdout]     |         ^^^^^^^^^^^^^^^^^^^^^^^^^^^
[INFO] [stdout] 
[INFO] [stdout] 
[INFO] [stdout] warning: unused import: `crate::handlers::vault::generate_vault`
[INFO] [stdout]    --> src/bin/../dbaccess/vault.rs:367:9
[INFO] [stdout]     |
[INFO] [stdout] 367 |     use crate::handlers::vault::generate_vault;
[INFO] [stdout]     |         ^^^^^^^^^^^^^^^^^^^^^^^^^^^^^^^^^^^^^^
[INFO] [stdout] 
[INFO] [stdout] 
[INFO] [stdout] warning: unused import: `GeneratePlaceHolder`
[INFO] [stdout]    --> src/bin/../dbaccess/vault.rs:368:38
[INFO] [stdout]     |
[INFO] [stdout] 368 |     use crate::models::placeholder::{GeneratePlaceHolder, PlaceholderInfo};
[INFO] [stdout]     |                                      ^^^^^^^^^^^^^^^^^^^
[INFO] [stdout] 
[INFO] [stdout] 
[INFO] [stdout] warning: unused import: `GenerateVault`
[INFO] [stdout]    --> src/bin/../dbaccess/vault.rs:369:52
[INFO] [stdout]     |
[INFO] [stdout] 369 |     use crate::models::vault::{Disguise, Function, GenerateVault, Vault};
[INFO] [stdout]     |                                                    ^^^^^^^^^^^^^
[INFO] [stdout] 
[INFO] [stdout] 
[INFO] [stdout] warning: associated function `new` is never used
[INFO] [stdout]   --> src/bin/../models/placeholder.rs:11:12
[INFO] [stdout]    |
[INFO] [stdout] 10 | impl PlaceholderInfo {
[INFO] [stdout]    | -------------------- associated function in this implementation
[INFO] [stdout] 11 |     pub fn new(generate_placeholder: GeneratePlaceHolder, id: &str) -> PlaceholderInfo {
[INFO] [stdout]    |            ^^^
[INFO] [stdout]    |
[INFO] [stdout]    = note: `#[warn(dead_code)]` on by default
[INFO] [stdout] 
[INFO] [stdout] 
[INFO] [stdout] warning: method `field_names` is never used
[INFO] [stdout]   --> src/bin/../models/target.rs:32:12
[INFO] [stdout]    |
[INFO] [stdout] 9  | impl Target {
[INFO] [stdout]    | ----------- method in this implementation
[INFO] [stdout] ...
[INFO] [stdout] 32 |     pub fn field_names(&self) -> Option<String> {
[INFO] [stdout]    |            ^^^^^^^^^^^
[INFO] [stdout] 
[INFO] [stdout] 
[INFO] [stdout] warning: function `get_vault_by_email_db` is never used
[INFO] [stdout]   --> src/bin/../dbaccess/vault.rs:63:14
[INFO] [stdout]    |
[INFO] [stdout] 63 | pub async fn get_vault_by_email_db(vault_db: &MySqlPool, email: &str) -> Result<Vault, MyError> {
[INFO] [stdout]    |              ^^^^^^^^^^^^^^^^^^^^^
[INFO] [stdout] 
[INFO] [stdout] 
[INFO] [stdout] warning: unused `std::result::Result` that must be used
[INFO] [stdout]    --> src/bin/../handlers/disguise.rs:503:13
[INFO] [stdout]     |
[INFO] [stdout] 503 |             upload_disguise_object_db(shared_data.vault_db.borrow(), &disguise).await;
[INFO] [stdout]     |             ^^^^^^^^^^^^^^^^^^^^^^^^^^^^^^^^^^^^^^^^^^^^^^^^^^^^^^^^^^^^^^^^^^^^^^^^^
[INFO] [stdout]     |
[INFO] [stdout]     = note: this `Result` may be an `Err` variant, which should be handled
[INFO] [stdout]     = note: `#[warn(unused_must_use)]` on by default
[INFO] [stdout] help: use `let _ = ...` to ignore the resulting value
[INFO] [stdout]     |
[INFO] [stdout] 503 |             let _ = upload_disguise_object_db(shared_data.vault_db.borrow(), &disguise).await;
[INFO] [stdout]     |             +++++++
[INFO] [stdout] 
[INFO] [stdout] 
[INFO] [stdout] warning: 20 warnings emitted
[INFO] [stdout] 
[INFO] [stdout] 
[INFO] [stderr]     Finished test [unoptimized + debuginfo] target(s) in 5.27s
[INFO] running `Command { std: "docker" "inspect" "469f7775442661f397cf733484c1bfbd6ed496870425bd5a2983120b1ebc6e8c", kill_on_drop: false }`
[INFO] running `Command { std: "docker" "rm" "-f" "469f7775442661f397cf733484c1bfbd6ed496870425bd5a2983120b1ebc6e8c", kill_on_drop: false }`
[INFO] [stdout] 469f7775442661f397cf733484c1bfbd6ed496870425bd5a2983120b1ebc6e8c
[INFO] running `Command { std: "docker" "create" "-v" "/var/lib/crater-agent-workspace/builds/worker-5-tc2/target:/opt/rustwide/target:rw,Z" "-v" "/var/lib/crater-agent-workspace/builds/worker-5-tc2/source:/opt/rustwide/workdir:ro,Z" "-v" "/var/lib/crater-agent-workspace/cargo-home:/opt/rustwide/cargo-home:ro,Z" "-v" "/var/lib/crater-agent-workspace/rustup-home:/opt/rustwide/rustup-home:ro,Z" "-e" "SOURCE_DIR=/opt/rustwide/workdir" "-e" "CARGO_TARGET_DIR=/opt/rustwide/target" "-e" "CARGO_INCREMENTAL=0" "-e" "RUST_BACKTRACE=full" "-e" "RUSTFLAGS=--cap-lints=warn" "-e" "RUSTDOCFLAGS=--cap-lints=warn" "-e" "CARGO_HOME=/opt/rustwide/cargo-home" "-e" "RUSTUP_HOME=/opt/rustwide/rustup-home" "-w" "/opt/rustwide/workdir" "-m" "1610612736" "--user" "0:0" "--network" "none" "ghcr.io/rust-lang/crates-build-env/linux@sha256:2788e3201cd34a07e3172128adcd8b3090168a8e3bcc40d7c032b9dda1df7d1c" "/opt/rustwide/cargo-home/bin/cargo" "+beta-2023-12-22" "test" "--frozen", kill_on_drop: false }`
[INFO] [stdout] 85dda507ea9f28c1bff0faaf9f057c19458093eb39ae8b21aee19761a84a1434
[INFO] running `Command { std: "docker" "start" "-a" "85dda507ea9f28c1bff0faaf9f057c19458093eb39ae8b21aee19761a84a1434", kill_on_drop: false }`
[INFO] [stderr] warning: unused import: `chrono::Local`
[INFO] [stderr]  --> src/bin/../handlers/disguise.rs:2:5
[INFO] [stderr]   |
[INFO] [stderr] 2 | use chrono::Local;
[INFO] [stderr]   |     ^^^^^^^^^^^^^
[INFO] [stderr]   |
[INFO] [stderr]   = note: `#[warn(unused_imports)]` on by default
[INFO] [stderr] 
[INFO] [stderr] warning: unused import: `sqlx::MySqlPool`
[INFO] [stderr]  --> src/bin/../handlers/disguise.rs:3:5
[INFO] [stderr]   |
[INFO] [stderr] 3 | use sqlx::MySqlPool;
[INFO] [stderr]   |     ^^^^^^^^^^^^^^^
[INFO] [stderr] 
[INFO] [stderr] warning: unused import: `std::future::Future`
[INFO] [stderr]    --> src/bin/../handlers/disguise.rs:228:9
[INFO] [stderr]     |
[INFO] [stderr] 228 |     use std::future::Future;
[INFO] [stderr]     |         ^^^^^^^^^^^^^^^^^^^
[INFO] [stderr] 
[INFO] [stderr] warning: unused import: `std::sync::Mutex`
[INFO] [stderr]    --> src/bin/../handlers/disguise.rs:229:9
[INFO] [stderr]     |
[INFO] [stderr] 229 |     use std::sync::Mutex;
[INFO] [stderr]     |         ^^^^^^^^^^^^^^^^
[INFO] [stderr] 
[INFO] [stderr] warning: unused import: `crate::error::MyError`
[INFO] [stderr]    --> src/bin/../handlers/disguise.rs:237:9
[INFO] [stderr]     |
[INFO] [stderr] 237 |     use crate::error::MyError;
[INFO] [stderr]     |         ^^^^^^^^^^^^^^^^^^^^^
[INFO] [stderr] 
[INFO] [stderr] warning: unused import: `std::sync::Mutex`
[INFO] [stderr]   --> src/bin/../handlers/vault.rs:45:9
[INFO] [stderr]    |
[INFO] [stderr] 45 |     use std::sync::Mutex;
[INFO] [stderr]    |         ^^^^^^^^^^^^^^^^
[INFO] [stderr] 
[INFO] [stderr] warning: unused import: `actix_web::http::StatusCode`
[INFO] [stderr]   --> src/bin/../handlers/vault.rs:46:9
[INFO] [stderr]    |
[INFO] [stderr] 46 |     use actix_web::http::StatusCode;
[INFO] [stderr]    |         ^^^^^^^^^^^^^^^^^^^^^^^^^^^
[INFO] [stderr] 
[INFO] [stderr] warning: unused import: `crate::dbaccess::vault::generate_vault_db`
[INFO] [stderr]   --> src/bin/../handlers/vault.rs:50:9
[INFO] [stderr]    |
[INFO] [stderr] 50 |     use crate::dbaccess::vault::generate_vault_db;
[INFO] [stderr]    |         ^^^^^^^^^^^^^^^^^^^^^^^^^^^^^^^^^^^^^^^^^
[INFO] [stderr] 
[INFO] [stderr] warning: unused import: `PlaceholderInfo`
[INFO] [stderr]   --> src/bin/../handlers/vault.rs:52:59
[INFO] [stderr]    |
[INFO] [stderr] 52 |     use crate::models::placeholder::{GeneratePlaceHolder, PlaceholderInfo};
[INFO] [stderr]    |                                                           ^^^^^^^^^^^^^^^
[INFO] [stderr] 
[INFO] [stderr] warning: unused import: `Vault`
[INFO] [stderr]   --> src/bin/../handlers/vault.rs:53:47
[INFO] [stderr]    |
[INFO] [stderr] 53 |     use crate::models::vault::{GenerateVault, Vault};
[INFO] [stderr]    |                                               ^^^^^
[INFO] [stderr] 
[INFO] [stderr] warning: unused import: `sqlx::mysql::MySqlRow`
[INFO] [stderr]  --> src/bin/../dbaccess/vault.rs:2:5
[INFO] [stderr]   |
[INFO] [stderr] 2 | use sqlx::mysql::MySqlRow;
[INFO] [stderr]   |     ^^^^^^^^^^^^^^^^^^^^^
[INFO] [stderr] 
[INFO] [stderr] warning: unused import: `std::sync::Mutex`
[INFO] [stderr]    --> src/bin/../dbaccess/vault.rs:361:9
[INFO] [stderr]     |
[INFO] [stderr] 361 |     use std::sync::Mutex;
[INFO] [stderr]     |         ^^^^^^^^^^^^^^^^
[INFO] [stderr] 
[INFO] [stderr] warning: unused import: `actix_web::http::StatusCode`
[INFO] [stderr]    --> src/bin/../dbaccess/vault.rs:362:9
[INFO] [stderr]     |
[INFO] [stderr] 362 |     use actix_web::http::StatusCode;
[INFO] [stderr]     |         ^^^^^^^^^^^^^^^^^^^^^^^^^^^
[INFO] [stderr] 
[INFO] [stderr] warning: unused import: `crate::handlers::vault::generate_vault`
[INFO] [stderr]    --> src/bin/../dbaccess/vault.rs:367:9
[INFO] [stderr]     |
[INFO] [stderr] 367 |     use crate::handlers::vault::generate_vault;
[INFO] [stderr]     |         ^^^^^^^^^^^^^^^^^^^^^^^^^^^^^^^^^^^^^^
[INFO] [stderr] 
[INFO] [stderr] warning: unused import: `GeneratePlaceHolder`
[INFO] [stderr]    --> src/bin/../dbaccess/vault.rs:368:38
[INFO] [stderr]     |
[INFO] [stderr] 368 |     use crate::models::placeholder::{GeneratePlaceHolder, PlaceholderInfo};
[INFO] [stderr]     |                                      ^^^^^^^^^^^^^^^^^^^
[INFO] [stderr] 
[INFO] [stderr] warning: unused import: `GenerateVault`
[INFO] [stderr]    --> src/bin/../dbaccess/vault.rs:369:52
[INFO] [stderr]     |
[INFO] [stderr] 369 |     use crate::models::vault::{Disguise, Function, GenerateVault, Vault};
[INFO] [stderr]     |                                                    ^^^^^^^^^^^^^
[INFO] [stderr] 
[INFO] [stderr] warning: associated function `new` is never used
[INFO] [stderr]   --> src/bin/../models/placeholder.rs:11:12
[INFO] [stderr]    |
[INFO] [stderr] 10 | impl PlaceholderInfo {
[INFO] [stderr]    | -------------------- associated function in this implementation
[INFO] [stderr] 11 |     pub fn new(generate_placeholder: GeneratePlaceHolder, id: &str) -> PlaceholderInfo {
[INFO] [stderr]    |            ^^^
[INFO] [stderr]    |
[INFO] [stderr]    = note: `#[warn(dead_code)]` on by default
[INFO] [stderr] 
[INFO] [stderr] warning: method `field_names` is never used
[INFO] [stderr]   --> src/bin/../models/target.rs:32:12
[INFO] [stderr]    |
[INFO] [stderr] 9  | impl Target {
[INFO] [stderr]    | ----------- method in this implementation
[INFO] [stderr] ...
[INFO] [stderr] 32 |     pub fn field_names(&self) -> Option<String> {
[INFO] [stderr]    |            ^^^^^^^^^^^
[INFO] [stderr] 
[INFO] [stderr] warning: function `get_vault_by_email_db` is never used
[INFO] [stderr]   --> src/bin/../dbaccess/vault.rs:63:14
[INFO] [stderr]    |
[INFO] [stderr] 63 | pub async fn get_vault_by_email_db(vault_db: &MySqlPool, email: &str) -> Result<Vault, MyError> {
[INFO] [stderr]    |              ^^^^^^^^^^^^^^^^^^^^^
[INFO] [stderr] 
[INFO] [stderr] warning: unused `std::result::Result` that must be used
[INFO] [stderr]    --> src/bin/../handlers/disguise.rs:503:13
[INFO] [stderr]     |
[INFO] [stderr] 503 |             upload_disguise_object_db(shared_data.vault_db.borrow(), &disguise).await;
[INFO] [stderr]     |             ^^^^^^^^^^^^^^^^^^^^^^^^^^^^^^^^^^^^^^^^^^^^^^^^^^^^^^^^^^^^^^^^^^^^^^^^^
[INFO] [stderr]     |
[INFO] [stderr]     = note: this `Result` may be an `Err` variant, which should be handled
[INFO] [stderr]     = note: `#[warn(unused_must_use)]` on by default
[INFO] [stderr] help: use `let _ = ...` to ignore the resulting value
[INFO] [stderr]     |
[INFO] [stderr] 503 |             let _ = upload_disguise_object_db(shared_data.vault_db.borrow(), &disguise).await;
[INFO] [stderr]     |             +++++++
[INFO] [stderr] 
[INFO] [stderr] warning: `project_8099` (bin "disguise_service" test) generated 20 warnings (run `cargo fix --bin "disguise_service" --tests` to apply 16 suggestions)
[INFO] [stderr]     Finished test [unoptimized + debuginfo] target(s) in 0.15s
[INFO] [stderr]      Running unittests src/bin/disguise_service.rs (/opt/rustwide/target/debug/deps/disguise_service-026495caaed1b0b0)
[INFO] [stdout] 
[INFO] [stdout] running 8 tests
[INFO] [stdout] test dbaccess::vault::tests::generate_vault_db_test ... ignored
[INFO] [stdout] test dbaccess::vault::tests::get_vault_by_id_db_test ... ignored
[INFO] [stdout] test dbaccess::vault::tests::upload_disguise_object_db_test ... ignored
[INFO] [stdout] test handlers::disguise::tests::anonymize_test ... ignored
[INFO] [stdout] test handlers::disguise::tests::expiration_test ... ignored
[INFO] [stdout] test handlers::disguise::tests::scrub_user_test ... ignored
[INFO] [stdout] test handlers::vault::tests::generate_vault_db_test ... ignored
[INFO] [stdout] test handlers::disguise::tests::clear_vault_test ... FAILED
[INFO] [stdout] 
[INFO] [stdout] failures:
[INFO] [stdout] 
[INFO] [stdout] ---- handlers::disguise::tests::clear_vault_test stdout ----
[INFO] [stdout] thread 'handlers::disguise::tests::clear_vault_test' panicked at src/bin/../handlers/disguise.rs:465:85:
[INFO] [stdout] called `Result::unwrap()` on an `Err` value: Io(Os { code: 99, kind: AddrNotAvailable, message: "Cannot assign requested address" })
[INFO] [stdout] stack backtrace:
[INFO] [stdout]    0:     0x55f54739b136 - std::backtrace_rs::backtrace::libunwind::trace::h261606ad26a499c1
[INFO] [stdout]                                at /rustc/0e09125c6c3c2fd70d7de961bcf0e51575235fad/library/std/src/../../backtrace/src/backtrace/libunwind.rs:104:5
[INFO] [stdout]    1:     0x55f54739b136 - std::backtrace_rs::backtrace::trace_unsynchronized::hd183f0625477fb28
[INFO] [stdout]                                at /rustc/0e09125c6c3c2fd70d7de961bcf0e51575235fad/library/std/src/../../backtrace/src/backtrace/mod.rs:66:5
[INFO] [stdout]    2:     0x55f54739b136 - std::sys_common::backtrace::_print_fmt::hd7f8fef21b4eda67
[INFO] [stdout]                                at /rustc/0e09125c6c3c2fd70d7de961bcf0e51575235fad/library/std/src/sys_common/backtrace.rs:68:5
[INFO] [stdout]    3:     0x55f54739b136 - <std::sys_common::backtrace::_print::DisplayBacktrace as core::fmt::Display>::fmt::h623d9b51f2f453f1
[INFO] [stdout]                                at /rustc/0e09125c6c3c2fd70d7de961bcf0e51575235fad/library/std/src/sys_common/backtrace.rs:44:22
[INFO] [stdout]    4:     0x55f5473c6a50 - core::fmt::rt::Argument::fmt::h9f417ac76a86f368
[INFO] [stdout]                                at /rustc/0e09125c6c3c2fd70d7de961bcf0e51575235fad/library/core/src/fmt/rt.rs:142:9
[INFO] [stdout]    5:     0x55f5473c6a50 - core::fmt::write::hc9b6faf4ac2aeff7
[INFO] [stdout]                                at /rustc/0e09125c6c3c2fd70d7de961bcf0e51575235fad/library/core/src/fmt/mod.rs:1120:17
[INFO] [stdout]    6:     0x55f5473982cf - std::io::Write::write_fmt::he04625a3a989fec3
[INFO] [stdout]                                at /rustc/0e09125c6c3c2fd70d7de961bcf0e51575235fad/library/std/src/io/mod.rs:1810:15
[INFO] [stdout]    7:     0x55f54739af14 - std::sys_common::backtrace::_print::hd5d66399c7df88a2
[INFO] [stdout]                                at /rustc/0e09125c6c3c2fd70d7de961bcf0e51575235fad/library/std/src/sys_common/backtrace.rs:47:5
[INFO] [stdout]    8:     0x55f54739af14 - std::sys_common::backtrace::print::he81ed2da642d37e5
[INFO] [stdout]                                at /rustc/0e09125c6c3c2fd70d7de961bcf0e51575235fad/library/std/src/sys_common/backtrace.rs:34:9
[INFO] [stdout]    9:     0x55f54739cc87 - std::panicking::default_hook::{{closure}}::h85773f4fa117163d
[INFO] [stdout]   10:     0x55f54739c96d - std::panicking::default_hook::h6a1694a91d09b278
[INFO] [stdout]                                at /rustc/0e09125c6c3c2fd70d7de961bcf0e51575235fad/library/std/src/panicking.rs:289:9
[INFO] [stdout]   11:     0x55f546f0ad77 - <alloc::boxed::Box<F,A> as core::ops::function::Fn<Args>>::call::h616ac37fa3cd6c8f
[INFO] [stdout]                                at /rustc/0e09125c6c3c2fd70d7de961bcf0e51575235fad/library/alloc/src/boxed.rs:2029:9
[INFO] [stdout]   12:     0x55f546f0ad77 - test::test_main::{{closure}}::h00d84697cefdcbb6
[INFO] [stdout]                                at /rustc/0e09125c6c3c2fd70d7de961bcf0e51575235fad/library/test/src/lib.rs:138:21
[INFO] [stdout]   13:     0x55f54739d2a6 - <alloc::boxed::Box<F,A> as core::ops::function::Fn<Args>>::call::hcb3fe3b9bb537ba8
[INFO] [stdout]                                at /rustc/0e09125c6c3c2fd70d7de961bcf0e51575235fad/library/alloc/src/boxed.rs:2029:9
[INFO] [stdout]   14:     0x55f54739d2a6 - std::panicking::rust_panic_with_hook::h0a7ad96e90f7145b
[INFO] [stdout]                                at /rustc/0e09125c6c3c2fd70d7de961bcf0e51575235fad/library/std/src/panicking.rs:783:13
[INFO] [stdout]   15:     0x55f54739cff2 - std::panicking::begin_panic_handler::{{closure}}::h7919090525c6485e
[INFO] [stdout]                                at /rustc/0e09125c6c3c2fd70d7de961bcf0e51575235fad/library/std/src/panicking.rs:657:13
[INFO] [stdout]   16:     0x55f54739b636 - std::sys_common::backtrace::__rust_end_short_backtrace::hf3289479464f7dfe
[INFO] [stdout]                                at /rustc/0e09125c6c3c2fd70d7de961bcf0e51575235fad/library/std/src/sys_common/backtrace.rs:171:18
[INFO] [stdout]   17:     0x55f54739cd50 - rust_begin_unwind
[INFO] [stdout]                                at /rustc/0e09125c6c3c2fd70d7de961bcf0e51575235fad/library/std/src/panicking.rs:645:5
[INFO] [stdout]   18:     0x55f546e31635 - core::panicking::panic_fmt::hcc9f77c5c132af55
[INFO] [stdout]                                at /rustc/0e09125c6c3c2fd70d7de961bcf0e51575235fad/library/core/src/panicking.rs:72:14
[INFO] [stdout]   19:     0x55f546e31c73 - core::result::unwrap_failed::hbe14f498be1452f9
[INFO] [stdout]                                at /rustc/0e09125c6c3c2fd70d7de961bcf0e51575235fad/library/core/src/result.rs:1649:5
[INFO] [stdout]   20:     0x55f546ea1e31 - core::result::Result<T,E>::unwrap::he0e9b67c53b22846
[INFO] [stdout]                                at /rustc/0e09125c6c3c2fd70d7de961bcf0e51575235fad/library/core/src/result.rs:1073:23
[INFO] [stdout]   21:     0x55f546e99912 - disguise_service::handlers::disguise::tests::clear_vault_test::{{closure}}::h978981a24a3ef639
[INFO] [stdout]                                at /opt/rustwide/workdir/src/bin/../handlers/disguise.rs:465:25
[INFO] [stdout]   22:     0x55f546ea7e10 - <tokio::task::local::RunUntil<T> as core::future::future::Future>::poll::{{closure}}::{{closure}}::h23806797a6dbd975
[INFO] [stdout]                                at /opt/rustwide/cargo-home/registry/src/index.crates.io-6f17d22bba15001f/tokio-1.19.2/src/task/local.rs:671:65
[INFO] [stdout]   23:     0x55f546ec4410 - tokio::coop::with_budget::{{closure}}::hf8f35ef01d7ec3f4
[INFO] [stdout]                                at /opt/rustwide/cargo-home/registry/src/index.crates.io-6f17d22bba15001f/tokio-1.19.2/src/coop.rs:102:9
[INFO] [stdout]   24:     0x55f546e4d90e - std::thread::local::LocalKey<T>::try_with::h21302b0b9e544b76
[INFO] [stdout]                                at /rustc/0e09125c6c3c2fd70d7de961bcf0e51575235fad/library/std/src/thread/local.rs:270:16
[INFO] [stdout]   25:     0x55f546e4c92a - std::thread::local::LocalKey<T>::with::h96aa527d95029625
[INFO] [stdout]                                at /rustc/0e09125c6c3c2fd70d7de961bcf0e51575235fad/library/std/src/thread/local.rs:246:9
[INFO] [stdout]   26:     0x55f546ea7a7b - tokio::coop::with_budget::h29b6b928bfbfcca2
[INFO] [stdout]                                at /opt/rustwide/cargo-home/registry/src/index.crates.io-6f17d22bba15001f/tokio-1.19.2/src/coop.rs:95:5
[INFO] [stdout]   27:     0x55f546ea7a7b - tokio::coop::budget::hd938168def1570a1
[INFO] [stdout]                                at /opt/rustwide/cargo-home/registry/src/index.crates.io-6f17d22bba15001f/tokio-1.19.2/src/coop.rs:72:5
[INFO] [stdout]   28:     0x55f546ea7a7b - <tokio::task::local::RunUntil<T> as core::future::future::Future>::poll::{{closure}}::hd9ca5904bfd86fdb
[INFO] [stdout]                                at /opt/rustwide/cargo-home/registry/src/index.crates.io-6f17d22bba15001f/tokio-1.19.2/src/task/local.rs:671:42
[INFO] [stdout]   29:     0x55f546e65527 - tokio::macros::scoped_tls::ScopedKey<T>::set::h49c206632bff1442
[INFO] [stdout]                                at /opt/rustwide/cargo-home/registry/src/index.crates.io-6f17d22bba15001f/tokio-1.19.2/src/macros/scoped_tls.rs:61:9
[INFO] [stdout]   30:     0x55f546ea3357 - tokio::task::local::LocalSet::with::hcc7745974272be14
[INFO] [stdout]                                at /opt/rustwide/cargo-home/registry/src/index.crates.io-6f17d22bba15001f/tokio-1.19.2/src/task/local.rs:566:9
[INFO] [stdout]   31:     0x55f546ea695a - <tokio::task::local::RunUntil<T> as core::future::future::Future>::poll::h5a1eabf7034d3885
[INFO] [stdout]                                at /opt/rustwide/cargo-home/registry/src/index.crates.io-6f17d22bba15001f/tokio-1.19.2/src/task/local.rs:661:9
[INFO] [stdout]   32:     0x55f546ea4338 - tokio::task::local::LocalSet::run_until::{{closure}}::h2b9de8702c2c36ae
[INFO] [stdout]                                at /opt/rustwide/cargo-home/registry/src/index.crates.io-6f17d22bba15001f/tokio-1.19.2/src/task/local.rs:491:19
[INFO] [stdout]   33:     0x55f546e546bb - <core::pin::Pin<P> as core::future::future::Future>::poll::ha8c05d65502f6664
[INFO] [stdout]                                at /rustc/0e09125c6c3c2fd70d7de961bcf0e51575235fad/library/core/src/future/future.rs:124:9
[INFO] [stdout]   34:     0x55f546e4bf44 - tokio::runtime::basic_scheduler::CoreGuard::block_on::{{closure}}::{{closure}}::{{closure}}::h004278a9ea69d426
[INFO] [stdout]                                at /opt/rustwide/cargo-home/registry/src/index.crates.io-6f17d22bba15001f/tokio-1.19.2/src/runtime/basic_scheduler.rs:508:48
[INFO] [stdout]   35:     0x55f546ec3bc0 - tokio::coop::with_budget::{{closure}}::he27cfc962a65e1bf
[INFO] [stdout]                                at /opt/rustwide/cargo-home/registry/src/index.crates.io-6f17d22bba15001f/tokio-1.19.2/src/coop.rs:102:9
[INFO] [stdout]   36:     0x55f546e4ee1e - std::thread::local::LocalKey<T>::try_with::h68b4ba981221e8da
[INFO] [stdout]                                at /rustc/0e09125c6c3c2fd70d7de961bcf0e51575235fad/library/std/src/thread/local.rs:270:16
[INFO] [stdout]   37:     0x55f546e4c4ca - std::thread::local::LocalKey<T>::with::h51798c7beb26089d
[INFO] [stdout]                                at /rustc/0e09125c6c3c2fd70d7de961bcf0e51575235fad/library/std/src/thread/local.rs:246:9
[INFO] [stdout]   38:     0x55f546e4bed6 - tokio::coop::with_budget::h975eebe555edf627
[INFO] [stdout]                                at /opt/rustwide/cargo-home/registry/src/index.crates.io-6f17d22bba15001f/tokio-1.19.2/src/coop.rs:95:5
[INFO] [stdout]   39:     0x55f546e4bed6 - tokio::coop::budget::hfe3f1a5a0d2c3827
[INFO] [stdout]                                at /opt/rustwide/cargo-home/registry/src/index.crates.io-6f17d22bba15001f/tokio-1.19.2/src/coop.rs:72:5
[INFO] [stdout]   40:     0x55f546e4bed6 - tokio::runtime::basic_scheduler::CoreGuard::block_on::{{closure}}::{{closure}}::hf9588198c01f7aab
[INFO] [stdout]                                at /opt/rustwide/cargo-home/registry/src/index.crates.io-6f17d22bba15001f/tokio-1.19.2/src/runtime/basic_scheduler.rs:508:25
[INFO] [stdout]   41:     0x55f546e41b7c - tokio::runtime::basic_scheduler::Context::enter::h4a8877680143bd02
[INFO] [stdout]                                at /opt/rustwide/cargo-home/registry/src/index.crates.io-6f17d22bba15001f/tokio-1.19.2/src/runtime/basic_scheduler.rs:362:19
[INFO] [stdout]   42:     0x55f546e4ae9b - tokio::runtime::basic_scheduler::CoreGuard::block_on::{{closure}}::ha109bbd77cdafd84
[INFO] [stdout]                                at /opt/rustwide/cargo-home/registry/src/index.crates.io-6f17d22bba15001f/tokio-1.19.2/src/runtime/basic_scheduler.rs:507:36
[INFO] [stdout]   43:     0x55f546e4708b - tokio::runtime::basic_scheduler::CoreGuard::enter::{{closure}}::he991952b3f4faf99
[INFO] [stdout]                                at /opt/rustwide/cargo-home/registry/src/index.crates.io-6f17d22bba15001f/tokio-1.19.2/src/runtime/basic_scheduler.rs:565:57
[INFO] [stdout]   44:     0x55f546e65c97 - tokio::macros::scoped_tls::ScopedKey<T>::set::ha6c5a09787de675b
[INFO] [stdout]                                at /opt/rustwide/cargo-home/registry/src/index.crates.io-6f17d22bba15001f/tokio-1.19.2/src/macros/scoped_tls.rs:61:9
[INFO] [stdout]   45:     0x55f546e4657c - tokio::runtime::basic_scheduler::CoreGuard::enter::hb7ea2532f0c2395d
[INFO] [stdout]                                at /opt/rustwide/cargo-home/registry/src/index.crates.io-6f17d22bba15001f/tokio-1.19.2/src/runtime/basic_scheduler.rs:565:27
[INFO] [stdout]   46:     0x55f546e47188 - tokio::runtime::basic_scheduler::CoreGuard::block_on::he991886a9cfbc2a1
[INFO] [stdout]                                at /opt/rustwide/cargo-home/registry/src/index.crates.io-6f17d22bba15001f/tokio-1.19.2/src/runtime/basic_scheduler.rs:498:9
[INFO] [stdout]   47:     0x55f546e4034b - tokio::runtime::basic_scheduler::BasicScheduler::block_on::hf04f58b12645b0a5
[INFO] [stdout]                                at /opt/rustwide/cargo-home/registry/src/index.crates.io-6f17d22bba15001f/tokio-1.19.2/src/runtime/basic_scheduler.rs:174:24
[INFO] [stdout]   48:     0x55f546ed2bcb - tokio::runtime::Runtime::block_on::h7e5338c18dad4f21
[INFO] [stdout]                                at /opt/rustwide/cargo-home/registry/src/index.crates.io-6f17d22bba15001f/tokio-1.19.2/src/runtime/mod.rs:480:46
[INFO] [stdout]   49:     0x55f546ea360f - tokio::task::local::LocalSet::block_on::h8a6ad1ab61e2b7fc
[INFO] [stdout]                                at /opt/rustwide/cargo-home/registry/src/index.crates.io-6f17d22bba15001f/tokio-1.19.2/src/task/local.rs:452:9
[INFO] [stdout]   50:     0x55f546ea7fc7 - actix_rt::runtime::Runtime::block_on::ha42187f54d4eee1d
[INFO] [stdout]                                at /opt/rustwide/cargo-home/registry/src/index.crates.io-6f17d22bba15001f/actix-rt-2.7.0/src/runtime.rs:80:9
[INFO] [stdout]   51:     0x55f546e8e84a - actix_rt::system::SystemRunner::block_on::h609e945df9bc8393
[INFO] [stdout]                                at /opt/rustwide/cargo-home/registry/src/index.crates.io-6f17d22bba15001f/actix-rt-2.7.0/src/system.rs:209:9
[INFO] [stdout]   52:     0x55f546e9936c - disguise_service::handlers::disguise::tests::clear_vault_test::h9bd55cb1fdfdfb50
[INFO] [stdout]                                at /opt/rustwide/workdir/src/bin/../handlers/disguise.rs:456:5
[INFO] [stdout]   53:     0x55f546e99317 - disguise_service::handlers::disguise::tests::clear_vault_test::{{closure}}::h21c295664fa1a1b2
[INFO] [stdout]                                at /opt/rustwide/workdir/src/bin/../handlers/disguise.rs:457:32
[INFO] [stdout]   54:     0x55f546e32646 - core::ops::function::FnOnce::call_once::hbf648be80165bc76
[INFO] [stdout]                                at /rustc/0e09125c6c3c2fd70d7de961bcf0e51575235fad/library/core/src/ops/function.rs:250:5
[INFO] [stdout]   55:     0x55f546f1064f - core::ops::function::FnOnce::call_once::hd64d26f405258157
[INFO] [stdout]                                at /rustc/0e09125c6c3c2fd70d7de961bcf0e51575235fad/library/core/src/ops/function.rs:250:5
[INFO] [stdout]   56:     0x55f546f1064f - test::__rust_begin_short_backtrace::he21b0b7a6d731bf9
[INFO] [stdout]                                at /rustc/0e09125c6c3c2fd70d7de961bcf0e51575235fad/library/test/src/lib.rs:627:18
[INFO] [stdout]   57:     0x55f546f0f3d1 - test::run_test_in_process::{{closure}}::hf5c73986d7bdfde2
[INFO] [stdout]                                at /rustc/0e09125c6c3c2fd70d7de961bcf0e51575235fad/library/test/src/lib.rs:650:60
[INFO] [stdout]   58:     0x55f546f0f3d1 - <core::panic::unwind_safe::AssertUnwindSafe<F> as core::ops::function::FnOnce<()>>::call_once::h330011ad032aadc0
[INFO] [stdout]                                at /rustc/0e09125c6c3c2fd70d7de961bcf0e51575235fad/library/core/src/panic/unwind_safe.rs:272:9
[INFO] [stdout]   59:     0x55f546f0f3d1 - std::panicking::try::do_call::he61b0a958b795a41
[INFO] [stdout]                                at /rustc/0e09125c6c3c2fd70d7de961bcf0e51575235fad/library/std/src/panicking.rs:552:40
[INFO] [stdout]   60:     0x55f546f0f3d1 - std::panicking::try::h7309da130f906eb7
[INFO] [stdout]                                at /rustc/0e09125c6c3c2fd70d7de961bcf0e51575235fad/library/std/src/panicking.rs:516:19
[INFO] [stdout]   61:     0x55f546f0f3d1 - std::panic::catch_unwind::hc5c3a06fdaf0a92a
[INFO] [stdout]                                at /rustc/0e09125c6c3c2fd70d7de961bcf0e51575235fad/library/std/src/panic.rs:142:14
[INFO] [stdout]   62:     0x55f546f0f3d1 - test::run_test_in_process::h7e7b7c71c3324e0f
[INFO] [stdout]                                at /rustc/0e09125c6c3c2fd70d7de961bcf0e51575235fad/library/test/src/lib.rs:650:27
[INFO] [stdout]   63:     0x55f546f0f3d1 - test::run_test::{{closure}}::h1f509f28f5cf20b1
[INFO] [stdout]                                at /rustc/0e09125c6c3c2fd70d7de961bcf0e51575235fad/library/test/src/lib.rs:573:43
[INFO] [stdout]   64:     0x55f546ed6706 - test::run_test::{{closure}}::h1754218abf443f6d
[INFO] [stdout]                                at /rustc/0e09125c6c3c2fd70d7de961bcf0e51575235fad/library/test/src/lib.rs:601:41
[INFO] [stdout]   65:     0x55f546ed6706 - std::sys_common::backtrace::__rust_begin_short_backtrace::h2ee174b9d5954948
[INFO] [stdout]                                at /rustc/0e09125c6c3c2fd70d7de961bcf0e51575235fad/library/std/src/sys_common/backtrace.rs:155:18
[INFO] [stdout]   66:     0x55f546edb767 - std::thread::Builder::spawn_unchecked_::{{closure}}::{{closure}}::hf60bee9c1a17ef09
[INFO] [stdout]                                at /rustc/0e09125c6c3c2fd70d7de961bcf0e51575235fad/library/std/src/thread/mod.rs:529:17
[INFO] [stdout]   67:     0x55f546edb767 - <core::panic::unwind_safe::AssertUnwindSafe<F> as core::ops::function::FnOnce<()>>::call_once::h33d0dddec5216160
[INFO] [stdout]                                at /rustc/0e09125c6c3c2fd70d7de961bcf0e51575235fad/library/core/src/panic/unwind_safe.rs:272:9
[INFO] [stdout]   68:     0x55f546edb767 - std::panicking::try::do_call::h144b3048b546f835
[INFO] [stdout]                                at /rustc/0e09125c6c3c2fd70d7de961bcf0e51575235fad/library/std/src/panicking.rs:552:40
[INFO] [stdout]   69:     0x55f546edb767 - std::panicking::try::h978244d04646189f
[INFO] [stdout]                                at /rustc/0e09125c6c3c2fd70d7de961bcf0e51575235fad/library/std/src/panicking.rs:516:19
[INFO] [stdout]   70:     0x55f546edb767 - std::panic::catch_unwind::hdf436369d188fe86
[INFO] [stdout]                                at /rustc/0e09125c6c3c2fd70d7de961bcf0e51575235fad/library/std/src/panic.rs:142:14
[INFO] [stdout]   71:     0x55f546edb767 - std::thread::Builder::spawn_unchecked_::{{closure}}::h87329cbdd33c79ec
[INFO] [stdout]                                at /rustc/0e09125c6c3c2fd70d7de961bcf0e51575235fad/library/std/src/thread/mod.rs:528:30
[INFO] [stdout]   72:     0x55f546edb767 - core::ops::function::FnOnce::call_once{{vtable.shim}}::h401abbe67897d450
[INFO] [stdout]                                at /rustc/0e09125c6c3c2fd70d7de961bcf0e51575235fad/library/core/src/ops/function.rs:250:5
[INFO] [stdout]   73:     0x55f5473a2065 - <alloc::boxed::Box<F,A> as core::ops::function::FnOnce<Args>>::call_once::h5d7c8f150ab9c84c
[INFO] [stdout]                                at /rustc/0e09125c6c3c2fd70d7de961bcf0e51575235fad/library/alloc/src/boxed.rs:2015:9
[INFO] [stdout]   74:     0x55f5473a2065 - <alloc::boxed::Box<F,A> as core::ops::function::FnOnce<Args>>::call_once::h570d5b005c242c15
[INFO] [stdout]                                at /rustc/0e09125c6c3c2fd70d7de961bcf0e51575235fad/library/alloc/src/boxed.rs:2015:9
[INFO] [stdout]   75:     0x55f5473a2065 - std::sys::unix::thread::Thread::new::thread_start::h36b0a20c0b2361ad
[INFO] [stdout]                                at /rustc/0e09125c6c3c2fd70d7de961bcf0e51575235fad/library/std/src/sys/unix/thread.rs:108:17
[INFO] [stdout]   76:     0x7f21fe3e9ac3 - <unknown>
[INFO] [stdout]   77:     0x7f21fe47abf4 - __clone
[INFO] [stdout]   78:                0x0 - <unknown>
[INFO] [stdout] 
[INFO] [stdout] 
[INFO] [stdout] failures:
[INFO] [stdout]     handlers::disguise::tests::clear_vault_test
[INFO] [stdout] 
[INFO] [stdout] test result: FAILED. 0 passed; 1 failed; 7 ignored; 0 measured; 0 filtered out; finished in 0.09s
[INFO] [stdout] 
[INFO] [stderr] error: test failed, to rerun pass `--bin disguise_service`
[INFO] running `Command { std: "docker" "inspect" "85dda507ea9f28c1bff0faaf9f057c19458093eb39ae8b21aee19761a84a1434", kill_on_drop: false }`
[INFO] running `Command { std: "docker" "rm" "-f" "85dda507ea9f28c1bff0faaf9f057c19458093eb39ae8b21aee19761a84a1434", kill_on_drop: false }`
[INFO] [stdout] 85dda507ea9f28c1bff0faaf9f057c19458093eb39ae8b21aee19761a84a1434
