[INFO] cloning repository https://github.com/0xtlt/shopify_api
[INFO] running `Command { std: "git" "-c" "credential.helper=" "-c" "credential.helper=/workspace/cargo-home/bin/git-credential-null" "clone" "--bare" "https://github.com/0xtlt/shopify_api" "/workspace/cache/git-repos/https%3A%2F%2Fgithub.com%2F0xtlt%2Fshopify_api", kill_on_drop: false }`
[INFO] [stderr] Cloning into bare repository '/workspace/cache/git-repos/https%3A%2F%2Fgithub.com%2F0xtlt%2Fshopify_api'...
[INFO] running `Command { std: "git" "rev-parse" "HEAD", kill_on_drop: false }`
[INFO] [stdout] 45d6669794258a5c164afeb9c444299ed3a0425b
[INFO] testing 0xtlt/shopify_api against 1.75.0 for beta-1.76-1
[INFO] running `Command { std: "git" "clone" "/workspace/cache/git-repos/https%3A%2F%2Fgithub.com%2F0xtlt%2Fshopify_api" "/workspace/builds/worker-3-tc1/source", kill_on_drop: false }`
[INFO] [stderr] Cloning into '/workspace/builds/worker-3-tc1/source'...
[INFO] [stderr] done.
[INFO] validating manifest of git repo https://github.com/0xtlt/shopify_api on toolchain 1.75.0
[INFO] running `Command { std: CARGO_HOME="/workspace/cargo-home" RUSTUP_HOME="/workspace/rustup-home" "/workspace/cargo-home/bin/cargo" "+1.75.0" "metadata" "--manifest-path" "Cargo.toml" "--no-deps", kill_on_drop: false }`
[INFO] started tweaking git repo https://github.com/0xtlt/shopify_api
[INFO] finished tweaking git repo https://github.com/0xtlt/shopify_api
[INFO] tweaked toml for git repo https://github.com/0xtlt/shopify_api written to /workspace/builds/worker-3-tc1/source/Cargo.toml
[INFO] crate git repo https://github.com/0xtlt/shopify_api already has a lockfile, it will not be regenerated
[INFO] running `Command { std: CARGO_HOME="/workspace/cargo-home" RUSTUP_HOME="/workspace/rustup-home" "/workspace/cargo-home/bin/cargo" "+1.75.0" "fetch" "--manifest-path" "Cargo.toml", kill_on_drop: false }`
[INFO] [stderr]  Downloading crates ...
[INFO] [stderr]   Downloaded simple_logger v4.2.0
[INFO] running `Command { std: "docker" "create" "-v" "/var/lib/crater-agent-workspace/builds/worker-3-tc1/target:/opt/rustwide/target:rw,Z" "-v" "/var/lib/crater-agent-workspace/builds/worker-3-tc1/source:/opt/rustwide/workdir:ro,Z" "-v" "/var/lib/crater-agent-workspace/cargo-home:/opt/rustwide/cargo-home:ro,Z" "-v" "/var/lib/crater-agent-workspace/rustup-home:/opt/rustwide/rustup-home:ro,Z" "-e" "SOURCE_DIR=/opt/rustwide/workdir" "-e" "CARGO_TARGET_DIR=/opt/rustwide/target" "-e" "CARGO_HOME=/opt/rustwide/cargo-home" "-e" "RUSTUP_HOME=/opt/rustwide/rustup-home" "-w" "/opt/rustwide/workdir" "-m" "1610612736" "--user" "0:0" "--network" "none" "ghcr.io/rust-lang/crates-build-env/linux@sha256:2788e3201cd34a07e3172128adcd8b3090168a8e3bcc40d7c032b9dda1df7d1c" "/opt/rustwide/cargo-home/bin/cargo" "+1.75.0" "metadata" "--no-deps" "--format-version=1", kill_on_drop: false }`
[INFO] [stdout] 3d85e9e5f2376f2ae28adaf020f221c95b99e39c5cd47dab890d0ee2f47a2580
[INFO] running `Command { std: "docker" "start" "-a" "3d85e9e5f2376f2ae28adaf020f221c95b99e39c5cd47dab890d0ee2f47a2580", kill_on_drop: false }`
[INFO] running `Command { std: "docker" "inspect" "3d85e9e5f2376f2ae28adaf020f221c95b99e39c5cd47dab890d0ee2f47a2580", kill_on_drop: false }`
[INFO] running `Command { std: "docker" "rm" "-f" "3d85e9e5f2376f2ae28adaf020f221c95b99e39c5cd47dab890d0ee2f47a2580", kill_on_drop: false }`
[INFO] [stdout] 3d85e9e5f2376f2ae28adaf020f221c95b99e39c5cd47dab890d0ee2f47a2580
[INFO] running `Command { std: "docker" "create" "-v" "/var/lib/crater-agent-workspace/builds/worker-3-tc1/target:/opt/rustwide/target:rw,Z" "-v" "/var/lib/crater-agent-workspace/builds/worker-3-tc1/source:/opt/rustwide/workdir:ro,Z" "-v" "/var/lib/crater-agent-workspace/cargo-home:/opt/rustwide/cargo-home:ro,Z" "-v" "/var/lib/crater-agent-workspace/rustup-home:/opt/rustwide/rustup-home:ro,Z" "-e" "SOURCE_DIR=/opt/rustwide/workdir" "-e" "CARGO_TARGET_DIR=/opt/rustwide/target" "-e" "CARGO_INCREMENTAL=0" "-e" "RUST_BACKTRACE=full" "-e" "RUSTFLAGS=--cap-lints=warn" "-e" "RUSTDOCFLAGS=--cap-lints=warn" "-e" "CARGO_HOME=/opt/rustwide/cargo-home" "-e" "RUSTUP_HOME=/opt/rustwide/rustup-home" "-w" "/opt/rustwide/workdir" "-m" "1610612736" "--user" "0:0" "--network" "none" "ghcr.io/rust-lang/crates-build-env/linux@sha256:2788e3201cd34a07e3172128adcd8b3090168a8e3bcc40d7c032b9dda1df7d1c" "/opt/rustwide/cargo-home/bin/cargo" "+1.75.0" "build" "--frozen" "--message-format=json", kill_on_drop: false }`
[INFO] [stdout] 320eec88034462f598ee290b955eeb81cb01b0f17b73c7c56b91b9186004e3a1
[INFO] running `Command { std: "docker" "start" "-a" "320eec88034462f598ee290b955eeb81cb01b0f17b73c7c56b91b9186004e3a1", kill_on_drop: false }`
[INFO] [stderr]    Compiling libc v0.2.147
[INFO] [stderr]    Compiling proc-macro2 v1.0.66
[INFO] [stderr]    Compiling unicode-ident v1.0.11
[INFO] [stderr]    Compiling autocfg v1.1.0
[INFO] [stderr]    Compiling once_cell v1.18.0
[INFO] [stderr]    Compiling itoa v1.0.9
[INFO] [stderr]    Compiling pin-project-lite v0.2.13
[INFO] [stderr]    Compiling bytes v1.4.0
[INFO] [stderr]    Compiling futures-core v0.3.28
[INFO] [stderr]    Compiling cfg-if v1.0.0
[INFO] [stderr]    Compiling spin v0.5.2
[INFO] [stderr]    Compiling untrusted v0.7.1
[INFO] [stderr]    Compiling futures-task v0.3.28
[INFO] [stderr]    Compiling tracing-core v0.1.31
[INFO] [stderr]    Compiling slab v0.4.9
[INFO] [stderr]    Compiling indexmap v1.9.3
[INFO] [stderr]    Compiling fnv v1.0.7
[INFO] [stderr]    Compiling futures-util v0.3.28
[INFO] [stderr]    Compiling http v0.2.9
[INFO] [stderr]    Compiling tracing v0.1.37
[INFO] [stderr]    Compiling quote v1.0.33
[INFO] [stderr]    Compiling syn v2.0.31
[INFO] [stderr]    Compiling tinyvec_macros v0.1.1
[INFO] [stderr]    Compiling pin-utils v0.1.0
[INFO] [stderr]    Compiling socket2 v0.5.3
[INFO] [stderr]    Compiling mio v0.8.8
[INFO] [stderr]    Compiling rustls v0.21.7
[INFO] [stderr]    Compiling httparse v1.8.0
[INFO] [stderr]    Compiling log v0.4.20
[INFO] [stderr]    Compiling cc v1.0.83
[INFO] [stderr]    Compiling hashbrown v0.12.3
[INFO] [stderr]    Compiling futures-channel v0.3.28
[INFO] [stderr]    Compiling rustix v0.38.11
[INFO] [stderr]    Compiling tokio v1.32.0
[INFO] [stderr]    Compiling futures-sink v0.3.28
[INFO] [stderr]    Compiling serde v1.0.188
[INFO] [stderr]    Compiling tinyvec v1.6.0
[INFO] [stderr]    Compiling try-lock v0.2.4
[INFO] [stderr]    Compiling bitflags v2.4.0
[INFO] [stderr]    Compiling linux-raw-sys v0.4.5
[INFO] [stderr]    Compiling percent-encoding v2.3.0
[INFO] [stderr]    Compiling want v0.3.1
[INFO] [stderr]    Compiling form_urlencoded v1.2.0
[INFO] [stderr]    Compiling ring v0.16.20
[INFO] [stderr]    Compiling http-body v0.4.5
[INFO] [stderr]    Compiling socket2 v0.4.9
[INFO] [stderr]    Compiling num-traits v0.2.16
[INFO] [stderr]    Compiling unicode-normalization v0.1.22
[INFO] [stderr]    Compiling ryu v1.0.15
[INFO] [stderr]    Compiling serde_json v1.0.105
[INFO] [stderr]    Compiling unicode-bidi v0.3.13
[INFO] [stderr]    Compiling time-core v0.1.1
[INFO] [stderr]    Compiling httpdate v1.0.3
[INFO] [stderr]    Compiling tower-service v0.3.2
[INFO] [stderr]    Compiling is-terminal v0.4.9
[INFO] [stderr]    Compiling time-macros v0.2.14
[INFO] [stderr]    Compiling idna v0.4.0
[INFO] [stderr]    Compiling lazy_static v1.4.0
[INFO] [stderr]    Compiling base64 v0.21.3
[INFO] [stderr]    Compiling deranged v0.3.8
[INFO] [stderr]    Compiling num_threads v0.1.6
[INFO] [stderr]    Compiling thiserror v1.0.48
[INFO] [stderr]    Compiling rustls-pemfile v1.0.3
[INFO] [stderr]    Compiling url v2.4.1
[INFO] [stderr]    Compiling colored v2.0.4
[INFO] [stderr]    Compiling time v0.1.45
[INFO] [stderr]    Compiling encoding_rs v0.8.33
[INFO] [stderr]    Compiling mime v0.3.17
[INFO] [stderr]    Compiling iana-time-zone v0.1.57
[INFO] [stderr]    Compiling ipnet v2.8.0
[INFO] [stderr]    Compiling time v0.3.28
[INFO] [stderr]    Compiling webpki-roots v0.25.2
[INFO] [stderr]    Compiling tokio-util v0.7.8
[INFO] [stderr]    Compiling futures-macro v0.3.28
[INFO] [stderr]    Compiling serde_derive v1.0.188
[INFO] [stderr]    Compiling thiserror-impl v1.0.48
[INFO] [stderr]    Compiling rustls-webpki v0.101.4
[INFO] [stderr]    Compiling sct v0.7.0
[INFO] [stderr]    Compiling simple_logger v4.2.0
[INFO] [stderr]    Compiling chrono v0.4.28
[INFO] [stderr]    Compiling h2 v0.3.21
[INFO] [stderr]    Compiling tokio-rustls v0.24.1
[INFO] [stderr]    Compiling hyper v0.14.27
[INFO] [stderr]    Compiling serde_urlencoded v0.7.1
[INFO] [stderr]    Compiling hyper-rustls v0.24.1
[INFO] [stderr]    Compiling reqwest v0.11.20
[INFO] [stderr]    Compiling shopify_api v0.4.8 (/opt/rustwide/workdir)
[INFO] [stdout] warning: use of deprecated method `chrono::TimeZone::ymd`: use `with_ymd_and_hms()` instead
[INFO] [stdout]   --> src/lib.rs:77:52
[INFO] [stdout]    |
[INFO] [stdout] 77 |         ShopifyAPIVersion::V2021_10 => chrono::Utc.ymd(2022, 10, 31).and_hms(23, 59, 59),
[INFO] [stdout]    |                                                    ^^^
[INFO] [stdout]    |
[INFO] [stdout]    = note: `#[warn(deprecated)]` on by default
[INFO] [stdout] 
[INFO] [stdout] 
[INFO] [stdout] warning: use of deprecated method `chrono::Date::<Tz>::and_hms`: Use and_hms_opt() instead
[INFO] [stdout]   --> src/lib.rs:77:70
[INFO] [stdout]    |
[INFO] [stdout] 77 |         ShopifyAPIVersion::V2021_10 => chrono::Utc.ymd(2022, 10, 31).and_hms(23, 59, 59),
[INFO] [stdout]    |                                                                      ^^^^^^^
[INFO] [stdout] 
[INFO] [stdout] 
[INFO] [stdout] warning: use of deprecated method `chrono::TimeZone::ymd`: use `with_ymd_and_hms()` instead
[INFO] [stdout]   --> src/lib.rs:78:52
[INFO] [stdout]    |
[INFO] [stdout] 78 |         ShopifyAPIVersion::V2022_01 => chrono::Utc.ymd(2023, 1, 31).and_hms(23, 59, 59),
[INFO] [stdout]    |                                                    ^^^
[INFO] [stdout] 
[INFO] [stdout] 
[INFO] [stdout] warning: use of deprecated method `chrono::Date::<Tz>::and_hms`: Use and_hms_opt() instead
[INFO] [stdout]   --> src/lib.rs:78:69
[INFO] [stdout]    |
[INFO] [stdout] 78 |         ShopifyAPIVersion::V2022_01 => chrono::Utc.ymd(2023, 1, 31).and_hms(23, 59, 59),
[INFO] [stdout]    |                                                                     ^^^^^^^
[INFO] [stdout] 
[INFO] [stdout] 
[INFO] [stdout] warning: use of deprecated method `chrono::TimeZone::ymd`: use `with_ymd_and_hms()` instead
[INFO] [stdout]   --> src/lib.rs:79:52
[INFO] [stdout]    |
[INFO] [stdout] 79 |         ShopifyAPIVersion::V2022_04 => chrono::Utc.ymd(2023, 4, 30).and_hms(23, 59, 59),
[INFO] [stdout]    |                                                    ^^^
[INFO] [stdout] 
[INFO] [stdout] 
[INFO] [stdout] warning: use of deprecated method `chrono::Date::<Tz>::and_hms`: Use and_hms_opt() instead
[INFO] [stdout]   --> src/lib.rs:79:69
[INFO] [stdout]    |
[INFO] [stdout] 79 |         ShopifyAPIVersion::V2022_04 => chrono::Utc.ymd(2023, 4, 30).and_hms(23, 59, 59),
[INFO] [stdout]    |                                                                     ^^^^^^^
[INFO] [stdout] 
[INFO] [stdout] 
[INFO] [stdout] warning: use of deprecated method `chrono::TimeZone::ymd`: use `with_ymd_and_hms()` instead
[INFO] [stdout]   --> src/lib.rs:80:52
[INFO] [stdout]    |
[INFO] [stdout] 80 |         ShopifyAPIVersion::V2022_07 => chrono::Utc.ymd(2023, 7, 31).and_hms(23, 59, 59),
[INFO] [stdout]    |                                                    ^^^
[INFO] [stdout] 
[INFO] [stdout] 
[INFO] [stdout] warning: use of deprecated method `chrono::Date::<Tz>::and_hms`: Use and_hms_opt() instead
[INFO] [stdout]   --> src/lib.rs:80:69
[INFO] [stdout]    |
[INFO] [stdout] 80 |         ShopifyAPIVersion::V2022_07 => chrono::Utc.ymd(2023, 7, 31).and_hms(23, 59, 59),
[INFO] [stdout]    |                                                                     ^^^^^^^
[INFO] [stdout] 
[INFO] [stdout] 
[INFO] [stdout] warning: use of deprecated method `chrono::TimeZone::ymd`: use `with_ymd_and_hms()` instead
[INFO] [stdout]   --> src/lib.rs:81:52
[INFO] [stdout]    |
[INFO] [stdout] 81 |         ShopifyAPIVersion::V2022_10 => chrono::Utc.ymd(2023, 10, 31).and_hms(23, 59, 59),
[INFO] [stdout]    |                                                    ^^^
[INFO] [stdout] 
[INFO] [stdout] 
[INFO] [stdout] warning: use of deprecated method `chrono::Date::<Tz>::and_hms`: Use and_hms_opt() instead
[INFO] [stdout]   --> src/lib.rs:81:70
[INFO] [stdout]    |
[INFO] [stdout] 81 |         ShopifyAPIVersion::V2022_10 => chrono::Utc.ymd(2023, 10, 31).and_hms(23, 59, 59),
[INFO] [stdout]    |                                                                      ^^^^^^^
[INFO] [stdout] 
[INFO] [stdout] 
[INFO] [stdout] warning: use of deprecated method `chrono::TimeZone::ymd`: use `with_ymd_and_hms()` instead
[INFO] [stdout]   --> src/lib.rs:82:52
[INFO] [stdout]    |
[INFO] [stdout] 82 |         ShopifyAPIVersion::V2023_01 => chrono::Utc.ymd(2024, 1, 31).and_hms(23, 59, 59),
[INFO] [stdout]    |                                                    ^^^
[INFO] [stdout] 
[INFO] [stdout] 
[INFO] [stdout] warning: use of deprecated method `chrono::Date::<Tz>::and_hms`: Use and_hms_opt() instead
[INFO] [stdout]   --> src/lib.rs:82:69
[INFO] [stdout]    |
[INFO] [stdout] 82 |         ShopifyAPIVersion::V2023_01 => chrono::Utc.ymd(2024, 1, 31).and_hms(23, 59, 59),
[INFO] [stdout]    |                                                                     ^^^^^^^
[INFO] [stdout] 
[INFO] [stdout] 
[INFO] [stdout] warning: use of deprecated method `chrono::TimeZone::ymd`: use `with_ymd_and_hms()` instead
[INFO] [stdout]   --> src/lib.rs:83:52
[INFO] [stdout]    |
[INFO] [stdout] 83 |         ShopifyAPIVersion::V2023_04 => chrono::Utc.ymd(2024, 4, 30).and_hms(23, 59, 59),
[INFO] [stdout]    |                                                    ^^^
[INFO] [stdout] 
[INFO] [stdout] 
[INFO] [stdout] warning: use of deprecated method `chrono::Date::<Tz>::and_hms`: Use and_hms_opt() instead
[INFO] [stdout]   --> src/lib.rs:83:69
[INFO] [stdout]    |
[INFO] [stdout] 83 |         ShopifyAPIVersion::V2023_04 => chrono::Utc.ymd(2024, 4, 30).and_hms(23, 59, 59),
[INFO] [stdout]    |                                                                     ^^^^^^^
[INFO] [stdout] 
[INFO] [stdout] 
[INFO] [stdout] warning: use of deprecated method `chrono::TimeZone::ymd`: use `with_ymd_and_hms()` instead
[INFO] [stdout]   --> src/lib.rs:84:52
[INFO] [stdout]    |
[INFO] [stdout] 84 |         ShopifyAPIVersion::V2023_07 => chrono::Utc.ymd(2024, 7, 31).and_hms(23, 59, 59),
[INFO] [stdout]    |                                                    ^^^
[INFO] [stdout] 
[INFO] [stdout] 
[INFO] [stdout] warning: use of deprecated method `chrono::Date::<Tz>::and_hms`: Use and_hms_opt() instead
[INFO] [stdout]   --> src/lib.rs:84:69
[INFO] [stdout]    |
[INFO] [stdout] 84 |         ShopifyAPIVersion::V2023_07 => chrono::Utc.ymd(2024, 7, 31).and_hms(23, 59, 59),
[INFO] [stdout]    |                                                                     ^^^^^^^
[INFO] [stdout] 
[INFO] [stdout] 
[INFO] [stdout] warning: use of deprecated method `chrono::TimeZone::ymd`: use `with_ymd_and_hms()` instead
[INFO] [stdout]   --> src/lib.rs:85:52
[INFO] [stdout]    |
[INFO] [stdout] 85 |         ShopifyAPIVersion::V2023_10 => chrono::Utc.ymd(2024, 10, 31).and_hms(23, 59, 59),
[INFO] [stdout]    |                                                    ^^^
[INFO] [stdout] 
[INFO] [stdout] 
[INFO] [stdout] warning: use of deprecated method `chrono::Date::<Tz>::and_hms`: Use and_hms_opt() instead
[INFO] [stdout]   --> src/lib.rs:85:70
[INFO] [stdout]    |
[INFO] [stdout] 85 |         ShopifyAPIVersion::V2023_10 => chrono::Utc.ymd(2024, 10, 31).and_hms(23, 59, 59),
[INFO] [stdout]    |                                                                      ^^^^^^^
[INFO] [stdout] 
[INFO] [stdout] 
[INFO] [stdout] warning: use of deprecated method `chrono::TimeZone::ymd`: use `with_ymd_and_hms()` instead
[INFO] [stdout]   --> src/lib.rs:86:52
[INFO] [stdout]    |
[INFO] [stdout] 86 |         ShopifyAPIVersion::Unstable => chrono::Utc.ymd(9999, 12, 31).and_hms(23, 59, 59),
[INFO] [stdout]    |                                                    ^^^
[INFO] [stdout] 
[INFO] [stdout] 
[INFO] [stdout] warning: use of deprecated method `chrono::Date::<Tz>::and_hms`: Use and_hms_opt() instead
[INFO] [stdout]   --> src/lib.rs:86:70
[INFO] [stdout]    |
[INFO] [stdout] 86 |         ShopifyAPIVersion::Unstable => chrono::Utc.ymd(9999, 12, 31).and_hms(23, 59, 59),
[INFO] [stdout]    |                                                                      ^^^^^^^
[INFO] [stdout] 
[INFO] [stdout] 
[INFO] [stdout] warning: fields `api_version` and `shared_secret` are never read
[INFO] [stdout]   --> src/lib.rs:10:5
[INFO] [stdout]    |
[INFO] [stdout] 9  | pub struct Shopify {
[INFO] [stdout]    |            ------- fields in this struct
[INFO] [stdout] 10 |     api_version: ShopifyAPIVersion,
[INFO] [stdout]    |     ^^^^^^^^^^^
[INFO] [stdout] 11 |     shared_secret: Option<String>,
[INFO] [stdout]    |     ^^^^^^^^^^^^^
[INFO] [stdout]    |
[INFO] [stdout]    = note: `Shopify` has derived impls for the traits `Debug` and `Clone`, but these are intentionally ignored during dead code analysis
[INFO] [stdout]    = note: `#[warn(dead_code)]` on by default
[INFO] [stdout] 
[INFO] [stdout] 
[INFO] [stdout] warning: 21 warnings emitted
[INFO] [stdout] 
[INFO] [stdout] 
[INFO] [stderr]     Finished dev [unoptimized + debuginfo] target(s) in 35.35s
[INFO] running `Command { std: "docker" "inspect" "320eec88034462f598ee290b955eeb81cb01b0f17b73c7c56b91b9186004e3a1", kill_on_drop: false }`
[INFO] running `Command { std: "docker" "rm" "-f" "320eec88034462f598ee290b955eeb81cb01b0f17b73c7c56b91b9186004e3a1", kill_on_drop: false }`
[INFO] [stdout] 320eec88034462f598ee290b955eeb81cb01b0f17b73c7c56b91b9186004e3a1
[INFO] running `Command { std: "docker" "create" "-v" "/var/lib/crater-agent-workspace/builds/worker-3-tc1/target:/opt/rustwide/target:rw,Z" "-v" "/var/lib/crater-agent-workspace/builds/worker-3-tc1/source:/opt/rustwide/workdir:ro,Z" "-v" "/var/lib/crater-agent-workspace/cargo-home:/opt/rustwide/cargo-home:ro,Z" "-v" "/var/lib/crater-agent-workspace/rustup-home:/opt/rustwide/rustup-home:ro,Z" "-e" "SOURCE_DIR=/opt/rustwide/workdir" "-e" "CARGO_TARGET_DIR=/opt/rustwide/target" "-e" "CARGO_INCREMENTAL=0" "-e" "RUST_BACKTRACE=full" "-e" "RUSTFLAGS=--cap-lints=warn" "-e" "RUSTDOCFLAGS=--cap-lints=warn" "-e" "CARGO_HOME=/opt/rustwide/cargo-home" "-e" "RUSTUP_HOME=/opt/rustwide/rustup-home" "-w" "/opt/rustwide/workdir" "-m" "1610612736" "--user" "0:0" "--network" "none" "ghcr.io/rust-lang/crates-build-env/linux@sha256:2788e3201cd34a07e3172128adcd8b3090168a8e3bcc40d7c032b9dda1df7d1c" "/opt/rustwide/cargo-home/bin/cargo" "+1.75.0" "test" "--frozen" "--no-run" "--message-format=json", kill_on_drop: false }`
[INFO] [stdout] a8b64f08fec68717e00245a5d22255ec0cddd753919e1047e80619ba679fc740
[INFO] running `Command { std: "docker" "start" "-a" "a8b64f08fec68717e00245a5d22255ec0cddd753919e1047e80619ba679fc740", kill_on_drop: false }`
[INFO] [stderr]    Compiling lock_api v0.4.10
[INFO] [stderr]    Compiling parking_lot_core v0.9.8
[INFO] [stderr]    Compiling scopeguard v1.2.0
[INFO] [stderr]    Compiling smallvec v1.11.0
[INFO] [stderr]    Compiling num_cpus v1.16.0
[INFO] [stderr]    Compiling signal-hook-registry v1.4.1
[INFO] [stderr]    Compiling tokio-macros v2.1.0
[INFO] [stderr]    Compiling parking_lot v0.12.1
[INFO] [stderr]    Compiling tokio v1.32.0
[INFO] [stderr]    Compiling tokio-util v0.7.8
[INFO] [stderr]    Compiling tokio-rustls v0.24.1
[INFO] [stderr]    Compiling h2 v0.3.21
[INFO] [stderr]    Compiling hyper v0.14.27
[INFO] [stderr]    Compiling hyper-rustls v0.24.1
[INFO] [stderr]    Compiling reqwest v0.11.20
[INFO] [stderr]    Compiling shopify_api v0.4.8 (/opt/rustwide/workdir)
[INFO] [stdout] warning: use of deprecated method `chrono::TimeZone::ymd`: use `with_ymd_and_hms()` instead
[INFO] [stdout]   --> src/lib.rs:77:52
[INFO] [stdout]    |
[INFO] [stdout] 77 |         ShopifyAPIVersion::V2021_10 => chrono::Utc.ymd(2022, 10, 31).and_hms(23, 59, 59),
[INFO] [stdout]    |                                                    ^^^
[INFO] [stdout]    |
[INFO] [stdout]    = note: `#[warn(deprecated)]` on by default
[INFO] [stdout] 
[INFO] [stdout] 
[INFO] [stdout] warning: use of deprecated method `chrono::Date::<Tz>::and_hms`: Use and_hms_opt() instead
[INFO] [stdout]   --> src/lib.rs:77:70
[INFO] [stdout]    |
[INFO] [stdout] 77 |         ShopifyAPIVersion::V2021_10 => chrono::Utc.ymd(2022, 10, 31).and_hms(23, 59, 59),
[INFO] [stdout]    |                                                                      ^^^^^^^
[INFO] [stdout] 
[INFO] [stdout] 
[INFO] [stdout] warning: use of deprecated method `chrono::TimeZone::ymd`: use `with_ymd_and_hms()` instead
[INFO] [stdout]   --> src/lib.rs:78:52
[INFO] [stdout]    |
[INFO] [stdout] 78 |         ShopifyAPIVersion::V2022_01 => chrono::Utc.ymd(2023, 1, 31).and_hms(23, 59, 59),
[INFO] [stdout]    |                                                    ^^^
[INFO] [stdout] 
[INFO] [stdout] 
[INFO] [stdout] warning: use of deprecated method `chrono::Date::<Tz>::and_hms`: Use and_hms_opt() instead
[INFO] [stdout]   --> src/lib.rs:78:69
[INFO] [stdout]    |
[INFO] [stdout] 78 |         ShopifyAPIVersion::V2022_01 => chrono::Utc.ymd(2023, 1, 31).and_hms(23, 59, 59),
[INFO] [stdout]    |                                                                     ^^^^^^^
[INFO] [stdout] 
[INFO] [stdout] 
[INFO] [stdout] warning: use of deprecated method `chrono::TimeZone::ymd`: use `with_ymd_and_hms()` instead
[INFO] [stdout]   --> src/lib.rs:79:52
[INFO] [stdout]    |
[INFO] [stdout] 79 |         ShopifyAPIVersion::V2022_04 => chrono::Utc.ymd(2023, 4, 30).and_hms(23, 59, 59),
[INFO] [stdout]    |                                                    ^^^
[INFO] [stdout] 
[INFO] [stdout] 
[INFO] [stdout] warning: use of deprecated method `chrono::Date::<Tz>::and_hms`: Use and_hms_opt() instead
[INFO] [stdout]   --> src/lib.rs:79:69
[INFO] [stdout]    |
[INFO] [stdout] 79 |         ShopifyAPIVersion::V2022_04 => chrono::Utc.ymd(2023, 4, 30).and_hms(23, 59, 59),
[INFO] [stdout]    |                                                                     ^^^^^^^
[INFO] [stdout] 
[INFO] [stdout] 
[INFO] [stdout] warning: use of deprecated method `chrono::TimeZone::ymd`: use `with_ymd_and_hms()` instead
[INFO] [stdout]   --> src/lib.rs:80:52
[INFO] [stdout]    |
[INFO] [stdout] 80 |         ShopifyAPIVersion::V2022_07 => chrono::Utc.ymd(2023, 7, 31).and_hms(23, 59, 59),
[INFO] [stdout]    |                                                    ^^^
[INFO] [stdout] 
[INFO] [stdout] 
[INFO] [stdout] warning: use of deprecated method `chrono::Date::<Tz>::and_hms`: Use and_hms_opt() instead
[INFO] [stdout]   --> src/lib.rs:80:69
[INFO] [stdout]    |
[INFO] [stdout] 80 |         ShopifyAPIVersion::V2022_07 => chrono::Utc.ymd(2023, 7, 31).and_hms(23, 59, 59),
[INFO] [stdout]    |                                                                     ^^^^^^^
[INFO] [stdout] 
[INFO] [stdout] 
[INFO] [stdout] warning: use of deprecated method `chrono::TimeZone::ymd`: use `with_ymd_and_hms()` instead
[INFO] [stdout]   --> src/lib.rs:81:52
[INFO] [stdout]    |
[INFO] [stdout] 81 |         ShopifyAPIVersion::V2022_10 => chrono::Utc.ymd(2023, 10, 31).and_hms(23, 59, 59),
[INFO] [stdout]    |                                                    ^^^
[INFO] [stdout] 
[INFO] [stdout] 
[INFO] [stdout] warning: use of deprecated method `chrono::Date::<Tz>::and_hms`: Use and_hms_opt() instead
[INFO] [stdout]   --> src/lib.rs:81:70
[INFO] [stdout]    |
[INFO] [stdout] 81 |         ShopifyAPIVersion::V2022_10 => chrono::Utc.ymd(2023, 10, 31).and_hms(23, 59, 59),
[INFO] [stdout]    |                                                                      ^^^^^^^
[INFO] [stdout] 
[INFO] [stdout] 
[INFO] [stdout] warning: use of deprecated method `chrono::TimeZone::ymd`: use `with_ymd_and_hms()` instead
[INFO] [stdout]   --> src/lib.rs:82:52
[INFO] [stdout]    |
[INFO] [stdout] 82 |         ShopifyAPIVersion::V2023_01 => chrono::Utc.ymd(2024, 1, 31).and_hms(23, 59, 59),
[INFO] [stdout]    |                                                    ^^^
[INFO] [stdout] 
[INFO] [stdout] 
[INFO] [stdout] warning: use of deprecated method `chrono::Date::<Tz>::and_hms`: Use and_hms_opt() instead
[INFO] [stdout]   --> src/lib.rs:82:69
[INFO] [stdout]    |
[INFO] [stdout] 82 |         ShopifyAPIVersion::V2023_01 => chrono::Utc.ymd(2024, 1, 31).and_hms(23, 59, 59),
[INFO] [stdout]    |                                                                     ^^^^^^^
[INFO] [stdout] 
[INFO] [stdout] 
[INFO] [stdout] warning: use of deprecated method `chrono::TimeZone::ymd`: use `with_ymd_and_hms()` instead
[INFO] [stdout]   --> src/lib.rs:83:52
[INFO] [stdout]    |
[INFO] [stdout] 83 |         ShopifyAPIVersion::V2023_04 => chrono::Utc.ymd(2024, 4, 30).and_hms(23, 59, 59),
[INFO] [stdout]    |                                                    ^^^
[INFO] [stdout] 
[INFO] [stdout] 
[INFO] [stdout] warning: use of deprecated method `chrono::Date::<Tz>::and_hms`: Use and_hms_opt() instead
[INFO] [stdout]   --> src/lib.rs:83:69
[INFO] [stdout]    |
[INFO] [stdout] 83 |         ShopifyAPIVersion::V2023_04 => chrono::Utc.ymd(2024, 4, 30).and_hms(23, 59, 59),
[INFO] [stdout]    |                                                                     ^^^^^^^
[INFO] [stdout] 
[INFO] [stdout] 
[INFO] [stdout] warning: use of deprecated method `chrono::TimeZone::ymd`: use `with_ymd_and_hms()` instead
[INFO] [stdout]   --> src/lib.rs:84:52
[INFO] [stdout]    |
[INFO] [stdout] 84 |         ShopifyAPIVersion::V2023_07 => chrono::Utc.ymd(2024, 7, 31).and_hms(23, 59, 59),
[INFO] [stdout]    |                                                    ^^^
[INFO] [stdout] 
[INFO] [stdout] 
[INFO] [stdout] warning: use of deprecated method `chrono::Date::<Tz>::and_hms`: Use and_hms_opt() instead
[INFO] [stdout]   --> src/lib.rs:84:69
[INFO] [stdout]    |
[INFO] [stdout] 84 |         ShopifyAPIVersion::V2023_07 => chrono::Utc.ymd(2024, 7, 31).and_hms(23, 59, 59),
[INFO] [stdout]    |                                                                     ^^^^^^^
[INFO] [stdout] 
[INFO] [stdout] 
[INFO] [stdout] warning: use of deprecated method `chrono::TimeZone::ymd`: use `with_ymd_and_hms()` instead
[INFO] [stdout]   --> src/lib.rs:85:52
[INFO] [stdout]    |
[INFO] [stdout] 85 |         ShopifyAPIVersion::V2023_10 => chrono::Utc.ymd(2024, 10, 31).and_hms(23, 59, 59),
[INFO] [stdout]    |                                                    ^^^
[INFO] [stdout] 
[INFO] [stdout] 
[INFO] [stdout] warning: use of deprecated method `chrono::Date::<Tz>::and_hms`: Use and_hms_opt() instead
[INFO] [stdout]   --> src/lib.rs:85:70
[INFO] [stdout]    |
[INFO] [stdout] 85 |         ShopifyAPIVersion::V2023_10 => chrono::Utc.ymd(2024, 10, 31).and_hms(23, 59, 59),
[INFO] [stdout]    |                                                                      ^^^^^^^
[INFO] [stdout] 
[INFO] [stdout] 
[INFO] [stdout] warning: use of deprecated method `chrono::TimeZone::ymd`: use `with_ymd_and_hms()` instead
[INFO] [stdout]   --> src/lib.rs:86:52
[INFO] [stdout]    |
[INFO] [stdout] 86 |         ShopifyAPIVersion::Unstable => chrono::Utc.ymd(9999, 12, 31).and_hms(23, 59, 59),
[INFO] [stdout]    |                                                    ^^^
[INFO] [stdout] 
[INFO] [stdout] 
[INFO] [stdout] warning: use of deprecated method `chrono::Date::<Tz>::and_hms`: Use and_hms_opt() instead
[INFO] [stdout]   --> src/lib.rs:86:70
[INFO] [stdout]    |
[INFO] [stdout] 86 |         ShopifyAPIVersion::Unstable => chrono::Utc.ymd(9999, 12, 31).and_hms(23, 59, 59),
[INFO] [stdout]    |                                                                      ^^^^^^^
[INFO] [stdout] 
[INFO] [stdout] 
[INFO] [stdout] warning: fields `api_version` and `shared_secret` are never read
[INFO] [stdout]   --> src/lib.rs:10:5
[INFO] [stdout]    |
[INFO] [stdout] 9  | pub struct Shopify {
[INFO] [stdout]    |            ------- fields in this struct
[INFO] [stdout] 10 |     api_version: ShopifyAPIVersion,
[INFO] [stdout]    |     ^^^^^^^^^^^
[INFO] [stdout] 11 |     shared_secret: Option<String>,
[INFO] [stdout]    |     ^^^^^^^^^^^^^
[INFO] [stdout]    |
[INFO] [stdout]    = note: `Shopify` has derived impls for the traits `Debug` and `Clone`, but these are intentionally ignored during dead code analysis
[INFO] [stdout]    = note: `#[warn(dead_code)]` on by default
[INFO] [stdout] 
[INFO] [stdout] 
[INFO] [stdout] warning: 21 warnings emitted
[INFO] [stdout] 
[INFO] [stdout] 
[INFO] [stdout] warning: use of deprecated method `chrono::TimeZone::ymd`: use `with_ymd_and_hms()` instead
[INFO] [stdout]   --> src/lib.rs:77:52
[INFO] [stdout]    |
[INFO] [stdout] 77 |         ShopifyAPIVersion::V2021_10 => chrono::Utc.ymd(2022, 10, 31).and_hms(23, 59, 59),
[INFO] [stdout]    |                                                    ^^^
[INFO] [stdout]    |
[INFO] [stdout]    = note: `#[warn(deprecated)]` on by default
[INFO] [stdout] 
[INFO] [stdout] 
[INFO] [stdout] warning: use of deprecated method `chrono::Date::<Tz>::and_hms`: Use and_hms_opt() instead
[INFO] [stdout]   --> src/lib.rs:77:70
[INFO] [stdout]    |
[INFO] [stdout] 77 |         ShopifyAPIVersion::V2021_10 => chrono::Utc.ymd(2022, 10, 31).and_hms(23, 59, 59),
[INFO] [stdout]    |                                                                      ^^^^^^^
[INFO] [stdout] 
[INFO] [stdout] 
[INFO] [stdout] warning: use of deprecated method `chrono::TimeZone::ymd`: use `with_ymd_and_hms()` instead
[INFO] [stdout]   --> src/lib.rs:78:52
[INFO] [stdout]    |
[INFO] [stdout] 78 |         ShopifyAPIVersion::V2022_01 => chrono::Utc.ymd(2023, 1, 31).and_hms(23, 59, 59),
[INFO] [stdout]    |                                                    ^^^
[INFO] [stdout] 
[INFO] [stdout] 
[INFO] [stdout] warning: use of deprecated method `chrono::Date::<Tz>::and_hms`: Use and_hms_opt() instead
[INFO] [stdout]   --> src/lib.rs:78:69
[INFO] [stdout]    |
[INFO] [stdout] 78 |         ShopifyAPIVersion::V2022_01 => chrono::Utc.ymd(2023, 1, 31).and_hms(23, 59, 59),
[INFO] [stdout]    |                                                                     ^^^^^^^
[INFO] [stdout] 
[INFO] [stdout] 
[INFO] [stdout] warning: use of deprecated method `chrono::TimeZone::ymd`: use `with_ymd_and_hms()` instead
[INFO] [stdout]   --> src/lib.rs:79:52
[INFO] [stdout]    |
[INFO] [stdout] 79 |         ShopifyAPIVersion::V2022_04 => chrono::Utc.ymd(2023, 4, 30).and_hms(23, 59, 59),
[INFO] [stdout]    |                                                    ^^^
[INFO] [stdout] 
[INFO] [stdout] 
[INFO] [stdout] warning: use of deprecated method `chrono::Date::<Tz>::and_hms`: Use and_hms_opt() instead
[INFO] [stdout]   --> src/lib.rs:79:69
[INFO] [stdout]    |
[INFO] [stdout] 79 |         ShopifyAPIVersion::V2022_04 => chrono::Utc.ymd(2023, 4, 30).and_hms(23, 59, 59),
[INFO] [stdout]    |                                                                     ^^^^^^^
[INFO] [stdout] 
[INFO] [stdout] 
[INFO] [stdout] warning: use of deprecated method `chrono::TimeZone::ymd`: use `with_ymd_and_hms()` instead
[INFO] [stdout]   --> src/lib.rs:80:52
[INFO] [stdout]    |
[INFO] [stdout] 80 |         ShopifyAPIVersion::V2022_07 => chrono::Utc.ymd(2023, 7, 31).and_hms(23, 59, 59),
[INFO] [stdout]    |                                                    ^^^
[INFO] [stdout] 
[INFO] [stdout] 
[INFO] [stdout] warning: use of deprecated method `chrono::Date::<Tz>::and_hms`: Use and_hms_opt() instead
[INFO] [stdout]   --> src/lib.rs:80:69
[INFO] [stdout]    |
[INFO] [stdout] 80 |         ShopifyAPIVersion::V2022_07 => chrono::Utc.ymd(2023, 7, 31).and_hms(23, 59, 59),
[INFO] [stdout]    |                                                                     ^^^^^^^
[INFO] [stdout] 
[INFO] [stdout] 
[INFO] [stdout] warning: use of deprecated method `chrono::TimeZone::ymd`: use `with_ymd_and_hms()` instead
[INFO] [stdout]   --> src/lib.rs:81:52
[INFO] [stdout]    |
[INFO] [stdout] 81 |         ShopifyAPIVersion::V2022_10 => chrono::Utc.ymd(2023, 10, 31).and_hms(23, 59, 59),
[INFO] [stdout]    |                                                    ^^^
[INFO] [stdout] 
[INFO] [stdout] 
[INFO] [stdout] warning: use of deprecated method `chrono::Date::<Tz>::and_hms`: Use and_hms_opt() instead
[INFO] [stdout]   --> src/lib.rs:81:70
[INFO] [stdout]    |
[INFO] [stdout] 81 |         ShopifyAPIVersion::V2022_10 => chrono::Utc.ymd(2023, 10, 31).and_hms(23, 59, 59),
[INFO] [stdout]    |                                                                      ^^^^^^^
[INFO] [stdout] 
[INFO] [stdout] 
[INFO] [stdout] warning: use of deprecated method `chrono::TimeZone::ymd`: use `with_ymd_and_hms()` instead
[INFO] [stdout]   --> src/lib.rs:82:52
[INFO] [stdout]    |
[INFO] [stdout] 82 |         ShopifyAPIVersion::V2023_01 => chrono::Utc.ymd(2024, 1, 31).and_hms(23, 59, 59),
[INFO] [stdout]    |                                                    ^^^
[INFO] [stdout] 
[INFO] [stdout] 
[INFO] [stdout] warning: use of deprecated method `chrono::Date::<Tz>::and_hms`: Use and_hms_opt() instead
[INFO] [stdout]   --> src/lib.rs:82:69
[INFO] [stdout]    |
[INFO] [stdout] 82 |         ShopifyAPIVersion::V2023_01 => chrono::Utc.ymd(2024, 1, 31).and_hms(23, 59, 59),
[INFO] [stdout]    |                                                                     ^^^^^^^
[INFO] [stdout] 
[INFO] [stdout] 
[INFO] [stdout] warning: use of deprecated method `chrono::TimeZone::ymd`: use `with_ymd_and_hms()` instead
[INFO] [stdout]   --> src/lib.rs:83:52
[INFO] [stdout]    |
[INFO] [stdout] 83 |         ShopifyAPIVersion::V2023_04 => chrono::Utc.ymd(2024, 4, 30).and_hms(23, 59, 59),
[INFO] [stdout]    |                                                    ^^^
[INFO] [stdout] 
[INFO] [stdout] 
[INFO] [stdout] warning: use of deprecated method `chrono::Date::<Tz>::and_hms`: Use and_hms_opt() instead
[INFO] [stdout]   --> src/lib.rs:83:69
[INFO] [stdout]    |
[INFO] [stdout] 83 |         ShopifyAPIVersion::V2023_04 => chrono::Utc.ymd(2024, 4, 30).and_hms(23, 59, 59),
[INFO] [stdout]    |                                                                     ^^^^^^^
[INFO] [stdout] 
[INFO] [stdout] 
[INFO] [stdout] warning: use of deprecated method `chrono::TimeZone::ymd`: use `with_ymd_and_hms()` instead
[INFO] [stdout]   --> src/lib.rs:84:52
[INFO] [stdout]    |
[INFO] [stdout] 84 |         ShopifyAPIVersion::V2023_07 => chrono::Utc.ymd(2024, 7, 31).and_hms(23, 59, 59),
[INFO] [stdout]    |                                                    ^^^
[INFO] [stdout] 
[INFO] [stdout] 
[INFO] [stdout] warning: use of deprecated method `chrono::Date::<Tz>::and_hms`: Use and_hms_opt() instead
[INFO] [stdout]   --> src/lib.rs:84:69
[INFO] [stdout]    |
[INFO] [stdout] 84 |         ShopifyAPIVersion::V2023_07 => chrono::Utc.ymd(2024, 7, 31).and_hms(23, 59, 59),
[INFO] [stdout]    |                                                                     ^^^^^^^
[INFO] [stdout] 
[INFO] [stdout] 
[INFO] [stdout] warning: use of deprecated method `chrono::TimeZone::ymd`: use `with_ymd_and_hms()` instead
[INFO] [stdout]   --> src/lib.rs:85:52
[INFO] [stdout]    |
[INFO] [stdout] 85 |         ShopifyAPIVersion::V2023_10 => chrono::Utc.ymd(2024, 10, 31).and_hms(23, 59, 59),
[INFO] [stdout]    |                                                    ^^^
[INFO] [stdout] 
[INFO] [stdout] 
[INFO] [stdout] warning: use of deprecated method `chrono::Date::<Tz>::and_hms`: Use and_hms_opt() instead
[INFO] [stdout]   --> src/lib.rs:85:70
[INFO] [stdout]    |
[INFO] [stdout] 85 |         ShopifyAPIVersion::V2023_10 => chrono::Utc.ymd(2024, 10, 31).and_hms(23, 59, 59),
[INFO] [stdout]    |                                                                      ^^^^^^^
[INFO] [stdout] 
[INFO] [stdout] 
[INFO] [stdout] warning: use of deprecated method `chrono::TimeZone::ymd`: use `with_ymd_and_hms()` instead
[INFO] [stdout]   --> src/lib.rs:86:52
[INFO] [stdout]    |
[INFO] [stdout] 86 |         ShopifyAPIVersion::Unstable => chrono::Utc.ymd(9999, 12, 31).and_hms(23, 59, 59),
[INFO] [stdout]    |                                                    ^^^
[INFO] [stdout] 
[INFO] [stdout] 
[INFO] [stdout] warning: use of deprecated method `chrono::Date::<Tz>::and_hms`: Use and_hms_opt() instead
[INFO] [stdout]   --> src/lib.rs:86:70
[INFO] [stdout]    |
[INFO] [stdout] 86 |         ShopifyAPIVersion::Unstable => chrono::Utc.ymd(9999, 12, 31).and_hms(23, 59, 59),
[INFO] [stdout]    |                                                                      ^^^^^^^
[INFO] [stdout] 
[INFO] [stdout] 
[INFO] [stdout] warning: fields `api_version` and `shared_secret` are never read
[INFO] [stdout]   --> src/lib.rs:10:5
[INFO] [stdout]    |
[INFO] [stdout] 9  | pub struct Shopify {
[INFO] [stdout]    |            ------- fields in this struct
[INFO] [stdout] 10 |     api_version: ShopifyAPIVersion,
[INFO] [stdout]    |     ^^^^^^^^^^^
[INFO] [stdout] 11 |     shared_secret: Option<String>,
[INFO] [stdout]    |     ^^^^^^^^^^^^^
[INFO] [stdout]    |
[INFO] [stdout]    = note: `Shopify` has derived impls for the traits `Debug` and `Clone`, but these are intentionally ignored during dead code analysis
[INFO] [stdout]    = note: `#[warn(dead_code)]` on by default
[INFO] [stdout] 
[INFO] [stdout] 
[INFO] [stdout] warning: 21 warnings emitted
[INFO] [stdout] 
[INFO] [stdout] 
[INFO] [stderr]     Finished test [unoptimized + debuginfo] target(s) in 15.75s
[INFO] running `Command { std: "docker" "inspect" "a8b64f08fec68717e00245a5d22255ec0cddd753919e1047e80619ba679fc740", kill_on_drop: false }`
[INFO] running `Command { std: "docker" "rm" "-f" "a8b64f08fec68717e00245a5d22255ec0cddd753919e1047e80619ba679fc740", kill_on_drop: false }`
[INFO] [stdout] a8b64f08fec68717e00245a5d22255ec0cddd753919e1047e80619ba679fc740
[INFO] running `Command { std: "docker" "create" "-v" "/var/lib/crater-agent-workspace/builds/worker-3-tc1/target:/opt/rustwide/target:rw,Z" "-v" "/var/lib/crater-agent-workspace/builds/worker-3-tc1/source:/opt/rustwide/workdir:ro,Z" "-v" "/var/lib/crater-agent-workspace/cargo-home:/opt/rustwide/cargo-home:ro,Z" "-v" "/var/lib/crater-agent-workspace/rustup-home:/opt/rustwide/rustup-home:ro,Z" "-e" "SOURCE_DIR=/opt/rustwide/workdir" "-e" "CARGO_TARGET_DIR=/opt/rustwide/target" "-e" "CARGO_INCREMENTAL=0" "-e" "RUST_BACKTRACE=full" "-e" "RUSTFLAGS=--cap-lints=warn" "-e" "RUSTDOCFLAGS=--cap-lints=warn" "-e" "CARGO_HOME=/opt/rustwide/cargo-home" "-e" "RUSTUP_HOME=/opt/rustwide/rustup-home" "-w" "/opt/rustwide/workdir" "-m" "1610612736" "--user" "0:0" "--network" "none" "ghcr.io/rust-lang/crates-build-env/linux@sha256:2788e3201cd34a07e3172128adcd8b3090168a8e3bcc40d7c032b9dda1df7d1c" "/opt/rustwide/cargo-home/bin/cargo" "+1.75.0" "test" "--frozen", kill_on_drop: false }`
[INFO] [stdout] 16a0f94764a9e99988c990c7b2e482acc91460ddc0a17282df7fa6672212692c
[INFO] running `Command { std: "docker" "start" "-a" "16a0f94764a9e99988c990c7b2e482acc91460ddc0a17282df7fa6672212692c", kill_on_drop: false }`
[INFO] [stderr] warning: use of deprecated method `chrono::TimeZone::ymd`: use `with_ymd_and_hms()` instead
[INFO] [stderr]   --> src/lib.rs:77:52
[INFO] [stderr]    |
[INFO] [stderr] 77 |         ShopifyAPIVersion::V2021_10 => chrono::Utc.ymd(2022, 10, 31).and_hms(23, 59, 59),
[INFO] [stderr]    |                                                    ^^^
[INFO] [stderr]    |
[INFO] [stderr]    = note: `#[warn(deprecated)]` on by default
[INFO] [stderr] 
[INFO] [stderr] warning: use of deprecated method `chrono::Date::<Tz>::and_hms`: Use and_hms_opt() instead
[INFO] [stderr]   --> src/lib.rs:77:70
[INFO] [stderr]    |
[INFO] [stderr] 77 |         ShopifyAPIVersion::V2021_10 => chrono::Utc.ymd(2022, 10, 31).and_hms(23, 59, 59),
[INFO] [stderr]    |                                                                      ^^^^^^^
[INFO] [stderr] 
[INFO] [stderr] warning: use of deprecated method `chrono::TimeZone::ymd`: use `with_ymd_and_hms()` instead
[INFO] [stderr]   --> src/lib.rs:78:52
[INFO] [stderr]    |
[INFO] [stderr] 78 |         ShopifyAPIVersion::V2022_01 => chrono::Utc.ymd(2023, 1, 31).and_hms(23, 59, 59),
[INFO] [stderr]    |                                                    ^^^
[INFO] [stderr] 
[INFO] [stderr] warning: use of deprecated method `chrono::Date::<Tz>::and_hms`: Use and_hms_opt() instead
[INFO] [stderr]   --> src/lib.rs:78:69
[INFO] [stderr]    |
[INFO] [stderr] 78 |         ShopifyAPIVersion::V2022_01 => chrono::Utc.ymd(2023, 1, 31).and_hms(23, 59, 59),
[INFO] [stderr]    |                                                                     ^^^^^^^
[INFO] [stderr] 
[INFO] [stderr] warning: use of deprecated method `chrono::TimeZone::ymd`: use `with_ymd_and_hms()` instead
[INFO] [stderr]   --> src/lib.rs:79:52
[INFO] [stderr]    |
[INFO] [stderr] 79 |         ShopifyAPIVersion::V2022_04 => chrono::Utc.ymd(2023, 4, 30).and_hms(23, 59, 59),
[INFO] [stderr]    |                                                    ^^^
[INFO] [stderr] 
[INFO] [stderr] warning: use of deprecated method `chrono::Date::<Tz>::and_hms`: Use and_hms_opt() instead
[INFO] [stderr]   --> src/lib.rs:79:69
[INFO] [stderr]    |
[INFO] [stderr] 79 |         ShopifyAPIVersion::V2022_04 => chrono::Utc.ymd(2023, 4, 30).and_hms(23, 59, 59),
[INFO] [stderr]    |                                                                     ^^^^^^^
[INFO] [stderr] 
[INFO] [stderr] warning: use of deprecated method `chrono::TimeZone::ymd`: use `with_ymd_and_hms()` instead
[INFO] [stderr]   --> src/lib.rs:80:52
[INFO] [stderr]    |
[INFO] [stderr] 80 |         ShopifyAPIVersion::V2022_07 => chrono::Utc.ymd(2023, 7, 31).and_hms(23, 59, 59),
[INFO] [stderr]    |                                                    ^^^
[INFO] [stderr] 
[INFO] [stderr] warning: use of deprecated method `chrono::Date::<Tz>::and_hms`: Use and_hms_opt() instead
[INFO] [stderr]   --> src/lib.rs:80:69
[INFO] [stderr]    |
[INFO] [stderr] 80 |         ShopifyAPIVersion::V2022_07 => chrono::Utc.ymd(2023, 7, 31).and_hms(23, 59, 59),
[INFO] [stderr]    |                                                                     ^^^^^^^
[INFO] [stderr] 
[INFO] [stderr] warning: use of deprecated method `chrono::TimeZone::ymd`: use `with_ymd_and_hms()` instead
[INFO] [stderr]   --> src/lib.rs:81:52
[INFO] [stderr]    |
[INFO] [stderr] 81 |         ShopifyAPIVersion::V2022_10 => chrono::Utc.ymd(2023, 10, 31).and_hms(23, 59, 59),
[INFO] [stderr]    |                                                    ^^^
[INFO] [stderr] 
[INFO] [stderr] warning: use of deprecated method `chrono::Date::<Tz>::and_hms`: Use and_hms_opt() instead
[INFO] [stderr]   --> src/lib.rs:81:70
[INFO] [stderr]    |
[INFO] [stderr] 81 |         ShopifyAPIVersion::V2022_10 => chrono::Utc.ymd(2023, 10, 31).and_hms(23, 59, 59),
[INFO] [stderr]    |                                                                      ^^^^^^^
[INFO] [stderr] 
[INFO] [stderr] warning: use of deprecated method `chrono::TimeZone::ymd`: use `with_ymd_and_hms()` instead
[INFO] [stderr]   --> src/lib.rs:82:52
[INFO] [stderr]    |
[INFO] [stderr] 82 |         ShopifyAPIVersion::V2023_01 => chrono::Utc.ymd(2024, 1, 31).and_hms(23, 59, 59),
[INFO] [stderr]    |                                                    ^^^
[INFO] [stderr] 
[INFO] [stderr] warning: use of deprecated method `chrono::Date::<Tz>::and_hms`: Use and_hms_opt() instead
[INFO] [stderr]   --> src/lib.rs:82:69
[INFO] [stderr]    |
[INFO] [stderr] 82 |         ShopifyAPIVersion::V2023_01 => chrono::Utc.ymd(2024, 1, 31).and_hms(23, 59, 59),
[INFO] [stderr]    |                                                                     ^^^^^^^
[INFO] [stderr] 
[INFO] [stderr] warning: use of deprecated method `chrono::TimeZone::ymd`: use `with_ymd_and_hms()` instead
[INFO] [stderr]   --> src/lib.rs:83:52
[INFO] [stderr]    |
[INFO] [stderr] 83 |         ShopifyAPIVersion::V2023_04 => chrono::Utc.ymd(2024, 4, 30).and_hms(23, 59, 59),
[INFO] [stderr]    |                                                    ^^^
[INFO] [stderr] 
[INFO] [stderr] warning: use of deprecated method `chrono::Date::<Tz>::and_hms`: Use and_hms_opt() instead
[INFO] [stderr]   --> src/lib.rs:83:69
[INFO] [stderr]    |
[INFO] [stderr] 83 |         ShopifyAPIVersion::V2023_04 => chrono::Utc.ymd(2024, 4, 30).and_hms(23, 59, 59),
[INFO] [stderr]    |                                                                     ^^^^^^^
[INFO] [stderr] 
[INFO] [stderr] warning: use of deprecated method `chrono::TimeZone::ymd`: use `with_ymd_and_hms()` instead
[INFO] [stderr]   --> src/lib.rs:84:52
[INFO] [stderr]    |
[INFO] [stderr] 84 |         ShopifyAPIVersion::V2023_07 => chrono::Utc.ymd(2024, 7, 31).and_hms(23, 59, 59),
[INFO] [stderr]    |                                                    ^^^
[INFO] [stderr] 
[INFO] [stderr] warning: use of deprecated method `chrono::Date::<Tz>::and_hms`: Use and_hms_opt() instead
[INFO] [stderr]   --> src/lib.rs:84:69
[INFO] [stderr]    |
[INFO] [stderr] 84 |         ShopifyAPIVersion::V2023_07 => chrono::Utc.ymd(2024, 7, 31).and_hms(23, 59, 59),
[INFO] [stderr]    |                                                                     ^^^^^^^
[INFO] [stderr] 
[INFO] [stderr] warning: use of deprecated method `chrono::TimeZone::ymd`: use `with_ymd_and_hms()` instead
[INFO] [stderr]   --> src/lib.rs:85:52
[INFO] [stderr]    |
[INFO] [stderr] 85 |         ShopifyAPIVersion::V2023_10 => chrono::Utc.ymd(2024, 10, 31).and_hms(23, 59, 59),
[INFO] [stderr]    |                                                    ^^^
[INFO] [stderr] 
[INFO] [stderr] warning: use of deprecated method `chrono::Date::<Tz>::and_hms`: Use and_hms_opt() instead
[INFO] [stderr]   --> src/lib.rs:85:70
[INFO] [stderr]    |
[INFO] [stderr] 85 |         ShopifyAPIVersion::V2023_10 => chrono::Utc.ymd(2024, 10, 31).and_hms(23, 59, 59),
[INFO] [stderr]    |                                                                      ^^^^^^^
[INFO] [stderr] 
[INFO] [stderr] warning: use of deprecated method `chrono::TimeZone::ymd`: use `with_ymd_and_hms()` instead
[INFO] [stderr]   --> src/lib.rs:86:52
[INFO] [stderr]    |
[INFO] [stderr] 86 |         ShopifyAPIVersion::Unstable => chrono::Utc.ymd(9999, 12, 31).and_hms(23, 59, 59),
[INFO] [stderr]    |                                                    ^^^
[INFO] [stderr] 
[INFO] [stderr] warning: use of deprecated method `chrono::Date::<Tz>::and_hms`: Use and_hms_opt() instead
[INFO] [stderr]   --> src/lib.rs:86:70
[INFO] [stderr]    |
[INFO] [stderr] 86 |         ShopifyAPIVersion::Unstable => chrono::Utc.ymd(9999, 12, 31).and_hms(23, 59, 59),
[INFO] [stderr]    |                                                                      ^^^^^^^
[INFO] [stderr] 
[INFO] [stderr] warning: fields `api_version` and `shared_secret` are never read
[INFO] [stderr]   --> src/lib.rs:10:5
[INFO] [stderr]    |
[INFO] [stderr] 9  | pub struct Shopify {
[INFO] [stderr]    |            ------- fields in this struct
[INFO] [stderr] 10 |     api_version: ShopifyAPIVersion,
[INFO] [stderr]    |     ^^^^^^^^^^^
[INFO] [stderr] 11 |     shared_secret: Option<String>,
[INFO] [stderr]    |     ^^^^^^^^^^^^^
[INFO] [stderr]    |
[INFO] [stderr]    = note: `Shopify` has derived impls for the traits `Debug` and `Clone`, but these are intentionally ignored during dead code analysis
[INFO] [stderr]    = note: `#[warn(dead_code)]` on by default
[INFO] [stderr] 
[INFO] [stderr] warning: `shopify_api` (lib) generated 21 warnings
[INFO] [stderr] warning: `shopify_api` (lib test) generated 21 warnings (21 duplicates)
[INFO] [stderr]     Finished test [unoptimized + debuginfo] target(s) in 0.11s
[INFO] [stderr]      Running unittests src/lib.rs (/opt/rustwide/target/debug/deps/shopify_api-238ce12ced766b57)
[INFO] [stdout] 
[INFO] [stdout] running 0 tests
[INFO] [stdout] 
[INFO] [stdout] test result: ok. 0 passed; 0 failed; 0 ignored; 0 measured; 0 filtered out; finished in 0.00s
[INFO] [stdout] 
[INFO] [stderr]    Doc-tests shopify_api
[INFO] [stdout] 
[INFO] [stdout] running 13 tests
[INFO] [stdout] test src/graphql/bulk_query.rs - graphql::bulk_query::Shopify::get_bulk_by_id (line 61) ... FAILED
[INFO] [stdout] test src/graphql/mod.rs - graphql::Shopify::graphql_query (line 82) ... FAILED
[INFO] [stdout] test src/rest/mod.rs - rest::Shopify::rest_query (line 107) ... FAILED
[INFO] [stdout] test src/utils.rs - utils::read_json_tree (line 116) ... FAILED
[INFO] [stdout] test src/lib.rs - is_deprecated (line 92) ... FAILED
[INFO] [stdout] test src/lib.rs - Shopify::set_api_key (line 188) ... FAILED
[INFO] [stdout] test src/utils.rs - utils::retry_sync (line 56) ... ok
[INFO] [stdout] test src/utils.rs - utils::retry_async (line 5) ... ok
[INFO] [stdout] test src/lib.rs - Shopify::new (line 134) ... ok
[INFO] [stdout] test src/lib.rs - get_end_of_support_date (line 66) ... ok
[INFO] [stdout] test src/lib.rs - api_version_to_string (line 105) ... ok
[INFO] [stdout] test src/lib.rs - Shopify::get_shop (line 177) ... ok
[INFO] [stdout] test src/lib.rs - Shopify::get_api_endpoint (line 216) ... ok
[INFO] [stdout] 
[INFO] [stdout] failures:
[INFO] [stdout] 
[INFO] [stdout] ---- src/graphql/bulk_query.rs - graphql::bulk_query::Shopify::get_bulk_by_id (line 61) stdout ----
[INFO] [stdout] error: environment variable `TEST_SHOP_NAME` not defined at compile time
[INFO] [stdout]   --> src/graphql/bulk_query.rs:74:30
[INFO] [stdout]    |
[INFO] [stdout] 15 |   let shopify = Shopify::new(env!("TEST_SHOP_NAME"), env!("TEST_KEY"), ShopifyAPIVersion::V2023_10, None);
[INFO] [stdout]    |                              ^^^^^^^^^^^^^^^^^^^^^^
[INFO] [stdout]    |
[INFO] [stdout]    = help: use `std::env::var("TEST_SHOP_NAME")` to read the variable at run time
[INFO] [stdout]    = note: this error originates in the macro `env` (in Nightly builds, run with -Z macro-backtrace for more info)
[INFO] [stdout] 
[INFO] [stdout] error: environment variable `TEST_KEY` not defined at compile time
[INFO] [stdout]   --> src/graphql/bulk_query.rs:74:54
[INFO] [stdout]    |
[INFO] [stdout] 15 |   let shopify = Shopify::new(env!("TEST_SHOP_NAME"), env!("TEST_KEY"), ShopifyAPIVersion::V2023_10, None);
[INFO] [stdout]    |                                                      ^^^^^^^^^^^^^^^^
[INFO] [stdout]    |
[INFO] [stdout]    = help: use `std::env::var("TEST_KEY")` to read the variable at run time
[INFO] [stdout]    = note: this error originates in the macro `env` (in Nightly builds, run with -Z macro-backtrace for more info)
[INFO] [stdout] 
[INFO] [stdout] error: aborting due to 2 previous errors
[INFO] [stdout] 
[INFO] [stdout] Couldn't compile the test.
[INFO] [stdout] ---- src/graphql/mod.rs - graphql::Shopify::graphql_query (line 82) stdout ----
[INFO] [stdout] error: environment variable `TEST_SHOP_NAME` not defined at compile time
[INFO] [stdout]   --> src/graphql/mod.rs:95:30
[INFO] [stdout]    |
[INFO] [stdout] 15 |   let shopify = Shopify::new(env!("TEST_SHOP_NAME"), env!("TEST_KEY"), ShopifyAPIVersion::V2023_01, None);
[INFO] [stdout]    |                              ^^^^^^^^^^^^^^^^^^^^^^
[INFO] [stdout]    |
[INFO] [stdout]    = help: use `std::env::var("TEST_SHOP_NAME")` to read the variable at run time
[INFO] [stdout]    = note: this error originates in the macro `env` (in Nightly builds, run with -Z macro-backtrace for more info)
[INFO] [stdout] 
[INFO] [stdout] error: environment variable `TEST_KEY` not defined at compile time
[INFO] [stdout]   --> src/graphql/mod.rs:95:54
[INFO] [stdout]    |
[INFO] [stdout] 15 |   let shopify = Shopify::new(env!("TEST_SHOP_NAME"), env!("TEST_KEY"), ShopifyAPIVersion::V2023_01, None);
[INFO] [stdout]    |                                                      ^^^^^^^^^^^^^^^^
[INFO] [stdout]    |
[INFO] [stdout]    = help: use `std::env::var("TEST_KEY")` to read the variable at run time
[INFO] [stdout]    = note: this error originates in the macro `env` (in Nightly builds, run with -Z macro-backtrace for more info)
[INFO] [stdout] 
[INFO] [stdout] error: aborting due to 2 previous errors
[INFO] [stdout] 
[INFO] [stdout] Couldn't compile the test.
[INFO] [stdout] ---- src/rest/mod.rs - rest::Shopify::rest_query (line 107) stdout ----
[INFO] [stdout] error: environment variable `TEST_SHOP_NAME` not defined at compile time
[INFO] [stdout]   --> src/rest/mod.rs:124:31
[INFO] [stdout]    |
[INFO] [stdout] 19 |    let shopify = Shopify::new(env!("TEST_SHOP_NAME"), env!("TEST_KEY"), ShopifyAPIVersion::V2023_01, None);
[INFO] [stdout]    |                               ^^^^^^^^^^^^^^^^^^^^^^
[INFO] [stdout]    |
[INFO] [stdout]    = help: use `std::env::var("TEST_SHOP_NAME")` to read the variable at run time
[INFO] [stdout]    = note: this error originates in the macro `env` (in Nightly builds, run with -Z macro-backtrace for more info)
[INFO] [stdout] 
[INFO] [stdout] error: environment variable `TEST_KEY` not defined at compile time
[INFO] [stdout]   --> src/rest/mod.rs:124:55
[INFO] [stdout]    |
[INFO] [stdout] 19 |    let shopify = Shopify::new(env!("TEST_SHOP_NAME"), env!("TEST_KEY"), ShopifyAPIVersion::V2023_01, None);
[INFO] [stdout]    |                                                       ^^^^^^^^^^^^^^^^
[INFO] [stdout]    |
[INFO] [stdout]    = help: use `std::env::var("TEST_KEY")` to read the variable at run time
[INFO] [stdout]    = note: this error originates in the macro `env` (in Nightly builds, run with -Z macro-backtrace for more info)
[INFO] [stdout] 
[INFO] [stdout] error: aborting due to 2 previous errors
[INFO] [stdout] 
[INFO] [stdout] Couldn't compile the test.
[INFO] [stdout] ---- src/utils.rs - utils::read_json_tree (line 116) stdout ----
[INFO] [stdout] error: linking with `cc` failed: exit status: 1
[INFO] [stdout]   |
[INFO] [stdout]   = note: LC_ALL="C" PATH="/opt/rustwide/rustup-home/toolchains/1.75.0-x86_64-unknown-linux-gnu/lib/rustlib/x86_64-unknown-linux-gnu/bin:/opt/rustwide/cargo-home/bin:/usr/local/sbin:/usr/local/bin:/usr/sbin:/usr/bin:/sbin:/bin" VSLANG="1033" "cc" "-m64" "/tmp/rustcIKwvyV/symbols.o" "/tmp/rustdoctestk1LFgC/rust_out.rust_out.263fb70ac1c95110-cgu.0.rcgu.o" "/tmp/rustdoctestk1LFgC/rust_out.2uel00cfmdh5ufit.rcgu.o" "-Wl,--as-needed" "-L" "/opt/rustwide/target/debug/deps" "-L" "/opt/rustwide/target/debug/deps" "-L" "/opt/rustwide/target/debug/build/ring-9d48d97368ef7cd8/out" "-L" "/opt/rustwide/rustup-home/toolchains/1.75.0-x86_64-unknown-linux-gnu/lib/rustlib/x86_64-unknown-linux-gnu/lib" "-Wl,-Bstatic" "/opt/rustwide/target/debug/deps/libshopify_api-eba9548bd78e2dd1.rlib" "/opt/rustwide/target/debug/deps/libreqwest-5396465e441e881f.rlib" "/opt/rustwide/target/debug/deps/librustls_pemfile-4cd9e093a8ef0ee1.rlib" "/opt/rustwide/target/debug/deps/libhyper_rustls-2fba824141a923d8.rlib" "/opt/rustwide/target/debug/deps/libserde_urlencoded-4e47255bef5bdd52.rlib" "/opt/rustwide/target/debug/deps/libwebpki_roots-3d5f3cb9e43374e0.rlib" "/opt/rustwide/target/debug/deps/libbase64-86b82d2e6a36b5f6.rlib" "/opt/rustwide/target/debug/deps/libipnet-0abb50285bb3f68c.rlib" "/opt/rustwide/target/debug/deps/libtokio_rustls-74edc8f98ce77110.rlib" "/opt/rustwide/target/debug/deps/libmime-7e306270d8ceb372.rlib" "/opt/rustwide/target/debug/deps/libencoding_rs-000c97fafd38c2ed.rlib" "/opt/rustwide/target/debug/deps/librustls-b0d331275bad6e4e.rlib" "/opt/rustwide/target/debug/deps/libsct-6d5ce67bb90710d6.rlib" "/opt/rustwide/target/debug/deps/libwebpki-c965d95bb3cb4d41.rlib" "/opt/rustwide/target/debug/deps/libring-28a886e7b8a9b6cc.rlib" "/opt/rustwide/target/debug/deps/libspin-c4098cd951aef6c9.rlib" "/opt/rustwide/target/debug/deps/libuntrusted-5ec0aa78ed8cda5c.rlib" "/opt/rustwide/target/debug/deps/libhyper-903e569cd14265e9.rlib" "/opt/rustwide/target/debug/deps/libwant-0e59d2771cba3a35.rlib" "/opt/rustwide/target/debug/deps/libtry_lock-51271589248cd7d9.rlib" "/opt/rustwide/target/debug/deps/libsocket2-7318ad5aa1fb17b1.rlib" "/opt/rustwide/target/debug/deps/libhttparse-64f1ffbeda450424.rlib" "/opt/rustwide/target/debug/deps/libh2-3c85733f68d4b7da.rlib" "/opt/rustwide/target/debug/deps/libindexmap-93f72862478380d0.rlib" "/opt/rustwide/target/debug/deps/libhashbrown-567986452cb9bc94.rlib" "/opt/rustwide/target/debug/deps/libtokio_util-ea8d58f5696baf17.rlib" "/opt/rustwide/target/debug/deps/libfutures_sink-4afe6e57e5588fde.rlib" "/opt/rustwide/target/debug/deps/libtower_service-104d6e83d5ce383d.rlib" "/opt/rustwide/target/debug/deps/libtracing-4844ee36247b1bd5.rlib" "/opt/rustwide/target/debug/deps/libtracing_core-a938e53938d01308.rlib" "/opt/rustwide/target/debug/deps/libonce_cell-865e1c5018a0303a.rlib" "/opt/rustwide/target/debug/deps/libfutures_channel-7d6843c259c4f16c.rlib" "/opt/rustwide/target/debug/deps/libfutures_util-20ab983fd21d07a6.rlib" "/opt/rustwide/target/debug/deps/libslab-6eb39baadbe9101c.rlib" "/opt/rustwide/target/debug/deps/libfutures_task-ec207c36a8b1b716.rlib" "/opt/rustwide/target/debug/deps/libpin_utils-741f7d9d160e4a16.rlib" "/opt/rustwide/target/debug/deps/libtokio-46951f261e69c197.rlib" "/opt/rustwide/target/debug/deps/libsignal_hook_registry-395ec9b60e8d0ec4.rlib" "/opt/rustwide/target/debug/deps/libnum_cpus-eb4b767a7cbadf3d.rlib" "/opt/rustwide/target/debug/deps/libsocket2-bbbd479e96a14728.rlib" "/opt/rustwide/target/debug/deps/libmio-8c2a5cc09d65d55e.rlib" "/opt/rustwide/target/debug/deps/libparking_lot-03b4df3de22cf0be.rlib" "/opt/rustwide/target/debug/deps/libparking_lot_core-f1d38ac72db64a55.rlib" "/opt/rustwide/target/debug/deps/libcfg_if-61dc7a6799e72b18.rlib" "/opt/rustwide/target/debug/deps/libsmallvec-33da69ee6a49df81.rlib" "/opt/rustwide/target/debug/deps/liblock_api-6d695fe916f3ef34.rlib" "/opt/rustwide/target/debug/deps/libscopeguard-012e5ed929fc2fe6.rlib" "/opt/rustwide/target/debug/deps/libhttp_body-23463caa04b24683.rlib" "/opt/rustwide/target/debug/deps/libpin_project_lite-e0757e0deaa2f8a0.rlib" "/opt/rustwide/target/debug/deps/liblog-e491f2c1d0b13538.rlib" "/opt/rustwide/target/debug/deps/libfutures_core-02b74ed2f49284a7.rlib" "/opt/rustwide/target/debug/deps/liburl-bc0661a5141cbab3.rlib" "/opt/rustwide/target/debug/deps/libidna-35e3e2f202e10859.rlib" "/opt/rustwide/target/debug/deps/libunicode_normalization-e04a0b39935fba30.rlib" "/opt/rustwide/target/debug/deps/libtinyvec-cf6c9f6b792a5507.rlib" "/opt/rustwide/target/debug/deps/libtinyvec_macros-b1cb7f53f58c9f87.rlib" "/opt/rustwide/target/debug/deps/libunicode_bidi-020370784786e57d.rlib" "/opt/rustwide/target/debug/deps/libform_urlencoded-a39e5ffbd9c88c0c.rlib" "/opt/rustwide/target/debug/deps/libpercent_encoding-5d42724fd4d173a7.rlib" "/opt/rustwide/target/debug/deps/libhttp-498ba5ba846d4f21.rlib" "/opt/rustwide/target/debug/deps/libbytes-3fc98b508f6e4a28.rlib" "/opt/rustwide/target/debug/deps/libfnv-18bf5144d055e772.rlib" "/opt/rustwide/target/debug/deps/libserde_json-f892c38ddb422ba7.rlib" "/opt/rustwide/target/debug/deps/libryu-f8e8abf733224b36.rlib" "/opt/rustwide/target/debug/deps/libitoa-05fb7c91ffbc0a79.rlib" "/opt/rustwide/target/debug/deps/libserde-7272c200a4a2c6d7.rlib" "/opt/rustwide/target/debug/deps/libthiserror-2b7a605055d01db3.rlib" "/opt/rustwide/target/debug/deps/libchrono-5f1f0b36eae4e196.rlib" "/opt/rustwide/target/debug/deps/libnum_traits-23ae6b7832b5a082.rlib" "/opt/rustwide/target/debug/deps/libiana_time_zone-4d940f736806fce6.rlib" "/opt/rustwide/target/debug/deps/libtime-475a1825661ed89f.rlib" "/opt/rustwide/target/debug/deps/liblibc-80caa61b614001af.rlib" "/opt/rustwide/rustup-home/toolchains/1.75.0-x86_64-unknown-linux-gnu/lib/rustlib/x86_64-unknown-linux-gnu/lib/libstd-90f6ddbf82de36ec.rlib" "/opt/rustwide/rustup-home/toolchains/1.75.0-x86_64-unknown-linux-gnu/lib/rustlib/x86_64-unknown-linux-gnu/lib/libpanic_unwind-480c41e9d4e1f677.rlib" "/opt/rustwide/rustup-home/toolchains/1.75.0-x86_64-unknown-linux-gnu/lib/rustlib/x86_64-unknown-linux-gnu/lib/libobject-db744c0ca03eed1d.rlib" "/opt/rustwide/rustup-home/toolchains/1.75.0-x86_64-unknown-linux-gnu/lib/rustlib/x86_64-unknown-linux-gnu/lib/libmemchr-8ba652dc7d4b285a.rlib" "/opt/rustwide/rustup-home/toolchains/1.75.0-x86_64-unknown-linux-gnu/lib/rustlib/x86_64-unknown-linux-gnu/lib/libaddr2line-d5f4520a9ebc0d58.rlib" "/opt/rustwide/rustup-home/toolchains/1.75.0-x86_64-unknown-linux-gnu/lib/rustlib/x86_64-unknown-linux-gnu/lib/libgimli-4ad84de58f0cb463.rlib" "/opt/rustwide/rustup-home/toolchains/1.75.0-x86_64-unknown-linux-gnu/lib/rustlib/x86_64-unknown-linux-gnu/lib/librustc_demangle-0d10aae2e0f38735.rlib" "/opt/rustwide/rustup-home/toolchains/1.75.0-x86_64-unknown-linux-gnu/lib/rustlib/x86_64-unknown-linux-gnu/lib/libstd_detect-0c17cff739e6745b.rlib" "/opt/rustwide/rustup-home/toolchains/1.75.0-x86_64-unknown-linux-gnu/lib/rustlib/x86_64-unknown-linux-gnu/lib/libhashbrown-b29e17139dde1aa8.rlib" "/opt/rustwide/rustup-home/toolchains/1.75.0-x86_64-unknown-linux-gnu/lib/rustlib/x86_64-unknown-linux-gnu/lib/librustc_std_workspace_alloc-1f975299829cc7bd.rlib" "/opt/rustwide/rustup-home/toolchains/1.75.0-x86_64-unknown-linux-gnu/lib/rustlib/x86_64-unknown-linux-gnu/lib/libminiz_oxide-86bae3bc3079f89b.rlib" "/opt/rustwide/rustup-home/toolchains/1.75.0-x86_64-unknown-linux-gnu/lib/rustlib/x86_64-unknown-linux-gnu/lib/libadler-321b82c30dffdf5f.rlib" "/opt/rustwide/rustup-home/toolchains/1.75.0-x86_64-unknown-linux-gnu/lib/rustlib/x86_64-unknown-linux-gnu/lib/libunwind-3dd8a6810a0bdfef.rlib" "/opt/rustwide/rustup-home/toolchains/1.75.0-x86_64-unknown-linux-gnu/lib/rustlib/x86_64-unknown-linux-gnu/lib/libcfg_if-eb39a61c0c879984.rlib" "/opt/rustwide/rustup-home/toolchains/1.75.0-x86_64-unknown-linux-gnu/lib/rustlib/x86_64-unknown-linux-gnu/lib/liblibc-aa769569f91c3548.rlib" "/opt/rustwide/rustup-home/toolchains/1.75.0-x86_64-unknown-linux-gnu/lib/rustlib/x86_64-unknown-linux-gnu/lib/liballoc-510a192a50a983ed.rlib" "/opt/rustwide/rustup-home/toolchains/1.75.0-x86_64-unknown-linux-gnu/lib/rustlib/x86_64-unknown-linux-gnu/lib/librustc_std_workspace_core-0577018320f99037.rlib" "/opt/rustwide/rustup-home/toolchains/1.75.0-x86_64-unknown-linux-gnu/lib/rustlib/x86_64-unknown-linux-gnu/lib/libcore-193cf992125ccd4c.rlib" "/opt/rustwide/rustup-home/toolchains/1.75.0-x86_64-unknown-linux-gnu/lib/rustlib/x86_64-unknown-linux-gnu/lib/libcompiler_builtins-8e138eaf26ebb4a8.rlib" "-Wl,-Bdynamic" "-lgcc_s" "-lutil" "-lrt" "-lpthread" "-lm" "-ldl" "-lc" "-Wl,--eh-frame-hdr" "-Wl,-z,noexecstack" "-L" "/opt/rustwide/rustup-home/toolchains/1.75.0-x86_64-unknown-linux-gnu/lib/rustlib/x86_64-unknown-linux-gnu/lib" "-o" "/tmp/rustdoctestk1LFgC/rust_out" "-Wl,--gc-sections" "-pie" "-Wl,-z,relro,-z,now" "-nodefaultlibs"
[INFO] [stdout]   = note: collect2: fatal error: ld terminated with signal 9 [Killed]
[INFO] [stdout]           compilation terminated.
[INFO] [stdout]           
[INFO] [stdout] 
[INFO] [stdout] error: aborting due to previous error
[INFO] [stdout] 
[INFO] [stdout] Couldn't compile the test.
[INFO] [stdout] ---- src/lib.rs - is_deprecated (line 92) stdout ----
[INFO] [stdout] error: linking with `cc` failed: exit status: 1
[INFO] [stdout]   |
[INFO] [stdout]   = note: LC_ALL="C" PATH="/opt/rustwide/rustup-home/toolchains/1.75.0-x86_64-unknown-linux-gnu/lib/rustlib/x86_64-unknown-linux-gnu/bin:/opt/rustwide/cargo-home/bin:/usr/local/sbin:/usr/local/bin:/usr/sbin:/usr/bin:/sbin:/bin" VSLANG="1033" "cc" "-m64" "/tmp/rustcpXO7py/symbols.o" "/tmp/rustdoctestMuagig/rust_out.rust_out.263fb70ac1c95110-cgu.0.rcgu.o" "/tmp/rustdoctestMuagig/rust_out.2uel00cfmdh5ufit.rcgu.o" "-Wl,--as-needed" "-L" "/opt/rustwide/target/debug/deps" "-L" "/opt/rustwide/target/debug/deps" "-L" "/opt/rustwide/target/debug/build/ring-9d48d97368ef7cd8/out" "-L" "/opt/rustwide/rustup-home/toolchains/1.75.0-x86_64-unknown-linux-gnu/lib/rustlib/x86_64-unknown-linux-gnu/lib" "-Wl,-Bstatic" "/opt/rustwide/target/debug/deps/libshopify_api-eba9548bd78e2dd1.rlib" "/opt/rustwide/target/debug/deps/libreqwest-5396465e441e881f.rlib" "/opt/rustwide/target/debug/deps/librustls_pemfile-4cd9e093a8ef0ee1.rlib" "/opt/rustwide/target/debug/deps/libhyper_rustls-2fba824141a923d8.rlib" "/opt/rustwide/target/debug/deps/libserde_urlencoded-4e47255bef5bdd52.rlib" "/opt/rustwide/target/debug/deps/libwebpki_roots-3d5f3cb9e43374e0.rlib" "/opt/rustwide/target/debug/deps/libbase64-86b82d2e6a36b5f6.rlib" "/opt/rustwide/target/debug/deps/libipnet-0abb50285bb3f68c.rlib" "/opt/rustwide/target/debug/deps/libtokio_rustls-74edc8f98ce77110.rlib" "/opt/rustwide/target/debug/deps/libmime-7e306270d8ceb372.rlib" "/opt/rustwide/target/debug/deps/libencoding_rs-000c97fafd38c2ed.rlib" "/opt/rustwide/target/debug/deps/librustls-b0d331275bad6e4e.rlib" "/opt/rustwide/target/debug/deps/libsct-6d5ce67bb90710d6.rlib" "/opt/rustwide/target/debug/deps/libwebpki-c965d95bb3cb4d41.rlib" "/opt/rustwide/target/debug/deps/libring-28a886e7b8a9b6cc.rlib" "/opt/rustwide/target/debug/deps/libspin-c4098cd951aef6c9.rlib" "/opt/rustwide/target/debug/deps/libuntrusted-5ec0aa78ed8cda5c.rlib" "/opt/rustwide/target/debug/deps/libhyper-903e569cd14265e9.rlib" "/opt/rustwide/target/debug/deps/libwant-0e59d2771cba3a35.rlib" "/opt/rustwide/target/debug/deps/libtry_lock-51271589248cd7d9.rlib" "/opt/rustwide/target/debug/deps/libsocket2-7318ad5aa1fb17b1.rlib" "/opt/rustwide/target/debug/deps/libhttparse-64f1ffbeda450424.rlib" "/opt/rustwide/target/debug/deps/libh2-3c85733f68d4b7da.rlib" "/opt/rustwide/target/debug/deps/libindexmap-93f72862478380d0.rlib" "/opt/rustwide/target/debug/deps/libhashbrown-567986452cb9bc94.rlib" "/opt/rustwide/target/debug/deps/libtokio_util-ea8d58f5696baf17.rlib" "/opt/rustwide/target/debug/deps/libfutures_sink-4afe6e57e5588fde.rlib" "/opt/rustwide/target/debug/deps/libtower_service-104d6e83d5ce383d.rlib" "/opt/rustwide/target/debug/deps/libtracing-4844ee36247b1bd5.rlib" "/opt/rustwide/target/debug/deps/libtracing_core-a938e53938d01308.rlib" "/opt/rustwide/target/debug/deps/libonce_cell-865e1c5018a0303a.rlib" "/opt/rustwide/target/debug/deps/libfutures_channel-7d6843c259c4f16c.rlib" "/opt/rustwide/target/debug/deps/libfutures_util-20ab983fd21d07a6.rlib" "/opt/rustwide/target/debug/deps/libslab-6eb39baadbe9101c.rlib" "/opt/rustwide/target/debug/deps/libfutures_task-ec207c36a8b1b716.rlib" "/opt/rustwide/target/debug/deps/libpin_utils-741f7d9d160e4a16.rlib" "/opt/rustwide/target/debug/deps/libtokio-46951f261e69c197.rlib" "/opt/rustwide/target/debug/deps/libsignal_hook_registry-395ec9b60e8d0ec4.rlib" "/opt/rustwide/target/debug/deps/libnum_cpus-eb4b767a7cbadf3d.rlib" "/opt/rustwide/target/debug/deps/libsocket2-bbbd479e96a14728.rlib" "/opt/rustwide/target/debug/deps/libmio-8c2a5cc09d65d55e.rlib" "/opt/rustwide/target/debug/deps/libparking_lot-03b4df3de22cf0be.rlib" "/opt/rustwide/target/debug/deps/libparking_lot_core-f1d38ac72db64a55.rlib" "/opt/rustwide/target/debug/deps/libcfg_if-61dc7a6799e72b18.rlib" "/opt/rustwide/target/debug/deps/libsmallvec-33da69ee6a49df81.rlib" "/opt/rustwide/target/debug/deps/liblock_api-6d695fe916f3ef34.rlib" "/opt/rustwide/target/debug/deps/libscopeguard-012e5ed929fc2fe6.rlib" "/opt/rustwide/target/debug/deps/libhttp_body-23463caa04b24683.rlib" "/opt/rustwide/target/debug/deps/libpin_project_lite-e0757e0deaa2f8a0.rlib" "/opt/rustwide/target/debug/deps/liblog-e491f2c1d0b13538.rlib" "/opt/rustwide/target/debug/deps/libfutures_core-02b74ed2f49284a7.rlib" "/opt/rustwide/target/debug/deps/liburl-bc0661a5141cbab3.rlib" "/opt/rustwide/target/debug/deps/libidna-35e3e2f202e10859.rlib" "/opt/rustwide/target/debug/deps/libunicode_normalization-e04a0b39935fba30.rlib" "/opt/rustwide/target/debug/deps/libtinyvec-cf6c9f6b792a5507.rlib" "/opt/rustwide/target/debug/deps/libtinyvec_macros-b1cb7f53f58c9f87.rlib" "/opt/rustwide/target/debug/deps/libunicode_bidi-020370784786e57d.rlib" "/opt/rustwide/target/debug/deps/libform_urlencoded-a39e5ffbd9c88c0c.rlib" "/opt/rustwide/target/debug/deps/libpercent_encoding-5d42724fd4d173a7.rlib" "/opt/rustwide/target/debug/deps/libhttp-498ba5ba846d4f21.rlib" "/opt/rustwide/target/debug/deps/libbytes-3fc98b508f6e4a28.rlib" "/opt/rustwide/target/debug/deps/libfnv-18bf5144d055e772.rlib" "/opt/rustwide/target/debug/deps/libserde_json-f892c38ddb422ba7.rlib" "/opt/rustwide/target/debug/deps/libryu-f8e8abf733224b36.rlib" "/opt/rustwide/target/debug/deps/libitoa-05fb7c91ffbc0a79.rlib" "/opt/rustwide/target/debug/deps/libserde-7272c200a4a2c6d7.rlib" "/opt/rustwide/target/debug/deps/libthiserror-2b7a605055d01db3.rlib" "/opt/rustwide/target/debug/deps/libchrono-5f1f0b36eae4e196.rlib" "/opt/rustwide/target/debug/deps/libnum_traits-23ae6b7832b5a082.rlib" "/opt/rustwide/target/debug/deps/libiana_time_zone-4d940f736806fce6.rlib" "/opt/rustwide/target/debug/deps/libtime-475a1825661ed89f.rlib" "/opt/rustwide/target/debug/deps/liblibc-80caa61b614001af.rlib" "/opt/rustwide/rustup-home/toolchains/1.75.0-x86_64-unknown-linux-gnu/lib/rustlib/x86_64-unknown-linux-gnu/lib/libstd-90f6ddbf82de36ec.rlib" "/opt/rustwide/rustup-home/toolchains/1.75.0-x86_64-unknown-linux-gnu/lib/rustlib/x86_64-unknown-linux-gnu/lib/libpanic_unwind-480c41e9d4e1f677.rlib" "/opt/rustwide/rustup-home/toolchains/1.75.0-x86_64-unknown-linux-gnu/lib/rustlib/x86_64-unknown-linux-gnu/lib/libobject-db744c0ca03eed1d.rlib" "/opt/rustwide/rustup-home/toolchains/1.75.0-x86_64-unknown-linux-gnu/lib/rustlib/x86_64-unknown-linux-gnu/lib/libmemchr-8ba652dc7d4b285a.rlib" "/opt/rustwide/rustup-home/toolchains/1.75.0-x86_64-unknown-linux-gnu/lib/rustlib/x86_64-unknown-linux-gnu/lib/libaddr2line-d5f4520a9ebc0d58.rlib" "/opt/rustwide/rustup-home/toolchains/1.75.0-x86_64-unknown-linux-gnu/lib/rustlib/x86_64-unknown-linux-gnu/lib/libgimli-4ad84de58f0cb463.rlib" "/opt/rustwide/rustup-home/toolchains/1.75.0-x86_64-unknown-linux-gnu/lib/rustlib/x86_64-unknown-linux-gnu/lib/librustc_demangle-0d10aae2e0f38735.rlib" "/opt/rustwide/rustup-home/toolchains/1.75.0-x86_64-unknown-linux-gnu/lib/rustlib/x86_64-unknown-linux-gnu/lib/libstd_detect-0c17cff739e6745b.rlib" "/opt/rustwide/rustup-home/toolchains/1.75.0-x86_64-unknown-linux-gnu/lib/rustlib/x86_64-unknown-linux-gnu/lib/libhashbrown-b29e17139dde1aa8.rlib" "/opt/rustwide/rustup-home/toolchains/1.75.0-x86_64-unknown-linux-gnu/lib/rustlib/x86_64-unknown-linux-gnu/lib/librustc_std_workspace_alloc-1f975299829cc7bd.rlib" "/opt/rustwide/rustup-home/toolchains/1.75.0-x86_64-unknown-linux-gnu/lib/rustlib/x86_64-unknown-linux-gnu/lib/libminiz_oxide-86bae3bc3079f89b.rlib" "/opt/rustwide/rustup-home/toolchains/1.75.0-x86_64-unknown-linux-gnu/lib/rustlib/x86_64-unknown-linux-gnu/lib/libadler-321b82c30dffdf5f.rlib" "/opt/rustwide/rustup-home/toolchains/1.75.0-x86_64-unknown-linux-gnu/lib/rustlib/x86_64-unknown-linux-gnu/lib/libunwind-3dd8a6810a0bdfef.rlib" "/opt/rustwide/rustup-home/toolchains/1.75.0-x86_64-unknown-linux-gnu/lib/rustlib/x86_64-unknown-linux-gnu/lib/libcfg_if-eb39a61c0c879984.rlib" "/opt/rustwide/rustup-home/toolchains/1.75.0-x86_64-unknown-linux-gnu/lib/rustlib/x86_64-unknown-linux-gnu/lib/liblibc-aa769569f91c3548.rlib" "/opt/rustwide/rustup-home/toolchains/1.75.0-x86_64-unknown-linux-gnu/lib/rustlib/x86_64-unknown-linux-gnu/lib/liballoc-510a192a50a983ed.rlib" "/opt/rustwide/rustup-home/toolchains/1.75.0-x86_64-unknown-linux-gnu/lib/rustlib/x86_64-unknown-linux-gnu/lib/librustc_std_workspace_core-0577018320f99037.rlib" "/opt/rustwide/rustup-home/toolchains/1.75.0-x86_64-unknown-linux-gnu/lib/rustlib/x86_64-unknown-linux-gnu/lib/libcore-193cf992125ccd4c.rlib" "/opt/rustwide/rustup-home/toolchains/1.75.0-x86_64-unknown-linux-gnu/lib/rustlib/x86_64-unknown-linux-gnu/lib/libcompiler_builtins-8e138eaf26ebb4a8.rlib" "-Wl,-Bdynamic" "-lgcc_s" "-lutil" "-lrt" "-lpthread" "-lm" "-ldl" "-lc" "-Wl,--eh-frame-hdr" "-Wl,-z,noexecstack" "-L" "/opt/rustwide/rustup-home/toolchains/1.75.0-x86_64-unknown-linux-gnu/lib/rustlib/x86_64-unknown-linux-gnu/lib" "-o" "/tmp/rustdoctestMuagig/rust_out" "-Wl,--gc-sections" "-pie" "-Wl,-z,relro,-z,now" "-nodefaultlibs"
[INFO] [stdout]   = note: collect2: fatal error: ld terminated with signal 9 [Killed]
[INFO] [stdout]           compilation terminated.
[INFO] [stdout]           
[INFO] [stdout] 
[INFO] [stdout] error: aborting due to previous error
[INFO] [stdout] 
[INFO] [stdout] Couldn't compile the test.
[INFO] [stdout] ---- src/lib.rs - Shopify::set_api_key (line 188) stdout ----
[INFO] [stdout] error: linking with `cc` failed: exit status: 1
[INFO] [stdout]   |
[INFO] [stdout]   = note: LC_ALL="C" PATH="/opt/rustwide/rustup-home/toolchains/1.75.0-x86_64-unknown-linux-gnu/lib/rustlib/x86_64-unknown-linux-gnu/bin:/opt/rustwide/cargo-home/bin:/usr/local/sbin:/usr/local/bin:/usr/sbin:/usr/bin:/sbin:/bin" VSLANG="1033" "cc" "-m64" "/tmp/rustcJk5Ssc/symbols.o" "/tmp/rustdoctestRYq53E/rust_out.rust_out.263fb70ac1c95110-cgu.0.rcgu.o" "/tmp/rustdoctestRYq53E/rust_out.2uel00cfmdh5ufit.rcgu.o" "-Wl,--as-needed" "-L" "/opt/rustwide/target/debug/deps" "-L" "/opt/rustwide/target/debug/deps" "-L" "/opt/rustwide/target/debug/build/ring-9d48d97368ef7cd8/out" "-L" "/opt/rustwide/rustup-home/toolchains/1.75.0-x86_64-unknown-linux-gnu/lib/rustlib/x86_64-unknown-linux-gnu/lib" "-Wl,-Bstatic" "/opt/rustwide/target/debug/deps/libshopify_api-eba9548bd78e2dd1.rlib" "/opt/rustwide/target/debug/deps/libreqwest-5396465e441e881f.rlib" "/opt/rustwide/target/debug/deps/librustls_pemfile-4cd9e093a8ef0ee1.rlib" "/opt/rustwide/target/debug/deps/libhyper_rustls-2fba824141a923d8.rlib" "/opt/rustwide/target/debug/deps/libserde_urlencoded-4e47255bef5bdd52.rlib" "/opt/rustwide/target/debug/deps/libwebpki_roots-3d5f3cb9e43374e0.rlib" "/opt/rustwide/target/debug/deps/libbase64-86b82d2e6a36b5f6.rlib" "/opt/rustwide/target/debug/deps/libipnet-0abb50285bb3f68c.rlib" "/opt/rustwide/target/debug/deps/libtokio_rustls-74edc8f98ce77110.rlib" "/opt/rustwide/target/debug/deps/libmime-7e306270d8ceb372.rlib" "/opt/rustwide/target/debug/deps/libencoding_rs-000c97fafd38c2ed.rlib" "/opt/rustwide/target/debug/deps/librustls-b0d331275bad6e4e.rlib" "/opt/rustwide/target/debug/deps/libsct-6d5ce67bb90710d6.rlib" "/opt/rustwide/target/debug/deps/libwebpki-c965d95bb3cb4d41.rlib" "/opt/rustwide/target/debug/deps/libring-28a886e7b8a9b6cc.rlib" "/opt/rustwide/target/debug/deps/libspin-c4098cd951aef6c9.rlib" "/opt/rustwide/target/debug/deps/libuntrusted-5ec0aa78ed8cda5c.rlib" "/opt/rustwide/target/debug/deps/libhyper-903e569cd14265e9.rlib" "/opt/rustwide/target/debug/deps/libwant-0e59d2771cba3a35.rlib" "/opt/rustwide/target/debug/deps/libtry_lock-51271589248cd7d9.rlib" "/opt/rustwide/target/debug/deps/libsocket2-7318ad5aa1fb17b1.rlib" "/opt/rustwide/target/debug/deps/libhttparse-64f1ffbeda450424.rlib" "/opt/rustwide/target/debug/deps/libh2-3c85733f68d4b7da.rlib" "/opt/rustwide/target/debug/deps/libindexmap-93f72862478380d0.rlib" "/opt/rustwide/target/debug/deps/libhashbrown-567986452cb9bc94.rlib" "/opt/rustwide/target/debug/deps/libtokio_util-ea8d58f5696baf17.rlib" "/opt/rustwide/target/debug/deps/libfutures_sink-4afe6e57e5588fde.rlib" "/opt/rustwide/target/debug/deps/libtower_service-104d6e83d5ce383d.rlib" "/opt/rustwide/target/debug/deps/libtracing-4844ee36247b1bd5.rlib" "/opt/rustwide/target/debug/deps/libtracing_core-a938e53938d01308.rlib" "/opt/rustwide/target/debug/deps/libonce_cell-865e1c5018a0303a.rlib" "/opt/rustwide/target/debug/deps/libfutures_channel-7d6843c259c4f16c.rlib" "/opt/rustwide/target/debug/deps/libfutures_util-20ab983fd21d07a6.rlib" "/opt/rustwide/target/debug/deps/libslab-6eb39baadbe9101c.rlib" "/opt/rustwide/target/debug/deps/libfutures_task-ec207c36a8b1b716.rlib" "/opt/rustwide/target/debug/deps/libpin_utils-741f7d9d160e4a16.rlib" "/opt/rustwide/target/debug/deps/libtokio-46951f261e69c197.rlib" "/opt/rustwide/target/debug/deps/libsignal_hook_registry-395ec9b60e8d0ec4.rlib" "/opt/rustwide/target/debug/deps/libnum_cpus-eb4b767a7cbadf3d.rlib" "/opt/rustwide/target/debug/deps/libsocket2-bbbd479e96a14728.rlib" "/opt/rustwide/target/debug/deps/libmio-8c2a5cc09d65d55e.rlib" "/opt/rustwide/target/debug/deps/libparking_lot-03b4df3de22cf0be.rlib" "/opt/rustwide/target/debug/deps/libparking_lot_core-f1d38ac72db64a55.rlib" "/opt/rustwide/target/debug/deps/libcfg_if-61dc7a6799e72b18.rlib" "/opt/rustwide/target/debug/deps/libsmallvec-33da69ee6a49df81.rlib" "/opt/rustwide/target/debug/deps/liblock_api-6d695fe916f3ef34.rlib" "/opt/rustwide/target/debug/deps/libscopeguard-012e5ed929fc2fe6.rlib" "/opt/rustwide/target/debug/deps/libhttp_body-23463caa04b24683.rlib" "/opt/rustwide/target/debug/deps/libpin_project_lite-e0757e0deaa2f8a0.rlib" "/opt/rustwide/target/debug/deps/liblog-e491f2c1d0b13538.rlib" "/opt/rustwide/target/debug/deps/libfutures_core-02b74ed2f49284a7.rlib" "/opt/rustwide/target/debug/deps/liburl-bc0661a5141cbab3.rlib" "/opt/rustwide/target/debug/deps/libidna-35e3e2f202e10859.rlib" "/opt/rustwide/target/debug/deps/libunicode_normalization-e04a0b39935fba30.rlib" "/opt/rustwide/target/debug/deps/libtinyvec-cf6c9f6b792a5507.rlib" "/opt/rustwide/target/debug/deps/libtinyvec_macros-b1cb7f53f58c9f87.rlib" "/opt/rustwide/target/debug/deps/libunicode_bidi-020370784786e57d.rlib" "/opt/rustwide/target/debug/deps/libform_urlencoded-a39e5ffbd9c88c0c.rlib" "/opt/rustwide/target/debug/deps/libpercent_encoding-5d42724fd4d173a7.rlib" "/opt/rustwide/target/debug/deps/libhttp-498ba5ba846d4f21.rlib" "/opt/rustwide/target/debug/deps/libbytes-3fc98b508f6e4a28.rlib" "/opt/rustwide/target/debug/deps/libfnv-18bf5144d055e772.rlib" "/opt/rustwide/target/debug/deps/libserde_json-f892c38ddb422ba7.rlib" "/opt/rustwide/target/debug/deps/libryu-f8e8abf733224b36.rlib" "/opt/rustwide/target/debug/deps/libitoa-05fb7c91ffbc0a79.rlib" "/opt/rustwide/target/debug/deps/libserde-7272c200a4a2c6d7.rlib" "/opt/rustwide/target/debug/deps/libthiserror-2b7a605055d01db3.rlib" "/opt/rustwide/target/debug/deps/libchrono-5f1f0b36eae4e196.rlib" "/opt/rustwide/target/debug/deps/libnum_traits-23ae6b7832b5a082.rlib" "/opt/rustwide/target/debug/deps/libiana_time_zone-4d940f736806fce6.rlib" "/opt/rustwide/target/debug/deps/libtime-475a1825661ed89f.rlib" "/opt/rustwide/target/debug/deps/liblibc-80caa61b614001af.rlib" "/opt/rustwide/rustup-home/toolchains/1.75.0-x86_64-unknown-linux-gnu/lib/rustlib/x86_64-unknown-linux-gnu/lib/libstd-90f6ddbf82de36ec.rlib" "/opt/rustwide/rustup-home/toolchains/1.75.0-x86_64-unknown-linux-gnu/lib/rustlib/x86_64-unknown-linux-gnu/lib/libpanic_unwind-480c41e9d4e1f677.rlib" "/opt/rustwide/rustup-home/toolchains/1.75.0-x86_64-unknown-linux-gnu/lib/rustlib/x86_64-unknown-linux-gnu/lib/libobject-db744c0ca03eed1d.rlib" "/opt/rustwide/rustup-home/toolchains/1.75.0-x86_64-unknown-linux-gnu/lib/rustlib/x86_64-unknown-linux-gnu/lib/libmemchr-8ba652dc7d4b285a.rlib" "/opt/rustwide/rustup-home/toolchains/1.75.0-x86_64-unknown-linux-gnu/lib/rustlib/x86_64-unknown-linux-gnu/lib/libaddr2line-d5f4520a9ebc0d58.rlib" "/opt/rustwide/rustup-home/toolchains/1.75.0-x86_64-unknown-linux-gnu/lib/rustlib/x86_64-unknown-linux-gnu/lib/libgimli-4ad84de58f0cb463.rlib" "/opt/rustwide/rustup-home/toolchains/1.75.0-x86_64-unknown-linux-gnu/lib/rustlib/x86_64-unknown-linux-gnu/lib/librustc_demangle-0d10aae2e0f38735.rlib" "/opt/rustwide/rustup-home/toolchains/1.75.0-x86_64-unknown-linux-gnu/lib/rustlib/x86_64-unknown-linux-gnu/lib/libstd_detect-0c17cff739e6745b.rlib" "/opt/rustwide/rustup-home/toolchains/1.75.0-x86_64-unknown-linux-gnu/lib/rustlib/x86_64-unknown-linux-gnu/lib/libhashbrown-b29e17139dde1aa8.rlib" "/opt/rustwide/rustup-home/toolchains/1.75.0-x86_64-unknown-linux-gnu/lib/rustlib/x86_64-unknown-linux-gnu/lib/librustc_std_workspace_alloc-1f975299829cc7bd.rlib" "/opt/rustwide/rustup-home/toolchains/1.75.0-x86_64-unknown-linux-gnu/lib/rustlib/x86_64-unknown-linux-gnu/lib/libminiz_oxide-86bae3bc3079f89b.rlib" "/opt/rustwide/rustup-home/toolchains/1.75.0-x86_64-unknown-linux-gnu/lib/rustlib/x86_64-unknown-linux-gnu/lib/libadler-321b82c30dffdf5f.rlib" "/opt/rustwide/rustup-home/toolchains/1.75.0-x86_64-unknown-linux-gnu/lib/rustlib/x86_64-unknown-linux-gnu/lib/libunwind-3dd8a6810a0bdfef.rlib" "/opt/rustwide/rustup-home/toolchains/1.75.0-x86_64-unknown-linux-gnu/lib/rustlib/x86_64-unknown-linux-gnu/lib/libcfg_if-eb39a61c0c879984.rlib" "/opt/rustwide/rustup-home/toolchains/1.75.0-x86_64-unknown-linux-gnu/lib/rustlib/x86_64-unknown-linux-gnu/lib/liblibc-aa769569f91c3548.rlib" "/opt/rustwide/rustup-home/toolchains/1.75.0-x86_64-unknown-linux-gnu/lib/rustlib/x86_64-unknown-linux-gnu/lib/liballoc-510a192a50a983ed.rlib" "/opt/rustwide/rustup-home/toolchains/1.75.0-x86_64-unknown-linux-gnu/lib/rustlib/x86_64-unknown-linux-gnu/lib/librustc_std_workspace_core-0577018320f99037.rlib" "/opt/rustwide/rustup-home/toolchains/1.75.0-x86_64-unknown-linux-gnu/lib/rustlib/x86_64-unknown-linux-gnu/lib/libcore-193cf992125ccd4c.rlib" "/opt/rustwide/rustup-home/toolchains/1.75.0-x86_64-unknown-linux-gnu/lib/rustlib/x86_64-unknown-linux-gnu/lib/libcompiler_builtins-8e138eaf26ebb4a8.rlib" "-Wl,-Bdynamic" "-lgcc_s" "-lutil" "-lrt" "-lpthread" "-lm" "-ldl" "-lc" "-Wl,--eh-frame-hdr" "-Wl,-z,noexecstack" "-L" "/opt/rustwide/rustup-home/toolchains/1.75.0-x86_64-unknown-linux-gnu/lib/rustlib/x86_64-unknown-linux-gnu/lib" "-o" "/tmp/rustdoctestRYq53E/rust_out" "-Wl,--gc-sections" "-pie" "-Wl,-z,relro,-z,now" "-nodefaultlibs"
[INFO] [stdout]   = note: collect2: fatal error: ld terminated with signal 9 [Killed]
[INFO] [stdout]           compilation terminated.
[INFO] [stdout]           
[INFO] [stdout] 
[INFO] [stdout] error: aborting due to previous error
[INFO] [stdout] 
[INFO] [stdout] Couldn't compile the test.
[INFO] [stdout] 
[INFO] [stdout] failures:
[INFO] [stdout]     src/graphql/bulk_query.rs - graphql::bulk_query::Shopify::get_bulk_by_id (line 61)
[INFO] [stdout]     src/graphql/mod.rs - graphql::Shopify::graphql_query (line 82)
[INFO] [stdout]     src/lib.rs - Shopify::set_api_key (line 188)
[INFO] [stdout]     src/lib.rs - is_deprecated (line 92)
[INFO] [stdout]     src/rest/mod.rs - rest::Shopify::rest_query (line 107)
[INFO] [stdout]     src/utils.rs - utils::read_json_tree (line 116)
[INFO] [stdout] 
[INFO] [stdout] test result: FAILED. 7 passed; 6 failed; 0 ignored; 0 measured; 0 filtered out; finished in 4.50s
[INFO] [stdout] 
[INFO] [stderr] error: doctest failed, to rerun pass `--doc`
[INFO] running `Command { std: "docker" "inspect" "16a0f94764a9e99988c990c7b2e482acc91460ddc0a17282df7fa6672212692c", kill_on_drop: false }`
[INFO] running `Command { std: "docker" "rm" "-f" "16a0f94764a9e99988c990c7b2e482acc91460ddc0a17282df7fa6672212692c", kill_on_drop: false }`
[INFO] [stdout] 16a0f94764a9e99988c990c7b2e482acc91460ddc0a17282df7fa6672212692c
[INFO] testing 0xtlt/shopify_api against beta-2023-12-22 for beta-1.76-1
[INFO] running `Command { std: "git" "clone" "/workspace/cache/git-repos/https%3A%2F%2Fgithub.com%2F0xtlt%2Fshopify_api" "/workspace/builds/worker-3-tc2/source", kill_on_drop: false }`
[INFO] [stderr] Cloning into '/workspace/builds/worker-3-tc2/source'...
[INFO] [stderr] done.
[INFO] validating manifest of git repo https://github.com/0xtlt/shopify_api on toolchain beta-2023-12-22
[INFO] running `Command { std: CARGO_HOME="/workspace/cargo-home" RUSTUP_HOME="/workspace/rustup-home" "/workspace/cargo-home/bin/cargo" "+beta-2023-12-22" "metadata" "--manifest-path" "Cargo.toml" "--no-deps", kill_on_drop: false }`
[INFO] started tweaking git repo https://github.com/0xtlt/shopify_api
[INFO] finished tweaking git repo https://github.com/0xtlt/shopify_api
[INFO] tweaked toml for git repo https://github.com/0xtlt/shopify_api written to /workspace/builds/worker-3-tc2/source/Cargo.toml
[INFO] crate git repo https://github.com/0xtlt/shopify_api already has a lockfile, it will not be regenerated
[INFO] running `Command { std: CARGO_HOME="/workspace/cargo-home" RUSTUP_HOME="/workspace/rustup-home" "/workspace/cargo-home/bin/cargo" "+beta-2023-12-22" "fetch" "--manifest-path" "Cargo.toml", kill_on_drop: false }`
[INFO] running `Command { std: "docker" "create" "-v" "/var/lib/crater-agent-workspace/builds/worker-3-tc2/target:/opt/rustwide/target:rw,Z" "-v" "/var/lib/crater-agent-workspace/builds/worker-3-tc2/source:/opt/rustwide/workdir:ro,Z" "-v" "/var/lib/crater-agent-workspace/cargo-home:/opt/rustwide/cargo-home:ro,Z" "-v" "/var/lib/crater-agent-workspace/rustup-home:/opt/rustwide/rustup-home:ro,Z" "-e" "SOURCE_DIR=/opt/rustwide/workdir" "-e" "CARGO_TARGET_DIR=/opt/rustwide/target" "-e" "CARGO_HOME=/opt/rustwide/cargo-home" "-e" "RUSTUP_HOME=/opt/rustwide/rustup-home" "-w" "/opt/rustwide/workdir" "-m" "1610612736" "--user" "0:0" "--network" "none" "ghcr.io/rust-lang/crates-build-env/linux@sha256:2788e3201cd34a07e3172128adcd8b3090168a8e3bcc40d7c032b9dda1df7d1c" "/opt/rustwide/cargo-home/bin/cargo" "+beta-2023-12-22" "metadata" "--no-deps" "--format-version=1", kill_on_drop: false }`
[INFO] [stdout] a70bc5f790ae609d90d8b66ab4f9b460a43709e17322d540d66b23754c44bebd
[INFO] running `Command { std: "docker" "start" "-a" "a70bc5f790ae609d90d8b66ab4f9b460a43709e17322d540d66b23754c44bebd", kill_on_drop: false }`
[INFO] running `Command { std: "docker" "inspect" "a70bc5f790ae609d90d8b66ab4f9b460a43709e17322d540d66b23754c44bebd", kill_on_drop: false }`
[INFO] running `Command { std: "docker" "rm" "-f" "a70bc5f790ae609d90d8b66ab4f9b460a43709e17322d540d66b23754c44bebd", kill_on_drop: false }`
[INFO] [stdout] a70bc5f790ae609d90d8b66ab4f9b460a43709e17322d540d66b23754c44bebd
[INFO] running `Command { std: "docker" "create" "-v" "/var/lib/crater-agent-workspace/builds/worker-3-tc2/target:/opt/rustwide/target:rw,Z" "-v" "/var/lib/crater-agent-workspace/builds/worker-3-tc2/source:/opt/rustwide/workdir:ro,Z" "-v" "/var/lib/crater-agent-workspace/cargo-home:/opt/rustwide/cargo-home:ro,Z" "-v" "/var/lib/crater-agent-workspace/rustup-home:/opt/rustwide/rustup-home:ro,Z" "-e" "SOURCE_DIR=/opt/rustwide/workdir" "-e" "CARGO_TARGET_DIR=/opt/rustwide/target" "-e" "CARGO_INCREMENTAL=0" "-e" "RUST_BACKTRACE=full" "-e" "RUSTFLAGS=--cap-lints=warn" "-e" "RUSTDOCFLAGS=--cap-lints=warn" "-e" "CARGO_HOME=/opt/rustwide/cargo-home" "-e" "RUSTUP_HOME=/opt/rustwide/rustup-home" "-w" "/opt/rustwide/workdir" "-m" "1610612736" "--user" "0:0" "--network" "none" "ghcr.io/rust-lang/crates-build-env/linux@sha256:2788e3201cd34a07e3172128adcd8b3090168a8e3bcc40d7c032b9dda1df7d1c" "/opt/rustwide/cargo-home/bin/cargo" "+beta-2023-12-22" "build" "--frozen" "--message-format=json", kill_on_drop: false }`
[INFO] [stdout] 04d1000267fb10fbdf57203619c0969dba1b95fc7b953689ac1e1eb68ac812ed
[INFO] running `Command { std: "docker" "start" "-a" "04d1000267fb10fbdf57203619c0969dba1b95fc7b953689ac1e1eb68ac812ed", kill_on_drop: false }`
[INFO] [stderr]    Compiling libc v0.2.147
[INFO] [stderr]    Compiling proc-macro2 v1.0.66
[INFO] [stderr]    Compiling autocfg v1.1.0
[INFO] [stderr]    Compiling unicode-ident v1.0.11
[INFO] [stderr]    Compiling once_cell v1.18.0
[INFO] [stderr]    Compiling itoa v1.0.9
[INFO] [stderr]    Compiling pin-project-lite v0.2.13
[INFO] [stderr]    Compiling futures-core v0.3.28
[INFO] [stderr]    Compiling bytes v1.4.0
[INFO] [stderr]    Compiling spin v0.5.2
[INFO] [stderr]    Compiling cfg-if v1.0.0
[INFO] [stderr]    Compiling untrusted v0.7.1
[INFO] [stderr]    Compiling futures-task v0.3.28
[INFO] [stderr]    Compiling tracing-core v0.1.31
[INFO] [stderr]    Compiling futures-util v0.3.28
[INFO] [stderr]    Compiling slab v0.4.9
[INFO] [stderr]    Compiling indexmap v1.9.3
[INFO] [stderr]    Compiling fnv v1.0.7
[INFO] [stderr]    Compiling http v0.2.9
[INFO] [stderr]    Compiling tracing v0.1.37
[INFO] [stderr]    Compiling quote v1.0.33
[INFO] [stderr]    Compiling cc v1.0.83
[INFO] [stderr]    Compiling rustix v0.38.11
[INFO] [stderr]    Compiling hashbrown v0.12.3
[INFO] [stderr]    Compiling socket2 v0.5.3
[INFO] [stderr]    Compiling syn v2.0.31
[INFO] [stderr]    Compiling mio v0.8.8
[INFO] [stderr]    Compiling futures-channel v0.3.28
[INFO] [stderr]    Compiling httparse v1.8.0
[INFO] [stderr]    Compiling tinyvec_macros v0.1.1
[INFO] [stderr]    Compiling pin-utils v0.1.0
[INFO] [stderr]    Compiling log v0.4.20
[INFO] [stderr]    Compiling tokio v1.32.0
[INFO] [stderr]    Compiling serde v1.0.188
[INFO] [stderr]    Compiling futures-sink v0.3.28
[INFO] [stderr]    Compiling rustls v0.21.7
[INFO] [stderr]    Compiling tinyvec v1.6.0
[INFO] [stderr]    Compiling try-lock v0.2.4
[INFO] [stderr]    Compiling bitflags v2.4.0
[INFO] [stderr]    Compiling linux-raw-sys v0.4.5
[INFO] [stderr]    Compiling percent-encoding v2.3.0
[INFO] [stderr]    Compiling want v0.3.1
[INFO] [stderr]    Compiling form_urlencoded v1.2.0
[INFO] [stderr]    Compiling http-body v0.4.5
[INFO] [stderr]    Compiling ring v0.16.20
[INFO] [stderr]    Compiling socket2 v0.4.9
[INFO] [stderr]    Compiling num-traits v0.2.16
[INFO] [stderr]    Compiling serde_json v1.0.105
[INFO] [stderr]    Compiling tower-service v0.3.2
[INFO] [stderr]    Compiling unicode-normalization v0.1.22
[INFO] [stderr]    Compiling time-core v0.1.1
[INFO] [stderr]    Compiling httpdate v1.0.3
[INFO] [stderr]    Compiling ryu v1.0.15
[INFO] [stderr]    Compiling unicode-bidi v0.3.13
[INFO] [stderr]    Compiling is-terminal v0.4.9
[INFO] [stderr]    Compiling time-macros v0.2.14
[INFO] [stderr]    Compiling idna v0.4.0
[INFO] [stderr]    Compiling lazy_static v1.4.0
[INFO] [stderr]    Compiling deranged v0.3.8
[INFO] [stderr]    Compiling thiserror v1.0.48
[INFO] [stderr]    Compiling num_threads v0.1.6
[INFO] [stderr]    Compiling base64 v0.21.3
[INFO] [stderr]    Compiling url v2.4.1
[INFO] [stderr]    Compiling rustls-pemfile v1.0.3
[INFO] [stderr]    Compiling colored v2.0.4
[INFO] [stderr]    Compiling time v0.1.45
[INFO] [stderr]    Compiling tokio-util v0.7.8
[INFO] [stderr]    Compiling time v0.3.28
[INFO] [stderr]    Compiling encoding_rs v0.8.33
[INFO] [stderr]    Compiling ipnet v2.8.0
[INFO] [stderr]    Compiling mime v0.3.17
[INFO] [stderr]    Compiling iana-time-zone v0.1.57
[INFO] [stderr]    Compiling webpki-roots v0.25.2
[INFO] [stderr]    Compiling futures-macro v0.3.28
[INFO] [stderr]    Compiling serde_derive v1.0.188
[INFO] [stderr]    Compiling thiserror-impl v1.0.48
[INFO] [stderr]    Compiling simple_logger v4.2.0
[INFO] [stderr]    Compiling chrono v0.4.28
[INFO] [stderr]    Compiling rustls-webpki v0.101.4
[INFO] [stderr]    Compiling sct v0.7.0
[INFO] [stderr]    Compiling h2 v0.3.21
[INFO] [stderr]    Compiling tokio-rustls v0.24.1
[INFO] [stderr]    Compiling hyper v0.14.27
[INFO] [stderr]    Compiling serde_urlencoded v0.7.1
[INFO] [stderr]    Compiling hyper-rustls v0.24.1
[INFO] [stderr]    Compiling reqwest v0.11.20
[INFO] [stderr]    Compiling shopify_api v0.4.8 (/opt/rustwide/workdir)
[INFO] [stdout] warning: use of deprecated method `chrono::TimeZone::ymd`: use `with_ymd_and_hms()` instead
[INFO] [stdout]   --> src/lib.rs:77:52
[INFO] [stdout]    |
[INFO] [stdout] 77 |         ShopifyAPIVersion::V2021_10 => chrono::Utc.ymd(2022, 10, 31).and_hms(23, 59, 59),
[INFO] [stdout]    |                                                    ^^^
[INFO] [stdout]    |
[INFO] [stdout]    = note: `#[warn(deprecated)]` on by default
[INFO] [stdout] 
[INFO] [stdout] 
[INFO] [stdout] warning: use of deprecated method `chrono::Date::<Tz>::and_hms`: Use and_hms_opt() instead
[INFO] [stdout]   --> src/lib.rs:77:70
[INFO] [stdout]    |
[INFO] [stdout] 77 |         ShopifyAPIVersion::V2021_10 => chrono::Utc.ymd(2022, 10, 31).and_hms(23, 59, 59),
[INFO] [stdout]    |                                                                      ^^^^^^^
[INFO] [stdout] 
[INFO] [stdout] 
[INFO] [stdout] warning: use of deprecated method `chrono::TimeZone::ymd`: use `with_ymd_and_hms()` instead
[INFO] [stdout]   --> src/lib.rs:78:52
[INFO] [stdout]    |
[INFO] [stdout] 78 |         ShopifyAPIVersion::V2022_01 => chrono::Utc.ymd(2023, 1, 31).and_hms(23, 59, 59),
[INFO] [stdout]    |                                                    ^^^
[INFO] [stdout] 
[INFO] [stdout] 
[INFO] [stdout] warning: use of deprecated method `chrono::Date::<Tz>::and_hms`: Use and_hms_opt() instead
[INFO] [stdout]   --> src/lib.rs:78:69
[INFO] [stdout]    |
[INFO] [stdout] 78 |         ShopifyAPIVersion::V2022_01 => chrono::Utc.ymd(2023, 1, 31).and_hms(23, 59, 59),
[INFO] [stdout]    |                                                                     ^^^^^^^
[INFO] [stdout] 
[INFO] [stdout] 
[INFO] [stdout] warning: use of deprecated method `chrono::TimeZone::ymd`: use `with_ymd_and_hms()` instead
[INFO] [stdout]   --> src/lib.rs:79:52
[INFO] [stdout]    |
[INFO] [stdout] 79 |         ShopifyAPIVersion::V2022_04 => chrono::Utc.ymd(2023, 4, 30).and_hms(23, 59, 59),
[INFO] [stdout]    |                                                    ^^^
[INFO] [stdout] 
[INFO] [stdout] 
[INFO] [stdout] warning: use of deprecated method `chrono::Date::<Tz>::and_hms`: Use and_hms_opt() instead
[INFO] [stdout]   --> src/lib.rs:79:69
[INFO] [stdout]    |
[INFO] [stdout] 79 |         ShopifyAPIVersion::V2022_04 => chrono::Utc.ymd(2023, 4, 30).and_hms(23, 59, 59),
[INFO] [stdout]    |                                                                     ^^^^^^^
[INFO] [stdout] 
[INFO] [stdout] 
[INFO] [stdout] warning: use of deprecated method `chrono::TimeZone::ymd`: use `with_ymd_and_hms()` instead
[INFO] [stdout]   --> src/lib.rs:80:52
[INFO] [stdout]    |
[INFO] [stdout] 80 |         ShopifyAPIVersion::V2022_07 => chrono::Utc.ymd(2023, 7, 31).and_hms(23, 59, 59),
[INFO] [stdout]    |                                                    ^^^
[INFO] [stdout] 
[INFO] [stdout] 
[INFO] [stdout] warning: use of deprecated method `chrono::Date::<Tz>::and_hms`: Use and_hms_opt() instead
[INFO] [stdout]   --> src/lib.rs:80:69
[INFO] [stdout]    |
[INFO] [stdout] 80 |         ShopifyAPIVersion::V2022_07 => chrono::Utc.ymd(2023, 7, 31).and_hms(23, 59, 59),
[INFO] [stdout]    |                                                                     ^^^^^^^
[INFO] [stdout] 
[INFO] [stdout] 
[INFO] [stdout] warning: use of deprecated method `chrono::TimeZone::ymd`: use `with_ymd_and_hms()` instead
[INFO] [stdout]   --> src/lib.rs:81:52
[INFO] [stdout]    |
[INFO] [stdout] 81 |         ShopifyAPIVersion::V2022_10 => chrono::Utc.ymd(2023, 10, 31).and_hms(23, 59, 59),
[INFO] [stdout]    |                                                    ^^^
[INFO] [stdout] 
[INFO] [stdout] 
[INFO] [stdout] warning: use of deprecated method `chrono::Date::<Tz>::and_hms`: Use and_hms_opt() instead
[INFO] [stdout]   --> src/lib.rs:81:70
[INFO] [stdout]    |
[INFO] [stdout] 81 |         ShopifyAPIVersion::V2022_10 => chrono::Utc.ymd(2023, 10, 31).and_hms(23, 59, 59),
[INFO] [stdout]    |                                                                      ^^^^^^^
[INFO] [stdout] 
[INFO] [stdout] 
[INFO] [stdout] warning: use of deprecated method `chrono::TimeZone::ymd`: use `with_ymd_and_hms()` instead
[INFO] [stdout]   --> src/lib.rs:82:52
[INFO] [stdout]    |
[INFO] [stdout] 82 |         ShopifyAPIVersion::V2023_01 => chrono::Utc.ymd(2024, 1, 31).and_hms(23, 59, 59),
[INFO] [stdout]    |                                                    ^^^
[INFO] [stdout] 
[INFO] [stdout] 
[INFO] [stdout] warning: use of deprecated method `chrono::Date::<Tz>::and_hms`: Use and_hms_opt() instead
[INFO] [stdout]   --> src/lib.rs:82:69
[INFO] [stdout]    |
[INFO] [stdout] 82 |         ShopifyAPIVersion::V2023_01 => chrono::Utc.ymd(2024, 1, 31).and_hms(23, 59, 59),
[INFO] [stdout]    |                                                                     ^^^^^^^
[INFO] [stdout] 
[INFO] [stdout] 
[INFO] [stdout] warning: use of deprecated method `chrono::TimeZone::ymd`: use `with_ymd_and_hms()` instead
[INFO] [stdout]   --> src/lib.rs:83:52
[INFO] [stdout]    |
[INFO] [stdout] 83 |         ShopifyAPIVersion::V2023_04 => chrono::Utc.ymd(2024, 4, 30).and_hms(23, 59, 59),
[INFO] [stdout]    |                                                    ^^^
[INFO] [stdout] 
[INFO] [stdout] 
[INFO] [stdout] warning: use of deprecated method `chrono::Date::<Tz>::and_hms`: Use and_hms_opt() instead
[INFO] [stdout]   --> src/lib.rs:83:69
[INFO] [stdout]    |
[INFO] [stdout] 83 |         ShopifyAPIVersion::V2023_04 => chrono::Utc.ymd(2024, 4, 30).and_hms(23, 59, 59),
[INFO] [stdout]    |                                                                     ^^^^^^^
[INFO] [stdout] 
[INFO] [stdout] 
[INFO] [stdout] warning: use of deprecated method `chrono::TimeZone::ymd`: use `with_ymd_and_hms()` instead
[INFO] [stdout]   --> src/lib.rs:84:52
[INFO] [stdout]    |
[INFO] [stdout] 84 |         ShopifyAPIVersion::V2023_07 => chrono::Utc.ymd(2024, 7, 31).and_hms(23, 59, 59),
[INFO] [stdout]    |                                                    ^^^
[INFO] [stdout] 
[INFO] [stdout] 
[INFO] [stdout] warning: use of deprecated method `chrono::Date::<Tz>::and_hms`: Use and_hms_opt() instead
[INFO] [stdout]   --> src/lib.rs:84:69
[INFO] [stdout]    |
[INFO] [stdout] 84 |         ShopifyAPIVersion::V2023_07 => chrono::Utc.ymd(2024, 7, 31).and_hms(23, 59, 59),
[INFO] [stdout]    |                                                                     ^^^^^^^
[INFO] [stdout] 
[INFO] [stdout] 
[INFO] [stdout] warning: use of deprecated method `chrono::TimeZone::ymd`: use `with_ymd_and_hms()` instead
[INFO] [stdout]   --> src/lib.rs:85:52
[INFO] [stdout]    |
[INFO] [stdout] 85 |         ShopifyAPIVersion::V2023_10 => chrono::Utc.ymd(2024, 10, 31).and_hms(23, 59, 59),
[INFO] [stdout]    |                                                    ^^^
[INFO] [stdout] 
[INFO] [stdout] 
[INFO] [stdout] warning: use of deprecated method `chrono::Date::<Tz>::and_hms`: Use and_hms_opt() instead
[INFO] [stdout]   --> src/lib.rs:85:70
[INFO] [stdout]    |
[INFO] [stdout] 85 |         ShopifyAPIVersion::V2023_10 => chrono::Utc.ymd(2024, 10, 31).and_hms(23, 59, 59),
[INFO] [stdout]    |                                                                      ^^^^^^^
[INFO] [stdout] 
[INFO] [stdout] 
[INFO] [stdout] warning: use of deprecated method `chrono::TimeZone::ymd`: use `with_ymd_and_hms()` instead
[INFO] [stdout]   --> src/lib.rs:86:52
[INFO] [stdout]    |
[INFO] [stdout] 86 |         ShopifyAPIVersion::Unstable => chrono::Utc.ymd(9999, 12, 31).and_hms(23, 59, 59),
[INFO] [stdout]    |                                                    ^^^
[INFO] [stdout] 
[INFO] [stdout] 
[INFO] [stdout] warning: use of deprecated method `chrono::Date::<Tz>::and_hms`: Use and_hms_opt() instead
[INFO] [stdout]   --> src/lib.rs:86:70
[INFO] [stdout]    |
[INFO] [stdout] 86 |         ShopifyAPIVersion::Unstable => chrono::Utc.ymd(9999, 12, 31).and_hms(23, 59, 59),
[INFO] [stdout]    |                                                                      ^^^^^^^
[INFO] [stdout] 
[INFO] [stdout] 
[INFO] [stdout] warning: fields `api_version` and `shared_secret` are never read
[INFO] [stdout]   --> src/lib.rs:10:5
[INFO] [stdout]    |
[INFO] [stdout] 9  | pub struct Shopify {
[INFO] [stdout]    |            ------- fields in this struct
[INFO] [stdout] 10 |     api_version: ShopifyAPIVersion,
[INFO] [stdout]    |     ^^^^^^^^^^^
[INFO] [stdout] 11 |     shared_secret: Option<String>,
[INFO] [stdout]    |     ^^^^^^^^^^^^^
[INFO] [stdout]    |
[INFO] [stdout]    = note: `Shopify` has derived impls for the traits `Debug` and `Clone`, but these are intentionally ignored during dead code analysis
[INFO] [stdout]    = note: `#[warn(dead_code)]` on by default
[INFO] [stdout] 
[INFO] [stdout] 
[INFO] [stdout] warning: 21 warnings emitted
[INFO] [stdout] 
[INFO] [stdout] 
[INFO] [stderr]     Finished dev [unoptimized + debuginfo] target(s) in 34.19s
[INFO] running `Command { std: "docker" "inspect" "04d1000267fb10fbdf57203619c0969dba1b95fc7b953689ac1e1eb68ac812ed", kill_on_drop: false }`
[INFO] running `Command { std: "docker" "rm" "-f" "04d1000267fb10fbdf57203619c0969dba1b95fc7b953689ac1e1eb68ac812ed", kill_on_drop: false }`
[INFO] [stdout] 04d1000267fb10fbdf57203619c0969dba1b95fc7b953689ac1e1eb68ac812ed
[INFO] running `Command { std: "docker" "create" "-v" "/var/lib/crater-agent-workspace/builds/worker-3-tc2/target:/opt/rustwide/target:rw,Z" "-v" "/var/lib/crater-agent-workspace/builds/worker-3-tc2/source:/opt/rustwide/workdir:ro,Z" "-v" "/var/lib/crater-agent-workspace/cargo-home:/opt/rustwide/cargo-home:ro,Z" "-v" "/var/lib/crater-agent-workspace/rustup-home:/opt/rustwide/rustup-home:ro,Z" "-e" "SOURCE_DIR=/opt/rustwide/workdir" "-e" "CARGO_TARGET_DIR=/opt/rustwide/target" "-e" "CARGO_INCREMENTAL=0" "-e" "RUST_BACKTRACE=full" "-e" "RUSTFLAGS=--cap-lints=warn" "-e" "RUSTDOCFLAGS=--cap-lints=warn" "-e" "CARGO_HOME=/opt/rustwide/cargo-home" "-e" "RUSTUP_HOME=/opt/rustwide/rustup-home" "-w" "/opt/rustwide/workdir" "-m" "1610612736" "--user" "0:0" "--network" "none" "ghcr.io/rust-lang/crates-build-env/linux@sha256:2788e3201cd34a07e3172128adcd8b3090168a8e3bcc40d7c032b9dda1df7d1c" "/opt/rustwide/cargo-home/bin/cargo" "+beta-2023-12-22" "test" "--frozen" "--no-run" "--message-format=json", kill_on_drop: false }`
[INFO] [stdout] 99f007d2d6e7fd31d3df72546252daed70dec94620551a526942c8e93fd0fce1
[INFO] running `Command { std: "docker" "start" "-a" "99f007d2d6e7fd31d3df72546252daed70dec94620551a526942c8e93fd0fce1", kill_on_drop: false }`
[INFO] [stderr]    Compiling parking_lot_core v0.9.8
[INFO] [stderr]    Compiling lock_api v0.4.10
[INFO] [stderr]    Compiling scopeguard v1.2.0
[INFO] [stderr]    Compiling smallvec v1.11.0
[INFO] [stderr]    Compiling num_cpus v1.16.0
[INFO] [stderr]    Compiling tokio-macros v2.1.0
[INFO] [stderr]    Compiling signal-hook-registry v1.4.1
[INFO] [stderr]    Compiling parking_lot v0.12.1
[INFO] [stderr]    Compiling tokio v1.32.0
[INFO] [stderr]    Compiling tokio-util v0.7.8
[INFO] [stderr]    Compiling tokio-rustls v0.24.1
[INFO] [stderr]    Compiling h2 v0.3.21
[INFO] [stderr]    Compiling hyper v0.14.27
[INFO] [stderr]    Compiling hyper-rustls v0.24.1
[INFO] [stderr]    Compiling reqwest v0.11.20
[INFO] [stderr]    Compiling shopify_api v0.4.8 (/opt/rustwide/workdir)
[INFO] [stdout] warning: use of deprecated method `chrono::TimeZone::ymd`: use `with_ymd_and_hms()` instead
[INFO] [stdout]   --> src/lib.rs:77:52
[INFO] [stdout]    |
[INFO] [stdout] 77 |         ShopifyAPIVersion::V2021_10 => chrono::Utc.ymd(2022, 10, 31).and_hms(23, 59, 59),
[INFO] [stdout]    |                                                    ^^^
[INFO] [stdout]    |
[INFO] [stdout]    = note: `#[warn(deprecated)]` on by default
[INFO] [stdout] 
[INFO] [stdout] 
[INFO] [stdout] warning: use of deprecated method `chrono::Date::<Tz>::and_hms`: Use and_hms_opt() instead
[INFO] [stdout]   --> src/lib.rs:77:70
[INFO] [stdout]    |
[INFO] [stdout] 77 |         ShopifyAPIVersion::V2021_10 => chrono::Utc.ymd(2022, 10, 31).and_hms(23, 59, 59),
[INFO] [stdout]    |                                                                      ^^^^^^^
[INFO] [stdout] 
[INFO] [stdout] 
[INFO] [stdout] warning: use of deprecated method `chrono::TimeZone::ymd`: use `with_ymd_and_hms()` instead
[INFO] [stdout]   --> src/lib.rs:78:52
[INFO] [stdout]    |
[INFO] [stdout] 78 |         ShopifyAPIVersion::V2022_01 => chrono::Utc.ymd(2023, 1, 31).and_hms(23, 59, 59),
[INFO] [stdout]    |                                                    ^^^
[INFO] [stdout] 
[INFO] [stdout] 
[INFO] [stdout] warning: use of deprecated method `chrono::Date::<Tz>::and_hms`: Use and_hms_opt() instead
[INFO] [stdout]   --> src/lib.rs:78:69
[INFO] [stdout]    |
[INFO] [stdout] 78 |         ShopifyAPIVersion::V2022_01 => chrono::Utc.ymd(2023, 1, 31).and_hms(23, 59, 59),
[INFO] [stdout]    |                                                                     ^^^^^^^
[INFO] [stdout] 
[INFO] [stdout] 
[INFO] [stdout] warning: use of deprecated method `chrono::TimeZone::ymd`: use `with_ymd_and_hms()` instead
[INFO] [stdout]   --> src/lib.rs:79:52
[INFO] [stdout]    |
[INFO] [stdout] 79 |         ShopifyAPIVersion::V2022_04 => chrono::Utc.ymd(2023, 4, 30).and_hms(23, 59, 59),
[INFO] [stdout]    |                                                    ^^^
[INFO] [stdout] 
[INFO] [stdout] 
[INFO] [stdout] warning: use of deprecated method `chrono::Date::<Tz>::and_hms`: Use and_hms_opt() instead
[INFO] [stdout]   --> src/lib.rs:79:69
[INFO] [stdout]    |
[INFO] [stdout] 79 |         ShopifyAPIVersion::V2022_04 => chrono::Utc.ymd(2023, 4, 30).and_hms(23, 59, 59),
[INFO] [stdout]    |                                                                     ^^^^^^^
[INFO] [stdout] 
[INFO] [stdout] 
[INFO] [stdout] warning: use of deprecated method `chrono::TimeZone::ymd`: use `with_ymd_and_hms()` instead
[INFO] [stdout]   --> src/lib.rs:80:52
[INFO] [stdout]    |
[INFO] [stdout] 80 |         ShopifyAPIVersion::V2022_07 => chrono::Utc.ymd(2023, 7, 31).and_hms(23, 59, 59),
[INFO] [stdout]    |                                                    ^^^
[INFO] [stdout] 
[INFO] [stdout] 
[INFO] [stdout] warning: use of deprecated method `chrono::Date::<Tz>::and_hms`: Use and_hms_opt() instead
[INFO] [stdout]   --> src/lib.rs:80:69
[INFO] [stdout]    |
[INFO] [stdout] 80 |         ShopifyAPIVersion::V2022_07 => chrono::Utc.ymd(2023, 7, 31).and_hms(23, 59, 59),
[INFO] [stdout]    |                                                                     ^^^^^^^
[INFO] [stdout] 
[INFO] [stdout] 
[INFO] [stdout] warning: use of deprecated method `chrono::TimeZone::ymd`: use `with_ymd_and_hms()` instead
[INFO] [stdout]   --> src/lib.rs:81:52
[INFO] [stdout]    |
[INFO] [stdout] 81 |         ShopifyAPIVersion::V2022_10 => chrono::Utc.ymd(2023, 10, 31).and_hms(23, 59, 59),
[INFO] [stdout]    |                                                    ^^^
[INFO] [stdout] 
[INFO] [stdout] 
[INFO] [stdout] warning: use of deprecated method `chrono::Date::<Tz>::and_hms`: Use and_hms_opt() instead
[INFO] [stdout]   --> src/lib.rs:81:70
[INFO] [stdout]    |
[INFO] [stdout] 81 |         ShopifyAPIVersion::V2022_10 => chrono::Utc.ymd(2023, 10, 31).and_hms(23, 59, 59),
[INFO] [stdout]    |                                                                      ^^^^^^^
[INFO] [stdout] 
[INFO] [stdout] 
[INFO] [stdout] warning: use of deprecated method `chrono::TimeZone::ymd`: use `with_ymd_and_hms()` instead
[INFO] [stdout]   --> src/lib.rs:82:52
[INFO] [stdout]    |
[INFO] [stdout] 82 |         ShopifyAPIVersion::V2023_01 => chrono::Utc.ymd(2024, 1, 31).and_hms(23, 59, 59),
[INFO] [stdout]    |                                                    ^^^
[INFO] [stdout] 
[INFO] [stdout] 
[INFO] [stdout] warning: use of deprecated method `chrono::Date::<Tz>::and_hms`: Use and_hms_opt() instead
[INFO] [stdout]   --> src/lib.rs:82:69
[INFO] [stdout]    |
[INFO] [stdout] 82 |         ShopifyAPIVersion::V2023_01 => chrono::Utc.ymd(2024, 1, 31).and_hms(23, 59, 59),
[INFO] [stdout]    |                                                                     ^^^^^^^
[INFO] [stdout] 
[INFO] [stdout] 
[INFO] [stdout] warning: use of deprecated method `chrono::TimeZone::ymd`: use `with_ymd_and_hms()` instead
[INFO] [stdout]   --> src/lib.rs:83:52
[INFO] [stdout]    |
[INFO] [stdout] 83 |         ShopifyAPIVersion::V2023_04 => chrono::Utc.ymd(2024, 4, 30).and_hms(23, 59, 59),
[INFO] [stdout]    |                                                    ^^^
[INFO] [stdout] 
[INFO] [stdout] 
[INFO] [stdout] warning: use of deprecated method `chrono::Date::<Tz>::and_hms`: Use and_hms_opt() instead
[INFO] [stdout]   --> src/lib.rs:83:69
[INFO] [stdout]    |
[INFO] [stdout] 83 |         ShopifyAPIVersion::V2023_04 => chrono::Utc.ymd(2024, 4, 30).and_hms(23, 59, 59),
[INFO] [stdout]    |                                                                     ^^^^^^^
[INFO] [stdout] 
[INFO] [stdout] 
[INFO] [stdout] warning: use of deprecated method `chrono::TimeZone::ymd`: use `with_ymd_and_hms()` instead
[INFO] [stdout]   --> src/lib.rs:84:52
[INFO] [stdout]    |
[INFO] [stdout] 84 |         ShopifyAPIVersion::V2023_07 => chrono::Utc.ymd(2024, 7, 31).and_hms(23, 59, 59),
[INFO] [stdout]    |                                                    ^^^
[INFO] [stdout] 
[INFO] [stdout] 
[INFO] [stdout] warning: use of deprecated method `chrono::Date::<Tz>::and_hms`: Use and_hms_opt() instead
[INFO] [stdout]   --> src/lib.rs:84:69
[INFO] [stdout]    |
[INFO] [stdout] 84 |         ShopifyAPIVersion::V2023_07 => chrono::Utc.ymd(2024, 7, 31).and_hms(23, 59, 59),
[INFO] [stdout]    |                                                                     ^^^^^^^
[INFO] [stdout] 
[INFO] [stdout] 
[INFO] [stdout] warning: use of deprecated method `chrono::TimeZone::ymd`: use `with_ymd_and_hms()` instead
[INFO] [stdout]   --> src/lib.rs:85:52
[INFO] [stdout]    |
[INFO] [stdout] 85 |         ShopifyAPIVersion::V2023_10 => chrono::Utc.ymd(2024, 10, 31).and_hms(23, 59, 59),
[INFO] [stdout]    |                                                    ^^^
[INFO] [stdout] 
[INFO] [stdout] 
[INFO] [stdout] warning: use of deprecated method `chrono::Date::<Tz>::and_hms`: Use and_hms_opt() instead
[INFO] [stdout]   --> src/lib.rs:85:70
[INFO] [stdout]    |
[INFO] [stdout] 85 |         ShopifyAPIVersion::V2023_10 => chrono::Utc.ymd(2024, 10, 31).and_hms(23, 59, 59),
[INFO] [stdout]    |                                                                      ^^^^^^^
[INFO] [stdout] 
[INFO] [stdout] 
[INFO] [stdout] warning: use of deprecated method `chrono::TimeZone::ymd`: use `with_ymd_and_hms()` instead
[INFO] [stdout]   --> src/lib.rs:86:52
[INFO] [stdout]    |
[INFO] [stdout] 86 |         ShopifyAPIVersion::Unstable => chrono::Utc.ymd(9999, 12, 31).and_hms(23, 59, 59),
[INFO] [stdout]    |                                                    ^^^
[INFO] [stdout] 
[INFO] [stdout] 
[INFO] [stdout] warning: use of deprecated method `chrono::Date::<Tz>::and_hms`: Use and_hms_opt() instead
[INFO] [stdout]   --> src/lib.rs:86:70
[INFO] [stdout]    |
[INFO] [stdout] 86 |         ShopifyAPIVersion::Unstable => chrono::Utc.ymd(9999, 12, 31).and_hms(23, 59, 59),
[INFO] [stdout]    |                                                                      ^^^^^^^
[INFO] [stdout] 
[INFO] [stdout] 
[INFO] [stdout] warning: fields `api_version` and `shared_secret` are never read
[INFO] [stdout]   --> src/lib.rs:10:5
[INFO] [stdout]    |
[INFO] [stdout] 9  | pub struct Shopify {
[INFO] [stdout]    |            ------- fields in this struct
[INFO] [stdout] 10 |     api_version: ShopifyAPIVersion,
[INFO] [stdout]    |     ^^^^^^^^^^^
[INFO] [stdout] 11 |     shared_secret: Option<String>,
[INFO] [stdout]    |     ^^^^^^^^^^^^^
[INFO] [stdout]    |
[INFO] [stdout]    = note: `Shopify` has derived impls for the traits `Debug` and `Clone`, but these are intentionally ignored during dead code analysis
[INFO] [stdout]    = note: `#[warn(dead_code)]` on by default
[INFO] [stdout] 
[INFO] [stdout] 
[INFO] [stdout] warning: 21 warnings emitted
[INFO] [stdout] 
[INFO] [stdout] 
[INFO] [stdout] warning: use of deprecated method `chrono::TimeZone::ymd`: use `with_ymd_and_hms()` instead
[INFO] [stdout]   --> src/lib.rs:77:52
[INFO] [stdout]    |
[INFO] [stdout] 77 |         ShopifyAPIVersion::V2021_10 => chrono::Utc.ymd(2022, 10, 31).and_hms(23, 59, 59),
[INFO] [stdout]    |                                                    ^^^
[INFO] [stdout]    |
[INFO] [stdout]    = note: `#[warn(deprecated)]` on by default
[INFO] [stdout] 
[INFO] [stdout] 
[INFO] [stdout] warning: use of deprecated method `chrono::Date::<Tz>::and_hms`: Use and_hms_opt() instead
[INFO] [stdout]   --> src/lib.rs:77:70
[INFO] [stdout]    |
[INFO] [stdout] 77 |         ShopifyAPIVersion::V2021_10 => chrono::Utc.ymd(2022, 10, 31).and_hms(23, 59, 59),
[INFO] [stdout]    |                                                                      ^^^^^^^
[INFO] [stdout] 
[INFO] [stdout] 
[INFO] [stdout] warning: use of deprecated method `chrono::TimeZone::ymd`: use `with_ymd_and_hms()` instead
[INFO] [stdout]   --> src/lib.rs:78:52
[INFO] [stdout]    |
[INFO] [stdout] 78 |         ShopifyAPIVersion::V2022_01 => chrono::Utc.ymd(2023, 1, 31).and_hms(23, 59, 59),
[INFO] [stdout]    |                                                    ^^^
[INFO] [stdout] 
[INFO] [stdout] 
[INFO] [stdout] warning: use of deprecated method `chrono::Date::<Tz>::and_hms`: Use and_hms_opt() instead
[INFO] [stdout]   --> src/lib.rs:78:69
[INFO] [stdout]    |
[INFO] [stdout] 78 |         ShopifyAPIVersion::V2022_01 => chrono::Utc.ymd(2023, 1, 31).and_hms(23, 59, 59),
[INFO] [stdout]    |                                                                     ^^^^^^^
[INFO] [stdout] 
[INFO] [stdout] 
[INFO] [stdout] warning: use of deprecated method `chrono::TimeZone::ymd`: use `with_ymd_and_hms()` instead
[INFO] [stdout]   --> src/lib.rs:79:52
[INFO] [stdout]    |
[INFO] [stdout] 79 |         ShopifyAPIVersion::V2022_04 => chrono::Utc.ymd(2023, 4, 30).and_hms(23, 59, 59),
[INFO] [stdout]    |                                                    ^^^
[INFO] [stdout] 
[INFO] [stdout] 
[INFO] [stdout] warning: use of deprecated method `chrono::Date::<Tz>::and_hms`: Use and_hms_opt() instead
[INFO] [stdout]   --> src/lib.rs:79:69
[INFO] [stdout]    |
[INFO] [stdout] 79 |         ShopifyAPIVersion::V2022_04 => chrono::Utc.ymd(2023, 4, 30).and_hms(23, 59, 59),
[INFO] [stdout]    |                                                                     ^^^^^^^
[INFO] [stdout] 
[INFO] [stdout] 
[INFO] [stdout] warning: use of deprecated method `chrono::TimeZone::ymd`: use `with_ymd_and_hms()` instead
[INFO] [stdout]   --> src/lib.rs:80:52
[INFO] [stdout]    |
[INFO] [stdout] 80 |         ShopifyAPIVersion::V2022_07 => chrono::Utc.ymd(2023, 7, 31).and_hms(23, 59, 59),
[INFO] [stdout]    |                                                    ^^^
[INFO] [stdout] 
[INFO] [stdout] 
[INFO] [stdout] warning: use of deprecated method `chrono::Date::<Tz>::and_hms`: Use and_hms_opt() instead
[INFO] [stdout]   --> src/lib.rs:80:69
[INFO] [stdout]    |
[INFO] [stdout] 80 |         ShopifyAPIVersion::V2022_07 => chrono::Utc.ymd(2023, 7, 31).and_hms(23, 59, 59),
[INFO] [stdout]    |                                                                     ^^^^^^^
[INFO] [stdout] 
[INFO] [stdout] 
[INFO] [stdout] warning: use of deprecated method `chrono::TimeZone::ymd`: use `with_ymd_and_hms()` instead
[INFO] [stdout]   --> src/lib.rs:81:52
[INFO] [stdout]    |
[INFO] [stdout] 81 |         ShopifyAPIVersion::V2022_10 => chrono::Utc.ymd(2023, 10, 31).and_hms(23, 59, 59),
[INFO] [stdout]    |                                                    ^^^
[INFO] [stdout] 
[INFO] [stdout] 
[INFO] [stdout] warning: use of deprecated method `chrono::Date::<Tz>::and_hms`: Use and_hms_opt() instead
[INFO] [stdout]   --> src/lib.rs:81:70
[INFO] [stdout]    |
[INFO] [stdout] 81 |         ShopifyAPIVersion::V2022_10 => chrono::Utc.ymd(2023, 10, 31).and_hms(23, 59, 59),
[INFO] [stdout]    |                                                                      ^^^^^^^
[INFO] [stdout] 
[INFO] [stdout] 
[INFO] [stdout] warning: use of deprecated method `chrono::TimeZone::ymd`: use `with_ymd_and_hms()` instead
[INFO] [stdout]   --> src/lib.rs:82:52
[INFO] [stdout]    |
[INFO] [stdout] 82 |         ShopifyAPIVersion::V2023_01 => chrono::Utc.ymd(2024, 1, 31).and_hms(23, 59, 59),
[INFO] [stdout]    |                                                    ^^^
[INFO] [stdout] 
[INFO] [stdout] 
[INFO] [stdout] warning: use of deprecated method `chrono::Date::<Tz>::and_hms`: Use and_hms_opt() instead
[INFO] [stdout]   --> src/lib.rs:82:69
[INFO] [stdout]    |
[INFO] [stdout] 82 |         ShopifyAPIVersion::V2023_01 => chrono::Utc.ymd(2024, 1, 31).and_hms(23, 59, 59),
[INFO] [stdout]    |                                                                     ^^^^^^^
[INFO] [stdout] 
[INFO] [stdout] 
[INFO] [stdout] warning: use of deprecated method `chrono::TimeZone::ymd`: use `with_ymd_and_hms()` instead
[INFO] [stdout]   --> src/lib.rs:83:52
[INFO] [stdout]    |
[INFO] [stdout] 83 |         ShopifyAPIVersion::V2023_04 => chrono::Utc.ymd(2024, 4, 30).and_hms(23, 59, 59),
[INFO] [stdout]    |                                                    ^^^
[INFO] [stdout] 
[INFO] [stdout] 
[INFO] [stdout] warning: use of deprecated method `chrono::Date::<Tz>::and_hms`: Use and_hms_opt() instead
[INFO] [stdout]   --> src/lib.rs:83:69
[INFO] [stdout]    |
[INFO] [stdout] 83 |         ShopifyAPIVersion::V2023_04 => chrono::Utc.ymd(2024, 4, 30).and_hms(23, 59, 59),
[INFO] [stdout]    |                                                                     ^^^^^^^
[INFO] [stdout] 
[INFO] [stdout] 
[INFO] [stdout] warning: use of deprecated method `chrono::TimeZone::ymd`: use `with_ymd_and_hms()` instead
[INFO] [stdout]   --> src/lib.rs:84:52
[INFO] [stdout]    |
[INFO] [stdout] 84 |         ShopifyAPIVersion::V2023_07 => chrono::Utc.ymd(2024, 7, 31).and_hms(23, 59, 59),
[INFO] [stdout]    |                                                    ^^^
[INFO] [stdout] 
[INFO] [stdout] 
[INFO] [stdout] warning: use of deprecated method `chrono::Date::<Tz>::and_hms`: Use and_hms_opt() instead
[INFO] [stdout]   --> src/lib.rs:84:69
[INFO] [stdout]    |
[INFO] [stdout] 84 |         ShopifyAPIVersion::V2023_07 => chrono::Utc.ymd(2024, 7, 31).and_hms(23, 59, 59),
[INFO] [stdout]    |                                                                     ^^^^^^^
[INFO] [stdout] 
[INFO] [stdout] 
[INFO] [stdout] warning: use of deprecated method `chrono::TimeZone::ymd`: use `with_ymd_and_hms()` instead
[INFO] [stdout]   --> src/lib.rs:85:52
[INFO] [stdout]    |
[INFO] [stdout] 85 |         ShopifyAPIVersion::V2023_10 => chrono::Utc.ymd(2024, 10, 31).and_hms(23, 59, 59),
[INFO] [stdout]    |                                                    ^^^
[INFO] [stdout] 
[INFO] [stdout] 
[INFO] [stdout] warning: use of deprecated method `chrono::Date::<Tz>::and_hms`: Use and_hms_opt() instead
[INFO] [stdout]   --> src/lib.rs:85:70
[INFO] [stdout]    |
[INFO] [stdout] 85 |         ShopifyAPIVersion::V2023_10 => chrono::Utc.ymd(2024, 10, 31).and_hms(23, 59, 59),
[INFO] [stdout]    |                                                                      ^^^^^^^
[INFO] [stdout] 
[INFO] [stdout] 
[INFO] [stdout] warning: use of deprecated method `chrono::TimeZone::ymd`: use `with_ymd_and_hms()` instead
[INFO] [stdout]   --> src/lib.rs:86:52
[INFO] [stdout]    |
[INFO] [stdout] 86 |         ShopifyAPIVersion::Unstable => chrono::Utc.ymd(9999, 12, 31).and_hms(23, 59, 59),
[INFO] [stdout]    |                                                    ^^^
[INFO] [stdout] 
[INFO] [stdout] 
[INFO] [stdout] warning: use of deprecated method `chrono::Date::<Tz>::and_hms`: Use and_hms_opt() instead
[INFO] [stdout]   --> src/lib.rs:86:70
[INFO] [stdout]    |
[INFO] [stdout] 86 |         ShopifyAPIVersion::Unstable => chrono::Utc.ymd(9999, 12, 31).and_hms(23, 59, 59),
[INFO] [stdout]    |                                                                      ^^^^^^^
[INFO] [stdout] 
[INFO] [stdout] 
[INFO] [stdout] warning: fields `api_version` and `shared_secret` are never read
[INFO] [stdout]   --> src/lib.rs:10:5
[INFO] [stdout]    |
[INFO] [stdout] 9  | pub struct Shopify {
[INFO] [stdout]    |            ------- fields in this struct
[INFO] [stdout] 10 |     api_version: ShopifyAPIVersion,
[INFO] [stdout]    |     ^^^^^^^^^^^
[INFO] [stdout] 11 |     shared_secret: Option<String>,
[INFO] [stdout]    |     ^^^^^^^^^^^^^
[INFO] [stdout]    |
[INFO] [stdout]    = note: `Shopify` has derived impls for the traits `Debug` and `Clone`, but these are intentionally ignored during dead code analysis
[INFO] [stdout]    = note: `#[warn(dead_code)]` on by default
[INFO] [stdout] 
[INFO] [stdout] 
[INFO] [stdout] warning: 21 warnings emitted
[INFO] [stdout] 
[INFO] [stdout] 
[INFO] [stderr]     Finished test [unoptimized + debuginfo] target(s) in 18.30s
[INFO] running `Command { std: "docker" "inspect" "99f007d2d6e7fd31d3df72546252daed70dec94620551a526942c8e93fd0fce1", kill_on_drop: false }`
[INFO] running `Command { std: "docker" "rm" "-f" "99f007d2d6e7fd31d3df72546252daed70dec94620551a526942c8e93fd0fce1", kill_on_drop: false }`
[INFO] [stdout] 99f007d2d6e7fd31d3df72546252daed70dec94620551a526942c8e93fd0fce1
[INFO] running `Command { std: "docker" "create" "-v" "/var/lib/crater-agent-workspace/builds/worker-3-tc2/target:/opt/rustwide/target:rw,Z" "-v" "/var/lib/crater-agent-workspace/builds/worker-3-tc2/source:/opt/rustwide/workdir:ro,Z" "-v" "/var/lib/crater-agent-workspace/cargo-home:/opt/rustwide/cargo-home:ro,Z" "-v" "/var/lib/crater-agent-workspace/rustup-home:/opt/rustwide/rustup-home:ro,Z" "-e" "SOURCE_DIR=/opt/rustwide/workdir" "-e" "CARGO_TARGET_DIR=/opt/rustwide/target" "-e" "CARGO_INCREMENTAL=0" "-e" "RUST_BACKTRACE=full" "-e" "RUSTFLAGS=--cap-lints=warn" "-e" "RUSTDOCFLAGS=--cap-lints=warn" "-e" "CARGO_HOME=/opt/rustwide/cargo-home" "-e" "RUSTUP_HOME=/opt/rustwide/rustup-home" "-w" "/opt/rustwide/workdir" "-m" "1610612736" "--user" "0:0" "--network" "none" "ghcr.io/rust-lang/crates-build-env/linux@sha256:2788e3201cd34a07e3172128adcd8b3090168a8e3bcc40d7c032b9dda1df7d1c" "/opt/rustwide/cargo-home/bin/cargo" "+beta-2023-12-22" "test" "--frozen", kill_on_drop: false }`
[INFO] [stdout] 9faa9b29cde404bc6b2bde0cf1845ef12f3ee615affec8accaf01197f1258554
[INFO] running `Command { std: "docker" "start" "-a" "9faa9b29cde404bc6b2bde0cf1845ef12f3ee615affec8accaf01197f1258554", kill_on_drop: false }`
[INFO] [stderr] warning: use of deprecated method `chrono::TimeZone::ymd`: use `with_ymd_and_hms()` instead
[INFO] [stderr]   --> src/lib.rs:77:52
[INFO] [stderr]    |
[INFO] [stderr] 77 |         ShopifyAPIVersion::V2021_10 => chrono::Utc.ymd(2022, 10, 31).and_hms(23, 59, 59),
[INFO] [stderr]    |                                                    ^^^
[INFO] [stderr]    |
[INFO] [stderr]    = note: `#[warn(deprecated)]` on by default
[INFO] [stderr] 
[INFO] [stderr] warning: use of deprecated method `chrono::Date::<Tz>::and_hms`: Use and_hms_opt() instead
[INFO] [stderr]   --> src/lib.rs:77:70
[INFO] [stderr]    |
[INFO] [stderr] 77 |         ShopifyAPIVersion::V2021_10 => chrono::Utc.ymd(2022, 10, 31).and_hms(23, 59, 59),
[INFO] [stderr]    |                                                                      ^^^^^^^
[INFO] [stderr] 
[INFO] [stderr] warning: use of deprecated method `chrono::TimeZone::ymd`: use `with_ymd_and_hms()` instead
[INFO] [stderr]   --> src/lib.rs:78:52
[INFO] [stderr]    |
[INFO] [stderr] 78 |         ShopifyAPIVersion::V2022_01 => chrono::Utc.ymd(2023, 1, 31).and_hms(23, 59, 59),
[INFO] [stderr]    |                                                    ^^^
[INFO] [stderr] 
[INFO] [stderr] warning: use of deprecated method `chrono::Date::<Tz>::and_hms`: Use and_hms_opt() instead
[INFO] [stderr]   --> src/lib.rs:78:69
[INFO] [stderr]    |
[INFO] [stderr] 78 |         ShopifyAPIVersion::V2022_01 => chrono::Utc.ymd(2023, 1, 31).and_hms(23, 59, 59),
[INFO] [stderr]    |                                                                     ^^^^^^^
[INFO] [stderr] 
[INFO] [stderr] warning: use of deprecated method `chrono::TimeZone::ymd`: use `with_ymd_and_hms()` instead
[INFO] [stderr]   --> src/lib.rs:79:52
[INFO] [stderr]    |
[INFO] [stderr] 79 |         ShopifyAPIVersion::V2022_04 => chrono::Utc.ymd(2023, 4, 30).and_hms(23, 59, 59),
[INFO] [stderr]    |                                                    ^^^
[INFO] [stderr] 
[INFO] [stderr] warning: use of deprecated method `chrono::Date::<Tz>::and_hms`: Use and_hms_opt() instead
[INFO] [stderr]   --> src/lib.rs:79:69
[INFO] [stderr]    |
[INFO] [stderr] 79 |         ShopifyAPIVersion::V2022_04 => chrono::Utc.ymd(2023, 4, 30).and_hms(23, 59, 59),
[INFO] [stderr]    |                                                                     ^^^^^^^
[INFO] [stderr] 
[INFO] [stderr] warning: use of deprecated method `chrono::TimeZone::ymd`: use `with_ymd_and_hms()` instead
[INFO] [stderr]   --> src/lib.rs:80:52
[INFO] [stderr]    |
[INFO] [stderr] 80 |         ShopifyAPIVersion::V2022_07 => chrono::Utc.ymd(2023, 7, 31).and_hms(23, 59, 59),
[INFO] [stderr]    |                                                    ^^^
[INFO] [stderr] 
[INFO] [stderr] warning: use of deprecated method `chrono::Date::<Tz>::and_hms`: Use and_hms_opt() instead
[INFO] [stderr]   --> src/lib.rs:80:69
[INFO] [stderr]    |
[INFO] [stderr] 80 |         ShopifyAPIVersion::V2022_07 => chrono::Utc.ymd(2023, 7, 31).and_hms(23, 59, 59),
[INFO] [stderr]    |                                                                     ^^^^^^^
[INFO] [stderr] 
[INFO] [stderr] warning: use of deprecated method `chrono::TimeZone::ymd`: use `with_ymd_and_hms()` instead
[INFO] [stderr]   --> src/lib.rs:81:52
[INFO] [stderr]    |
[INFO] [stderr] 81 |         ShopifyAPIVersion::V2022_10 => chrono::Utc.ymd(2023, 10, 31).and_hms(23, 59, 59),
[INFO] [stderr]    |                                                    ^^^
[INFO] [stderr] 
[INFO] [stderr] warning: use of deprecated method `chrono::Date::<Tz>::and_hms`: Use and_hms_opt() instead
[INFO] [stderr]   --> src/lib.rs:81:70
[INFO] [stderr]    |
[INFO] [stderr] 81 |         ShopifyAPIVersion::V2022_10 => chrono::Utc.ymd(2023, 10, 31).and_hms(23, 59, 59),
[INFO] [stderr]    |                                                                      ^^^^^^^
[INFO] [stderr] 
[INFO] [stderr] warning: use of deprecated method `chrono::TimeZone::ymd`: use `with_ymd_and_hms()` instead
[INFO] [stderr]   --> src/lib.rs:82:52
[INFO] [stderr]    |
[INFO] [stderr] 82 |         ShopifyAPIVersion::V2023_01 => chrono::Utc.ymd(2024, 1, 31).and_hms(23, 59, 59),
[INFO] [stderr]    |                                                    ^^^
[INFO] [stderr] 
[INFO] [stderr] warning: use of deprecated method `chrono::Date::<Tz>::and_hms`: Use and_hms_opt() instead
[INFO] [stderr]   --> src/lib.rs:82:69
[INFO] [stderr]    |
[INFO] [stderr] 82 |         ShopifyAPIVersion::V2023_01 => chrono::Utc.ymd(2024, 1, 31).and_hms(23, 59, 59),
[INFO] [stderr]    |                                                                     ^^^^^^^
[INFO] [stderr] 
[INFO] [stderr] warning: use of deprecated method `chrono::TimeZone::ymd`: use `with_ymd_and_hms()` instead
[INFO] [stderr]   --> src/lib.rs:83:52
[INFO] [stderr]    |
[INFO] [stderr] 83 |         ShopifyAPIVersion::V2023_04 => chrono::Utc.ymd(2024, 4, 30).and_hms(23, 59, 59),
[INFO] [stderr]    |                                                    ^^^
[INFO] [stderr] 
[INFO] [stderr] warning: use of deprecated method `chrono::Date::<Tz>::and_hms`: Use and_hms_opt() instead
[INFO] [stderr]   --> src/lib.rs:83:69
[INFO] [stderr]    |
[INFO] [stderr] 83 |         ShopifyAPIVersion::V2023_04 => chrono::Utc.ymd(2024, 4, 30).and_hms(23, 59, 59),
[INFO] [stderr]    |                                                                     ^^^^^^^
[INFO] [stderr] 
[INFO] [stderr] warning: use of deprecated method `chrono::TimeZone::ymd`: use `with_ymd_and_hms()` instead
[INFO] [stderr]   --> src/lib.rs:84:52
[INFO] [stderr]    |
[INFO] [stderr] 84 |         ShopifyAPIVersion::V2023_07 => chrono::Utc.ymd(2024, 7, 31).and_hms(23, 59, 59),
[INFO] [stderr]    |                                                    ^^^
[INFO] [stderr] 
[INFO] [stderr] warning: use of deprecated method `chrono::Date::<Tz>::and_hms`: Use and_hms_opt() instead
[INFO] [stderr]   --> src/lib.rs:84:69
[INFO] [stderr]    |
[INFO] [stderr] 84 |         ShopifyAPIVersion::V2023_07 => chrono::Utc.ymd(2024, 7, 31).and_hms(23, 59, 59),
[INFO] [stderr]    |                                                                     ^^^^^^^
[INFO] [stderr] 
[INFO] [stderr] warning: use of deprecated method `chrono::TimeZone::ymd`: use `with_ymd_and_hms()` instead
[INFO] [stderr]   --> src/lib.rs:85:52
[INFO] [stderr]    |
[INFO] [stderr] 85 |         ShopifyAPIVersion::V2023_10 => chrono::Utc.ymd(2024, 10, 31).and_hms(23, 59, 59),
[INFO] [stderr]    |                                                    ^^^
[INFO] [stderr] 
[INFO] [stderr] warning: use of deprecated method `chrono::Date::<Tz>::and_hms`: Use and_hms_opt() instead
[INFO] [stderr]   --> src/lib.rs:85:70
[INFO] [stderr]    |
[INFO] [stderr] 85 |         ShopifyAPIVersion::V2023_10 => chrono::Utc.ymd(2024, 10, 31).and_hms(23, 59, 59),
[INFO] [stderr]    |                                                                      ^^^^^^^
[INFO] [stderr] 
[INFO] [stderr] warning: use of deprecated method `chrono::TimeZone::ymd`: use `with_ymd_and_hms()` instead
[INFO] [stderr]   --> src/lib.rs:86:52
[INFO] [stderr]    |
[INFO] [stderr] 86 |         ShopifyAPIVersion::Unstable => chrono::Utc.ymd(9999, 12, 31).and_hms(23, 59, 59),
[INFO] [stderr]    |                                                    ^^^
[INFO] [stderr] 
[INFO] [stderr] warning: use of deprecated method `chrono::Date::<Tz>::and_hms`: Use and_hms_opt() instead
[INFO] [stderr]   --> src/lib.rs:86:70
[INFO] [stderr]    |
[INFO] [stderr] 86 |         ShopifyAPIVersion::Unstable => chrono::Utc.ymd(9999, 12, 31).and_hms(23, 59, 59),
[INFO] [stderr]    |                                                                      ^^^^^^^
[INFO] [stderr] 
[INFO] [stderr] warning: fields `api_version` and `shared_secret` are never read
[INFO] [stderr]   --> src/lib.rs:10:5
[INFO] [stderr]    |
[INFO] [stderr] 9  | pub struct Shopify {
[INFO] [stderr]    |            ------- fields in this struct
[INFO] [stderr] 10 |     api_version: ShopifyAPIVersion,
[INFO] [stderr]    |     ^^^^^^^^^^^
[INFO] [stderr] 11 |     shared_secret: Option<String>,
[INFO] [stderr]    |     ^^^^^^^^^^^^^
[INFO] [stderr]    |
[INFO] [stderr]    = note: `Shopify` has derived impls for the traits `Debug` and `Clone`, but these are intentionally ignored during dead code analysis
[INFO] [stderr]    = note: `#[warn(dead_code)]` on by default
[INFO] [stderr] 
[INFO] [stderr] warning: `shopify_api` (lib) generated 21 warnings
[INFO] [stderr] warning: `shopify_api` (lib test) generated 21 warnings (21 duplicates)
[INFO] [stderr]     Finished test [unoptimized + debuginfo] target(s) in 0.10s
[INFO] [stderr]      Running unittests src/lib.rs (/opt/rustwide/target/debug/deps/shopify_api-61ac78c1e6779db4)
[INFO] [stderr]    Doc-tests shopify_api
[INFO] [stdout] 
[INFO] [stdout] running 0 tests
[INFO] [stdout] 
[INFO] [stdout] test result: ok. 0 passed; 0 failed; 0 ignored; 0 measured; 0 filtered out; finished in 0.00s
[INFO] [stdout] 
[INFO] [stdout] 
[INFO] [stdout] running 13 tests
[INFO] [stdout] test src/graphql/mod.rs - graphql::Shopify::graphql_query (line 82) ... FAILED
[INFO] [stdout] test src/graphql/bulk_query.rs - graphql::bulk_query::Shopify::get_bulk_by_id (line 61) ... FAILED
[INFO] [stdout] test src/rest/mod.rs - rest::Shopify::rest_query (line 107) ... FAILED
[INFO] [stdout] test src/lib.rs - Shopify::get_shop (line 177) ... FAILED
[INFO] [stdout] test src/lib.rs - Shopify::new (line 134) ... FAILED
[INFO] [stdout] test src/utils.rs - utils::read_json_tree (line 116) ... FAILED
[INFO] [stdout] test src/utils.rs - utils::retry_sync (line 56) ... ok
[INFO] [stdout] test src/utils.rs - utils::retry_async (line 5) ... ok
[INFO] [stdout] test src/lib.rs - get_end_of_support_date (line 66) ... ok
[INFO] [stdout] test src/lib.rs - api_version_to_string (line 105) ... ok
[INFO] [stdout] test src/lib.rs - Shopify::get_api_endpoint (line 216) ... ok
[INFO] [stdout] test src/lib.rs - is_deprecated (line 92) ... ok
[INFO] [stdout] test src/lib.rs - Shopify::set_api_key (line 188) ... ok
[INFO] [stdout] 
[INFO] [stdout] failures:
[INFO] [stdout] 
[INFO] [stdout] ---- src/graphql/mod.rs - graphql::Shopify::graphql_query (line 82) stdout ----
[INFO] [stdout] error: environment variable `TEST_SHOP_NAME` not defined at compile time
[INFO] [stdout]   --> src/graphql/mod.rs:95:30
[INFO] [stdout]    |
[INFO] [stdout] 15 |   let shopify = Shopify::new(env!("TEST_SHOP_NAME"), env!("TEST_KEY"), ShopifyAPIVersion::V2023_01, None);
[INFO] [stdout]    |                              ^^^^^^^^^^^^^^^^^^^^^^
[INFO] [stdout]    |
[INFO] [stdout]    = help: use `std::env::var("TEST_SHOP_NAME")` to read the variable at run time
[INFO] [stdout]    = note: this error originates in the macro `env` (in Nightly builds, run with -Z macro-backtrace for more info)
[INFO] [stdout] 
[INFO] [stdout] error: environment variable `TEST_KEY` not defined at compile time
[INFO] [stdout]   --> src/graphql/mod.rs:95:54
[INFO] [stdout]    |
[INFO] [stdout] 15 |   let shopify = Shopify::new(env!("TEST_SHOP_NAME"), env!("TEST_KEY"), ShopifyAPIVersion::V2023_01, None);
[INFO] [stdout]    |                                                      ^^^^^^^^^^^^^^^^
[INFO] [stdout]    |
[INFO] [stdout]    = help: use `std::env::var("TEST_KEY")` to read the variable at run time
[INFO] [stdout]    = note: this error originates in the macro `env` (in Nightly builds, run with -Z macro-backtrace for more info)
[INFO] [stdout] 
[INFO] [stdout] error: aborting due to 2 previous errors
[INFO] [stdout] 
[INFO] [stdout] Couldn't compile the test.
[INFO] [stdout] ---- src/graphql/bulk_query.rs - graphql::bulk_query::Shopify::get_bulk_by_id (line 61) stdout ----
[INFO] [stdout] error: environment variable `TEST_SHOP_NAME` not defined at compile time
[INFO] [stdout]   --> src/graphql/bulk_query.rs:74:30
[INFO] [stdout]    |
[INFO] [stdout] 15 |   let shopify = Shopify::new(env!("TEST_SHOP_NAME"), env!("TEST_KEY"), ShopifyAPIVersion::V2023_10, None);
[INFO] [stdout]    |                              ^^^^^^^^^^^^^^^^^^^^^^
[INFO] [stdout]    |
[INFO] [stdout]    = help: use `std::env::var("TEST_SHOP_NAME")` to read the variable at run time
[INFO] [stdout]    = note: this error originates in the macro `env` (in Nightly builds, run with -Z macro-backtrace for more info)
[INFO] [stdout] 
[INFO] [stdout] error: environment variable `TEST_KEY` not defined at compile time
[INFO] [stdout]   --> src/graphql/bulk_query.rs:74:54
[INFO] [stdout]    |
[INFO] [stdout] 15 |   let shopify = Shopify::new(env!("TEST_SHOP_NAME"), env!("TEST_KEY"), ShopifyAPIVersion::V2023_10, None);
[INFO] [stdout]    |                                                      ^^^^^^^^^^^^^^^^
[INFO] [stdout]    |
[INFO] [stdout]    = help: use `std::env::var("TEST_KEY")` to read the variable at run time
[INFO] [stdout]    = note: this error originates in the macro `env` (in Nightly builds, run with -Z macro-backtrace for more info)
[INFO] [stdout] 
[INFO] [stdout] error: aborting due to 2 previous errors
[INFO] [stdout] 
[INFO] [stdout] Couldn't compile the test.
[INFO] [stdout] ---- src/rest/mod.rs - rest::Shopify::rest_query (line 107) stdout ----
[INFO] [stdout] error: environment variable `TEST_SHOP_NAME` not defined at compile time
[INFO] [stdout]   --> src/rest/mod.rs:124:31
[INFO] [stdout]    |
[INFO] [stdout] 19 |    let shopify = Shopify::new(env!("TEST_SHOP_NAME"), env!("TEST_KEY"), ShopifyAPIVersion::V2023_01, None);
[INFO] [stdout]    |                               ^^^^^^^^^^^^^^^^^^^^^^
[INFO] [stdout]    |
[INFO] [stdout]    = help: use `std::env::var("TEST_SHOP_NAME")` to read the variable at run time
[INFO] [stdout]    = note: this error originates in the macro `env` (in Nightly builds, run with -Z macro-backtrace for more info)
[INFO] [stdout] 
[INFO] [stdout] error: environment variable `TEST_KEY` not defined at compile time
[INFO] [stdout]   --> src/rest/mod.rs:124:55
[INFO] [stdout]    |
[INFO] [stdout] 19 |    let shopify = Shopify::new(env!("TEST_SHOP_NAME"), env!("TEST_KEY"), ShopifyAPIVersion::V2023_01, None);
[INFO] [stdout]    |                                                       ^^^^^^^^^^^^^^^^
[INFO] [stdout]    |
[INFO] [stdout]    = help: use `std::env::var("TEST_KEY")` to read the variable at run time
[INFO] [stdout]    = note: this error originates in the macro `env` (in Nightly builds, run with -Z macro-backtrace for more info)
[INFO] [stdout] 
[INFO] [stdout] error: aborting due to 2 previous errors
[INFO] [stdout] 
[INFO] [stdout] Couldn't compile the test.
[INFO] [stdout] ---- src/lib.rs - Shopify::get_shop (line 177) stdout ----
[INFO] [stdout] error: linking with `cc` failed: exit status: 1
[INFO] [stdout]   |
[INFO] [stdout]   = note: LC_ALL="C" PATH="/opt/rustwide/rustup-home/toolchains/beta-2023-12-22-x86_64-unknown-linux-gnu/lib/rustlib/x86_64-unknown-linux-gnu/bin:/opt/rustwide/cargo-home/bin:/usr/local/sbin:/usr/local/bin:/usr/sbin:/usr/bin:/sbin:/bin" VSLANG="1033" "cc" "-m64" "/tmp/rustc8RXxGQ/symbols.o" "/tmp/rustdoctestueFHRL/rust_out.rust_out.1380c8ea7c88b8e2-cgu.0.rcgu.o" "/tmp/rustdoctestueFHRL/rust_out.3lr6z6385pynyhem.rcgu.o" "-Wl,--as-needed" "-L" "/opt/rustwide/target/debug/deps" "-L" "/opt/rustwide/target/debug/deps" "-L" "/opt/rustwide/target/debug/build/ring-2417f3adeafa936e/out" "-L" "/opt/rustwide/rustup-home/toolchains/beta-2023-12-22-x86_64-unknown-linux-gnu/lib/rustlib/x86_64-unknown-linux-gnu/lib" "-Wl,-Bstatic" "/opt/rustwide/target/debug/deps/libshopify_api-06e70ac2492d2bc9.rlib" "/opt/rustwide/target/debug/deps/libreqwest-dafabedaf1005764.rlib" "/opt/rustwide/target/debug/deps/librustls_pemfile-3f641796f2486191.rlib" "/opt/rustwide/target/debug/deps/libhyper_rustls-ff7bf219308f3237.rlib" "/opt/rustwide/target/debug/deps/libserde_urlencoded-07e3d6fe56ed666c.rlib" "/opt/rustwide/target/debug/deps/libwebpki_roots-ccf3be5f1776ee45.rlib" "/opt/rustwide/target/debug/deps/libbase64-2b534aee40fff6b4.rlib" "/opt/rustwide/target/debug/deps/libipnet-fc05b2bd4dc777ac.rlib" "/opt/rustwide/target/debug/deps/libtokio_rustls-2012423e2d72cea9.rlib" "/opt/rustwide/target/debug/deps/libmime-a9df5a780629fb7d.rlib" "/opt/rustwide/target/debug/deps/libencoding_rs-4339e23ae7924400.rlib" "/opt/rustwide/target/debug/deps/librustls-2253e48b4cfe1ab4.rlib" "/opt/rustwide/target/debug/deps/libsct-25c540a3396a98d8.rlib" "/opt/rustwide/target/debug/deps/libwebpki-03995db6dd9afa8f.rlib" "/opt/rustwide/target/debug/deps/libring-2ea69163028d5a92.rlib" "/opt/rustwide/target/debug/deps/libspin-e858d3468b8e3abd.rlib" "/opt/rustwide/target/debug/deps/libuntrusted-6cf40e3a64622ff0.rlib" "/opt/rustwide/target/debug/deps/libhyper-54acc987dba8539e.rlib" "/opt/rustwide/target/debug/deps/libwant-a53deb880f5b4491.rlib" "/opt/rustwide/target/debug/deps/libtry_lock-539bdf1ed77a7a8a.rlib" "/opt/rustwide/target/debug/deps/libsocket2-614183f725d8ad32.rlib" "/opt/rustwide/target/debug/deps/libhttparse-2dbc320ca65411a3.rlib" "/opt/rustwide/target/debug/deps/libh2-fe68199998ed6f5d.rlib" "/opt/rustwide/target/debug/deps/libindexmap-7ff1a537f445f359.rlib" "/opt/rustwide/target/debug/deps/libhashbrown-e273ba0f8cdcbe5b.rlib" "/opt/rustwide/target/debug/deps/libtokio_util-57e605db7c73a1b4.rlib" "/opt/rustwide/target/debug/deps/libfutures_sink-3387e8374b45be05.rlib" "/opt/rustwide/target/debug/deps/libtower_service-92bbc7b5a1dd8782.rlib" "/opt/rustwide/target/debug/deps/libtracing-89bf8b45998a2c50.rlib" "/opt/rustwide/target/debug/deps/libtracing_core-815060965cc8a5e2.rlib" "/opt/rustwide/target/debug/deps/libonce_cell-728f13abc4f8cf5f.rlib" "/opt/rustwide/target/debug/deps/libfutures_channel-637238153abbcb6b.rlib" "/opt/rustwide/target/debug/deps/libfutures_util-b1e8a25dd0a400a9.rlib" "/opt/rustwide/target/debug/deps/libslab-0a39a638bccea296.rlib" "/opt/rustwide/target/debug/deps/libfutures_task-44fabbc3ce50b4f3.rlib" "/opt/rustwide/target/debug/deps/libpin_utils-9c5dcf17efb91bff.rlib" "/opt/rustwide/target/debug/deps/libtokio-f66885bca146cde3.rlib" "/opt/rustwide/target/debug/deps/libsignal_hook_registry-dbeb6b1e7ccffdc6.rlib" "/opt/rustwide/target/debug/deps/libnum_cpus-99da39e1ff91ba70.rlib" "/opt/rustwide/target/debug/deps/libsocket2-f71a68275f9a1a66.rlib" "/opt/rustwide/target/debug/deps/libmio-fb4e4984663c3bb8.rlib" "/opt/rustwide/target/debug/deps/libparking_lot-dfb2fc642cce6f63.rlib" "/opt/rustwide/target/debug/deps/libparking_lot_core-2f3de9494ad1cd3f.rlib" "/opt/rustwide/target/debug/deps/libcfg_if-e7002d307f97bc56.rlib" "/opt/rustwide/target/debug/deps/libsmallvec-e3d8269c0db97757.rlib" "/opt/rustwide/target/debug/deps/liblock_api-01b7e6f95550bc19.rlib" "/opt/rustwide/target/debug/deps/libscopeguard-f937485db0060aca.rlib" "/opt/rustwide/target/debug/deps/libhttp_body-ea6184694126acf5.rlib" "/opt/rustwide/target/debug/deps/libpin_project_lite-085b19c93bbb2231.rlib" "/opt/rustwide/target/debug/deps/liblog-2cf4a51dfa4e790a.rlib" "/opt/rustwide/target/debug/deps/libfutures_core-eae31d72cfa7dcb2.rlib" "/opt/rustwide/target/debug/deps/liburl-7f57060bbb46f1e7.rlib" "/opt/rustwide/target/debug/deps/libidna-cec821f7529828f2.rlib" "/opt/rustwide/target/debug/deps/libunicode_normalization-a49209942f8cb303.rlib" "/opt/rustwide/target/debug/deps/libtinyvec-dcbbce603bc23510.rlib" "/opt/rustwide/target/debug/deps/libtinyvec_macros-333661e3b238a9a3.rlib" "/opt/rustwide/target/debug/deps/libunicode_bidi-ee612f5df1be5cab.rlib" "/opt/rustwide/target/debug/deps/libform_urlencoded-ee95c3013bc32c40.rlib" "/opt/rustwide/target/debug/deps/libpercent_encoding-c878b6f40f2978b2.rlib" "/opt/rustwide/target/debug/deps/libhttp-396997dd6093bbfa.rlib" "/opt/rustwide/target/debug/deps/libbytes-8217216c646d0e94.rlib" "/opt/rustwide/target/debug/deps/libfnv-953831fe314029b4.rlib" "/opt/rustwide/target/debug/deps/libserde_json-e51b04250caf195d.rlib" "/opt/rustwide/target/debug/deps/libryu-d2c3aff9aeca12bd.rlib" "/opt/rustwide/target/debug/deps/libitoa-c3a42249f065e11e.rlib" "/opt/rustwide/target/debug/deps/libserde-fdd5b7fedac25074.rlib" "/opt/rustwide/target/debug/deps/libthiserror-81d3b111a3772a45.rlib" "/opt/rustwide/target/debug/deps/libchrono-aa49786cfb7e291e.rlib" "/opt/rustwide/target/debug/deps/libnum_traits-88f4e869d93199ad.rlib" "/opt/rustwide/target/debug/deps/libiana_time_zone-1e31e534761afa1b.rlib" "/opt/rustwide/target/debug/deps/libtime-7c2e0ad725db5b4d.rlib" "/opt/rustwide/target/debug/deps/liblibc-4b0b24147de68dac.rlib" "/opt/rustwide/rustup-home/toolchains/beta-2023-12-22-x86_64-unknown-linux-gnu/lib/rustlib/x86_64-unknown-linux-gnu/lib/libstd-0672489a78b613de.rlib" "/opt/rustwide/rustup-home/toolchains/beta-2023-12-22-x86_64-unknown-linux-gnu/lib/rustlib/x86_64-unknown-linux-gnu/lib/libpanic_unwind-7eb3ffc34a49f675.rlib" "/opt/rustwide/rustup-home/toolchains/beta-2023-12-22-x86_64-unknown-linux-gnu/lib/rustlib/x86_64-unknown-linux-gnu/lib/libobject-6478a9daa4bee8e2.rlib" "/opt/rustwide/rustup-home/toolchains/beta-2023-12-22-x86_64-unknown-linux-gnu/lib/rustlib/x86_64-unknown-linux-gnu/lib/libmemchr-0c75d871a5c3923d.rlib" "/opt/rustwide/rustup-home/toolchains/beta-2023-12-22-x86_64-unknown-linux-gnu/lib/rustlib/x86_64-unknown-linux-gnu/lib/libaddr2line-d163ef63ad37bb71.rlib" "/opt/rustwide/rustup-home/toolchains/beta-2023-12-22-x86_64-unknown-linux-gnu/lib/rustlib/x86_64-unknown-linux-gnu/lib/libgimli-8a3fd810a85b9f4c.rlib" "/opt/rustwide/rustup-home/toolchains/beta-2023-12-22-x86_64-unknown-linux-gnu/lib/rustlib/x86_64-unknown-linux-gnu/lib/librustc_demangle-462a2cde8c5dfc10.rlib" "/opt/rustwide/rustup-home/toolchains/beta-2023-12-22-x86_64-unknown-linux-gnu/lib/rustlib/x86_64-unknown-linux-gnu/lib/libstd_detect-cb06ac9f54713f71.rlib" "/opt/rustwide/rustup-home/toolchains/beta-2023-12-22-x86_64-unknown-linux-gnu/lib/rustlib/x86_64-unknown-linux-gnu/lib/libhashbrown-f20bfd1f8e59b393.rlib" "/opt/rustwide/rustup-home/toolchains/beta-2023-12-22-x86_64-unknown-linux-gnu/lib/rustlib/x86_64-unknown-linux-gnu/lib/librustc_std_workspace_alloc-1ef460949b49da4b.rlib" "/opt/rustwide/rustup-home/toolchains/beta-2023-12-22-x86_64-unknown-linux-gnu/lib/rustlib/x86_64-unknown-linux-gnu/lib/libminiz_oxide-2cb0c0ffe4f87514.rlib" "/opt/rustwide/rustup-home/toolchains/beta-2023-12-22-x86_64-unknown-linux-gnu/lib/rustlib/x86_64-unknown-linux-gnu/lib/libadler-58d841eb322a11a2.rlib" "/opt/rustwide/rustup-home/toolchains/beta-2023-12-22-x86_64-unknown-linux-gnu/lib/rustlib/x86_64-unknown-linux-gnu/lib/libunwind-aa2ae0b0a9d11533.rlib" "/opt/rustwide/rustup-home/toolchains/beta-2023-12-22-x86_64-unknown-linux-gnu/lib/rustlib/x86_64-unknown-linux-gnu/lib/libcfg_if-23874e15830ed336.rlib" "/opt/rustwide/rustup-home/toolchains/beta-2023-12-22-x86_64-unknown-linux-gnu/lib/rustlib/x86_64-unknown-linux-gnu/lib/liblibc-e47cddc003bce885.rlib" "/opt/rustwide/rustup-home/toolchains/beta-2023-12-22-x86_64-unknown-linux-gnu/lib/rustlib/x86_64-unknown-linux-gnu/lib/liballoc-c22b13b48a8f128e.rlib" "/opt/rustwide/rustup-home/toolchains/beta-2023-12-22-x86_64-unknown-linux-gnu/lib/rustlib/x86_64-unknown-linux-gnu/lib/librustc_std_workspace_core-e46bc3da6d7c462f.rlib" "/opt/rustwide/rustup-home/toolchains/beta-2023-12-22-x86_64-unknown-linux-gnu/lib/rustlib/x86_64-unknown-linux-gnu/lib/libcore-8d1ac131d3cb2645.rlib" "/opt/rustwide/rustup-home/toolchains/beta-2023-12-22-x86_64-unknown-linux-gnu/lib/rustlib/x86_64-unknown-linux-gnu/lib/libcompiler_builtins-a1b43df8c6899c1f.rlib" "-Wl,-Bdynamic" "-lgcc_s" "-lutil" "-lrt" "-lpthread" "-lm" "-ldl" "-lc" "-Wl,--eh-frame-hdr" "-Wl,-z,noexecstack" "-L" "/opt/rustwide/rustup-home/toolchains/beta-2023-12-22-x86_64-unknown-linux-gnu/lib/rustlib/x86_64-unknown-linux-gnu/lib" "-o" "/tmp/rustdoctestueFHRL/rust_out" "-Wl,--gc-sections" "-pie" "-Wl,-z,relro,-z,now" "-nodefaultlibs"
[INFO] [stdout]   = note: collect2: fatal error: ld terminated with signal 9 [Killed]
[INFO] [stdout]           compilation terminated.
[INFO] [stdout]           
[INFO] [stdout] 
[INFO] [stdout] error: aborting due to 1 previous error
[INFO] [stdout] 
[INFO] [stdout] Couldn't compile the test.
[INFO] [stdout] ---- src/lib.rs - Shopify::new (line 134) stdout ----
[INFO] [stdout] error: linking with `cc` failed: exit status: 1
[INFO] [stdout]   |
[INFO] [stdout]   = note: LC_ALL="C" PATH="/opt/rustwide/rustup-home/toolchains/beta-2023-12-22-x86_64-unknown-linux-gnu/lib/rustlib/x86_64-unknown-linux-gnu/bin:/opt/rustwide/cargo-home/bin:/usr/local/sbin:/usr/local/bin:/usr/sbin:/usr/bin:/sbin:/bin" VSLANG="1033" "cc" "-m64" "/tmp/rustcHDiERJ/symbols.o" "/tmp/rustdoctestwE7mMf/rust_out.rust_out.1380c8ea7c88b8e2-cgu.0.rcgu.o" "/tmp/rustdoctestwE7mMf/rust_out.3lr6z6385pynyhem.rcgu.o" "-Wl,--as-needed" "-L" "/opt/rustwide/target/debug/deps" "-L" "/opt/rustwide/target/debug/deps" "-L" "/opt/rustwide/target/debug/build/ring-2417f3adeafa936e/out" "-L" "/opt/rustwide/rustup-home/toolchains/beta-2023-12-22-x86_64-unknown-linux-gnu/lib/rustlib/x86_64-unknown-linux-gnu/lib" "-Wl,-Bstatic" "/opt/rustwide/target/debug/deps/libshopify_api-06e70ac2492d2bc9.rlib" "/opt/rustwide/target/debug/deps/libreqwest-dafabedaf1005764.rlib" "/opt/rustwide/target/debug/deps/librustls_pemfile-3f641796f2486191.rlib" "/opt/rustwide/target/debug/deps/libhyper_rustls-ff7bf219308f3237.rlib" "/opt/rustwide/target/debug/deps/libserde_urlencoded-07e3d6fe56ed666c.rlib" "/opt/rustwide/target/debug/deps/libwebpki_roots-ccf3be5f1776ee45.rlib" "/opt/rustwide/target/debug/deps/libbase64-2b534aee40fff6b4.rlib" "/opt/rustwide/target/debug/deps/libipnet-fc05b2bd4dc777ac.rlib" "/opt/rustwide/target/debug/deps/libtokio_rustls-2012423e2d72cea9.rlib" "/opt/rustwide/target/debug/deps/libmime-a9df5a780629fb7d.rlib" "/opt/rustwide/target/debug/deps/libencoding_rs-4339e23ae7924400.rlib" "/opt/rustwide/target/debug/deps/librustls-2253e48b4cfe1ab4.rlib" "/opt/rustwide/target/debug/deps/libsct-25c540a3396a98d8.rlib" "/opt/rustwide/target/debug/deps/libwebpki-03995db6dd9afa8f.rlib" "/opt/rustwide/target/debug/deps/libring-2ea69163028d5a92.rlib" "/opt/rustwide/target/debug/deps/libspin-e858d3468b8e3abd.rlib" "/opt/rustwide/target/debug/deps/libuntrusted-6cf40e3a64622ff0.rlib" "/opt/rustwide/target/debug/deps/libhyper-54acc987dba8539e.rlib" "/opt/rustwide/target/debug/deps/libwant-a53deb880f5b4491.rlib" "/opt/rustwide/target/debug/deps/libtry_lock-539bdf1ed77a7a8a.rlib" "/opt/rustwide/target/debug/deps/libsocket2-614183f725d8ad32.rlib" "/opt/rustwide/target/debug/deps/libhttparse-2dbc320ca65411a3.rlib" "/opt/rustwide/target/debug/deps/libh2-fe68199998ed6f5d.rlib" "/opt/rustwide/target/debug/deps/libindexmap-7ff1a537f445f359.rlib" "/opt/rustwide/target/debug/deps/libhashbrown-e273ba0f8cdcbe5b.rlib" "/opt/rustwide/target/debug/deps/libtokio_util-57e605db7c73a1b4.rlib" "/opt/rustwide/target/debug/deps/libfutures_sink-3387e8374b45be05.rlib" "/opt/rustwide/target/debug/deps/libtower_service-92bbc7b5a1dd8782.rlib" "/opt/rustwide/target/debug/deps/libtracing-89bf8b45998a2c50.rlib" "/opt/rustwide/target/debug/deps/libtracing_core-815060965cc8a5e2.rlib" "/opt/rustwide/target/debug/deps/libonce_cell-728f13abc4f8cf5f.rlib" "/opt/rustwide/target/debug/deps/libfutures_channel-637238153abbcb6b.rlib" "/opt/rustwide/target/debug/deps/libfutures_util-b1e8a25dd0a400a9.rlib" "/opt/rustwide/target/debug/deps/libslab-0a39a638bccea296.rlib" "/opt/rustwide/target/debug/deps/libfutures_task-44fabbc3ce50b4f3.rlib" "/opt/rustwide/target/debug/deps/libpin_utils-9c5dcf17efb91bff.rlib" "/opt/rustwide/target/debug/deps/libtokio-f66885bca146cde3.rlib" "/opt/rustwide/target/debug/deps/libsignal_hook_registry-dbeb6b1e7ccffdc6.rlib" "/opt/rustwide/target/debug/deps/libnum_cpus-99da39e1ff91ba70.rlib" "/opt/rustwide/target/debug/deps/libsocket2-f71a68275f9a1a66.rlib" "/opt/rustwide/target/debug/deps/libmio-fb4e4984663c3bb8.rlib" "/opt/rustwide/target/debug/deps/libparking_lot-dfb2fc642cce6f63.rlib" "/opt/rustwide/target/debug/deps/libparking_lot_core-2f3de9494ad1cd3f.rlib" "/opt/rustwide/target/debug/deps/libcfg_if-e7002d307f97bc56.rlib" "/opt/rustwide/target/debug/deps/libsmallvec-e3d8269c0db97757.rlib" "/opt/rustwide/target/debug/deps/liblock_api-01b7e6f95550bc19.rlib" "/opt/rustwide/target/debug/deps/libscopeguard-f937485db0060aca.rlib" "/opt/rustwide/target/debug/deps/libhttp_body-ea6184694126acf5.rlib" "/opt/rustwide/target/debug/deps/libpin_project_lite-085b19c93bbb2231.rlib" "/opt/rustwide/target/debug/deps/liblog-2cf4a51dfa4e790a.rlib" "/opt/rustwide/target/debug/deps/libfutures_core-eae31d72cfa7dcb2.rlib" "/opt/rustwide/target/debug/deps/liburl-7f57060bbb46f1e7.rlib" "/opt/rustwide/target/debug/deps/libidna-cec821f7529828f2.rlib" "/opt/rustwide/target/debug/deps/libunicode_normalization-a49209942f8cb303.rlib" "/opt/rustwide/target/debug/deps/libtinyvec-dcbbce603bc23510.rlib" "/opt/rustwide/target/debug/deps/libtinyvec_macros-333661e3b238a9a3.rlib" "/opt/rustwide/target/debug/deps/libunicode_bidi-ee612f5df1be5cab.rlib" "/opt/rustwide/target/debug/deps/libform_urlencoded-ee95c3013bc32c40.rlib" "/opt/rustwide/target/debug/deps/libpercent_encoding-c878b6f40f2978b2.rlib" "/opt/rustwide/target/debug/deps/libhttp-396997dd6093bbfa.rlib" "/opt/rustwide/target/debug/deps/libbytes-8217216c646d0e94.rlib" "/opt/rustwide/target/debug/deps/libfnv-953831fe314029b4.rlib" "/opt/rustwide/target/debug/deps/libserde_json-e51b04250caf195d.rlib" "/opt/rustwide/target/debug/deps/libryu-d2c3aff9aeca12bd.rlib" "/opt/rustwide/target/debug/deps/libitoa-c3a42249f065e11e.rlib" "/opt/rustwide/target/debug/deps/libserde-fdd5b7fedac25074.rlib" "/opt/rustwide/target/debug/deps/libthiserror-81d3b111a3772a45.rlib" "/opt/rustwide/target/debug/deps/libchrono-aa49786cfb7e291e.rlib" "/opt/rustwide/target/debug/deps/libnum_traits-88f4e869d93199ad.rlib" "/opt/rustwide/target/debug/deps/libiana_time_zone-1e31e534761afa1b.rlib" "/opt/rustwide/target/debug/deps/libtime-7c2e0ad725db5b4d.rlib" "/opt/rustwide/target/debug/deps/liblibc-4b0b24147de68dac.rlib" "/opt/rustwide/rustup-home/toolchains/beta-2023-12-22-x86_64-unknown-linux-gnu/lib/rustlib/x86_64-unknown-linux-gnu/lib/libstd-0672489a78b613de.rlib" "/opt/rustwide/rustup-home/toolchains/beta-2023-12-22-x86_64-unknown-linux-gnu/lib/rustlib/x86_64-unknown-linux-gnu/lib/libpanic_unwind-7eb3ffc34a49f675.rlib" "/opt/rustwide/rustup-home/toolchains/beta-2023-12-22-x86_64-unknown-linux-gnu/lib/rustlib/x86_64-unknown-linux-gnu/lib/libobject-6478a9daa4bee8e2.rlib" "/opt/rustwide/rustup-home/toolchains/beta-2023-12-22-x86_64-unknown-linux-gnu/lib/rustlib/x86_64-unknown-linux-gnu/lib/libmemchr-0c75d871a5c3923d.rlib" "/opt/rustwide/rustup-home/toolchains/beta-2023-12-22-x86_64-unknown-linux-gnu/lib/rustlib/x86_64-unknown-linux-gnu/lib/libaddr2line-d163ef63ad37bb71.rlib" "/opt/rustwide/rustup-home/toolchains/beta-2023-12-22-x86_64-unknown-linux-gnu/lib/rustlib/x86_64-unknown-linux-gnu/lib/libgimli-8a3fd810a85b9f4c.rlib" "/opt/rustwide/rustup-home/toolchains/beta-2023-12-22-x86_64-unknown-linux-gnu/lib/rustlib/x86_64-unknown-linux-gnu/lib/librustc_demangle-462a2cde8c5dfc10.rlib" "/opt/rustwide/rustup-home/toolchains/beta-2023-12-22-x86_64-unknown-linux-gnu/lib/rustlib/x86_64-unknown-linux-gnu/lib/libstd_detect-cb06ac9f54713f71.rlib" "/opt/rustwide/rustup-home/toolchains/beta-2023-12-22-x86_64-unknown-linux-gnu/lib/rustlib/x86_64-unknown-linux-gnu/lib/libhashbrown-f20bfd1f8e59b393.rlib" "/opt/rustwide/rustup-home/toolchains/beta-2023-12-22-x86_64-unknown-linux-gnu/lib/rustlib/x86_64-unknown-linux-gnu/lib/librustc_std_workspace_alloc-1ef460949b49da4b.rlib" "/opt/rustwide/rustup-home/toolchains/beta-2023-12-22-x86_64-unknown-linux-gnu/lib/rustlib/x86_64-unknown-linux-gnu/lib/libminiz_oxide-2cb0c0ffe4f87514.rlib" "/opt/rustwide/rustup-home/toolchains/beta-2023-12-22-x86_64-unknown-linux-gnu/lib/rustlib/x86_64-unknown-linux-gnu/lib/libadler-58d841eb322a11a2.rlib" "/opt/rustwide/rustup-home/toolchains/beta-2023-12-22-x86_64-unknown-linux-gnu/lib/rustlib/x86_64-unknown-linux-gnu/lib/libunwind-aa2ae0b0a9d11533.rlib" "/opt/rustwide/rustup-home/toolchains/beta-2023-12-22-x86_64-unknown-linux-gnu/lib/rustlib/x86_64-unknown-linux-gnu/lib/libcfg_if-23874e15830ed336.rlib" "/opt/rustwide/rustup-home/toolchains/beta-2023-12-22-x86_64-unknown-linux-gnu/lib/rustlib/x86_64-unknown-linux-gnu/lib/liblibc-e47cddc003bce885.rlib" "/opt/rustwide/rustup-home/toolchains/beta-2023-12-22-x86_64-unknown-linux-gnu/lib/rustlib/x86_64-unknown-linux-gnu/lib/liballoc-c22b13b48a8f128e.rlib" "/opt/rustwide/rustup-home/toolchains/beta-2023-12-22-x86_64-unknown-linux-gnu/lib/rustlib/x86_64-unknown-linux-gnu/lib/librustc_std_workspace_core-e46bc3da6d7c462f.rlib" "/opt/rustwide/rustup-home/toolchains/beta-2023-12-22-x86_64-unknown-linux-gnu/lib/rustlib/x86_64-unknown-linux-gnu/lib/libcore-8d1ac131d3cb2645.rlib" "/opt/rustwide/rustup-home/toolchains/beta-2023-12-22-x86_64-unknown-linux-gnu/lib/rustlib/x86_64-unknown-linux-gnu/lib/libcompiler_builtins-a1b43df8c6899c1f.rlib" "-Wl,-Bdynamic" "-lgcc_s" "-lutil" "-lrt" "-lpthread" "-lm" "-ldl" "-lc" "-Wl,--eh-frame-hdr" "-Wl,-z,noexecstack" "-L" "/opt/rustwide/rustup-home/toolchains/beta-2023-12-22-x86_64-unknown-linux-gnu/lib/rustlib/x86_64-unknown-linux-gnu/lib" "-o" "/tmp/rustdoctestwE7mMf/rust_out" "-Wl,--gc-sections" "-pie" "-Wl,-z,relro,-z,now" "-nodefaultlibs"
[INFO] [stdout]   = note: collect2: fatal error: ld terminated with signal 9 [Killed]
[INFO] [stdout]           compilation terminated.
[INFO] [stdout]           
[INFO] [stdout] 
[INFO] [stdout] error: aborting due to 1 previous error
[INFO] [stdout] 
[INFO] [stdout] Couldn't compile the test.
[INFO] [stdout] ---- src/utils.rs - utils::read_json_tree (line 116) stdout ----
[INFO] [stdout] error: linking with `cc` failed: exit status: 1
[INFO] [stdout]   |
[INFO] [stdout]   = note: LC_ALL="C" PATH="/opt/rustwide/rustup-home/toolchains/beta-2023-12-22-x86_64-unknown-linux-gnu/lib/rustlib/x86_64-unknown-linux-gnu/bin:/opt/rustwide/cargo-home/bin:/usr/local/sbin:/usr/local/bin:/usr/sbin:/usr/bin:/sbin:/bin" VSLANG="1033" "cc" "-m64" "/tmp/rustcTvT3zo/symbols.o" "/tmp/rustdoctestKTwO5G/rust_out.rust_out.1380c8ea7c88b8e2-cgu.0.rcgu.o" "/tmp/rustdoctestKTwO5G/rust_out.3lr6z6385pynyhem.rcgu.o" "-Wl,--as-needed" "-L" "/opt/rustwide/target/debug/deps" "-L" "/opt/rustwide/target/debug/deps" "-L" "/opt/rustwide/target/debug/build/ring-2417f3adeafa936e/out" "-L" "/opt/rustwide/rustup-home/toolchains/beta-2023-12-22-x86_64-unknown-linux-gnu/lib/rustlib/x86_64-unknown-linux-gnu/lib" "-Wl,-Bstatic" "/opt/rustwide/target/debug/deps/libshopify_api-06e70ac2492d2bc9.rlib" "/opt/rustwide/target/debug/deps/libreqwest-dafabedaf1005764.rlib" "/opt/rustwide/target/debug/deps/librustls_pemfile-3f641796f2486191.rlib" "/opt/rustwide/target/debug/deps/libhyper_rustls-ff7bf219308f3237.rlib" "/opt/rustwide/target/debug/deps/libserde_urlencoded-07e3d6fe56ed666c.rlib" "/opt/rustwide/target/debug/deps/libwebpki_roots-ccf3be5f1776ee45.rlib" "/opt/rustwide/target/debug/deps/libbase64-2b534aee40fff6b4.rlib" "/opt/rustwide/target/debug/deps/libipnet-fc05b2bd4dc777ac.rlib" "/opt/rustwide/target/debug/deps/libtokio_rustls-2012423e2d72cea9.rlib" "/opt/rustwide/target/debug/deps/libmime-a9df5a780629fb7d.rlib" "/opt/rustwide/target/debug/deps/libencoding_rs-4339e23ae7924400.rlib" "/opt/rustwide/target/debug/deps/librustls-2253e48b4cfe1ab4.rlib" "/opt/rustwide/target/debug/deps/libsct-25c540a3396a98d8.rlib" "/opt/rustwide/target/debug/deps/libwebpki-03995db6dd9afa8f.rlib" "/opt/rustwide/target/debug/deps/libring-2ea69163028d5a92.rlib" "/opt/rustwide/target/debug/deps/libspin-e858d3468b8e3abd.rlib" "/opt/rustwide/target/debug/deps/libuntrusted-6cf40e3a64622ff0.rlib" "/opt/rustwide/target/debug/deps/libhyper-54acc987dba8539e.rlib" "/opt/rustwide/target/debug/deps/libwant-a53deb880f5b4491.rlib" "/opt/rustwide/target/debug/deps/libtry_lock-539bdf1ed77a7a8a.rlib" "/opt/rustwide/target/debug/deps/libsocket2-614183f725d8ad32.rlib" "/opt/rustwide/target/debug/deps/libhttparse-2dbc320ca65411a3.rlib" "/opt/rustwide/target/debug/deps/libh2-fe68199998ed6f5d.rlib" "/opt/rustwide/target/debug/deps/libindexmap-7ff1a537f445f359.rlib" "/opt/rustwide/target/debug/deps/libhashbrown-e273ba0f8cdcbe5b.rlib" "/opt/rustwide/target/debug/deps/libtokio_util-57e605db7c73a1b4.rlib" "/opt/rustwide/target/debug/deps/libfutures_sink-3387e8374b45be05.rlib" "/opt/rustwide/target/debug/deps/libtower_service-92bbc7b5a1dd8782.rlib" "/opt/rustwide/target/debug/deps/libtracing-89bf8b45998a2c50.rlib" "/opt/rustwide/target/debug/deps/libtracing_core-815060965cc8a5e2.rlib" "/opt/rustwide/target/debug/deps/libonce_cell-728f13abc4f8cf5f.rlib" "/opt/rustwide/target/debug/deps/libfutures_channel-637238153abbcb6b.rlib" "/opt/rustwide/target/debug/deps/libfutures_util-b1e8a25dd0a400a9.rlib" "/opt/rustwide/target/debug/deps/libslab-0a39a638bccea296.rlib" "/opt/rustwide/target/debug/deps/libfutures_task-44fabbc3ce50b4f3.rlib" "/opt/rustwide/target/debug/deps/libpin_utils-9c5dcf17efb91bff.rlib" "/opt/rustwide/target/debug/deps/libtokio-f66885bca146cde3.rlib" "/opt/rustwide/target/debug/deps/libsignal_hook_registry-dbeb6b1e7ccffdc6.rlib" "/opt/rustwide/target/debug/deps/libnum_cpus-99da39e1ff91ba70.rlib" "/opt/rustwide/target/debug/deps/libsocket2-f71a68275f9a1a66.rlib" "/opt/rustwide/target/debug/deps/libmio-fb4e4984663c3bb8.rlib" "/opt/rustwide/target/debug/deps/libparking_lot-dfb2fc642cce6f63.rlib" "/opt/rustwide/target/debug/deps/libparking_lot_core-2f3de9494ad1cd3f.rlib" "/opt/rustwide/target/debug/deps/libcfg_if-e7002d307f97bc56.rlib" "/opt/rustwide/target/debug/deps/libsmallvec-e3d8269c0db97757.rlib" "/opt/rustwide/target/debug/deps/liblock_api-01b7e6f95550bc19.rlib" "/opt/rustwide/target/debug/deps/libscopeguard-f937485db0060aca.rlib" "/opt/rustwide/target/debug/deps/libhttp_body-ea6184694126acf5.rlib" "/opt/rustwide/target/debug/deps/libpin_project_lite-085b19c93bbb2231.rlib" "/opt/rustwide/target/debug/deps/liblog-2cf4a51dfa4e790a.rlib" "/opt/rustwide/target/debug/deps/libfutures_core-eae31d72cfa7dcb2.rlib" "/opt/rustwide/target/debug/deps/liburl-7f57060bbb46f1e7.rlib" "/opt/rustwide/target/debug/deps/libidna-cec821f7529828f2.rlib" "/opt/rustwide/target/debug/deps/libunicode_normalization-a49209942f8cb303.rlib" "/opt/rustwide/target/debug/deps/libtinyvec-dcbbce603bc23510.rlib" "/opt/rustwide/target/debug/deps/libtinyvec_macros-333661e3b238a9a3.rlib" "/opt/rustwide/target/debug/deps/libunicode_bidi-ee612f5df1be5cab.rlib" "/opt/rustwide/target/debug/deps/libform_urlencoded-ee95c3013bc32c40.rlib" "/opt/rustwide/target/debug/deps/libpercent_encoding-c878b6f40f2978b2.rlib" "/opt/rustwide/target/debug/deps/libhttp-396997dd6093bbfa.rlib" "/opt/rustwide/target/debug/deps/libbytes-8217216c646d0e94.rlib" "/opt/rustwide/target/debug/deps/libfnv-953831fe314029b4.rlib" "/opt/rustwide/target/debug/deps/libserde_json-e51b04250caf195d.rlib" "/opt/rustwide/target/debug/deps/libryu-d2c3aff9aeca12bd.rlib" "/opt/rustwide/target/debug/deps/libitoa-c3a42249f065e11e.rlib" "/opt/rustwide/target/debug/deps/libserde-fdd5b7fedac25074.rlib" "/opt/rustwide/target/debug/deps/libthiserror-81d3b111a3772a45.rlib" "/opt/rustwide/target/debug/deps/libchrono-aa49786cfb7e291e.rlib" "/opt/rustwide/target/debug/deps/libnum_traits-88f4e869d93199ad.rlib" "/opt/rustwide/target/debug/deps/libiana_time_zone-1e31e534761afa1b.rlib" "/opt/rustwide/target/debug/deps/libtime-7c2e0ad725db5b4d.rlib" "/opt/rustwide/target/debug/deps/liblibc-4b0b24147de68dac.rlib" "/opt/rustwide/rustup-home/toolchains/beta-2023-12-22-x86_64-unknown-linux-gnu/lib/rustlib/x86_64-unknown-linux-gnu/lib/libstd-0672489a78b613de.rlib" "/opt/rustwide/rustup-home/toolchains/beta-2023-12-22-x86_64-unknown-linux-gnu/lib/rustlib/x86_64-unknown-linux-gnu/lib/libpanic_unwind-7eb3ffc34a49f675.rlib" "/opt/rustwide/rustup-home/toolchains/beta-2023-12-22-x86_64-unknown-linux-gnu/lib/rustlib/x86_64-unknown-linux-gnu/lib/libobject-6478a9daa4bee8e2.rlib" "/opt/rustwide/rustup-home/toolchains/beta-2023-12-22-x86_64-unknown-linux-gnu/lib/rustlib/x86_64-unknown-linux-gnu/lib/libmemchr-0c75d871a5c3923d.rlib" "/opt/rustwide/rustup-home/toolchains/beta-2023-12-22-x86_64-unknown-linux-gnu/lib/rustlib/x86_64-unknown-linux-gnu/lib/libaddr2line-d163ef63ad37bb71.rlib" "/opt/rustwide/rustup-home/toolchains/beta-2023-12-22-x86_64-unknown-linux-gnu/lib/rustlib/x86_64-unknown-linux-gnu/lib/libgimli-8a3fd810a85b9f4c.rlib" "/opt/rustwide/rustup-home/toolchains/beta-2023-12-22-x86_64-unknown-linux-gnu/lib/rustlib/x86_64-unknown-linux-gnu/lib/librustc_demangle-462a2cde8c5dfc10.rlib" "/opt/rustwide/rustup-home/toolchains/beta-2023-12-22-x86_64-unknown-linux-gnu/lib/rustlib/x86_64-unknown-linux-gnu/lib/libstd_detect-cb06ac9f54713f71.rlib" "/opt/rustwide/rustup-home/toolchains/beta-2023-12-22-x86_64-unknown-linux-gnu/lib/rustlib/x86_64-unknown-linux-gnu/lib/libhashbrown-f20bfd1f8e59b393.rlib" "/opt/rustwide/rustup-home/toolchains/beta-2023-12-22-x86_64-unknown-linux-gnu/lib/rustlib/x86_64-unknown-linux-gnu/lib/librustc_std_workspace_alloc-1ef460949b49da4b.rlib" "/opt/rustwide/rustup-home/toolchains/beta-2023-12-22-x86_64-unknown-linux-gnu/lib/rustlib/x86_64-unknown-linux-gnu/lib/libminiz_oxide-2cb0c0ffe4f87514.rlib" "/opt/rustwide/rustup-home/toolchains/beta-2023-12-22-x86_64-unknown-linux-gnu/lib/rustlib/x86_64-unknown-linux-gnu/lib/libadler-58d841eb322a11a2.rlib" "/opt/rustwide/rustup-home/toolchains/beta-2023-12-22-x86_64-unknown-linux-gnu/lib/rustlib/x86_64-unknown-linux-gnu/lib/libunwind-aa2ae0b0a9d11533.rlib" "/opt/rustwide/rustup-home/toolchains/beta-2023-12-22-x86_64-unknown-linux-gnu/lib/rustlib/x86_64-unknown-linux-gnu/lib/libcfg_if-23874e15830ed336.rlib" "/opt/rustwide/rustup-home/toolchains/beta-2023-12-22-x86_64-unknown-linux-gnu/lib/rustlib/x86_64-unknown-linux-gnu/lib/liblibc-e47cddc003bce885.rlib" "/opt/rustwide/rustup-home/toolchains/beta-2023-12-22-x86_64-unknown-linux-gnu/lib/rustlib/x86_64-unknown-linux-gnu/lib/liballoc-c22b13b48a8f128e.rlib" "/opt/rustwide/rustup-home/toolchains/beta-2023-12-22-x86_64-unknown-linux-gnu/lib/rustlib/x86_64-unknown-linux-gnu/lib/librustc_std_workspace_core-e46bc3da6d7c462f.rlib" "/opt/rustwide/rustup-home/toolchains/beta-2023-12-22-x86_64-unknown-linux-gnu/lib/rustlib/x86_64-unknown-linux-gnu/lib/libcore-8d1ac131d3cb2645.rlib" "/opt/rustwide/rustup-home/toolchains/beta-2023-12-22-x86_64-unknown-linux-gnu/lib/rustlib/x86_64-unknown-linux-gnu/lib/libcompiler_builtins-a1b43df8c6899c1f.rlib" "-Wl,-Bdynamic" "-lgcc_s" "-lutil" "-lrt" "-lpthread" "-lm" "-ldl" "-lc" "-Wl,--eh-frame-hdr" "-Wl,-z,noexecstack" "-L" "/opt/rustwide/rustup-home/toolchains/beta-2023-12-22-x86_64-unknown-linux-gnu/lib/rustlib/x86_64-unknown-linux-gnu/lib" "-o" "/tmp/rustdoctestKTwO5G/rust_out" "-Wl,--gc-sections" "-pie" "-Wl,-z,relro,-z,now" "-nodefaultlibs"
[INFO] [stdout]   = note: collect2: fatal error: ld terminated with signal 9 [Killed]
[INFO] [stdout]           compilation terminated.
[INFO] [stdout]           
[INFO] [stdout] 
[INFO] [stdout] error: aborting due to 1 previous error
[INFO] [stdout] 
[INFO] [stdout] Couldn't compile the test.
[INFO] [stdout] 
[INFO] [stdout] failures:
[INFO] [stdout]     src/graphql/bulk_query.rs - graphql::bulk_query::Shopify::get_bulk_by_id (line 61)
[INFO] [stdout]     src/graphql/mod.rs - graphql::Shopify::graphql_query (line 82)
[INFO] [stdout]     src/lib.rs - Shopify::get_shop (line 177)
[INFO] [stdout]     src/lib.rs - Shopify::new (line 134)
[INFO] [stdout]     src/rest/mod.rs - rest::Shopify::rest_query (line 107)
[INFO] [stdout]     src/utils.rs - utils::read_json_tree (line 116)
[INFO] [stdout] 
[INFO] [stdout] test result: FAILED. 7 passed; 6 failed; 0 ignored; 0 measured; 0 filtered out; finished in 4.47s
[INFO] [stdout] 
[INFO] [stderr] error: doctest failed, to rerun pass `--doc`
[INFO] running `Command { std: "docker" "inspect" "9faa9b29cde404bc6b2bde0cf1845ef12f3ee615affec8accaf01197f1258554", kill_on_drop: false }`
[INFO] running `Command { std: "docker" "rm" "-f" "9faa9b29cde404bc6b2bde0cf1845ef12f3ee615affec8accaf01197f1258554", kill_on_drop: false }`
[INFO] [stdout] 9faa9b29cde404bc6b2bde0cf1845ef12f3ee615affec8accaf01197f1258554
