[INFO] cloning repository https://github.com/0xpr03/sqlx_hang_poc
[INFO] running `Command { std: "git" "-c" "credential.helper=" "-c" "credential.helper=/workspace/cargo-home/bin/git-credential-null" "clone" "--bare" "https://github.com/0xpr03/sqlx_hang_poc" "/workspace/cache/git-repos/https%3A%2F%2Fgithub.com%2F0xpr03%2Fsqlx_hang_poc", kill_on_drop: false }`
[INFO] [stderr] Cloning into bare repository '/workspace/cache/git-repos/https%3A%2F%2Fgithub.com%2F0xpr03%2Fsqlx_hang_poc'...
[INFO] running `Command { std: "git" "rev-parse" "HEAD", kill_on_drop: false }`
[INFO] [stdout] 32fdde2462015a9f750c735453c0885e5c68c356
[INFO] testing 0xpr03/sqlx_hang_poc against 1.75.0 for beta-1.76-1
[INFO] running `Command { std: "git" "clone" "/workspace/cache/git-repos/https%3A%2F%2Fgithub.com%2F0xpr03%2Fsqlx_hang_poc" "/workspace/builds/worker-6-tc1/source", kill_on_drop: false }`
[INFO] [stderr] Cloning into '/workspace/builds/worker-6-tc1/source'...
[INFO] [stderr] done.
[INFO] validating manifest of git repo https://github.com/0xpr03/sqlx_hang_poc on toolchain 1.75.0
[INFO] running `Command { std: CARGO_HOME="/workspace/cargo-home" RUSTUP_HOME="/workspace/rustup-home" "/workspace/cargo-home/bin/cargo" "+1.75.0" "metadata" "--manifest-path" "Cargo.toml" "--no-deps", kill_on_drop: false }`
[INFO] started tweaking git repo https://github.com/0xpr03/sqlx_hang_poc
[INFO] finished tweaking git repo https://github.com/0xpr03/sqlx_hang_poc
[INFO] tweaked toml for git repo https://github.com/0xpr03/sqlx_hang_poc written to /workspace/builds/worker-6-tc1/source/Cargo.toml
[INFO] crate git repo https://github.com/0xpr03/sqlx_hang_poc already has a lockfile, it will not be regenerated
[INFO] running `Command { std: CARGO_HOME="/workspace/cargo-home" RUSTUP_HOME="/workspace/rustup-home" "/workspace/cargo-home/bin/cargo" "+1.75.0" "fetch" "--manifest-path" "Cargo.toml", kill_on_drop: false }`
[INFO] [stderr]  Downloading crates ...
[INFO] [stderr]   Downloaded sqlx-macros v0.5.10
[INFO] [stderr]   Downloaded sqlx-rt v0.5.10
[INFO] [stderr]   Downloaded eyre v0.6.6
[INFO] [stderr]   Downloaded zeroize_derive v1.3.1
[INFO] [stderr]   Downloaded num-bigint-dig v0.7.0
[INFO] [stderr]   Downloaded sqlx v0.5.10
[INFO] [stderr]   Downloaded sqlx-core v0.5.10
[INFO] running `Command { std: "docker" "create" "-v" "/var/lib/crater-agent-workspace/builds/worker-6-tc1/target:/opt/rustwide/target:rw,Z" "-v" "/var/lib/crater-agent-workspace/builds/worker-6-tc1/source:/opt/rustwide/workdir:ro,Z" "-v" "/var/lib/crater-agent-workspace/cargo-home:/opt/rustwide/cargo-home:ro,Z" "-v" "/var/lib/crater-agent-workspace/rustup-home:/opt/rustwide/rustup-home:ro,Z" "-e" "SOURCE_DIR=/opt/rustwide/workdir" "-e" "CARGO_TARGET_DIR=/opt/rustwide/target" "-e" "CARGO_HOME=/opt/rustwide/cargo-home" "-e" "RUSTUP_HOME=/opt/rustwide/rustup-home" "-w" "/opt/rustwide/workdir" "-m" "1610612736" "--user" "0:0" "--network" "none" "ghcr.io/rust-lang/crates-build-env/linux@sha256:2788e3201cd34a07e3172128adcd8b3090168a8e3bcc40d7c032b9dda1df7d1c" "/opt/rustwide/cargo-home/bin/cargo" "+1.75.0" "metadata" "--no-deps" "--format-version=1", kill_on_drop: false }`
[INFO] [stdout] a1bb9771ba8a1a748dd97111d0b15ba475f7a300fd34611fa5175857c10d563e
[INFO] running `Command { std: "docker" "start" "-a" "a1bb9771ba8a1a748dd97111d0b15ba475f7a300fd34611fa5175857c10d563e", kill_on_drop: false }`
[INFO] running `Command { std: "docker" "inspect" "a1bb9771ba8a1a748dd97111d0b15ba475f7a300fd34611fa5175857c10d563e", kill_on_drop: false }`
[INFO] running `Command { std: "docker" "rm" "-f" "a1bb9771ba8a1a748dd97111d0b15ba475f7a300fd34611fa5175857c10d563e", kill_on_drop: false }`
[INFO] [stdout] a1bb9771ba8a1a748dd97111d0b15ba475f7a300fd34611fa5175857c10d563e
[INFO] running `Command { std: "docker" "create" "-v" "/var/lib/crater-agent-workspace/builds/worker-6-tc1/target:/opt/rustwide/target:rw,Z" "-v" "/var/lib/crater-agent-workspace/builds/worker-6-tc1/source:/opt/rustwide/workdir:ro,Z" "-v" "/var/lib/crater-agent-workspace/cargo-home:/opt/rustwide/cargo-home:ro,Z" "-v" "/var/lib/crater-agent-workspace/rustup-home:/opt/rustwide/rustup-home:ro,Z" "-e" "SOURCE_DIR=/opt/rustwide/workdir" "-e" "CARGO_TARGET_DIR=/opt/rustwide/target" "-e" "CARGO_INCREMENTAL=0" "-e" "RUST_BACKTRACE=full" "-e" "RUSTFLAGS=--cap-lints=warn" "-e" "RUSTDOCFLAGS=--cap-lints=warn" "-e" "CARGO_HOME=/opt/rustwide/cargo-home" "-e" "RUSTUP_HOME=/opt/rustwide/rustup-home" "-w" "/opt/rustwide/workdir" "-m" "1610612736" "--user" "0:0" "--network" "none" "ghcr.io/rust-lang/crates-build-env/linux@sha256:2788e3201cd34a07e3172128adcd8b3090168a8e3bcc40d7c032b9dda1df7d1c" "/opt/rustwide/cargo-home/bin/cargo" "+1.75.0" "build" "--frozen" "--message-format=json", kill_on_drop: false }`
[INFO] [stdout] 5513fe05ba23b1f35174a9296c978794041c02dfbafffc6b985aa8e266d80b19
[INFO] running `Command { std: "docker" "start" "-a" "5513fe05ba23b1f35174a9296c978794041c02dfbafffc6b985aa8e266d80b19", kill_on_drop: false }`
[INFO] [stderr]    Compiling cfg-if v1.0.0
[INFO] [stderr]    Compiling autocfg v1.1.0
[INFO] [stderr]    Compiling libc v0.2.117
[INFO] [stderr]    Compiling version_check v0.9.4
[INFO] [stderr]    Compiling proc-macro2 v1.0.36
[INFO] [stderr]    Compiling unicode-xid v0.2.2
[INFO] [stderr]    Compiling syn v1.0.86
[INFO] [stderr]    Compiling once_cell v1.9.0
[INFO] [stderr]    Compiling typenum v1.15.0
[INFO] [stderr]    Compiling spin v0.5.2
[INFO] [stderr]    Compiling cc v1.0.72
[INFO] [stderr]    Compiling memchr v2.4.1
[INFO] [stderr]    Compiling pin-project-lite v0.2.8
[INFO] [stderr]    Compiling log v0.4.14
[INFO] [stderr]    Compiling pkg-config v0.3.24
[INFO] [stderr]    Compiling libm v0.2.2
[INFO] [stderr]    Compiling smallvec v1.8.0
[INFO] [stderr]    Compiling bytes v1.1.0
[INFO] [stderr]    Compiling parking_lot_core v0.8.5
[INFO] [stderr]    Compiling lazy_static v1.4.0
[INFO] [stderr]    Compiling instant v0.1.12
[INFO] [stderr]    Compiling subtle v2.4.1
[INFO] [stderr]    Compiling foreign-types-shared v0.1.1
[INFO] [stderr]    Compiling openssl v0.10.38
[INFO] [stderr]    Compiling scopeguard v1.1.0
[INFO] [stderr]    Compiling futures-core v0.3.21
[INFO] [stderr]    Compiling ppv-lite86 v0.2.16
[INFO] [stderr]    Compiling lock_api v0.4.6
[INFO] [stderr]    Compiling generic-array v0.14.5
[INFO] [stderr]    Compiling foreign-types v0.3.2
[INFO] [stderr]    Compiling autocfg v0.1.8
[INFO] [stderr]    Compiling num-traits v0.2.14
[INFO] [stderr]    Compiling num-integer v0.1.44
[INFO] [stderr]    Compiling num-iter v0.1.42
[INFO] [stderr]    Compiling native-tls v0.2.8
[INFO] [stderr]    Compiling bitflags v1.3.2
[INFO] [stderr]    Compiling const-oid v0.6.2
[INFO] [stderr]    Compiling num-bigint-dig v0.7.0
[INFO] [stderr]    Compiling ahash v0.7.6
[INFO] [stderr]    Compiling base64ct v1.1.1
[INFO] [stderr]    Compiling openssl-probe v0.1.5
[INFO] [stderr]    Compiling tinyvec_macros v0.1.0
[INFO] [stderr]    Compiling tinyvec v1.5.1
[INFO] [stderr]    Compiling byteorder v1.4.3
[INFO] [stderr]    Compiling crossbeam-utils v0.8.7
[INFO] [stderr]    Compiling pem-rfc7468 v0.2.4
[INFO] [stderr]    Compiling nom v7.1.0
[INFO] [stderr]    Compiling unicode-bidi v0.3.7
[INFO] [stderr]    Compiling futures-task v0.3.21
[INFO] [stderr]    Compiling quote v1.0.15
[INFO] [stderr]    Compiling getrandom v0.2.4
[INFO] [stderr]    Compiling mio v0.7.14
[INFO] [stderr]    Compiling num_cpus v1.13.1
[INFO] [stderr]    Compiling opaque-debug v0.3.0
[INFO] [stderr]    Compiling matches v0.1.9
[INFO] [stderr]    Compiling rand_core v0.6.3
[INFO] [stderr]    Compiling cpufeatures v0.2.1
[INFO] [stderr]    Compiling signal-hook-registry v1.4.0
[INFO] [stderr]    Compiling num-bigint v0.3.3
[INFO] [stderr]    Compiling indexmap v1.8.0
[INFO] [stderr]    Compiling futures-util v0.3.21
[INFO] [stderr]    Compiling openssl-sys v0.9.72
[INFO] [stderr]    Compiling rand_chacha v0.3.1
[INFO] [stderr]    Compiling parking_lot v0.11.2
[INFO] [stderr]    Compiling hashbrown v0.11.2
[INFO] [stderr]    Compiling either v1.6.1
[INFO] [stderr]    Compiling crossbeam-queue v0.3.4
[INFO] [stderr]    Compiling percent-encoding v2.1.0
[INFO] [stderr]    Compiling futures-channel v0.3.21
[INFO] [stderr]    Compiling tokio v1.16.1
[INFO] [stderr]    Compiling futures-sink v0.3.21
[INFO] [stderr]    Compiling minimal-lexical v0.2.1
[INFO] [stderr]    Compiling itertools v0.10.3
[INFO] [stderr]    Compiling unicode-normalization v0.1.19
[INFO] [stderr]    Compiling form_urlencoded v1.0.1
[INFO] [stderr]    Compiling rand v0.8.4
[INFO] [stderr]    Compiling crypto-bigint v0.2.11
[INFO] [stderr]    Compiling digest v0.9.0
[INFO] [stderr]    Compiling block-buffer v0.9.0
[INFO] [stderr]    Compiling tracing-core v0.1.22
[INFO] [stderr]    Compiling unicode_categories v0.1.1
[INFO] [stderr]    Compiling crc-catalog v1.1.1
[INFO] [stderr]    Compiling pin-utils v0.1.0
[INFO] [stderr]    Compiling crc v2.1.0
[INFO] [stderr]    Compiling sha-1 v0.9.8
[INFO] [stderr]    Compiling hashlink v0.7.0
[INFO] [stderr]    Compiling atoi v0.4.0
[INFO] [stderr]    Compiling futures-intrusive v0.4.0
[INFO] [stderr]    Compiling crossbeam-channel v0.5.2
[INFO] [stderr]    Compiling der v0.4.5
[INFO] [stderr]    Compiling idna v0.2.3
[INFO] [stderr]    Compiling stringprep v0.1.2
[INFO] [stderr]    Compiling miniz_oxide v0.4.4
[INFO] [stderr]    Compiling sharded-slab v0.1.4
[INFO] [stderr]    Compiling thread_local v1.1.4
[INFO] [stderr]    Compiling itoa v1.0.1
[INFO] [stderr]    Compiling hex v0.4.3
[INFO] [stderr]    Compiling url v2.2.2
[INFO] [stderr]    Compiling sha2 v0.9.9
[INFO] [stderr]    Compiling spki v0.4.1
[INFO] [stderr]    Compiling backtrace v0.3.64
[INFO] [stderr]    Compiling unicode-segmentation v1.9.0
[INFO] [stderr]    Compiling adler v1.0.2
[INFO] [stderr]    Compiling eyre v0.6.6
[INFO] [stderr]    Compiling gimli v0.26.1
[INFO] [stderr]    Compiling tracing-subscriber v0.2.25
[INFO] [stderr]    Compiling heck v0.3.3
[INFO] [stderr]    Compiling object v0.27.1
[INFO] [stderr]    Compiling rustc-demangle v0.1.21
[INFO] [stderr]    Compiling owo-colors v1.3.0
[INFO] [stderr]    Compiling indenter v0.3.3
[INFO] [stderr]    Compiling dotenv v0.15.0
[INFO] [stderr]    Compiling sqlformat v0.1.8
[INFO] [stderr]    Compiling synstructure v0.12.6
[INFO] [stderr]    Compiling tokio-native-tls v0.3.0
[INFO] [stderr]    Compiling tokio-stream v0.1.8
[INFO] [stderr]    Compiling sqlx-rt v0.5.10
[INFO] [stderr]    Compiling addr2line v0.17.0
[INFO] [stderr]    Compiling zeroize_derive v1.3.1
[INFO] [stderr]    Compiling tokio-macros v1.7.0
[INFO] [stderr]    Compiling thiserror-impl v1.0.30
[INFO] [stderr]    Compiling tracing-attributes v0.1.19
[INFO] [stderr]    Compiling zeroize v1.4.3
[INFO] [stderr]    Compiling pkcs1 v0.2.4
[INFO] [stderr]    Compiling pkcs8 v0.7.6
[INFO] [stderr]    Compiling thiserror v1.0.30
[INFO] [stderr]    Compiling tracing v0.1.30
[INFO] [stderr]    Compiling tracing-error v0.1.2
[INFO] [stderr]    Compiling color-spantrace v0.1.6
[INFO] [stderr]    Compiling color-eyre v0.5.11
[INFO] [stderr]    Compiling rsa v0.5.0
[INFO] [stderr]    Compiling sqlx-core v0.5.10
[INFO] [stderr]    Compiling sqlx-macros v0.5.10
[INFO] [stderr]    Compiling sqlx v0.5.10
[INFO] [stderr]    Compiling sqlx_test_fail v0.1.0 (/opt/rustwide/workdir)
[INFO] [stdout] warning: unused import: `tokio::spawn`
[INFO] [stdout]  --> src/main.rs:8:5
[INFO] [stdout]   |
[INFO] [stdout] 8 | use tokio::spawn;
[INFO] [stdout]   |     ^^^^^^^^^^^^
[INFO] [stdout]   |
[INFO] [stdout]   = note: `#[warn(unused_imports)]` on by default
[INFO] [stdout] 
[INFO] [stdout] 
[INFO] [stdout] warning: function `some_transaction` is never used
[INFO] [stdout]   --> src/main.rs:43:10
[INFO] [stdout]    |
[INFO] [stdout] 43 | async fn some_transaction(sql: &mut sqlx::MySqlConnection, early_return: bool) -> Result<()> {
[INFO] [stdout]    |          ^^^^^^^^^^^^^^^^
[INFO] [stdout]    |
[INFO] [stdout]    = note: `#[warn(dead_code)]` on by default
[INFO] [stdout] 
[INFO] [stdout] 
[INFO] [stdout] warning: 2 warnings emitted
[INFO] [stdout] 
[INFO] [stdout] 
[INFO] [stderr]     Finished dev [unoptimized + debuginfo] target(s) in 16.77s
[INFO] running `Command { std: "docker" "inspect" "5513fe05ba23b1f35174a9296c978794041c02dfbafffc6b985aa8e266d80b19", kill_on_drop: false }`
[INFO] running `Command { std: "docker" "rm" "-f" "5513fe05ba23b1f35174a9296c978794041c02dfbafffc6b985aa8e266d80b19", kill_on_drop: false }`
[INFO] [stdout] 5513fe05ba23b1f35174a9296c978794041c02dfbafffc6b985aa8e266d80b19
[INFO] running `Command { std: "docker" "create" "-v" "/var/lib/crater-agent-workspace/builds/worker-6-tc1/target:/opt/rustwide/target:rw,Z" "-v" "/var/lib/crater-agent-workspace/builds/worker-6-tc1/source:/opt/rustwide/workdir:ro,Z" "-v" "/var/lib/crater-agent-workspace/cargo-home:/opt/rustwide/cargo-home:ro,Z" "-v" "/var/lib/crater-agent-workspace/rustup-home:/opt/rustwide/rustup-home:ro,Z" "-e" "SOURCE_DIR=/opt/rustwide/workdir" "-e" "CARGO_TARGET_DIR=/opt/rustwide/target" "-e" "CARGO_INCREMENTAL=0" "-e" "RUST_BACKTRACE=full" "-e" "RUSTFLAGS=--cap-lints=warn" "-e" "RUSTDOCFLAGS=--cap-lints=warn" "-e" "CARGO_HOME=/opt/rustwide/cargo-home" "-e" "RUSTUP_HOME=/opt/rustwide/rustup-home" "-w" "/opt/rustwide/workdir" "-m" "1610612736" "--user" "0:0" "--network" "none" "ghcr.io/rust-lang/crates-build-env/linux@sha256:2788e3201cd34a07e3172128adcd8b3090168a8e3bcc40d7c032b9dda1df7d1c" "/opt/rustwide/cargo-home/bin/cargo" "+1.75.0" "test" "--frozen" "--no-run" "--message-format=json", kill_on_drop: false }`
[INFO] [stdout] 52b3213577e62ec2de582ff4004ba10bb1ebf11238be544119596898b31bac00
[INFO] running `Command { std: "docker" "start" "-a" "52b3213577e62ec2de582ff4004ba10bb1ebf11238be544119596898b31bac00", kill_on_drop: false }`
[INFO] [stderr]    Compiling sqlx_test_fail v0.1.0 (/opt/rustwide/workdir)
[INFO] [stdout] warning: unused import: `tokio::spawn`
[INFO] [stdout]  --> src/main.rs:8:5
[INFO] [stdout]   |
[INFO] [stdout] 8 | use tokio::spawn;
[INFO] [stdout]   |     ^^^^^^^^^^^^
[INFO] [stdout]   |
[INFO] [stdout]   = note: `#[warn(unused_imports)]` on by default
[INFO] [stdout] 
[INFO] [stdout] 
[INFO] [stdout] warning: 1 warning emitted
[INFO] [stdout] 
[INFO] [stdout] 
[INFO] [stderr]     Finished test [unoptimized + debuginfo] target(s) in 3.50s
[INFO] running `Command { std: "docker" "inspect" "52b3213577e62ec2de582ff4004ba10bb1ebf11238be544119596898b31bac00", kill_on_drop: false }`
[INFO] running `Command { std: "docker" "rm" "-f" "52b3213577e62ec2de582ff4004ba10bb1ebf11238be544119596898b31bac00", kill_on_drop: false }`
[INFO] [stdout] 52b3213577e62ec2de582ff4004ba10bb1ebf11238be544119596898b31bac00
[INFO] running `Command { std: "docker" "create" "-v" "/var/lib/crater-agent-workspace/builds/worker-6-tc1/target:/opt/rustwide/target:rw,Z" "-v" "/var/lib/crater-agent-workspace/builds/worker-6-tc1/source:/opt/rustwide/workdir:ro,Z" "-v" "/var/lib/crater-agent-workspace/cargo-home:/opt/rustwide/cargo-home:ro,Z" "-v" "/var/lib/crater-agent-workspace/rustup-home:/opt/rustwide/rustup-home:ro,Z" "-e" "SOURCE_DIR=/opt/rustwide/workdir" "-e" "CARGO_TARGET_DIR=/opt/rustwide/target" "-e" "CARGO_INCREMENTAL=0" "-e" "RUST_BACKTRACE=full" "-e" "RUSTFLAGS=--cap-lints=warn" "-e" "RUSTDOCFLAGS=--cap-lints=warn" "-e" "CARGO_HOME=/opt/rustwide/cargo-home" "-e" "RUSTUP_HOME=/opt/rustwide/rustup-home" "-w" "/opt/rustwide/workdir" "-m" "1610612736" "--user" "0:0" "--network" "none" "ghcr.io/rust-lang/crates-build-env/linux@sha256:2788e3201cd34a07e3172128adcd8b3090168a8e3bcc40d7c032b9dda1df7d1c" "/opt/rustwide/cargo-home/bin/cargo" "+1.75.0" "test" "--frozen", kill_on_drop: false }`
[INFO] [stdout] 015db3d64fdfff0a32a778503a72843512407aecacff304c9da392daae99f850
[INFO] running `Command { std: "docker" "start" "-a" "015db3d64fdfff0a32a778503a72843512407aecacff304c9da392daae99f850", kill_on_drop: false }`
[INFO] [stderr] warning: unused import: `tokio::spawn`
[INFO] [stderr]  --> src/main.rs:8:5
[INFO] [stderr]   |
[INFO] [stderr] 8 | use tokio::spawn;
[INFO] [stderr]   |     ^^^^^^^^^^^^
[INFO] [stderr]   |
[INFO] [stderr]   = note: `#[warn(unused_imports)]` on by default
[INFO] [stderr] 
[INFO] [stderr] warning: `sqlx_test_fail` (bin "sqlx_test_fail" test) generated 1 warning (run `cargo fix --bin "sqlx_test_fail" --tests` to apply 1 suggestion)
[INFO] [stderr]     Finished test [unoptimized + debuginfo] target(s) in 0.13s
[INFO] [stderr]      Running unittests src/main.rs (/opt/rustwide/target/debug/deps/sqlx_test_fail-f66164f519a1ce65)
[INFO] [stdout] 
[INFO] [stdout] running 2 tests
[INFO] [stdout] test test_transaction_commit ... FAILED
[INFO] [stdout] test test_transaction_return ... FAILED
[INFO] [stdout] 
[INFO] [stdout] failures:
[INFO] [stdout] 
[INFO] [stdout] ---- test_transaction_commit stdout ----
[INFO] [stdout] Temp DB: testing_temp_Mma0orG
[INFO] [stdout] thread 'test_transaction_commit' panicked at src/main.rs:113:66:
[INFO] [stdout] called `Result::unwrap()` on an `Err` value: PoolTimedOut
[INFO] [stdout] stack backtrace:
[INFO] [stdout]    0:     0x55831bebfd0c - std::backtrace_rs::backtrace::libunwind::trace::ha637c64ce894333a
[INFO] [stdout]                                at /rustc/82e1608dfa6e0b5569232559e3d385fea5a93112/library/std/src/../../backtrace/src/backtrace/libunwind.rs:104:5
[INFO] [stdout]    1:     0x55831bebfd0c - std::backtrace_rs::backtrace::trace_unsynchronized::h47f62dea28e0c88d
[INFO] [stdout]                                at /rustc/82e1608dfa6e0b5569232559e3d385fea5a93112/library/std/src/../../backtrace/src/backtrace/mod.rs:66:5
[INFO] [stdout]    2:     0x55831bebfd0c - std::sys_common::backtrace::_print_fmt::h9eef0abe20ede486
[INFO] [stdout]                                at /rustc/82e1608dfa6e0b5569232559e3d385fea5a93112/library/std/src/sys_common/backtrace.rs:67:5
[INFO] [stdout]    3:     0x55831bebfd0c - <std::sys_common::backtrace::_print::DisplayBacktrace as core::fmt::Display>::fmt::hed7f999df88cc644
[INFO] [stdout]                                at /rustc/82e1608dfa6e0b5569232559e3d385fea5a93112/library/std/src/sys_common/backtrace.rs:44:22
[INFO] [stdout]    4:     0x55831beec020 - core::fmt::rt::Argument::fmt::h1539a9308b8d058d
[INFO] [stdout]                                at /rustc/82e1608dfa6e0b5569232559e3d385fea5a93112/library/core/src/fmt/rt.rs:142:9
[INFO] [stdout]    5:     0x55831beec020 - core::fmt::write::h3a39390d8560d9c9
[INFO] [stdout]                                at /rustc/82e1608dfa6e0b5569232559e3d385fea5a93112/library/core/src/fmt/mod.rs:1120:17
[INFO] [stdout]    6:     0x55831bebcdef - std::io::Write::write_fmt::h040b369f3a0f9cbc
[INFO] [stdout]                                at /rustc/82e1608dfa6e0b5569232559e3d385fea5a93112/library/std/src/io/mod.rs:1762:15
[INFO] [stdout]    7:     0x55831bebfaf4 - std::sys_common::backtrace::_print::h894006fb5c6f3d45
[INFO] [stdout]                                at /rustc/82e1608dfa6e0b5569232559e3d385fea5a93112/library/std/src/sys_common/backtrace.rs:47:5
[INFO] [stdout]    8:     0x55831bebfaf4 - std::sys_common::backtrace::print::h23a2d212c6fff936
[INFO] [stdout]                                at /rustc/82e1608dfa6e0b5569232559e3d385fea5a93112/library/std/src/sys_common/backtrace.rs:34:9
[INFO] [stdout]    9:     0x55831bec17b7 - std::panicking::default_hook::{{closure}}::h8a1d2ee00185001a
[INFO] [stdout]   10:     0x55831bec14a3 - std::panicking::default_hook::h6038f2eba384e475
[INFO] [stdout]                                at /rustc/82e1608dfa6e0b5569232559e3d385fea5a93112/library/std/src/panicking.rs:289:9
[INFO] [stdout]   11:     0x55831bbcea47 - <alloc::boxed::Box<F,A> as core::ops::function::Fn<Args>>::call::h0ad024c9bdc6d768
[INFO] [stdout]                                at /rustc/82e1608dfa6e0b5569232559e3d385fea5a93112/library/alloc/src/boxed.rs:2021:9
[INFO] [stdout]   12:     0x55831bbcea47 - test::test_main::{{closure}}::h7500b54257359db6
[INFO] [stdout]                                at /rustc/82e1608dfa6e0b5569232559e3d385fea5a93112/library/test/src/lib.rs:138:21
[INFO] [stdout]   13:     0x55831bec1dc8 - <alloc::boxed::Box<F,A> as core::ops::function::Fn<Args>>::call::h1f8f335eaa9cfaee
[INFO] [stdout]                                at /rustc/82e1608dfa6e0b5569232559e3d385fea5a93112/library/alloc/src/boxed.rs:2021:9
[INFO] [stdout]   14:     0x55831bec1dc8 - std::panicking::rust_panic_with_hook::h2b5517d590cab22e
[INFO] [stdout]                                at /rustc/82e1608dfa6e0b5569232559e3d385fea5a93112/library/std/src/panicking.rs:783:13
[INFO] [stdout]   15:     0x55831bec1b1e - std::panicking::begin_panic_handler::{{closure}}::h233112c06e0ef43e
[INFO] [stdout]                                at /rustc/82e1608dfa6e0b5569232559e3d385fea5a93112/library/std/src/panicking.rs:657:13
[INFO] [stdout]   16:     0x55831bec01d6 - std::sys_common::backtrace::__rust_end_short_backtrace::h6e893f24d7ebbff8
[INFO] [stdout]                                at /rustc/82e1608dfa6e0b5569232559e3d385fea5a93112/library/std/src/sys_common/backtrace.rs:170:18
[INFO] [stdout]   17:     0x55831bec1882 - rust_begin_unwind
[INFO] [stdout]                                at /rustc/82e1608dfa6e0b5569232559e3d385fea5a93112/library/std/src/panicking.rs:645:5
[INFO] [stdout]   18:     0x55831bb69615 - core::panicking::panic_fmt::hbf0e066aabfa482c
[INFO] [stdout]                                at /rustc/82e1608dfa6e0b5569232559e3d385fea5a93112/library/core/src/panicking.rs:72:14
[INFO] [stdout]   19:     0x55831bb69ba3 - core::result::unwrap_failed::hddb4fea594200c52
[INFO] [stdout]                                at /rustc/82e1608dfa6e0b5569232559e3d385fea5a93112/library/core/src/result.rs:1653:5
[INFO] [stdout]   20:     0x55831bb91648 - core::result::Result<T,E>::unwrap::h74e2723db496d6f0
[INFO] [stdout]                                at /rustc/82e1608dfa6e0b5569232559e3d385fea5a93112/library/core/src/result.rs:1077:23
[INFO] [stdout]   21:     0x55831bb70674 - sqlx_test_fail::DatabaseGuard::new::{{closure}}::ha564007f084d3df7
[INFO] [stdout]                                at /opt/rustwide/workdir/src/main.rs:113:25
[INFO] [stdout]   22:     0x55831bb735eb - sqlx_test_fail::test_transaction_commit::{{closure}}::h6d59f16a514f50ea
[INFO] [stdout]                                at /opt/rustwide/workdir/src/main.rs:17:35
[INFO] [stdout]   23:     0x55831bb93604 - tokio::park::thread::CachedParkThread::block_on::{{closure}}::hdffdcb08b7d9c429
[INFO] [stdout]                                at /opt/rustwide/cargo-home/registry/src/index.crates.io-6f17d22bba15001f/tokio-1.16.1/src/park/thread.rs:263:54
[INFO] [stdout]   24:     0x55831bb88750 - tokio::coop::with_budget::{{closure}}::h607b8568b534806a
[INFO] [stdout]                                at /opt/rustwide/cargo-home/registry/src/index.crates.io-6f17d22bba15001f/tokio-1.16.1/src/coop.rs:102:9
[INFO] [stdout]   25:     0x55831bb97fae - std::thread::local::LocalKey<T>::try_with::hcf81998b16b99e27
[INFO] [stdout]                                at /rustc/82e1608dfa6e0b5569232559e3d385fea5a93112/library/std/src/thread/local.rs:270:16
[INFO] [stdout]   26:     0x55831bb96f9a - std::thread::local::LocalKey<T>::with::h13e9025518004a59
[INFO] [stdout]                                at /rustc/82e1608dfa6e0b5569232559e3d385fea5a93112/library/std/src/thread/local.rs:246:9
[INFO] [stdout]   27:     0x55831bb92fc2 - tokio::coop::with_budget::hf0d13ddda34237a7
[INFO] [stdout]                                at /opt/rustwide/cargo-home/registry/src/index.crates.io-6f17d22bba15001f/tokio-1.16.1/src/coop.rs:95:5
[INFO] [stdout]   28:     0x55831bb92fc2 - tokio::coop::budget::hd0eff8023a5d5b98
[INFO] [stdout]                                at /opt/rustwide/cargo-home/registry/src/index.crates.io-6f17d22bba15001f/tokio-1.16.1/src/coop.rs:72:5
[INFO] [stdout]   29:     0x55831bb92fc2 - tokio::park::thread::CachedParkThread::block_on::hf02422f9171448ee
[INFO] [stdout]                                at /opt/rustwide/cargo-home/registry/src/index.crates.io-6f17d22bba15001f/tokio-1.16.1/src/park/thread.rs:263:31
[INFO] [stdout]   30:     0x55831bb99b1f - tokio::runtime::enter::Enter::block_on::hb0537abeeaf5ea29
[INFO] [stdout]                                at /opt/rustwide/cargo-home/registry/src/index.crates.io-6f17d22bba15001f/tokio-1.16.1/src/runtime/enter.rs:151:13
[INFO] [stdout]   31:     0x55831bb6cbab - tokio::runtime::thread_pool::ThreadPool::block_on::hd785e177b19742b4
[INFO] [stdout]                                at /opt/rustwide/cargo-home/registry/src/index.crates.io-6f17d22bba15001f/tokio-1.16.1/src/runtime/thread_pool/mod.rs:73:9
[INFO] [stdout]   32:     0x55831bb6d888 - tokio::runtime::Runtime::block_on::ha13b7fc4023b7618
[INFO] [stdout]                                at /opt/rustwide/cargo-home/registry/src/index.crates.io-6f17d22bba15001f/tokio-1.16.1/src/runtime/mod.rs:477:43
[INFO] [stdout]   33:     0x55831bb73326 - sqlx_test_fail::test_transaction_commit::h8af6ec6497d16116
[INFO] [stdout]                                at /opt/rustwide/workdir/src/main.rs:25:5
[INFO] [stdout]   34:     0x55831bb731a7 - sqlx_test_fail::test_transaction_commit::{{closure}}::h5e2a0556536b2d72
[INFO] [stdout]                                at /opt/rustwide/workdir/src/main.rs:15:35
[INFO] [stdout]   35:     0x55831bb7c926 - core::ops::function::FnOnce::call_once::h8ce425caf8a42008
[INFO] [stdout]                                at /rustc/82e1608dfa6e0b5569232559e3d385fea5a93112/library/core/src/ops/function.rs:250:5
[INFO] [stdout]   36:     0x55831bbd409f - core::ops::function::FnOnce::call_once::h2b5d431d5046312d
[INFO] [stdout]                                at /rustc/82e1608dfa6e0b5569232559e3d385fea5a93112/library/core/src/ops/function.rs:250:5
[INFO] [stdout]   37:     0x55831bbd409f - test::__rust_begin_short_backtrace::h7714669af176e207
[INFO] [stdout]                                at /rustc/82e1608dfa6e0b5569232559e3d385fea5a93112/library/test/src/lib.rs:628:18
[INFO] [stdout]   38:     0x55831bbd30b5 - test::run_test_in_process::{{closure}}::h85218797dcbcec12
[INFO] [stdout]                                at /rustc/82e1608dfa6e0b5569232559e3d385fea5a93112/library/test/src/lib.rs:651:60
[INFO] [stdout]   39:     0x55831bbd30b5 - <core::panic::unwind_safe::AssertUnwindSafe<F> as core::ops::function::FnOnce<()>>::call_once::h76c106ea31c14d7b
[INFO] [stdout]                                at /rustc/82e1608dfa6e0b5569232559e3d385fea5a93112/library/core/src/panic/unwind_safe.rs:272:9
[INFO] [stdout]   40:     0x55831bbd30b5 - std::panicking::try::do_call::h3bd5d0f6620ee946
[INFO] [stdout]                                at /rustc/82e1608dfa6e0b5569232559e3d385fea5a93112/library/std/src/panicking.rs:552:40
[INFO] [stdout]   41:     0x55831bbd30b5 - std::panicking::try::h232e535e4744fe31
[INFO] [stdout]                                at /rustc/82e1608dfa6e0b5569232559e3d385fea5a93112/library/std/src/panicking.rs:516:19
[INFO] [stdout]   42:     0x55831bbd30b5 - std::panic::catch_unwind::h3ce3bd6ca8dbac68
[INFO] [stdout]                                at /rustc/82e1608dfa6e0b5569232559e3d385fea5a93112/library/std/src/panic.rs:142:14
[INFO] [stdout]   43:     0x55831bbd30b5 - test::run_test_in_process::hc97b257c9621286a
[INFO] [stdout]                                at /rustc/82e1608dfa6e0b5569232559e3d385fea5a93112/library/test/src/lib.rs:651:27
[INFO] [stdout]   44:     0x55831bbd30b5 - test::run_test::{{closure}}::h2aa798823a438d38
[INFO] [stdout]                                at /rustc/82e1608dfa6e0b5569232559e3d385fea5a93112/library/test/src/lib.rs:574:43
[INFO] [stdout]   45:     0x55831bb9b376 - test::run_test::{{closure}}::h87d231c78fb59832
[INFO] [stdout]                                at /rustc/82e1608dfa6e0b5569232559e3d385fea5a93112/library/test/src/lib.rs:602:41
[INFO] [stdout]   46:     0x55831bb9b376 - std::sys_common::backtrace::__rust_begin_short_backtrace::he6df152596625789
[INFO] [stdout]                                at /rustc/82e1608dfa6e0b5569232559e3d385fea5a93112/library/std/src/sys_common/backtrace.rs:154:18
[INFO] [stdout]   47:     0x55831bba0427 - std::thread::Builder::spawn_unchecked_::{{closure}}::{{closure}}::ha94be15d1e0acf36
[INFO] [stdout]                                at /rustc/82e1608dfa6e0b5569232559e3d385fea5a93112/library/std/src/thread/mod.rs:529:17
[INFO] [stdout]   48:     0x55831bba0427 - <core::panic::unwind_safe::AssertUnwindSafe<F> as core::ops::function::FnOnce<()>>::call_once::h9dc6bd6372f16606
[INFO] [stdout]                                at /rustc/82e1608dfa6e0b5569232559e3d385fea5a93112/library/core/src/panic/unwind_safe.rs:272:9
[INFO] [stdout]   49:     0x55831bba0427 - std::panicking::try::do_call::h9057517f80303cd4
[INFO] [stdout]                                at /rustc/82e1608dfa6e0b5569232559e3d385fea5a93112/library/std/src/panicking.rs:552:40
[INFO] [stdout]   50:     0x55831bba0427 - std::panicking::try::he3a30b11ee45340c
[INFO] [stdout]                                at /rustc/82e1608dfa6e0b5569232559e3d385fea5a93112/library/std/src/panicking.rs:516:19
[INFO] [stdout]   51:     0x55831bba0427 - std::panic::catch_unwind::h410458cfd3528b8b
[INFO] [stdout]                                at /rustc/82e1608dfa6e0b5569232559e3d385fea5a93112/library/std/src/panic.rs:142:14
[INFO] [stdout]   52:     0x55831bba0427 - std::thread::Builder::spawn_unchecked_::{{closure}}::h72ac3bdb567b737b
[INFO] [stdout]                                at /rustc/82e1608dfa6e0b5569232559e3d385fea5a93112/library/std/src/thread/mod.rs:528:30
[INFO] [stdout]   53:     0x55831bba0427 - core::ops::function::FnOnce::call_once{{vtable.shim}}::h38f34da3654a8344
[INFO] [stdout]                                at /rustc/82e1608dfa6e0b5569232559e3d385fea5a93112/library/core/src/ops/function.rs:250:5
[INFO] [stdout]   54:     0x55831bec6b65 - <alloc::boxed::Box<F,A> as core::ops::function::FnOnce<Args>>::call_once::hc7eafaff61e32df9
[INFO] [stdout]                                at /rustc/82e1608dfa6e0b5569232559e3d385fea5a93112/library/alloc/src/boxed.rs:2007:9
[INFO] [stdout]   55:     0x55831bec6b65 - <alloc::boxed::Box<F,A> as core::ops::function::FnOnce<Args>>::call_once::h6ba4a5de48dd2304
[INFO] [stdout]                                at /rustc/82e1608dfa6e0b5569232559e3d385fea5a93112/library/alloc/src/boxed.rs:2007:9
[INFO] [stdout]   56:     0x55831bec6b65 - std::sys::unix::thread::Thread::new::thread_start::he469335aef763e45
[INFO] [stdout]                                at /rustc/82e1608dfa6e0b5569232559e3d385fea5a93112/library/std/src/sys/unix/thread.rs:108:17
[INFO] [stdout]   57:     0x7fa8991f9ac3 - <unknown>
[INFO] [stdout]   58:     0x7fa89928abf4 - __clone
[INFO] [stdout]   59:                0x0 - <unknown>
[INFO] [stdout] 
[INFO] [stdout] ---- test_transaction_return stdout ----
[INFO] [stdout] Temp DB: testing_temp_5SCXmcB
[INFO] [stdout] thread 'test_transaction_return' panicked at src/main.rs:113:66:
[INFO] [stdout] called `Result::unwrap()` on an `Err` value: PoolTimedOut
[INFO] [stdout] stack backtrace:
[INFO] [stdout]    0:     0x55831bebfd0c - std::backtrace_rs::backtrace::libunwind::trace::ha637c64ce894333a
[INFO] [stdout]                                at /rustc/82e1608dfa6e0b5569232559e3d385fea5a93112/library/std/src/../../backtrace/src/backtrace/libunwind.rs:104:5
[INFO] [stdout]    1:     0x55831bebfd0c - std::backtrace_rs::backtrace::trace_unsynchronized::h47f62dea28e0c88d
[INFO] [stdout]                                at /rustc/82e1608dfa6e0b5569232559e3d385fea5a93112/library/std/src/../../backtrace/src/backtrace/mod.rs:66:5
[INFO] [stdout]    2:     0x55831bebfd0c - std::sys_common::backtrace::_print_fmt::h9eef0abe20ede486
[INFO] [stdout]                                at /rustc/82e1608dfa6e0b5569232559e3d385fea5a93112/library/std/src/sys_common/backtrace.rs:67:5
[INFO] [stdout]    3:     0x55831bebfd0c - <std::sys_common::backtrace::_print::DisplayBacktrace as core::fmt::Display>::fmt::hed7f999df88cc644
[INFO] [stdout]                                at /rustc/82e1608dfa6e0b5569232559e3d385fea5a93112/library/std/src/sys_common/backtrace.rs:44:22
[INFO] [stdout]    4:     0x55831beec020 - core::fmt::rt::Argument::fmt::h1539a9308b8d058d
[INFO] [stdout]                                at /rustc/82e1608dfa6e0b5569232559e3d385fea5a93112/library/core/src/fmt/rt.rs:142:9
[INFO] [stdout]    5:     0x55831beec020 - core::fmt::write::h3a39390d8560d9c9
[INFO] [stdout]                                at /rustc/82e1608dfa6e0b5569232559e3d385fea5a93112/library/core/src/fmt/mod.rs:1120:17
[INFO] [stdout]    6:     0x55831bebcdef - std::io::Write::write_fmt::h040b369f3a0f9cbc
[INFO] [stdout]                                at /rustc/82e1608dfa6e0b5569232559e3d385fea5a93112/library/std/src/io/mod.rs:1762:15
[INFO] [stdout]    7:     0x55831bebfaf4 - std::sys_common::backtrace::_print::h894006fb5c6f3d45
[INFO] [stdout]                                at /rustc/82e1608dfa6e0b5569232559e3d385fea5a93112/library/std/src/sys_common/backtrace.rs:47:5
[INFO] [stdout]    8:     0x55831bebfaf4 - std::sys_common::backtrace::print::h23a2d212c6fff936
[INFO] [stdout]                                at /rustc/82e1608dfa6e0b5569232559e3d385fea5a93112/library/std/src/sys_common/backtrace.rs:34:9
[INFO] [stdout]    9:     0x55831bec17b7 - std::panicking::default_hook::{{closure}}::h8a1d2ee00185001a
[INFO] [stdout]   10:     0x55831bec14a3 - std::panicking::default_hook::h6038f2eba384e475
[INFO] [stdout]                                at /rustc/82e1608dfa6e0b5569232559e3d385fea5a93112/library/std/src/panicking.rs:289:9
[INFO] [stdout]   11:     0x55831bbcea47 - <alloc::boxed::Box<F,A> as core::ops::function::Fn<Args>>::call::h0ad024c9bdc6d768
[INFO] [stdout]                                at /rustc/82e1608dfa6e0b5569232559e3d385fea5a93112/library/alloc/src/boxed.rs:2021:9
[INFO] [stdout]   12:     0x55831bbcea47 - test::test_main::{{closure}}::h7500b54257359db6
[INFO] [stdout]                                at /rustc/82e1608dfa6e0b5569232559e3d385fea5a93112/library/test/src/lib.rs:138:21
[INFO] [stdout]   13:     0x55831bec1dc8 - <alloc::boxed::Box<F,A> as core::ops::function::Fn<Args>>::call::h1f8f335eaa9cfaee
[INFO] [stdout]                                at /rustc/82e1608dfa6e0b5569232559e3d385fea5a93112/library/alloc/src/boxed.rs:2021:9
[INFO] [stdout]   14:     0x55831bec1dc8 - std::panicking::rust_panic_with_hook::h2b5517d590cab22e
[INFO] [stdout]                                at /rustc/82e1608dfa6e0b5569232559e3d385fea5a93112/library/std/src/panicking.rs:783:13
[INFO] [stdout]   15:     0x55831bec1b1e - std::panicking::begin_panic_handler::{{closure}}::h233112c06e0ef43e
[INFO] [stdout]                                at /rustc/82e1608dfa6e0b5569232559e3d385fea5a93112/library/std/src/panicking.rs:657:13
[INFO] [stdout]   16:     0x55831bec01d6 - std::sys_common::backtrace::__rust_end_short_backtrace::h6e893f24d7ebbff8
[INFO] [stdout]                                at /rustc/82e1608dfa6e0b5569232559e3d385fea5a93112/library/std/src/sys_common/backtrace.rs:170:18
[INFO] [stdout]   17:     0x55831bec1882 - rust_begin_unwind
[INFO] [stdout]                                at /rustc/82e1608dfa6e0b5569232559e3d385fea5a93112/library/std/src/panicking.rs:645:5
[INFO] [stdout]   18:     0x55831bb69615 - core::panicking::panic_fmt::hbf0e066aabfa482c
[INFO] [stdout]                                at /rustc/82e1608dfa6e0b5569232559e3d385fea5a93112/library/core/src/panicking.rs:72:14
[INFO] [stdout]   19:     0x55831bb69ba3 - core::result::unwrap_failed::hddb4fea594200c52
[INFO] [stdout]                                at /rustc/82e1608dfa6e0b5569232559e3d385fea5a93112/library/core/src/result.rs:1653:5
[INFO] [stdout]   20:     0x55831bb91648 - core::result::Result<T,E>::unwrap::h74e2723db496d6f0
[INFO] [stdout]                                at /rustc/82e1608dfa6e0b5569232559e3d385fea5a93112/library/core/src/result.rs:1077:23
[INFO] [stdout]   21:     0x55831bb70674 - sqlx_test_fail::DatabaseGuard::new::{{closure}}::ha564007f084d3df7
[INFO] [stdout]                                at /opt/rustwide/workdir/src/main.rs:113:25
[INFO] [stdout]   22:     0x55831bb74021 - sqlx_test_fail::test_transaction_return::{{closure}}::h73fe448ae4018ae9
[INFO] [stdout]                                at /opt/rustwide/workdir/src/main.rs:32:35
[INFO] [stdout]   23:     0x55831bb93584 - tokio::park::thread::CachedParkThread::block_on::{{closure}}::h1eaa7a2a9ac9329e
[INFO] [stdout]                                at /opt/rustwide/cargo-home/registry/src/index.crates.io-6f17d22bba15001f/tokio-1.16.1/src/park/thread.rs:263:54
[INFO] [stdout]   24:     0x55831bb884f0 - tokio::coop::with_budget::{{closure}}::h162364c80aab3667
[INFO] [stdout]                                at /opt/rustwide/cargo-home/registry/src/index.crates.io-6f17d22bba15001f/tokio-1.16.1/src/coop.rs:102:9
[INFO] [stdout]   25:     0x55831bb978de - std::thread::local::LocalKey<T>::try_with::h75a7ae2046769a1a
[INFO] [stdout]                                at /rustc/82e1608dfa6e0b5569232559e3d385fea5a93112/library/std/src/thread/local.rs:270:16
[INFO] [stdout]   26:     0x55831bb971aa - std::thread::local::LocalKey<T>::with::ha17746c444faef6b
[INFO] [stdout]                                at /rustc/82e1608dfa6e0b5569232559e3d385fea5a93112/library/std/src/thread/local.rs:246:9
[INFO] [stdout]   27:     0x55831bb92b32 - tokio::coop::with_budget::h4b4e11d21cab3801
[INFO] [stdout]                                at /opt/rustwide/cargo-home/registry/src/index.crates.io-6f17d22bba15001f/tokio-1.16.1/src/coop.rs:95:5
[INFO] [stdout]   28:     0x55831bb92b32 - tokio::coop::budget::h2fdbf206cd91f08f
[INFO] [stdout]                                at /opt/rustwide/cargo-home/registry/src/index.crates.io-6f17d22bba15001f/tokio-1.16.1/src/coop.rs:72:5
[INFO] [stdout]   29:     0x55831bb92b32 - tokio::park::thread::CachedParkThread::block_on::hca5c06daf06f9c2f
[INFO] [stdout]                                at /opt/rustwide/cargo-home/registry/src/index.crates.io-6f17d22bba15001f/tokio-1.16.1/src/park/thread.rs:263:31
[INFO] [stdout]   30:     0x55831bb99bff - tokio::runtime::enter::Enter::block_on::hd1aa3d1f573e3962
[INFO] [stdout]                                at /opt/rustwide/cargo-home/registry/src/index.crates.io-6f17d22bba15001f/tokio-1.16.1/src/runtime/enter.rs:151:13
[INFO] [stdout]   31:     0x55831bb6ca6b - tokio::runtime::thread_pool::ThreadPool::block_on::h7addd0fcc879b0a6
[INFO] [stdout]                                at /opt/rustwide/cargo-home/registry/src/index.crates.io-6f17d22bba15001f/tokio-1.16.1/src/runtime/thread_pool/mod.rs:73:9
[INFO] [stdout]   32:     0x55831bb6d6d8 - tokio::runtime::Runtime::block_on::h3b467dd9fd118d91
[INFO] [stdout]                                at /opt/rustwide/cargo-home/registry/src/index.crates.io-6f17d22bba15001f/tokio-1.16.1/src/runtime/mod.rs:477:43
[INFO] [stdout]   33:     0x55831bb73d26 - sqlx_test_fail::test_transaction_return::hef3772ab1d4cbddf
[INFO] [stdout]                                at /opt/rustwide/workdir/src/main.rs:40:5
[INFO] [stdout]   34:     0x55831bb73ba7 - sqlx_test_fail::test_transaction_return::{{closure}}::h26d6678faecd43d5
[INFO] [stdout]                                at /opt/rustwide/workdir/src/main.rs:30:35
[INFO] [stdout]   35:     0x55831bb7c986 - core::ops::function::FnOnce::call_once::h8feb29cbf045bba9
[INFO] [stdout]                                at /rustc/82e1608dfa6e0b5569232559e3d385fea5a93112/library/core/src/ops/function.rs:250:5
[INFO] [stdout]   36:     0x55831bbd409f - core::ops::function::FnOnce::call_once::h2b5d431d5046312d
[INFO] [stdout]                                at /rustc/82e1608dfa6e0b5569232559e3d385fea5a93112/library/core/src/ops/function.rs:250:5
[INFO] [stdout]   37:     0x55831bbd409f - test::__rust_begin_short_backtrace::h7714669af176e207
[INFO] [stdout]                                at /rustc/82e1608dfa6e0b5569232559e3d385fea5a93112/library/test/src/lib.rs:628:18
[INFO] [stdout]   38:     0x55831bbd30b5 - test::run_test_in_process::{{closure}}::h85218797dcbcec12
[INFO] [stdout]                                at /rustc/82e1608dfa6e0b5569232559e3d385fea5a93112/library/test/src/lib.rs:651:60
[INFO] [stdout]   39:     0x55831bbd30b5 - <core::panic::unwind_safe::AssertUnwindSafe<F> as core::ops::function::FnOnce<()>>::call_once::h76c106ea31c14d7b
[INFO] [stdout]                                at /rustc/82e1608dfa6e0b5569232559e3d385fea5a93112/library/core/src/panic/unwind_safe.rs:272:9
[INFO] [stdout]   40:     0x55831bbd30b5 - std::panicking::try::do_call::h3bd5d0f6620ee946
[INFO] [stdout]                                at /rustc/82e1608dfa6e0b5569232559e3d385fea5a93112/library/std/src/panicking.rs:552:40
[INFO] [stdout]   41:     0x55831bbd30b5 - std::panicking::try::h232e535e4744fe31
[INFO] [stdout]                                at /rustc/82e1608dfa6e0b5569232559e3d385fea5a93112/library/std/src/panicking.rs:516:19
[INFO] [stdout]   42:     0x55831bbd30b5 - std::panic::catch_unwind::h3ce3bd6ca8dbac68
[INFO] [stdout]                                at /rustc/82e1608dfa6e0b5569232559e3d385fea5a93112/library/std/src/panic.rs:142:14
[INFO] [stdout]   43:     0x55831bbd30b5 - test::run_test_in_process::hc97b257c9621286a
[INFO] [stdout]                                at /rustc/82e1608dfa6e0b5569232559e3d385fea5a93112/library/test/src/lib.rs:651:27
[INFO] [stdout]   44:     0x55831bbd30b5 - test::run_test::{{closure}}::h2aa798823a438d38
[INFO] [stdout]                                at /rustc/82e1608dfa6e0b5569232559e3d385fea5a93112/library/test/src/lib.rs:574:43
[INFO] [stdout]   45:     0x55831bb9b376 - test::run_test::{{closure}}::h87d231c78fb59832
[INFO] [stdout]                                at /rustc/82e1608dfa6e0b5569232559e3d385fea5a93112/library/test/src/lib.rs:602:41
[INFO] [stdout]   46:     0x55831bb9b376 - std::sys_common::backtrace::__rust_begin_short_backtrace::he6df152596625789
[INFO] [stdout]                                at /rustc/82e1608dfa6e0b5569232559e3d385fea5a93112/library/std/src/sys_common/backtrace.rs:154:18
[INFO] [stdout]   47:     0x55831bba0427 - std::thread::Builder::spawn_unchecked_::{{closure}}::{{closure}}::ha94be15d1e0acf36
[INFO] [stdout]                                at /rustc/82e1608dfa6e0b5569232559e3d385fea5a93112/library/std/src/thread/mod.rs:529:17
[INFO] [stdout]   48:     0x55831bba0427 - <core::panic::unwind_safe::AssertUnwindSafe<F> as core::ops::function::FnOnce<()>>::call_once::h9dc6bd6372f16606
[INFO] [stdout]                                at /rustc/82e1608dfa6e0b5569232559e3d385fea5a93112/library/core/src/panic/unwind_safe.rs:272:9
[INFO] [stdout]   49:     0x55831bba0427 - std::panicking::try::do_call::h9057517f80303cd4
[INFO] [stdout]                                at /rustc/82e1608dfa6e0b5569232559e3d385fea5a93112/library/std/src/panicking.rs:552:40
[INFO] [stdout]   50:     0x55831bba0427 - std::panicking::try::he3a30b11ee45340c
[INFO] [stdout]                                at /rustc/82e1608dfa6e0b5569232559e3d385fea5a93112/library/std/src/panicking.rs:516:19
[INFO] [stdout]   51:     0x55831bba0427 - std::panic::catch_unwind::h410458cfd3528b8b
[INFO] [stdout]                                at /rustc/82e1608dfa6e0b5569232559e3d385fea5a93112/library/std/src/panic.rs:142:14
[INFO] [stdout]   52:     0x55831bba0427 - std::thread::Builder::spawn_unchecked_::{{closure}}::h72ac3bdb567b737b
[INFO] [stdout]                                at /rustc/82e1608dfa6e0b5569232559e3d385fea5a93112/library/std/src/thread/mod.rs:528:30
[INFO] [stdout]   53:     0x55831bba0427 - core::ops::function::FnOnce::call_once{{vtable.shim}}::h38f34da3654a8344
[INFO] [stdout]                                at /rustc/82e1608dfa6e0b5569232559e3d385fea5a93112/library/core/src/ops/function.rs:250:5
[INFO] [stdout]   54:     0x55831bec6b65 - <alloc::boxed::Box<F,A> as core::ops::function::FnOnce<Args>>::call_once::hc7eafaff61e32df9
[INFO] [stdout]                                at /rustc/82e1608dfa6e0b5569232559e3d385fea5a93112/library/alloc/src/boxed.rs:2007:9
[INFO] [stdout]   55:     0x55831bec6b65 - <alloc::boxed::Box<F,A> as core::ops::function::FnOnce<Args>>::call_once::h6ba4a5de48dd2304
[INFO] [stdout]                                at /rustc/82e1608dfa6e0b5569232559e3d385fea5a93112/library/alloc/src/boxed.rs:2007:9
[INFO] [stdout]   56:     0x55831bec6b65 - std::sys::unix::thread::Thread::new::thread_start::he469335aef763e45
[INFO] [stdout]                                at /rustc/82e1608dfa6e0b5569232559e3d385fea5a93112/library/std/src/sys/unix/thread.rs:108:17
[INFO] [stdout]   57:     0x7fa8991f9ac3 - <unknown>
[INFO] [stdout]   58:     0x7fa89928abf4 - __clone
[INFO] [stdout]   59:                0x0 - <unknown>
[INFO] [stdout] 
[INFO] [stdout] 
[INFO] [stdout] failures:
[INFO] [stdout]     test_transaction_commit
[INFO] [stdout]     test_transaction_return
[INFO] [stdout] 
[INFO] [stdout] test result: FAILED. 0 passed; 2 failed; 0 ignored; 0 measured; 0 filtered out; finished in 34.31s
[INFO] [stdout] 
[INFO] [stderr] error: test failed, to rerun pass `--bin sqlx_test_fail`
[INFO] running `Command { std: "docker" "inspect" "015db3d64fdfff0a32a778503a72843512407aecacff304c9da392daae99f850", kill_on_drop: false }`
[INFO] running `Command { std: "docker" "rm" "-f" "015db3d64fdfff0a32a778503a72843512407aecacff304c9da392daae99f850", kill_on_drop: false }`
[INFO] [stdout] 015db3d64fdfff0a32a778503a72843512407aecacff304c9da392daae99f850
